57.141.2.9 - - [07/Nov/2025:01:40:05 +0000] "GET /product=4605828.html HTTP/2" 404 206891 "-" "meta-externalagent/1.1 (+https://developers.facebook.com/docs/sharing/webmasters/crawler)"
204.197.172.10 - - [07/Nov/2025:01:42:35 +0000] "POST /wp-cron.php?doing_wp_cron=1762479755.0821750164031982421875 HTTP/1.1" 200 0 "-" "WordPress/6.8.3; https://deenzalifestyle.com"
57.141.2.5 - - [07/Nov/2025:01:42:33 +0000] "GET /product=4971047.html HTTP/2" 404 206891 "-" "meta-externalagent/1.1 (+https://developers.facebook.com/docs/sharing/webmasters/crawler)"
204.197.172.10 - - [07/Nov/2025:01:43:15 +0000] "POST /wp-cron.php?doing_wp_cron=1762479795.8740870952606201171875 HTTP/1.1" 200 0 "-" "WordPress/6.8.3; https://deenzalifestyle.com"
57.141.2.11 - - [07/Nov/2025:01:43:15 +0000] "GET /product=2949096.html HTTP/2" 404 206892 "-" "meta-externalagent/1.1 (+https://developers.facebook.com/docs/sharing/webmasters/crawler)"
204.197.172.10 - - [07/Nov/2025:01:44:53 +0000] "POST /wp-cron.php?doing_wp_cron=1762479893.6442179679870605468750 HTTP/1.1" 200 0 "-" "WordPress/6.8.3; https://deenzalifestyle.com"
66.249.77.101 - - [07/Nov/2025:01:44:52 +0000] "GET /502568640.shtml HTTP/1.1" 404 37441 "-" "Mozilla/5.0 (Linux; Android 6.0.1; Nexus 5X Build/MMB29P) AppleWebKit/537.36 (KHTML, like Gecko) Chrome/141.0.7390.122 Mobile Safari/537.36 (compatible; Googlebot/2.1; +http://www.google.com/bot.html)"
204.197.172.10 - - [07/Nov/2025:01:46:07 +0000] "POST /wp-cron.php?doing_wp_cron=1762479967.9701559543609619140625 HTTP/1.1" 200 0 "-" "WordPress/6.8.3; https://deenzalifestyle.com"
204.197.172.10 - - [07/Nov/2025:01:46:08 +0000] "POST /wp-cron.php?doing_wp_cron=1762479968.0095291137695312500000 HTTP/1.1" 200 0 "-" "WordPress/6.8.3; https://deenzalifestyle.com"
57.141.2.10 - - [07/Nov/2025:01:46:06 +0000] "GET /product=5324699.html HTTP/2" 404 206892 "-" "meta-externalagent/1.1 (+https://developers.facebook.com/docs/sharing/webmasters/crawler)"
204.197.172.10 - - [07/Nov/2025:01:47:16 +0000] "POST /wp-cron.php?doing_wp_cron=1762480036.4714939594268798828125 HTTP/1.1" 200 0 "-" "WordPress/6.8.3; https://deenzalifestyle.com"
66.249.77.101 - - [07/Nov/2025:01:47:16 +0000] "GET /product=4051952.html HTTP/1.1" 404 37441 "-" "Mozilla/5.0 (Linux; Android 6.0.1; Nexus 5X Build/MMB29P) AppleWebKit/537.36 (KHTML, like Gecko) Chrome/141.0.7390.122 Mobile Safari/537.36 (compatible; Googlebot/2.1; +http://www.google.com/bot.html)"
66.249.77.100 - - [07/Nov/2025:01:47:26 +0000] "GET /634181553.shtml HTTP/1.1" 404 37387 "-" "Mozilla/5.0 (compatible; Googlebot/2.1; +http://www.google.com/bot.html)"
204.197.172.10 - - [07/Nov/2025:01:49:05 +0000] "POST /wp-cron.php?doing_wp_cron=1762480145.0323491096496582031250 HTTP/1.1" 200 0 "-" "WordPress/6.8.3; https://deenzalifestyle.com"
57.141.2.72 - - [07/Nov/2025:01:49:03 +0000] "GET /product=5658545.html HTTP/2" 404 206892 "-" "meta-externalagent/1.1 (+https://developers.facebook.com/docs/sharing/webmasters/crawler)"
57.141.2.18 - - [07/Nov/2025:01:49:05 +0000] "GET /product=1891112.html HTTP/2" 404 206892 "-" "meta-externalagent/1.1 (+https://developers.facebook.com/docs/sharing/webmasters/crawler)"
204.197.172.10 - - [07/Nov/2025:01:50:24 +0000] "POST /wp-cron.php?doing_wp_cron=1762480224.8426690101623535156250 HTTP/1.1" 200 0 "-" "WordPress/6.8.3; https://deenzalifestyle.com"
57.141.2.61 - - [07/Nov/2025:01:50:23 +0000] "GET /product=3191666.html HTTP/2" 404 206892 "-" "meta-externalagent/1.1 (+https://developers.facebook.com/docs/sharing/webmasters/crawler)"
204.197.172.10 - - [07/Nov/2025:01:52:39 +0000] "POST /wp-cron.php?doing_wp_cron=1762480359.8300440311431884765625 HTTP/1.1" 200 0 "-" "WordPress/6.8.3; https://deenzalifestyle.com"
57.141.2.10 - - [07/Nov/2025:01:52:38 +0000] "GET /product=5174615.html HTTP/2" 404 206892 "-" "meta-externalagent/1.1 (+https://developers.facebook.com/docs/sharing/webmasters/crawler)"
204.197.172.10 - - [07/Nov/2025:01:53:10 +0000] "POST /wp-cron.php?doing_wp_cron=1762480390.8675630092620849609375 HTTP/1.1" 200 0 "-" "WordPress/6.8.3; https://deenzalifestyle.com"
57.141.2.14 - - [07/Nov/2025:01:53:10 +0000] "GET /product=3331161.html HTTP/2" 404 206892 "-" "meta-externalagent/1.1 (+https://developers.facebook.com/docs/sharing/webmasters/crawler)"
204.197.172.10 - - [07/Nov/2025:01:55:42 +0000] "POST /wp-cron.php?doing_wp_cron=1762480542.8721599578857421875000 HTTP/1.1" 200 0 "-" "WordPress/6.8.3; https://deenzalifestyle.com"
66.249.77.101 - - [07/Nov/2025:01:55:41 +0000] "GET /367995666.shtml HTTP/1.1" 404 37387 "-" "Mozilla/5.0 (compatible; Googlebot/2.1; +http://www.google.com/bot.html)"
204.197.172.10 - - [07/Nov/2025:01:56:32 +0000] "POST /wp-cron.php?doing_wp_cron=1762480592.2315289974212646484375 HTTP/1.1" 200 0 "-" "WordPress/6.8.3; https://deenzalifestyle.com"
57.141.2.77 - - [07/Nov/2025:01:56:32 +0000] "GET /product=4884833.html HTTP/2" 404 206892 "-" "meta-externalagent/1.1 (+https://developers.facebook.com/docs/sharing/webmasters/crawler)"
66.249.77.101 - - [07/Nov/2025:01:56:32 +0000] "GET /product=2975586.html HTTP/1.1" 404 37387 "-" "Mozilla/5.0 (compatible; Googlebot/2.1; +http://www.google.com/bot.html)"
138.197.169.144 - - [07/Nov/2025:01:58:42 +0000] "GET / HTTP/1.1" 400 52 "-" "Mozilla/5.0 (X11; Linux x86_64) AppleWebKit/537.36 (KHTML, like Gecko) Chrome/139.0.0.0 Safari/537.36"
138.197.169.144 - - [07/Nov/2025:01:58:44 +0000] "GET /favicon.ico HTTP/1.1" 400 52 "https://autodiscover.deenzalifestyle.com/" "Mozilla/5.0 (X11; Linux x86_64) AppleWebKit/537.36 (KHTML, like Gecko) Chrome/139.0.0.0 Safari/537.36"
204.197.172.10 - - [07/Nov/2025:02:00:26 +0000] "POST /wp-cron.php?doing_wp_cron=1762480826.9095420837402343750000 HTTP/1.1" 200 0 "-" "WordPress/6.8.3; https://deenzalifestyle.com"
66.249.77.101 - - [07/Nov/2025:02:00:25 +0000] "GET /50594994.shtml HTTP/1.1" 404 37387 "-" "Mozilla/5.0 (compatible; Googlebot/2.1; +http://www.google.com/bot.html)"
204.197.172.10 - - [07/Nov/2025:02:01:32 +0000] "POST /wp-cron.php?doing_wp_cron=1762480892.0555601119995117187500 HTTP/1.1" 200 0 "-" "WordPress/6.8.3; https://deenzalifestyle.com"
66.249.77.101 - - [07/Nov/2025:02:01:31 +0000] "GET /584303343.shtml HTTP/1.1" 404 37387 "-" "Mozilla/5.0 (compatible; Googlebot/2.1; +http://www.google.com/bot.html)"
173.252.95.4 - - [07/Nov/2025:02:03:14 +0000] "GET /wp-content/uploads/woo-feed/facebook/csv/deenzalifestyle.csv HTTP/1.1" 200 151806 "-" "facebookexternalhit/1.1 (+http://www.facebook.com/externalhit_uatext.php)"
204.197.172.10 - - [07/Nov/2025:02:04:57 +0000] "POST /wp-cron.php?doing_wp_cron=1762481097.2173058986663818359375 HTTP/1.1" 200 0 "-" "WordPress/6.8.3; https://deenzalifestyle.com"
66.249.77.101 - - [07/Nov/2025:02:04:56 +0000] "GET /product=2048344.html HTTP/1.1" 404 37441 "-" "Mozilla/5.0 (Linux; Android 6.0.1; Nexus 5X Build/MMB29P) AppleWebKit/537.36 (KHTML, like Gecko) Chrome/141.0.7390.122 Mobile Safari/537.36 (compatible; Googlebot/2.1; +http://www.google.com/bot.html)"
204.197.172.10 - - [07/Nov/2025:02:06:39 +0000] "POST /wp-cron.php?doing_wp_cron=1762481199.4341120719909667968750 HTTP/1.1" 200 0 "-" "WordPress/6.8.3; https://deenzalifestyle.com"
5.161.177.123 - - [07/Nov/2025:02:06:38 +0000] "POST /wp-load.php?ef0f22=11461 HTTP/1.1" 200 0 "-" "Mozilla/5.0 (Windows NT 10.0; Win64; x64) AppleWebKit/537.36 (KHTML, like Gecko) Chrome/104.0.5112.97 Safari/537.36"
66.249.77.101 - - [07/Nov/2025:02:06:52 +0000] "GET /234748617.shtml HTTP/1.1" 404 37441 "-" "Mozilla/5.0 (Linux; Android 6.0.1; Nexus 5X Build/MMB29P) AppleWebKit/537.36 (KHTML, like Gecko) Chrome/141.0.7390.122 Mobile Safari/537.36 (compatible; Googlebot/2.1; +http://www.google.com/bot.html)"
204.197.172.10 - - [07/Nov/2025:02:07:28 +0000] "POST /wp-cron.php?doing_wp_cron=1762481248.9431610107421875000000 HTTP/1.1" 200 0 "-" "WordPress/6.8.3; https://deenzalifestyle.com"
57.141.2.24 - - [07/Nov/2025:02:07:28 +0000] "GET /product=2291002.html HTTP/2" 404 206892 "-" "meta-externalagent/1.1 (+https://developers.facebook.com/docs/sharing/webmasters/crawler)"
204.197.172.10 - - [07/Nov/2025:02:09:47 +0000] "POST /wp-cron.php?doing_wp_cron=1762481387.1133439540863037109375 HTTP/1.1" 200 0 "-" "WordPress/6.8.3; https://deenzalifestyle.com"
57.141.2.22 - - [07/Nov/2025:02:09:45 +0000] "GET /product=2158369.html HTTP/2" 404 206892 "-" "meta-externalagent/1.1 (+https://developers.facebook.com/docs/sharing/webmasters/crawler)"
204.197.172.10 - - [07/Nov/2025:02:12:19 +0000] "POST /wp-cron.php?doing_wp_cron=1762481539.2363219261169433593750 HTTP/1.1" 200 0 "-" "WordPress/6.8.3; https://deenzalifestyle.com"
66.249.77.101 - - [07/Nov/2025:02:12:18 +0000] "GET /?e=9090849424700 HTTP/1.1" 200 46740 "-" "Mozilla/5.0 (Linux; Android 6.0.1; Nexus 5X Build/MMB29P) AppleWebKit/537.36 (KHTML, like Gecko) Chrome/141.0.7390.122 Mobile Safari/537.36 (compatible; Googlebot/2.1; +http://www.google.com/bot.html)"
66.249.77.100 - - [07/Nov/2025:02:12:27 +0000] "GET /wp-includes/js/jquery/jquery-migrate.min.js?ver=3.4.1 HTTP/1.1" 200 4678 "https://deenzalifestyle.com/?e=9090849424700" "Mozilla/5.0 (Linux; Android 6.0.1; Nexus 5X Build/MMB29P) AppleWebKit/537.36 (KHTML, like Gecko) Chrome/141.0.7390.122 Mobile Safari/537.36 (compatible; Googlebot/2.1; +http://www.google.com/bot.html)"
66.249.77.101 - - [07/Nov/2025:02:12:27 +0000] "GET /wp-content/plugins/woolentor-addons/woolentor-blocks/assets/css/style-index.css?ver=3.2.5 HTTP/1.1" 200 3111 "https://deenzalifestyle.com/?e=9090849424700" "Mozilla/5.0 (Linux; Android 6.0.1; Nexus 5X Build/MMB29P) AppleWebKit/537.36 (KHTML, like Gecko) Chrome/141.0.7390.122 Mobile Safari/537.36 (compatible; Googlebot/2.1; +http://www.google.com/bot.html)"
66.249.77.101 - - [07/Nov/2025:02:12:27 +0000] "GET /wp-content/plugins/woocommerce/assets/js/jquery-tiptip/jquery.tipTip.min.js?ver=10.3.3 HTTP/1.1" 200 1154 "https://deenzalifestyle.com/?e=9090849424700" "Mozilla/5.0 (Linux; Android 6.0.1; Nexus 5X Build/MMB29P) AppleWebKit/537.36 (KHTML, like Gecko) Chrome/141.0.7390.122 Mobile Safari/537.36 (compatible; Googlebot/2.1; +http://www.google.com/bot.html)"
66.249.77.101 - - [07/Nov/2025:02:12:28 +0000] "GET /wp-content/plugins/elementor/assets/css/frontend.min.css?ver=3.32.5 HTTP/1.1" 200 6537 "https://deenzalifestyle.com/?e=9090849424700" "Mozilla/5.0 (Linux; Android 6.0.1; Nexus 5X Build/MMB29P) AppleWebKit/537.36 (KHTML, like Gecko) Chrome/141.0.7390.122 Mobile Safari/537.36 (compatible; Googlebot/2.1; +http://www.google.com/bot.html)"
66.249.77.100 - - [07/Nov/2025:02:12:29 +0000] "POST /wp-json/wp-statistics/v2/hit HTTP/1.1" 200 35 "https://deenzalifestyle.com/?e=9090849424700" "Mozilla/5.0 (Linux; Android 6.0.1; Nexus 5X Build/MMB29P) AppleWebKit/537.36 (KHTML, like Gecko) Chrome/141.0.7390.122 Mobile Safari/537.36 (compatible; Googlebot/2.1; +http://www.google.com/bot.html)"
66.249.77.100 - - [07/Nov/2025:02:12:29 +0000] "POST /?wc-ajax=get_refreshed_fragments HTTP/1.1" 200 1318 "https://deenzalifestyle.com/?e=9090849424700" "Mozilla/5.0 (Linux; Android 6.0.1; Nexus 5X Build/MMB29P) AppleWebKit/537.36 (KHTML, like Gecko) Chrome/141.0.7390.122 Mobile Safari/537.36 (compatible; Googlebot/2.1; +http://www.google.com/bot.html)"
204.197.172.10 - - [07/Nov/2025:02:13:12 +0000] "POST /wp-cron.php?doing_wp_cron=1762481592.1240930557250976562500 HTTP/1.1" 200 0 "-" "WordPress/6.8.3; https://deenzalifestyle.com"
57.141.2.11 - - [07/Nov/2025:02:13:11 +0000] "GET /product=2570335.html HTTP/2" 404 206892 "-" "meta-externalagent/1.1 (+https://developers.facebook.com/docs/sharing/webmasters/crawler)"
66.249.77.102 - - [07/Nov/2025:02:13:24 +0000] "GET /?e=18768106234704 HTTP/1.1" 200 46725 "-" "Mozilla/5.0 (Linux; Android 6.0.1; Nexus 5X Build/MMB29P) AppleWebKit/537.36 (KHTML, like Gecko) Chrome/141.0.7390.122 Mobile Safari/537.36 (compatible; Googlebot/2.1; +http://www.google.com/bot.html)"
66.249.77.101 - - [07/Nov/2025:02:13:30 +0000] "POST /wp-json/wp-statistics/v2/hit HTTP/1.1" 200 35 "https://deenzalifestyle.com/?e=18768106234704" "Mozilla/5.0 (Linux; Android 6.0.1; Nexus 5X Build/MMB29P) AppleWebKit/537.36 (KHTML, like Gecko) Chrome/141.0.7390.122 Mobile Safari/537.36 (compatible; Googlebot/2.1; +http://www.google.com/bot.html)"
66.249.77.101 - - [07/Nov/2025:02:13:31 +0000] "POST /?wc-ajax=get_refreshed_fragments HTTP/1.1" 200 1318 "https://deenzalifestyle.com/?e=18768106234704" "Mozilla/5.0 (Linux; Android 6.0.1; Nexus 5X Build/MMB29P) AppleWebKit/537.36 (KHTML, like Gecko) Chrome/141.0.7390.122 Mobile Safari/537.36 (compatible; Googlebot/2.1; +http://www.google.com/bot.html)"
204.197.172.10 - - [07/Nov/2025:02:15:56 +0000] "POST /wp-cron.php?doing_wp_cron=1762481756.8718140125274658203125 HTTP/1.1" 200 0 "-" "WordPress/6.8.3; https://deenzalifestyle.com"
74.125.218.100 - - [07/Nov/2025:02:15:56 +0000] "GET /product=1951887.html HTTP/1.1" 404 37400 "-" "Mozilla/5.0 (X11; Linux x86_64) AppleWebKit/537.36 (KHTML, like Gecko) Chrome/141.0.7390.122 Safari/537.36"
74.125.218.102 - - [07/Nov/2025:02:15:57 +0000] "GET /wp-content/themes/astra/assets/css/minified/main.min.css?ver=4.11.13 HTTP/1.1" 200 8486 "https://deenzalifestyle.com/product=1951887.html" "Mozilla/5.0 (X11; Linux x86_64) AppleWebKit/537.36 (KHTML, like Gecko) Chrome/141.0.7390.122 Safari/537.36"
74.125.218.102 - - [07/Nov/2025:02:15:57 +0000] "GET /wp-content/themes/astra/assets/css/minified/compatibility/woocommerce/woocommerce-grid.min.css?ver=4.11.13 HTTP/1.1" 200 15159 "https://deenzalifestyle.com/product=1951887.html" "Mozilla/5.0 (X11; Linux x86_64) AppleWebKit/537.36 (KHTML, like Gecko) Chrome/141.0.7390.122 Safari/537.36"
74.125.218.101 - - [07/Nov/2025:02:15:57 +0000] "GET /wp-content/plugins/wp-bottom-menu/assets/css/style.css?ver=2.2.4 HTTP/1.1" 200 939 "https://deenzalifestyle.com/product=1951887.html" "Mozilla/5.0 (X11; Linux x86_64) AppleWebKit/537.36 (KHTML, like Gecko) Chrome/141.0.7390.122 Safari/537.36"
74.125.218.100 - - [07/Nov/2025:02:15:57 +0000] "GET /wp-content/plugins/woolentor-addons/assets/css/htflexboxgrid.css?ver=3.2.5 HTTP/1.1" 200 1643 "https://deenzalifestyle.com/product=1951887.html" "Mozilla/5.0 (X11; Linux x86_64) AppleWebKit/537.36 (KHTML, like Gecko) Chrome/141.0.7390.122 Safari/537.36"
74.125.218.101 - - [07/Nov/2025:02:15:57 +0000] "GET /wp-content/plugins/elementor/assets/css/widget-icon-list.min.css?ver=3.24.3 HTTP/1.1" 200 961 "https://deenzalifestyle.com/product=1951887.html" "Mozilla/5.0 (X11; Linux x86_64) AppleWebKit/537.36 (KHTML, like Gecko) Chrome/141.0.7390.122 Safari/537.36"
74.125.218.100 - - [07/Nov/2025:02:15:58 +0000] "GET /wp-includes/js/jquery/jquery.min.js?ver=3.7.1 HTTP/1.1" 200 29744 "https://deenzalifestyle.com/product=1951887.html" "Mozilla/5.0 (X11; Linux x86_64) AppleWebKit/537.36 (KHTML, like Gecko) Chrome/141.0.7390.122 Safari/537.36"
74.125.218.101 - - [07/Nov/2025:02:15:58 +0000] "GET /wp-content/plugins/header-footer-elementor/inc/widgets-css/woo-products.css?ver=2.6.1 HTTP/1.1" 200 987 "https://deenzalifestyle.com/product=1951887.html" "Mozilla/5.0 (X11; Linux x86_64) AppleWebKit/537.36 (KHTML, like Gecko) Chrome/141.0.7390.122 Safari/537.36"
74.125.218.101 - - [07/Nov/2025:02:15:59 +0000] "GET /wp-content/plugins/elementor/assets/css/frontend.min.css?ver=3.32.5 HTTP/1.1" 200 6537 "https://deenzalifestyle.com/product=1951887.html" "Mozilla/5.0 (X11; Linux x86_64) AppleWebKit/537.36 (KHTML, like Gecko) Chrome/141.0.7390.122 Safari/537.36"
74.125.218.102 - - [07/Nov/2025:02:15:59 +0000] "GET /wp-content/uploads/elementor/css/post-25.css?ver=1762334317 HTTP/1.1" 200 2226 "https://deenzalifestyle.com/product=1951887.html" "Mozilla/5.0 (X11; Linux x86_64) AppleWebKit/537.36 (KHTML, like Gecko) Chrome/141.0.7390.122 Safari/537.36"
74.125.218.100 - - [07/Nov/2025:02:16:00 +0000] "GET /wp-content/plugins/elementor/assets/lib/font-awesome/css/brands.css?ver=5.15.3 HTTP/1.1" 200 296 "https://deenzalifestyle.com/product=1951887.html" "Mozilla/5.0 (X11; Linux x86_64) AppleWebKit/537.36 (KHTML, like Gecko) Chrome/141.0.7390.122 Safari/537.36"
74.125.218.102 - - [07/Nov/2025:02:16:00 +0000] "GET /wp-content/uploads/elementor/thumbs/logo-removebg-preview-r8327xj7anzrxvbmkdzxxsjrhbg8bso6026v5yylog.png HTTP/1.1" 200 5694 "https://deenzalifestyle.com/product=1951887.html" "Mozilla/5.0 (X11; Linux x86_64) AppleWebKit/537.36 (KHTML, like Gecko) Chrome/141.0.7390.122 Safari/537.36"
74.125.218.102 - - [07/Nov/2025:02:16:00 +0000] "GET /wp-content/plugins/th-advance-product-search/build/style-th-advance-product-search.css?ver=1757999558 HTTP/1.1" 200 556 "https://deenzalifestyle.com/product=1951887.html" "Mozilla/5.0 (X11; Linux x86_64) AppleWebKit/537.36 (KHTML, like Gecko) Chrome/141.0.7390.122 Safari/537.36"
74.125.218.101 - - [07/Nov/2025:02:16:00 +0000] "GET /wp-content/plugins/woolentor-addons/woolentor-blocks/assets/css/common-style.css?ver=3.2.5 HTTP/1.1" 200 591 "https://deenzalifestyle.com/product=1951887.html" "Mozilla/5.0 (X11; Linux x86_64) AppleWebKit/537.36 (KHTML, like Gecko) Chrome/141.0.7390.122 Safari/537.36"
74.125.218.101 - - [07/Nov/2025:02:16:00 +0000] "GET /wp-content/plugins/woocommerce/assets/js/jquery-blockui/jquery.blockUI.min.js?ver=2.7.0-wc.10.3.3 HTTP/1.1" 200 3277 "https://deenzalifestyle.com/product=1951887.html" "Mozilla/5.0 (X11; Linux x86_64) AppleWebKit/537.36 (KHTML, like Gecko) Chrome/141.0.7390.122 Safari/537.36"
74.125.218.100 - - [07/Nov/2025:02:16:01 +0000] "GET /wp-content/plugins/elementor-pro/assets/css/widget-blockquote.min.css?ver=3.25.0 HTTP/1.1" 200 970 "https://deenzalifestyle.com/product=1951887.html" "Mozilla/5.0 (X11; Linux x86_64) AppleWebKit/537.36 (KHTML, like Gecko) Chrome/141.0.7390.122 Safari/537.36"
74.125.218.101 - - [07/Nov/2025:02:16:01 +0000] "GET /wp-content/plugins/duracelltomi-google-tag-manager/dist/js/analytics-talk-content-tracking.js?ver=1.22.1 HTTP/1.1" 200 544 "https://deenzalifestyle.com/product=1951887.html" "Mozilla/5.0 (X11; Linux x86_64) AppleWebKit/537.36 (KHTML, like Gecko) Chrome/141.0.7390.122 Safari/537.36"
74.125.218.101 - - [07/Nov/2025:02:16:01 +0000] "GET /wp-content/plugins/woolentor-addons/assets/css/woolentor-widgets.css?ver=3.2.5 HTTP/1.1" 200 20674 "https://deenzalifestyle.com/product=1951887.html" "Mozilla/5.0 (X11; Linux x86_64) AppleWebKit/537.36 (KHTML, like Gecko) Chrome/141.0.7390.122 Safari/537.36"
74.125.218.100 - - [07/Nov/2025:02:16:01 +0000] "GET /wp-content/plugins/elementor/assets/lib/font-awesome/css/all.min.css?ver=3.32.5 HTTP/1.1" 200 12380 "https://deenzalifestyle.com/product=1951887.html" "Mozilla/5.0 (X11; Linux x86_64) AppleWebKit/537.36 (KHTML, like Gecko) Chrome/141.0.7390.122 Safari/537.36"
74.125.218.100 - - [07/Nov/2025:02:16:02 +0000] "GET /wp-content/plugins/th-advance-product-search/th-icon/style.css?ver=6.8.3 HTTP/1.1" 200 953 "https://deenzalifestyle.com/product=1951887.html" "Mozilla/5.0 (X11; Linux x86_64) AppleWebKit/537.36 (KHTML, like Gecko) Chrome/141.0.7390.122 Safari/537.36"
74.125.218.101 - - [07/Nov/2025:02:16:02 +0000] "GET /wp-content/plugins/woocommerce/assets/js/jquery-tiptip/jquery.tipTip.min.js?ver=10.3.3 HTTP/1.1" 200 1154 "https://deenzalifestyle.com/product=1951887.html" "Mozilla/5.0 (X11; Linux x86_64) AppleWebKit/537.36 (KHTML, like Gecko) Chrome/141.0.7390.122 Safari/537.36"
74.125.218.101 - - [07/Nov/2025:02:16:03 +0000] "GET /wp-content/plugins/th-advance-product-search/th-icon/style.css?ver=1.3.1 HTTP/1.1" 200 953 "https://deenzalifestyle.com/product=1951887.html" "Mozilla/5.0 (X11; Linux x86_64) AppleWebKit/537.36 (KHTML, like Gecko) Chrome/141.0.7390.122 Safari/537.36"
74.125.218.101 - - [07/Nov/2025:02:16:03 +0000] "GET /wp-content/plugins/elementor/assets/lib/font-awesome/js/v4-shims.min.js?ver=3.32.5 HTTP/1.1" 200 4042 "https://deenzalifestyle.com/product=1951887.html" "Mozilla/5.0 (X11; Linux x86_64) AppleWebKit/537.36 (KHTML, like Gecko) Chrome/141.0.7390.122 Safari/537.36"
74.125.218.101 - - [07/Nov/2025:02:16:04 +0000] "GET /wp-content/plugins/th-advance-product-search/assets/js/thaps-search.js?ver=1 HTTP/1.1" 200 8913 "https://deenzalifestyle.com/product=1951887.html" "Mozilla/5.0 (X11; Linux x86_64) AppleWebKit/537.36 (KHTML, like Gecko) Chrome/141.0.7390.122 Safari/537.36"
74.125.218.101 - - [07/Nov/2025:02:16:04 +0000] "GET /wp-content/plugins/elementor/assets/lib/font-awesome/css/fontawesome.css?ver=5.15.3 HTTP/1.1" 200 12526 "https://deenzalifestyle.com/product=1951887.html" "Mozilla/5.0 (X11; Linux x86_64) AppleWebKit/537.36 (KHTML, like Gecko) Chrome/141.0.7390.122 Safari/537.36"
74.125.218.101 - - [07/Nov/2025:02:16:04 +0000] "GET /wp-content/plugins/woolentor-addons/assets/css/product-grid/modern.css?ver=3.2.5 HTTP/1.1" 200 5920 "https://deenzalifestyle.com/product=1951887.html" "Mozilla/5.0 (X11; Linux x86_64) AppleWebKit/537.36 (KHTML, like Gecko) Chrome/141.0.7390.122 Safari/537.36"
74.125.218.100 - - [07/Nov/2025:02:16:04 +0000] "GET /wp-content/plugins/woo-conditional-product-fees-for-checkout/public/css/woocommerce-conditional-product-fees-for-checkout-public.css?ver=4.3.2 HTTP/1.1" 200 2066 "https://deenzalifestyle.com/product=1951887.html" "Mozilla/5.0 (X11; Linux x86_64) AppleWebKit/537.36 (KHTML, like Gecko) Chrome/141.0.7390.122 Safari/537.36"
74.125.218.100 - - [07/Nov/2025:02:16:05 +0000] "GET /wp-content/plugins/header-footer-elementor/assets/css/header-footer-elementor.css?ver=2.6.1 HTTP/1.1" 200 259 "https://deenzalifestyle.com/product=1951887.html" "Mozilla/5.0 (X11; Linux x86_64) AppleWebKit/537.36 (KHTML, like Gecko) Chrome/141.0.7390.122 Safari/537.36"
74.125.218.100 - - [07/Nov/2025:02:16:05 +0000] "GET /wp-content/uploads/elementor/google-fonts/css/roboto.css?ver=1751087316 HTTP/1.1" 200 1873 "https://deenzalifestyle.com/product=1951887.html" "Mozilla/5.0 (X11; Linux x86_64) AppleWebKit/537.36 (KHTML, like Gecko) Chrome/141.0.7390.122 Safari/537.36"
74.125.218.100 - - [07/Nov/2025:02:16:05 +0000] "GET /wp-content/plugins/bkash/css/style.css?ver=6.8.3 HTTP/1.1" 200 171 "https://deenzalifestyle.com/product=1951887.html" "Mozilla/5.0 (X11; Linux x86_64) AppleWebKit/537.36 (KHTML, like Gecko) Chrome/141.0.7390.122 Safari/537.36"
74.125.218.100 - - [07/Nov/2025:02:16:05 +0000] "GET /wp-content/uploads/elementor/css/post-6.css?ver=1762334317 HTTP/1.1" 200 380 "https://deenzalifestyle.com/product=1951887.html" "Mozilla/5.0 (X11; Linux x86_64) AppleWebKit/537.36 (KHTML, like Gecko) Chrome/141.0.7390.122 Safari/537.36"
74.125.218.100 - - [07/Nov/2025:02:16:05 +0000] "GET /wp-content/plugins/header-footer-elementor/inc/widgets-css/frontend.css?ver=2.6.1 HTTP/1.1" 200 8270 "https://deenzalifestyle.com/product=1951887.html" "Mozilla/5.0 (X11; Linux x86_64) AppleWebKit/537.36 (KHTML, like Gecko) Chrome/141.0.7390.122 Safari/537.36"
74.125.218.100 - - [07/Nov/2025:02:16:06 +0000] "GET /wp-content/plugins/elementor/assets/css/widget-social-icons.min.css?ver=3.24.0 HTTP/1.1" 200 1069 "https://deenzalifestyle.com/product=1951887.html" "Mozilla/5.0 (X11; Linux x86_64) AppleWebKit/537.36 (KHTML, like Gecko) Chrome/141.0.7390.122 Safari/537.36"
74.125.218.100 - - [07/Nov/2025:02:16:06 +0000] "GET /wp-content/uploads/elementor/css/post-77.css?ver=1762334317 HTTP/1.1" 200 950 "https://deenzalifestyle.com/product=1951887.html" "Mozilla/5.0 (X11; Linux x86_64) AppleWebKit/537.36 (KHTML, like Gecko) Chrome/141.0.7390.122 Safari/537.36"
74.125.218.100 - - [07/Nov/2025:02:16:06 +0000] "GET /wp-content/plugins/elementor/assets/lib/font-awesome/css/font-awesome.min.css?ver=4.7.0 HTTP/1.1" 200 6657 "https://deenzalifestyle.com/product=1951887.html" "Mozilla/5.0 (X11; Linux x86_64) AppleWebKit/537.36 (KHTML, like Gecko) Chrome/141.0.7390.122 Safari/537.36"
74.125.218.100 - - [07/Nov/2025:02:16:06 +0000] "GET /wp-content/plugins/woolentor-addons/includes/modules/quickview/assets/css/frontend.css?ver=3.2.5 HTTP/1.1" 200 1600 "https://deenzalifestyle.com/product=1951887.html" "Mozilla/5.0 (X11; Linux x86_64) AppleWebKit/537.36 (KHTML, like Gecko) Chrome/141.0.7390.122 Safari/537.36"
74.125.218.100 - - [07/Nov/2025:02:16:07 +0000] "GET /wp-content/plugins/elementor/assets/lib/font-awesome/css/solid.css?ver=5.15.3 HTTP/1.1" 200 296 "https://deenzalifestyle.com/product=1951887.html" "Mozilla/5.0 (X11; Linux x86_64) AppleWebKit/537.36 (KHTML, like Gecko) Chrome/141.0.7390.122 Safari/537.36"
74.125.218.100 - - [07/Nov/2025:02:16:07 +0000] "GET /wp-content/plugins/woolentor-addons/assets/css/slick.css?ver=3.2.5 HTTP/1.1" 200 543 "https://deenzalifestyle.com/product=1951887.html" "Mozilla/5.0 (X11; Linux x86_64) AppleWebKit/537.36 (KHTML, like Gecko) Chrome/141.0.7390.122 Safari/537.36"
74.125.218.100 - - [07/Nov/2025:02:16:07 +0000] "GET /wp-content/plugins/woo-variation-swatches/assets/css/frontend.min.css?ver=1757953354 HTTP/1.1" 200 4299 "https://deenzalifestyle.com/product=1951887.html" "Mozilla/5.0 (X11; Linux x86_64) AppleWebKit/537.36 (KHTML, like Gecko) Chrome/141.0.7390.122 Safari/537.36"
74.125.218.100 - - [07/Nov/2025:02:16:08 +0000] "GET /wp-content/plugins/woocommerce/assets/css/brands.css?ver=10.3.3 HTTP/1.1" 200 579 "https://deenzalifestyle.com/product=1951887.html" "Mozilla/5.0 (X11; Linux x86_64) AppleWebKit/537.36 (KHTML, like Gecko) Chrome/141.0.7390.122 Safari/537.36"
74.125.218.100 - - [07/Nov/2025:02:16:08 +0000] "GET /wp-includes/js/underscore.min.js?ver=1.13.7 HTTP/1.1" 200 7185 "https://deenzalifestyle.com/product=1951887.html" "Mozilla/5.0 (X11; Linux x86_64) AppleWebKit/537.36 (KHTML, like Gecko) Chrome/141.0.7390.122 Safari/537.36"
74.125.218.100 - - [07/Nov/2025:02:16:08 +0000] "GET /wp-content/plugins/woolentor-addons/woolentor-blocks/assets/css/style-index.css?ver=3.2.5 HTTP/1.1" 200 3111 "https://deenzalifestyle.com/product=1951887.html" "Mozilla/5.0 (X11; Linux x86_64) AppleWebKit/537.36 (KHTML, like Gecko) Chrome/141.0.7390.122 Safari/537.36"
74.125.218.100 - - [07/Nov/2025:02:16:09 +0000] "GET /wp-content/plugins/elementor-pro/assets/css/widget-nav-menu.min.css?ver=3.26.0 HTTP/1.1" 200 3244 "https://deenzalifestyle.com/product=1951887.html" "Mozilla/5.0 (X11; Linux x86_64) AppleWebKit/537.36 (KHTML, like Gecko) Chrome/141.0.7390.122 Safari/537.36"
74.125.218.100 - - [07/Nov/2025:02:16:09 +0000] "GET /wp-content/plugins/woo-conditional-product-fees-for-checkout/public/js/woocommerce-conditional-product-fees-for-checkout-public.js?ver=4.3.2 HTTP/1.1" 200 1000 "https://deenzalifestyle.com/product=1951887.html" "Mozilla/5.0 (X11; Linux x86_64) AppleWebKit/537.36 (KHTML, like Gecko) Chrome/141.0.7390.122 Safari/537.36"
74.125.218.100 - - [07/Nov/2025:02:16:09 +0000] "GET /wp-content/plugins/woocommerce/assets/client/blocks/wc-blocks.css?ver=wc-10.3.3 HTTP/1.1" 200 2391 "https://deenzalifestyle.com/product=1951887.html" "Mozilla/5.0 (X11; Linux x86_64) AppleWebKit/537.36 (KHTML, like Gecko) Chrome/141.0.7390.122 Safari/537.36"
74.125.218.100 - - [07/Nov/2025:02:16:09 +0000] "GET /wp-content/plugins/elementor/assets/lib/font-awesome/css/v4-shims.min.css?ver=3.32.5 HTTP/1.1" 200 3987 "https://deenzalifestyle.com/product=1951887.html" "Mozilla/5.0 (X11; Linux x86_64) AppleWebKit/537.36 (KHTML, like Gecko) Chrome/141.0.7390.122 Safari/537.36"
74.125.218.100 - - [07/Nov/2025:02:16:10 +0000] "GET /wp-content/plugins/elementor/assets/css/widget-heading.min.css?ver=3.32.5 HTTP/1.1" 200 154 "https://deenzalifestyle.com/product=1951887.html" "Mozilla/5.0 (X11; Linux x86_64) AppleWebKit/537.36 (KHTML, like Gecko) Chrome/141.0.7390.122 Safari/537.36"
74.125.218.100 - - [07/Nov/2025:02:16:10 +0000] "GET /wp-content/plugins/elementor/assets/css/widget-social-icons.min.css?ver=3.32.5 HTTP/1.1" 200 1069 "https://deenzalifestyle.com/product=1951887.html" "Mozilla/5.0 (X11; Linux x86_64) AppleWebKit/537.36 (KHTML, like Gecko) Chrome/141.0.7390.122 Safari/537.36"
74.125.218.100 - - [07/Nov/2025:02:16:11 +0000] "GET /wp-content/plugins/elementor/assets/css/conditionals/apple-webkit.min.css?ver=3.32.5 HTTP/1.1" 200 472 "https://deenzalifestyle.com/product=1951887.html" "Mozilla/5.0 (X11; Linux x86_64) AppleWebKit/537.36 (KHTML, like Gecko) Chrome/141.0.7390.122 Safari/537.36"
74.125.218.100 - - [07/Nov/2025:02:16:11 +0000] "GET /wp-content/plugins/bkash/js/scripts.js?ver=1.0 HTTP/1.1" 200 179 "https://deenzalifestyle.com/product=1951887.html" "Mozilla/5.0 (X11; Linux x86_64) AppleWebKit/537.36 (KHTML, like Gecko) Chrome/141.0.7390.122 Safari/537.36"
74.125.218.100 - - [07/Nov/2025:02:16:11 +0000] "GET /wp-content/plugins/duracelltomi-google-tag-manager/dist/js/gtm4wp-ecommerce-generic.js?ver=1.22.1 HTTP/1.1" 200 497 "https://deenzalifestyle.com/product=1951887.html" "Mozilla/5.0 (X11; Linux x86_64) AppleWebKit/537.36 (KHTML, like Gecko) Chrome/141.0.7390.122 Safari/537.36"
74.125.218.100 - - [07/Nov/2025:02:16:11 +0000] "GET /wp-content/themes/astra/assets/js/minified/frontend.min.js?ver=4.11.13 HTTP/1.1" 200 5927 "https://deenzalifestyle.com/product=1951887.html" "Mozilla/5.0 (X11; Linux x86_64) AppleWebKit/537.36 (KHTML, like Gecko) Chrome/141.0.7390.122 Safari/537.36"
74.125.218.100 - - [07/Nov/2025:02:16:12 +0000] "GET /wp-includes/js/api-request.min.js?ver=6.8.3 HTTP/1.1" 200 530 "https://deenzalifestyle.com/product=1951887.html" "Mozilla/5.0 (X11; Linux x86_64) AppleWebKit/537.36 (KHTML, like Gecko) Chrome/141.0.7390.122 Safari/537.36"
74.125.218.100 - - [07/Nov/2025:02:16:12 +0000] "GET /wp-content/plugins/woocommerce/assets/js/frontend/single-product.min.js?ver=10.3.3 HTTP/1.1" 200 2677 "https://deenzalifestyle.com/product=1951887.html" "Mozilla/5.0 (X11; Linux x86_64) AppleWebKit/537.36 (KHTML, like Gecko) Chrome/141.0.7390.122 Safari/537.36"
74.125.218.100 - - [07/Nov/2025:02:16:13 +0000] "GET /wp-content/plugins/woo-variation-swatches/assets/js/frontend.min.js?ver=1757953354 HTTP/1.1" 200 4557 "https://deenzalifestyle.com/product=1951887.html" "Mozilla/5.0 (X11; Linux x86_64) AppleWebKit/537.36 (KHTML, like Gecko) Chrome/141.0.7390.122 Safari/537.36"
74.125.218.100 - - [07/Nov/2025:02:16:13 +0000] "GET /wp-content/plugins/woocommerce/assets/js/sourcebuster/sourcebuster.min.js?ver=10.3.3 HTTP/1.1" 200 4609 "https://deenzalifestyle.com/product=1951887.html" "Mozilla/5.0 (X11; Linux x86_64) AppleWebKit/537.36 (KHTML, like Gecko) Chrome/141.0.7390.122 Safari/537.36"
74.125.218.100 - - [07/Nov/2025:02:16:14 +0000] "GET /wp-content/themes/astra/assets/css/minified/compatibility/woocommerce/woocommerce-smallscreen-grid.min.css?ver=4.11.13 HTTP/1.1" 200 796 "https://deenzalifestyle.com/product=1951887.html" "Mozilla/5.0 (X11; Linux x86_64) AppleWebKit/537.36 (KHTML, like Gecko) Chrome/141.0.7390.122 Safari/537.36"
74.125.218.100 - - [07/Nov/2025:02:16:14 +0000] "GET /wp-content/plugins/header-footer-elementor/inc/js/frontend.js?ver=2.6.1 HTTP/1.1" 200 4642 "https://deenzalifestyle.com/product=1951887.html" "Mozilla/5.0 (X11; Linux x86_64) AppleWebKit/537.36 (KHTML, like Gecko) Chrome/141.0.7390.122 Safari/537.36"
74.125.218.100 - - [07/Nov/2025:02:16:14 +0000] "GET /wp-content/plugins/elementor-pro/assets/js/elements-handlers.min.js?ver=3.31.2 HTTP/1.1" 200 10180 "https://deenzalifestyle.com/product=1951887.html" "Mozilla/5.0 (X11; Linux x86_64) AppleWebKit/537.36 (KHTML, like Gecko) Chrome/141.0.7390.122 Safari/537.36"
74.125.218.100 - - [07/Nov/2025:02:16:14 +0000] "GET /wp-includes/js/jquery/ui/core.min.js?ver=1.13.3 HTTP/1.1" 200 6812 "https://deenzalifestyle.com/product=1951887.html" "Mozilla/5.0 (X11; Linux x86_64) AppleWebKit/537.36 (KHTML, like Gecko) Chrome/141.0.7390.122 Safari/537.36"
74.125.218.100 - - [07/Nov/2025:02:16:14 +0000] "GET /wp-content/plugins/elementor/assets/js/webpack.runtime.min.js?ver=3.32.5 HTTP/1.1" 200 2321 "https://deenzalifestyle.com/product=1951887.html" "Mozilla/5.0 (X11; Linux x86_64) AppleWebKit/537.36 (KHTML, like Gecko) Chrome/141.0.7390.122 Safari/537.36"
74.125.218.100 - - [07/Nov/2025:02:16:15 +0000] "GET /wp-content/plugins/elementor-pro/assets/js/frontend.min.js?ver=3.31.2 HTTP/1.1" 200 6281 "https://deenzalifestyle.com/product=1951887.html" "Mozilla/5.0 (X11; Linux x86_64) AppleWebKit/537.36 (KHTML, like Gecko) Chrome/141.0.7390.122 Safari/537.36"
74.125.218.100 - - [07/Nov/2025:02:16:15 +0000] "GET /wp-content/plugins/woocommerce/assets/js/js-cookie/js.cookie.min.js?ver=2.1.4-wc.10.3.3 HTTP/1.1" 200 760 "https://deenzalifestyle.com/product=1951887.html" "Mozilla/5.0 (X11; Linux x86_64) AppleWebKit/537.36 (KHTML, like Gecko) Chrome/141.0.7390.122 Safari/537.36"
74.125.218.100 - - [07/Nov/2025:02:16:16 +0000] "GET /wp-content/plugins/woocommerce/assets/js/frontend/add-to-cart-variation.min.js?ver=10.3.3 HTTP/1.1" 200 3712 "https://deenzalifestyle.com/product=1951887.html" "Mozilla/5.0 (X11; Linux x86_64) AppleWebKit/537.36 (KHTML, like Gecko) Chrome/141.0.7390.122 Safari/537.36"
74.125.218.100 - - [07/Nov/2025:02:16:16 +0000] "GET /wp-content/plugins/wp-bottom-menu/assets/js/main.js?ver=2.2.4 HTTP/1.1" 200 602 "https://deenzalifestyle.com/product=1951887.html" "Mozilla/5.0 (X11; Linux x86_64) AppleWebKit/537.36 (KHTML, like Gecko) Chrome/141.0.7390.122 Safari/537.36"
74.125.218.100 - - [07/Nov/2025:02:16:17 +0000] "GET /wp-content/plugins/woocommerce/assets/js/frontend/order-attribution.min.js?ver=10.3.3 HTTP/1.1" 200 998 "https://deenzalifestyle.com/product=1951887.html" "Mozilla/5.0 (X11; Linux x86_64) AppleWebKit/537.36 (KHTML, like Gecko) Chrome/141.0.7390.122 Safari/537.36"
74.125.218.100 - - [07/Nov/2025:02:16:17 +0000] "GET /wp-content/plugins/woolentor-addons/woolentor-blocks/assets/js/script.js?ver=3.2.5 HTTP/1.1" 200 3342 "https://deenzalifestyle.com/product=1951887.html" "Mozilla/5.0 (X11; Linux x86_64) AppleWebKit/537.36 (KHTML, like Gecko) Chrome/141.0.7390.122 Safari/537.36"
74.125.218.100 - - [07/Nov/2025:02:16:17 +0000] "GET /wp-content/plugins/duracelltomi-google-tag-manager/dist/js/gtm4wp-contact-form-7-tracker.js?ver=1.22.1 HTTP/1.1" 200 312 "https://deenzalifestyle.com/product=1951887.html" "Mozilla/5.0 (X11; Linux x86_64) AppleWebKit/537.36 (KHTML, like Gecko) Chrome/141.0.7390.122 Safari/537.36"
74.125.218.100 - - [07/Nov/2025:02:16:18 +0000] "GET /wp-content/plugins/wp-statistics/assets/js/tracker.js?ver=14.15.5 HTTP/1.1" 200 2658 "https://deenzalifestyle.com/product=1951887.html" "Mozilla/5.0 (X11; Linux x86_64) AppleWebKit/537.36 (KHTML, like Gecko) Chrome/141.0.7390.122 Safari/537.36"
74.125.218.100 - - [07/Nov/2025:02:16:18 +0000] "GET /wp-content/plugins/elementor-pro/assets/js/webpack-pro.runtime.min.js?ver=3.31.2 HTTP/1.1" 200 2621 "https://deenzalifestyle.com/product=1951887.html" "Mozilla/5.0 (X11; Linux x86_64) AppleWebKit/537.36 (KHTML, like Gecko) Chrome/141.0.7390.122 Safari/537.36"
74.125.218.100 - - [07/Nov/2025:02:16:18 +0000] "GET /wp-content/plugins/elementor/assets/lib/font-awesome/webfonts/fa-solid-900.woff2 HTTP/1.1" 200 78196 "https://deenzalifestyle.com/wp-content/plugins/elementor/assets/lib/font-awesome/css/all.min.css?ver=3.32.5" "Mozilla/5.0 (X11; Linux x86_64) AppleWebKit/537.36 (KHTML, like Gecko) Chrome/141.0.7390.122 Safari/537.36"
74.125.218.100 - - [07/Nov/2025:02:16:18 +0000] "GET /wp-content/plugins/elementor/assets/lib/font-awesome/fonts/fontawesome-webfont.woff2?v=4.7.0 HTTP/1.1" 200 77160 "https://deenzalifestyle.com/wp-content/plugins/elementor/assets/lib/font-awesome/css/font-awesome.min.css?ver=4.7.0" "Mozilla/5.0 (X11; Linux x86_64) AppleWebKit/537.36 (KHTML, like Gecko) Chrome/141.0.7390.122 Safari/537.36"
74.125.218.100 - - [07/Nov/2025:02:16:18 +0000] "GET /wp-content/plugins/th-advance-product-search/th-icon/fonts/th-icon.ttf?stlo25 HTTP/1.1" 200 12836 "https://deenzalifestyle.com/wp-content/plugins/th-advance-product-search/th-icon/style.css?ver=6.8.3" "Mozilla/5.0 (X11; Linux x86_64) AppleWebKit/537.36 (KHTML, like Gecko) Chrome/141.0.7390.122 Safari/537.36"
74.125.218.100 - - [07/Nov/2025:02:16:19 +0000] "GET /wp-content/uploads/elementor/google-fonts/fonts/roboto-kfo7cnqeu92fr1me7ksn66agldtyluama3yuba.woff2 HTTP/1.1" 200 40128 "https://deenzalifestyle.com/wp-content/uploads/elementor/google-fonts/css/roboto.css?ver=1751087316" "Mozilla/5.0 (X11; Linux x86_64) AppleWebKit/537.36 (KHTML, like Gecko) Chrome/141.0.7390.122 Safari/537.36"
74.125.218.100 - - [07/Nov/2025:02:16:20 +0000] "POST /wp-json/wp-statistics/v2/hit HTTP/1.1" 200 19 "https://deenzalifestyle.com/product=1951887.html" "Mozilla/5.0 (X11; Linux x86_64) AppleWebKit/537.36 (KHTML, like Gecko) Chrome/141.0.7390.122 Safari/537.36"
204.197.172.10 - - [07/Nov/2025:02:18:33 +0000] "POST /wp-cron.php?doing_wp_cron=1762481913.2097039222717285156250 HTTP/1.1" 200 0 "-" "WordPress/6.8.3; https://deenzalifestyle.com"
66.249.77.100 - - [07/Nov/2025:02:18:33 +0000] "GET /96283920.shtml HTTP/1.1" 404 37440 "-" "Mozilla/5.0 (Linux; Android 6.0.1; Nexus 5X Build/MMB29P) AppleWebKit/537.36 (KHTML, like Gecko) Chrome/141.0.7390.122 Mobile Safari/537.36 (compatible; Googlebot/2.1; +http://www.google.com/bot.html)"
204.197.172.10 - - [07/Nov/2025:02:19:45 +0000] "POST /wp-cron.php?doing_wp_cron=1762481985.9108359813690185546875 HTTP/1.1" 200 0 "-" "WordPress/6.8.3; https://deenzalifestyle.com"
57.141.2.34 - - [07/Nov/2025:02:19:45 +0000] "GET /product=5227424.html HTTP/2" 404 206892 "-" "meta-externalagent/1.1 (+https://developers.facebook.com/docs/sharing/webmasters/crawler)"
204.197.172.10 - - [07/Nov/2025:02:21:58 +0000] "POST /wp-cron.php?doing_wp_cron=1762482118.9111719131469726562500 HTTP/1.1" 200 0 "-" "WordPress/6.8.3; https://deenzalifestyle.com"
57.141.2.23 - - [07/Nov/2025:02:21:58 +0000] "GET /product=3440942.html HTTP/2" 404 206892 "-" "meta-externalagent/1.1 (+https://developers.facebook.com/docs/sharing/webmasters/crawler)"
57.141.2.68 - - [07/Nov/2025:02:22:00 +0000] "GET /product=3974777.html HTTP/2" 404 206892 "-" "meta-externalagent/1.1 (+https://developers.facebook.com/docs/sharing/webmasters/crawler)"
204.197.172.10 - - [07/Nov/2025:02:24:21 +0000] "POST /wp-cron.php?doing_wp_cron=1762482261.1219789981842041015625 HTTP/1.1" 200 0 "-" "WordPress/6.8.3; https://deenzalifestyle.com"
57.141.2.71 - - [07/Nov/2025:02:24:20 +0000] "GET /product=2154871.html HTTP/2" 404 206892 "-" "meta-externalagent/1.1 (+https://developers.facebook.com/docs/sharing/webmasters/crawler)"
204.197.172.10 - - [07/Nov/2025:02:27:23 +0000] "POST /wp-cron.php?doing_wp_cron=1762482443.2327890396118164062500 HTTP/1.1" 200 0 "-" "WordPress/6.8.3; https://deenzalifestyle.com"
66.249.77.101 - - [07/Nov/2025:02:27:22 +0000] "GET /product=4628385.html HTTP/1.1" 404 37440 "-" "Mozilla/5.0 (Linux; Android 6.0.1; Nexus 5X Build/MMB29P) AppleWebKit/537.36 (KHTML, like Gecko) Chrome/141.0.7390.122 Mobile Safari/537.36 (compatible; Googlebot/2.1; +http://www.google.com/bot.html)"