57.141.2.29 - - [06/Nov/2025:15:26:19 +0000] "GET /product=5557889.html HTTP/2" 404 206892 "-" "meta-externalagent/1.1 (+https://developers.facebook.com/docs/sharing/webmasters/crawler)"
57.141.2.80 - - [06/Nov/2025:15:26:22 +0000] "GET /product=3533126.html HTTP/2" 404 206892 "-" "meta-externalagent/1.1 (+https://developers.facebook.com/docs/sharing/webmasters/crawler)"
204.197.172.10 - - [06/Nov/2025:15:27:03 +0000] "POST /wp-cron.php?doing_wp_cron=1762442823.1858611106872558593750 HTTP/1.1" 200 0 "-" "WordPress/6.8.3; https://deenzalifestyle.com"
57.141.2.66 - - [06/Nov/2025:15:27:02 +0000] "GET /product=4583444.html HTTP/2" 404 206892 "-" "meta-externalagent/1.1 (+https://developers.facebook.com/docs/sharing/webmasters/crawler)"
57.141.2.11 - - [06/Nov/2025:15:27:18 +0000] "GET /product=3042567.html HTTP/2" 404 206892 "-" "meta-externalagent/1.1 (+https://developers.facebook.com/docs/sharing/webmasters/crawler)"
204.197.172.10 - - [06/Nov/2025:15:27:49 +0000] "POST /wp-cron.php?doing_wp_cron=1762442869.4812591075897216796875 HTTP/1.1" 200 0 "-" "WordPress/6.8.3; https://deenzalifestyle.com"
57.141.2.73 - - [06/Nov/2025:15:27:49 +0000] "GET /product=2715388.html HTTP/2" 404 206892 "-" "meta-externalagent/1.1 (+https://developers.facebook.com/docs/sharing/webmasters/crawler)"
204.197.172.10 - - [06/Nov/2025:15:28:08 +0000] "POST /wp-cron.php?doing_wp_cron=1762442888.3362660408020019531250 HTTP/1.1" 200 0 "-" "WordPress/6.8.3; https://deenzalifestyle.com"
66.249.69.104 - - [06/Nov/2025:15:28:08 +0000] "GET /50594994.shtml HTTP/1.1" 404 37390 "-" "Mozilla/5.0 (compatible; Googlebot/2.1; +http://www.google.com/bot.html)"
57.141.2.14 - - [06/Nov/2025:15:28:40 +0000] "GET /product=3538132.html HTTP/2" 404 206892 "-" "meta-externalagent/1.1 (+https://developers.facebook.com/docs/sharing/webmasters/crawler)"
204.197.172.10 - - [06/Nov/2025:15:28:57 +0000] "POST /wp-cron.php?doing_wp_cron=1762442937.0249040126800537109375 HTTP/1.1" 200 0 "-" "WordPress/6.8.3; https://deenzalifestyle.com"
204.197.172.10 - - [06/Nov/2025:15:30:41 +0000] "POST /wp-cron.php?doing_wp_cron=1762443041.3917560577392578125000 HTTP/1.1" 200 0 "-" "WordPress/6.8.3; https://deenzalifestyle.com"
57.141.2.15 - - [06/Nov/2025:15:30:41 +0000] "GET /product=2627840.html HTTP/2" 404 206892 "-" "meta-externalagent/1.1 (+https://developers.facebook.com/docs/sharing/webmasters/crawler)"
204.197.172.10 - - [06/Nov/2025:15:31:00 +0000] "POST /wp-cron.php?doing_wp_cron=1762443060.7801311016082763671875 HTTP/1.1" 200 0 "-" "WordPress/6.8.3; https://deenzalifestyle.com"
66.249.69.106 - - [06/Nov/2025:15:31:00 +0000] "GET /product=4403518.html HTTP/1.1" 404 37440 "-" "Mozilla/5.0 (Linux; Android 6.0.1; Nexus 5X Build/MMB29P) AppleWebKit/537.36 (KHTML, like Gecko) Chrome/141.0.7390.122 Mobile Safari/537.36 (compatible; Googlebot/2.1; +http://www.google.com/bot.html)"
204.197.172.10 - - [06/Nov/2025:15:31:46 +0000] "POST /wp-cron.php?doing_wp_cron=1762443106.4281439781188964843750 HTTP/1.1" 200 0 "-" "WordPress/6.8.3; https://deenzalifestyle.com"
57.141.2.18 - - [06/Nov/2025:15:31:46 +0000] "GET /product=3799395.html HTTP/2" 404 206892 "-" "meta-externalagent/1.1 (+https://developers.facebook.com/docs/sharing/webmasters/crawler)"
57.141.2.16 - - [06/Nov/2025:15:31:48 +0000] "GET /product=5277020.html HTTP/2" 404 206892 "-" "meta-externalagent/1.1 (+https://developers.facebook.com/docs/sharing/webmasters/crawler)"
57.141.2.70 - - [06/Nov/2025:15:31:50 +0000] "GET /product=2087533.html HTTP/2" 404 206892 "-" "meta-externalagent/1.1 (+https://developers.facebook.com/docs/sharing/webmasters/crawler)"
57.141.2.4 - - [06/Nov/2025:15:31:52 +0000] "GET /product=3855177.html HTTP/2" 404 206891 "-" "meta-externalagent/1.1 (+https://developers.facebook.com/docs/sharing/webmasters/crawler)"
204.197.172.10 - - [06/Nov/2025:15:31:54 +0000] "POST /wp-cron.php?doing_wp_cron=1762443114.6062529087066650390625 HTTP/1.1" 200 0 "-" "WordPress/6.8.3; https://deenzalifestyle.com"
57.141.2.66 - - [06/Nov/2025:15:31:54 +0000] "GET /product=2432756.html HTTP/2" 404 206892 "-" "meta-externalagent/1.1 (+https://developers.facebook.com/docs/sharing/webmasters/crawler)"
57.141.2.21 - - [06/Nov/2025:15:31:57 +0000] "GET /product=3891979.html HTTP/2" 404 206892 "-" "meta-externalagent/1.1 (+https://developers.facebook.com/docs/sharing/webmasters/crawler)"
57.141.2.67 - - [06/Nov/2025:15:32:09 +0000] "GET /product=4193871.html HTTP/2" 404 206892 "-" "meta-externalagent/1.1 (+https://developers.facebook.com/docs/sharing/webmasters/crawler)"
57.141.2.77 - - [06/Nov/2025:15:32:29 +0000] "GET /product=3054159.html HTTP/2" 404 206892 "-" "meta-externalagent/1.1 (+https://developers.facebook.com/docs/sharing/webmasters/crawler)"
204.197.172.10 - - [06/Nov/2025:15:32:56 +0000] "POST /wp-cron.php?doing_wp_cron=1762443176.4455549716949462890625 HTTP/1.1" 200 0 "-" "WordPress/6.8.3; https://deenzalifestyle.com"
57.141.2.75 - - [06/Nov/2025:15:32:56 +0000] "GET /product=5206497.html HTTP/2" 404 206892 "-" "meta-externalagent/1.1 (+https://developers.facebook.com/docs/sharing/webmasters/crawler)"
57.141.2.2 - - [06/Nov/2025:15:33:13 +0000] "GET /product=5180365.html HTTP/2" 404 206891 "-" "meta-externalagent/1.1 (+https://developers.facebook.com/docs/sharing/webmasters/crawler)"
57.141.2.18 - - [06/Nov/2025:15:33:23 +0000] "GET /product=2747115.html HTTP/2" 404 206892 "-" "meta-externalagent/1.1 (+https://developers.facebook.com/docs/sharing/webmasters/crawler)"
57.141.2.18 - - [06/Nov/2025:15:33:30 +0000] "GET /product=4658428.html HTTP/2" 404 206892 "-" "meta-externalagent/1.1 (+https://developers.facebook.com/docs/sharing/webmasters/crawler)"
204.197.172.10 - - [06/Nov/2025:15:33:45 +0000] "POST /wp-cron.php?doing_wp_cron=1762443225.4370439052581787109375 HTTP/1.1" 200 0 "-" "WordPress/6.8.3; https://deenzalifestyle.com"
57.141.2.81 - - [06/Nov/2025:15:33:45 +0000] "GET /product=4112720.html HTTP/2" 404 206892 "-" "meta-externalagent/1.1 (+https://developers.facebook.com/docs/sharing/webmasters/crawler)"
57.141.2.6 - - [06/Nov/2025:15:28:56 +0000] "GET /product=4405976.html HTTP/2" 404 206891 "-" "meta-externalagent/1.1 (+https://developers.facebook.com/docs/sharing/webmasters/crawler)"
57.141.2.6 - - [06/Nov/2025:15:28:58 +0000] "GET /product=2306411.html HTTP/2" 404 206891 "-" "meta-externalagent/1.1 (+https://developers.facebook.com/docs/sharing/webmasters/crawler)"
57.141.2.8 - - [06/Nov/2025:15:29:00 +0000] "GET /product=3028957.html HTTP/2" 404 206891 "-" "meta-externalagent/1.1 (+https://developers.facebook.com/docs/sharing/webmasters/crawler)"
57.141.2.76 - - [06/Nov/2025:15:29:03 +0000] "GET /product=5458519.html HTTP/2" 404 206892 "-" "meta-externalagent/1.1 (+https://developers.facebook.com/docs/sharing/webmasters/crawler)"
57.141.2.70 - - [06/Nov/2025:15:29:06 +0000] "GET /product=3330544.html HTTP/2" 404 206892 "-" "meta-externalagent/1.1 (+https://developers.facebook.com/docs/sharing/webmasters/crawler)"
204.197.172.10 - - [06/Nov/2025:15:30:03 +0000] "POST /wp-cron.php?doing_wp_cron=1762443003.0946280956268310546875 HTTP/1.1" 200 0 "-" "WordPress/6.8.3; https://deenzalifestyle.com"
57.141.2.10 - - [06/Nov/2025:15:30:02 +0000] "GET /product=5447301.html HTTP/2" 404 206892 "-" "meta-externalagent/1.1 (+https://developers.facebook.com/docs/sharing/webmasters/crawler)"
204.197.172.10 - - [06/Nov/2025:15:39:29 +0000] "POST /wp-cron.php?doing_wp_cron=1762443569.8561389446258544921875 HTTP/1.1" 200 0 "-" "WordPress/6.8.3; https://deenzalifestyle.com"
66.249.69.105 - - [06/Nov/2025:15:39:29 +0000] "GET /328282242.shtml HTTP/1.1" 404 37389 "-" "Mozilla/5.0 (compatible; Googlebot/2.1; +http://www.google.com/bot.html)"
204.197.172.10 - - [06/Nov/2025:15:40:16 +0000] "POST /wp-cron.php?doing_wp_cron=1762443616.0127899646759033203125 HTTP/1.1" 200 0 "-" "WordPress/6.8.3; https://deenzalifestyle.com"
66.249.69.104 - - [06/Nov/2025:15:40:15 +0000] "GET /91255203.shtml HTTP/1.1" 404 37439 "-" "Mozilla/5.0 (Linux; Android 6.0.1; Nexus 5X Build/MMB29P) AppleWebKit/537.36 (KHTML, like Gecko) Chrome/141.0.7390.122 Mobile Safari/537.36 (compatible; Googlebot/2.1; +http://www.google.com/bot.html)"
57.141.2.72 - - [06/Nov/2025:15:40:25 +0000] "GET /product=4667676.html HTTP/2" 404 206892 "-" "meta-externalagent/1.1 (+https://developers.facebook.com/docs/sharing/webmasters/crawler)"
57.141.2.7 - - [06/Nov/2025:15:40:40 +0000] "GET /product=5223328.html HTTP/2" 404 206891 "-" "meta-externalagent/1.1 (+https://developers.facebook.com/docs/sharing/webmasters/crawler)"
204.197.172.10 - - [06/Nov/2025:15:41:02 +0000] "POST /wp-cron.php?doing_wp_cron=1762443662.9072990417480468750000 HTTP/1.1" 200 0 "-" "WordPress/6.8.3; https://deenzalifestyle.com"
57.141.2.24 - - [06/Nov/2025:15:41:02 +0000] "GET /product=2705276.html HTTP/2" 404 206892 "-" "meta-externalagent/1.1 (+https://developers.facebook.com/docs/sharing/webmasters/crawler)"
57.141.2.38 - - [06/Nov/2025:15:41:33 +0000] "GET /product=3702864.html HTTP/2" 404 206892 "-" "meta-externalagent/1.1 (+https://developers.facebook.com/docs/sharing/webmasters/crawler)"
204.197.172.10 - - [06/Nov/2025:15:42:02 +0000] "POST /wp-cron.php?doing_wp_cron=1762443722.7521839141845703125000 HTTP/1.1" 200 0 "-" "WordPress/6.8.3; https://deenzalifestyle.com"
57.141.2.4 - - [06/Nov/2025:15:42:02 +0000] "GET /product=3670877.html HTTP/2" 404 206891 "-" "meta-externalagent/1.1 (+https://developers.facebook.com/docs/sharing/webmasters/crawler)"
57.141.2.38 - - [06/Nov/2025:15:42:27 +0000] "GET /product=2810434.html HTTP/2" 404 206892 "-" "meta-externalagent/1.1 (+https://developers.facebook.com/docs/sharing/webmasters/crawler)"
57.141.2.49 - - [06/Nov/2025:15:42:29 +0000] "GET /product=5351357.html HTTP/2" 404 206892 "-" "meta-externalagent/1.1 (+https://developers.facebook.com/docs/sharing/webmasters/crawler)"
57.141.2.75 - - [06/Nov/2025:15:42:36 +0000] "GET /product=4454853.html HTTP/2" 404 206892 "-" "meta-externalagent/1.1 (+https://developers.facebook.com/docs/sharing/webmasters/crawler)"
204.197.172.10 - - [06/Nov/2025:15:42:47 +0000] "POST /wp-cron.php?doing_wp_cron=1762443767.5332930088043212890625 HTTP/1.1" 200 0 "-" "WordPress/6.8.3; https://deenzalifestyle.com"
57.141.2.22 - - [06/Nov/2025:15:42:47 +0000] "GET /product=3617037.html HTTP/2" 404 206892 "-" "meta-externalagent/1.1 (+https://developers.facebook.com/docs/sharing/webmasters/crawler)"
204.197.172.10 - - [06/Nov/2025:15:43:17 +0000] "POST /wp-cron.php?doing_wp_cron=1762443797.4507310390472412109375 HTTP/1.1" 200 0 "-" "WordPress/6.8.3; https://deenzalifestyle.com"
57.141.2.72 - - [06/Nov/2025:15:43:17 +0000] "GET /product=1919211.html HTTP/2" 404 206892 "-" "meta-externalagent/1.1 (+https://developers.facebook.com/docs/sharing/webmasters/crawler)"
57.141.2.80 - - [06/Nov/2025:15:43:18 +0000] "GET /product=4995915.html HTTP/2" 404 206892 "-" "meta-externalagent/1.1 (+https://developers.facebook.com/docs/sharing/webmasters/crawler)"
57.141.2.66 - - [06/Nov/2025:15:43:20 +0000] "GET /product=2815112.html HTTP/2" 404 206892 "-" "meta-externalagent/1.1 (+https://developers.facebook.com/docs/sharing/webmasters/crawler)"
204.197.172.10 - - [06/Nov/2025:15:43:53 +0000] "POST /wp-cron.php?doing_wp_cron=1762443833.2943398952484130859375 HTTP/1.1" 200 0 "-" "WordPress/6.8.3; https://deenzalifestyle.com"
57.141.2.21 - - [06/Nov/2025:15:33:49 +0000] "GET /product=3212306.html HTTP/2" 404 206892 "-" "meta-externalagent/1.1 (+https://developers.facebook.com/docs/sharing/webmasters/crawler)"
204.197.172.10 - - [06/Nov/2025:15:34:29 +0000] "POST /wp-cron.php?doing_wp_cron=1762443269.6556758880615234375000 HTTP/1.1" 200 0 "-" "WordPress/6.8.3; https://deenzalifestyle.com"
66.249.69.106 - - [06/Nov/2025:15:34:29 +0000] "GET /product=4428811.html HTTP/1.1" 404 37440 "-" "Mozilla/5.0 (Linux; Android 6.0.1; Nexus 5X Build/MMB29P) AppleWebKit/537.36 (KHTML, like Gecko) Chrome/141.0.7390.122 Mobile Safari/537.36 (compatible; Googlebot/2.1; +http://www.google.com/bot.html)"
204.197.172.10 - - [06/Nov/2025:15:35:05 +0000] "POST /wp-cron.php?doing_wp_cron=1762443305.4908020496368408203125 HTTP/1.1" 200 0 "-" "WordPress/6.8.3; https://deenzalifestyle.com"
66.249.69.105 - - [06/Nov/2025:15:35:05 +0000] "GET /35556342.shtml HTTP/1.1" 404 37441 "-" "Mozilla/5.0 (Linux; Android 6.0.1; Nexus 5X Build/MMB29P) AppleWebKit/537.36 (KHTML, like Gecko) Chrome/141.0.7390.122 Mobile Safari/537.36 (compatible; Googlebot/2.1; +http://www.google.com/bot.html)"
57.141.2.83 - - [06/Nov/2025:15:35:13 +0000] "GET /product=2116071.html HTTP/2" 404 206892 "-" "meta-externalagent/1.1 (+https://developers.facebook.com/docs/sharing/webmasters/crawler)"
57.141.2.75 - - [06/Nov/2025:15:35:20 +0000] "GET /product=4059299.html HTTP/2" 404 206892 "-" "meta-externalagent/1.1 (+https://developers.facebook.com/docs/sharing/webmasters/crawler)"
57.141.2.11 - - [06/Nov/2025:15:35:23 +0000] "GET /product=4151960.html HTTP/2" 404 206892 "-" "meta-externalagent/1.1 (+https://developers.facebook.com/docs/sharing/webmasters/crawler)"
204.197.172.10 - - [06/Nov/2025:15:36:07 +0000] "POST /wp-cron.php?doing_wp_cron=1762443367.9340829849243164062500 HTTP/1.1" 200 0 "-" "WordPress/6.8.3; https://deenzalifestyle.com"
57.141.2.73 - - [06/Nov/2025:15:36:07 +0000] "GET /product=1912844.html HTTP/2" 404 206892 "-" "meta-externalagent/1.1 (+https://developers.facebook.com/docs/sharing/webmasters/crawler)"
204.197.172.10 - - [06/Nov/2025:15:36:32 +0000] "POST /wp-cron.php?doing_wp_cron=1762443392.6887919902801513671875 HTTP/1.1" 200 0 "-" "WordPress/6.8.3; https://deenzalifestyle.com"
204.197.172.10 - - [06/Nov/2025:15:36:32 +0000] "POST /wp-cron.php?doing_wp_cron=1762443392.7194440364837646484375 HTTP/1.1" 200 0 "-" "WordPress/6.8.3; https://deenzalifestyle.com"
57.141.2.75 - - [06/Nov/2025:15:36:32 +0000] "GET /product=2912814.html HTTP/2" 404 206892 "-" "meta-externalagent/1.1 (+https://developers.facebook.com/docs/sharing/webmasters/crawler)"
204.197.172.10 - - [06/Nov/2025:15:38:40 +0000] "POST /wp-cron.php?doing_wp_cron=1762443520.7452149391174316406250 HTTP/1.1" 200 0 "-" "WordPress/6.8.3; https://deenzalifestyle.com"
57.141.2.28 - - [06/Nov/2025:15:38:39 +0000] "GET /product=2847315.html HTTP/2" 404 206892 "-" "meta-externalagent/1.1 (+https://developers.facebook.com/docs/sharing/webmasters/crawler)"
204.197.172.10 - - [06/Nov/2025:15:38:43 +0000] "POST /wp-cron.php?doing_wp_cron=1762443523.3466958999633789062500 HTTP/1.1" 200 0 "-" "WordPress/6.8.3; https://deenzalifestyle.com"
66.249.69.104 - - [06/Nov/2025:15:38:43 +0000] "GET /440208843.shtml HTTP/1.1" 404 37440 "-" "Mozilla/5.0 (Linux; Android 6.0.1; Nexus 5X Build/MMB29P) AppleWebKit/537.36 (KHTML, like Gecko) Chrome/141.0.7390.122 Mobile Safari/537.36 (compatible; Googlebot/2.1; +http://www.google.com/bot.html)"
57.141.2.73 - - [06/Nov/2025:15:43:53 +0000] "GET /product=2931410.html HTTP/2" 404 206892 "-" "meta-externalagent/1.1 (+https://developers.facebook.com/docs/sharing/webmasters/crawler)"
204.197.172.10 - - [06/Nov/2025:15:43:56 +0000] "POST /wp-cron.php?doing_wp_cron=1762443836.0075609683990478515625 HTTP/1.1" 200 0 "-" "WordPress/6.8.3; https://deenzalifestyle.com"
57.141.2.65 - - [06/Nov/2025:15:43:55 +0000] "GET /product=4346013.html HTTP/2" 404 206892 "-" "meta-externalagent/1.1 (+https://developers.facebook.com/docs/sharing/webmasters/crawler)"
57.141.2.19 - - [06/Nov/2025:15:44:01 +0000] "GET /product=4486257.html HTTP/2" 404 206892 "-" "meta-externalagent/1.1 (+https://developers.facebook.com/docs/sharing/webmasters/crawler)"
204.197.172.10 - - [06/Nov/2025:15:45:20 +0000] "POST /wp-cron.php?doing_wp_cron=1762443920.7525520324707031250000 HTTP/1.1" 200 0 "-" "WordPress/6.8.3; https://deenzalifestyle.com"
66.249.69.105 - - [06/Nov/2025:15:45:19 +0000] "GET /444350415.shtml HTTP/1.1" 404 37389 "-" "Mozilla/5.0 (compatible; Googlebot/2.1; +http://www.google.com/bot.html)"
66.249.69.105 - - [06/Nov/2025:15:45:25 +0000] "GET /product=4541901.html HTTP/1.1" 404 37389 "-" "Mozilla/5.0 (compatible; Googlebot/2.1; +http://www.google.com/bot.html)"
204.197.172.10 - - [06/Nov/2025:15:45:45 +0000] "POST /wp-cron.php?doing_wp_cron=1762443945.5724909305572509765625 HTTP/1.1" 200 0 "-" "WordPress/6.8.3; https://deenzalifestyle.com"
57.141.2.60 - - [06/Nov/2025:15:45:45 +0000] "GET /product=2062602.html HTTP/2" 404 206892 "-" "meta-externalagent/1.1 (+https://developers.facebook.com/docs/sharing/webmasters/crawler)"
57.141.2.35 - - [06/Nov/2025:15:45:46 +0000] "GET /product=2986174.html HTTP/2" 404 206892 "-" "meta-externalagent/1.1 (+https://developers.facebook.com/docs/sharing/webmasters/crawler)"
204.197.172.10 - - [06/Nov/2025:15:45:58 +0000] "POST /wp-cron.php?doing_wp_cron=1762443958.7070789337158203125000 HTTP/1.1" 200 0 "-" "WordPress/6.8.3; https://deenzalifestyle.com"
66.249.69.104 - - [06/Nov/2025:15:45:58 +0000] "GET /90687345.shtml HTTP/1.1" 404 37441 "-" "Mozilla/5.0 (Linux; Android 6.0.1; Nexus 5X Build/MMB29P) AppleWebKit/537.36 (KHTML, like Gecko) Chrome/141.0.7390.122 Mobile Safari/537.36 (compatible; Googlebot/2.1; +http://www.google.com/bot.html)"
66.249.69.104 - - [06/Nov/2025:15:45:59 +0000] "GET /90687345.shtml HTTP/1.1" 404 37389 "-" "Mozilla/5.0 (compatible; Googlebot/2.1; +http://www.google.com/bot.html)"
57.141.2.76 - - [06/Nov/2025:15:46:28 +0000] "GET /product=3892080.html HTTP/2" 404 206892 "-" "meta-externalagent/1.1 (+https://developers.facebook.com/docs/sharing/webmasters/crawler)"
204.197.172.10 - - [06/Nov/2025:15:46:41 +0000] "POST /wp-cron.php?doing_wp_cron=1762444001.2678599357604980468750 HTTP/1.1" 200 0 "-" "WordPress/6.8.3; https://deenzalifestyle.com"
57.141.2.66 - - [06/Nov/2025:15:46:41 +0000] "GET /product=3726242.html HTTP/2" 404 206892 "-" "meta-externalagent/1.1 (+https://developers.facebook.com/docs/sharing/webmasters/crawler)"
204.197.172.10 - - [06/Nov/2025:15:47:25 +0000] "POST /wp-cron.php?doing_wp_cron=1762444045.0378069877624511718750 HTTP/1.1" 200 0 "-" "WordPress/6.8.3; https://deenzalifestyle.com"
66.249.69.105 - - [06/Nov/2025:15:47:24 +0000] "GET /528697563.shtml HTTP/1.1" 404 37389 "-" "Mozilla/5.0 (compatible; Googlebot/2.1; +http://www.google.com/bot.html)"
66.249.69.104 - - [06/Nov/2025:15:47:25 +0000] "GET /152782596.shtml HTTP/1.1" 404 37389 "-" "Mozilla/5.0 (compatible; Googlebot/2.1; +http://www.google.com/bot.html)"
204.197.172.10 - - [06/Nov/2025:15:48:58 +0000] "POST /wp-cron.php?doing_wp_cron=1762444138.7579669952392578125000 HTTP/1.1" 200 0 "-" "WordPress/6.8.3; https://deenzalifestyle.com"
57.141.2.57 - - [06/Nov/2025:15:48:57 +0000] "GET /product=3293245.html HTTP/2" 404 206892 "-" "meta-externalagent/1.1 (+https://developers.facebook.com/docs/sharing/webmasters/crawler)"
57.141.2.57 - - [06/Nov/2025:15:49:05 +0000] "GET /product=3630758.html HTTP/2" 404 206892 "-" "meta-externalagent/1.1 (+https://developers.facebook.com/docs/sharing/webmasters/crawler)"
57.141.2.75 - - [06/Nov/2025:15:49:38 +0000] "GET /product=2390613.html HTTP/2" 404 206892 "-" "meta-externalagent/1.1 (+https://developers.facebook.com/docs/sharing/webmasters/crawler)"
57.141.2.29 - - [06/Nov/2025:15:49:40 +0000] "GET /product=5090535.html HTTP/2" 404 206892 "-" "meta-externalagent/1.1 (+https://developers.facebook.com/docs/sharing/webmasters/crawler)"
204.197.172.10 - - [06/Nov/2025:15:49:50 +0000] "POST /wp-cron.php?doing_wp_cron=1762444190.5202090740203857421875 HTTP/1.1" 200 0 "-" "WordPress/6.8.3; https://deenzalifestyle.com"
57.141.2.12 - - [06/Nov/2025:15:49:50 +0000] "GET /product=1998425.html HTTP/2" 404 206892 "-" "meta-externalagent/1.1 (+https://developers.facebook.com/docs/sharing/webmasters/crawler)"
204.197.172.10 - - [06/Nov/2025:15:52:13 +0000] "POST /wp-cron.php?doing_wp_cron=1762444333.5468189716339111328125 HTTP/1.1" 200 0 "-" "WordPress/6.8.3; https://deenzalifestyle.com"
57.141.2.15 - - [06/Nov/2025:15:52:12 +0000] "GET /product=4783164.html HTTP/2" 404 206892 "-" "meta-externalagent/1.1 (+https://developers.facebook.com/docs/sharing/webmasters/crawler)"
57.141.2.22 - - [06/Nov/2025:15:52:17 +0000] "GET /product=4615344.html HTTP/2" 404 206892 "-" "meta-externalagent/1.1 (+https://developers.facebook.com/docs/sharing/webmasters/crawler)"
66.249.69.106 - - [06/Nov/2025:15:52:19 +0000] "GET /14941563.shtml HTTP/1.1" 404 37389 "-" "Mozilla/5.0 (compatible; Googlebot/2.1; +http://www.google.com/bot.html)"
57.141.2.38 - - [06/Nov/2025:15:52:21 +0000] "GET /product=3308291.html HTTP/2" 404 206892 "-" "meta-externalagent/1.1 (+https://developers.facebook.com/docs/sharing/webmasters/crawler)"
57.141.2.16 - - [06/Nov/2025:15:52:29 +0000] "GET /product=2265448.html HTTP/2" 404 206892 "-" "meta-externalagent/1.1 (+https://developers.facebook.com/docs/sharing/webmasters/crawler)"
57.141.2.26 - - [06/Nov/2025:15:52:33 +0000] "GET /product=3026675.html HTTP/2" 404 206892 "-" "meta-externalagent/1.1 (+https://developers.facebook.com/docs/sharing/webmasters/crawler)"
204.197.172.10 - - [06/Nov/2025:15:52:41 +0000] "POST /wp-cron.php?doing_wp_cron=1762444361.3186979293823242187500 HTTP/1.1" 200 0 "-" "WordPress/6.8.3; https://deenzalifestyle.com"
57.141.2.38 - - [06/Nov/2025:15:52:41 +0000] "GET /product=3439597.html HTTP/2" 404 206892 "-" "meta-externalagent/1.1 (+https://developers.facebook.com/docs/sharing/webmasters/crawler)"
204.197.172.10 - - [06/Nov/2025:15:53:26 +0000] "POST /wp-cron.php?doing_wp_cron=1762444406.0578029155731201171875 HTTP/1.1" 200 0 "-" "WordPress/6.8.3; https://deenzalifestyle.com"
57.141.2.75 - - [06/Nov/2025:15:53:25 +0000] "GET /product=4997615.html HTTP/2" 404 206892 "-" "meta-externalagent/1.1 (+https://developers.facebook.com/docs/sharing/webmasters/crawler)"
57.141.2.60 - - [06/Nov/2025:15:53:35 +0000] "GET /product=2286371.html HTTP/2" 404 206892 "-" "meta-externalagent/1.1 (+https://developers.facebook.com/docs/sharing/webmasters/crawler)"
204.197.172.10 - - [06/Nov/2025:15:54:01 +0000] "POST /wp-cron.php?doing_wp_cron=1762444441.3806350231170654296875 HTTP/1.1" 200 0 "-" "WordPress/6.8.3; https://deenzalifestyle.com"
57.141.2.57 - - [06/Nov/2025:15:54:01 +0000] "GET /product=4609540.html HTTP/2" 404 206892 "-" "meta-externalagent/1.1 (+https://developers.facebook.com/docs/sharing/webmasters/crawler)"
57.141.2.66 - - [06/Nov/2025:15:54:16 +0000] "GET /product=2895109.html HTTP/2" 404 206892 "-" "meta-externalagent/1.1 (+https://developers.facebook.com/docs/sharing/webmasters/crawler)"
204.197.172.10 - - [06/Nov/2025:15:55:10 +0000] "POST /wp-cron.php?doing_wp_cron=1762444510.4517419338226318359375 HTTP/1.1" 200 0 "-" "WordPress/6.8.3; https://deenzalifestyle.com"
57.141.2.35 - - [06/Nov/2025:15:55:10 +0000] "GET /product=5732037.html HTTP/2" 404 206892 "-" "meta-externalagent/1.1 (+https://developers.facebook.com/docs/sharing/webmasters/crawler)"
57.141.2.75 - - [06/Nov/2025:15:55:16 +0000] "GET /product=2452979.html HTTP/2" 404 206892 "-" "meta-externalagent/1.1 (+https://developers.facebook.com/docs/sharing/webmasters/crawler)"
204.197.172.10 - - [06/Nov/2025:15:55:46 +0000] "POST /wp-cron.php?doing_wp_cron=1762444546.3736860752105712890625 HTTP/1.1" 200 0 "-" "WordPress/6.8.3; https://deenzalifestyle.com"
57.141.2.60 - - [06/Nov/2025:15:55:46 +0000] "GET /product=3574266.html HTTP/2" 404 206892 "-" "meta-externalagent/1.1 (+https://developers.facebook.com/docs/sharing/webmasters/crawler)"
204.197.172.10 - - [06/Nov/2025:15:56:00 +0000] "POST /wp-cron.php?doing_wp_cron=1762444560.1211779117584228515625 HTTP/1.1" 200 0 "-" "WordPress/6.8.3; https://deenzalifestyle.com"
57.141.2.14 - - [06/Nov/2025:15:55:59 +0000] "GET /product=4808561.html HTTP/2" 404 206892 "-" "meta-externalagent/1.1 (+https://developers.facebook.com/docs/sharing/webmasters/crawler)"
204.197.172.10 - - [06/Nov/2025:15:56:41 +0000] "POST /wp-cron.php?doing_wp_cron=1762444601.7033269405364990234375 HTTP/1.1" 200 0 "-" "WordPress/6.8.3; https://deenzalifestyle.com"
57.141.2.33 - - [06/Nov/2025:15:56:41 +0000] "GET /product=5268184.html HTTP/2" 404 206892 "-" "meta-externalagent/1.1 (+https://developers.facebook.com/docs/sharing/webmasters/crawler)"
204.197.172.10 - - [06/Nov/2025:15:57:17 +0000] "POST /wp-cron.php?doing_wp_cron=1762444637.2677900791168212890625 HTTP/1.1" 200 0 "-" "WordPress/6.8.3; https://deenzalifestyle.com"
66.249.69.105 - - [06/Nov/2025:15:57:17 +0000] "GET /414821799.shtml HTTP/1.1" 404 37389 "-" "Mozilla/5.0 (compatible; Googlebot/2.1; +http://www.google.com/bot.html)"
57.141.2.3 - - [06/Nov/2025:15:57:23 +0000] "GET /product=5618077.html HTTP/2" 404 206891 "-" "meta-externalagent/1.1 (+https://developers.facebook.com/docs/sharing/webmasters/crawler)"
57.141.2.29 - - [06/Nov/2025:15:57:26 +0000] "GET /product=4858715.html HTTP/2" 404 206892 "-" "meta-externalagent/1.1 (+https://developers.facebook.com/docs/sharing/webmasters/crawler)"
204.197.172.10 - - [06/Nov/2025:15:57:44 +0000] "POST /wp-cron.php?doing_wp_cron=1762444664.2807190418243408203125 HTTP/1.1" 200 0 "-" "WordPress/6.8.3; https://deenzalifestyle.com"
57.141.2.33 - - [06/Nov/2025:15:57:44 +0000] "GET /product=1890177.html HTTP/2" 404 206892 "-" "meta-externalagent/1.1 (+https://developers.facebook.com/docs/sharing/webmasters/crawler)"
57.141.2.30 - - [06/Nov/2025:15:57:48 +0000] "GET /product=5660212.html HTTP/2" 404 206892 "-" "meta-externalagent/1.1 (+https://developers.facebook.com/docs/sharing/webmasters/crawler)"
204.197.172.10 - - [06/Nov/2025:15:58:21 +0000] "POST /wp-cron.php?doing_wp_cron=1762444701.8784658908843994140625 HTTP/1.1" 200 0 "-" "WordPress/6.8.3; https://deenzalifestyle.com"
57.141.2.72 - - [06/Nov/2025:15:58:21 +0000] "GET /product=3954570.html HTTP/2" 404 206892 "-" "meta-externalagent/1.1 (+https://developers.facebook.com/docs/sharing/webmasters/crawler)"
57.141.2.15 - - [06/Nov/2025:15:58:26 +0000] "GET /product=3639327.html HTTP/2" 404 206892 "-" "meta-externalagent/1.1 (+https://developers.facebook.com/docs/sharing/webmasters/crawler)"
57.141.2.75 - - [06/Nov/2025:15:58:35 +0000] "GET /product=3128059.html HTTP/2" 404 206892 "-" "meta-externalagent/1.1 (+https://developers.facebook.com/docs/sharing/webmasters/crawler)"
204.197.172.10 - - [06/Nov/2025:15:59:58 +0000] "POST /wp-cron.php?doing_wp_cron=1762444798.2989580631256103515625 HTTP/1.1" 200 0 "-" "WordPress/6.8.3; https://deenzalifestyle.com"
57.141.2.29 - - [06/Nov/2025:15:59:57 +0000] "GET /product=5405263.html HTTP/2" 404 206892 "-" "meta-externalagent/1.1 (+https://developers.facebook.com/docs/sharing/webmasters/crawler)"
57.141.2.29 - - [06/Nov/2025:16:00:24 +0000] "GET /product=4202653.html HTTP/2" 404 206892 "-" "meta-externalagent/1.1 (+https://developers.facebook.com/docs/sharing/webmasters/crawler)"
57.141.2.14 - - [06/Nov/2025:16:00:28 +0000] "GET /product=5609184.html HTTP/2" 404 206892 "-" "meta-externalagent/1.1 (+https://developers.facebook.com/docs/sharing/webmasters/crawler)"
204.197.172.10 - - [06/Nov/2025:16:00:53 +0000] "POST /wp-cron.php?doing_wp_cron=1762444853.6291599273681640625000 HTTP/1.1" 200 0 "-" "WordPress/6.8.3; https://deenzalifestyle.com"
57.141.2.12 - - [06/Nov/2025:16:00:53 +0000] "GET /product=4521982.html HTTP/2" 404 206892 "-" "meta-externalagent/1.1 (+https://developers.facebook.com/docs/sharing/webmasters/crawler)"
204.197.172.10 - - [06/Nov/2025:16:00:55 +0000] "POST /wp-cron.php?doing_wp_cron=1762444855.4374980926513671875000 HTTP/1.1" 200 0 "-" "WordPress/6.8.3; https://deenzalifestyle.com"
57.141.2.65 - - [06/Nov/2025:16:00:55 +0000] "GET /product=1949670.html HTTP/2" 404 206892 "-" "meta-externalagent/1.1 (+https://developers.facebook.com/docs/sharing/webmasters/crawler)"
57.141.2.11 - - [06/Nov/2025:16:01:24 +0000] "GET /product=3036138.html HTTP/2" 404 206892 "-" "meta-externalagent/1.1 (+https://developers.facebook.com/docs/sharing/webmasters/crawler)"
57.141.2.75 - - [06/Nov/2025:16:01:31 +0000] "GET /product=4468918.html HTTP/2" 404 206892 "-" "meta-externalagent/1.1 (+https://developers.facebook.com/docs/sharing/webmasters/crawler)"
204.197.172.10 - - [06/Nov/2025:16:02:07 +0000] "POST /wp-cron.php?doing_wp_cron=1762444927.6975600719451904296875 HTTP/1.1" 200 0 "-" "WordPress/6.8.3; https://deenzalifestyle.com"
66.249.69.105 - - [06/Nov/2025:16:02:07 +0000] "GET /248577429.shtml HTTP/1.1" 404 37439 "-" "Mozilla/5.0 (Linux; Android 6.0.1; Nexus 5X Build/MMB29P) AppleWebKit/537.36 (KHTML, like Gecko) Chrome/141.0.7390.122 Mobile Safari/537.36 (compatible; Googlebot/2.1; +http://www.google.com/bot.html)"
57.141.2.10 - - [06/Nov/2025:16:02:18 +0000] "GET /product=4071048.html HTTP/2" 404 206892 "-" "meta-externalagent/1.1 (+https://developers.facebook.com/docs/sharing/webmasters/crawler)"
57.141.2.75 - - [06/Nov/2025:16:02:29 +0000] "GET /product=4984707.html HTTP/2" 404 206892 "-" "meta-externalagent/1.1 (+https://developers.facebook.com/docs/sharing/webmasters/crawler)"
57.141.2.29 - - [06/Nov/2025:16:02:31 +0000] "GET /product=3287814.html HTTP/2" 404 206892 "-" "meta-externalagent/1.1 (+https://developers.facebook.com/docs/sharing/webmasters/crawler)"
57.141.2.75 - - [06/Nov/2025:16:02:34 +0000] "GET /product=3457087.html HTTP/2" 404 206892 "-" "meta-externalagent/1.1 (+https://developers.facebook.com/docs/sharing/webmasters/crawler)"
204.197.172.10 - - [06/Nov/2025:16:02:49 +0000] "POST /wp-cron.php?doing_wp_cron=1762444969.0275409221649169921875 HTTP/1.1" 200 0 "-" "WordPress/6.8.3; https://deenzalifestyle.com"
57.141.2.28 - - [06/Nov/2025:16:02:48 +0000] "GET /product=5513410.html HTTP/2" 404 206892 "-" "meta-externalagent/1.1 (+https://developers.facebook.com/docs/sharing/webmasters/crawler)"
204.197.172.10 - - [06/Nov/2025:16:04:03 +0000] "POST /wp-cron.php?doing_wp_cron=1762445043.3896000385284423828125 HTTP/1.1" 200 0 "-" "WordPress/6.8.3; https://deenzalifestyle.com"
57.141.2.15 - - [06/Nov/2025:16:04:02 +0000] "GET /product=3980773.html HTTP/2" 404 206892 "-" "meta-externalagent/1.1 (+https://developers.facebook.com/docs/sharing/webmasters/crawler)"
69.171.234.35 - - [06/Nov/2025:16:04:17 +0000] "GET /wp-content/uploads/woo-feed/facebook/csv/deenzalifestyle.csv HTTP/1.1" 200 151806 "-" "facebookexternalhit/1.1 (+http://www.facebook.com/externalhit_uatext.php)"
204.197.172.10 - - [06/Nov/2025:16:05:24 +0000] "POST /wp-cron.php?doing_wp_cron=1762445124.3588058948516845703125 HTTP/1.1" 200 0 "-" "WordPress/6.8.3; https://deenzalifestyle.com"
57.141.2.75 - - [06/Nov/2025:16:05:23 +0000] "GET /product=2871597.html HTTP/2" 404 206892 "-" "meta-externalagent/1.1 (+https://developers.facebook.com/docs/sharing/webmasters/crawler)"
204.197.172.10 - - [06/Nov/2025:16:05:36 +0000] "POST /wp-cron.php?doing_wp_cron=1762445136.9105730056762695312500 HTTP/1.1" 200 0 "-" "WordPress/6.8.3; https://deenzalifestyle.com"
5.161.52.234 - - [06/Nov/2025:16:05:36 +0000] "POST /wp-load.php?eb36fb=79550 HTTP/1.1" 200 0 "-" "Mozilla/5.0 (Windows NT 10.0; Win64; x64) AppleWebKit/537.36 (KHTML, like Gecko) Chrome/104.0.5112.97 Safari/537.36"
204.197.172.10 - - [06/Nov/2025:16:06:22 +0000] "POST /wp-cron.php?doing_wp_cron=1762445182.5126259326934814453125 HTTP/1.1" 200 0 "-" "WordPress/6.8.3; https://deenzalifestyle.com"
57.141.2.17 - - [06/Nov/2025:16:06:22 +0000] "GET /product=2664121.html HTTP/2" 404 206892 "-" "meta-externalagent/1.1 (+https://developers.facebook.com/docs/sharing/webmasters/crawler)"
57.141.2.11 - - [06/Nov/2025:16:06:30 +0000] "GET /product=5132488.html HTTP/2" 404 206892 "-" "meta-externalagent/1.1 (+https://developers.facebook.com/docs/sharing/webmasters/crawler)"
58.145.187.207 - - [06/Nov/2025:16:06:45 +0000] "GET /?fbclid=IwZXh0bgNhZW0CMTEAc3J0YwZhcHBfaWQMMzUwNjg1NTMxNzI4AAEeLPbo6JE7MTqNhQ32w_aMcR3Bepj5c3phCyqYg9nxt04xbQpEdu6wIHKNj8k_aem_lWTojR-Tixjj82nd36kz-A HTTP/2" 200 46715 "http://deenzalifestyle.com/" "Mozilla/5.0 (Linux; Android 15; SM-A546E Build/AP3A.240905.015.A2; wv) AppleWebKit/537.36 (KHTML, like Gecko) Version/4.0 Chrome/142.0.7444.74 Mobile Safari/537.36 [FB_IAB/FB4A;FBAV/537.0.0.47.77;IABMV/1;]"
58.145.187.207 - - [06/Nov/2025:16:06:46 +0000] "GET /wp-content/themes/astra/assets/css/minified/main.min.css?ver=4.11.13 HTTP/2" 200 8486 "https://deenzalifestyle.com/?fbclid=IwZXh0bgNhZW0CMTEAc3J0YwZhcHBfaWQMMzUwNjg1NTMxNzI4AAEeLPbo6JE7MTqNhQ32w_aMcR3Bepj5c3phCyqYg9nxt04xbQpEdu6wIHKNj8k_aem_lWTojR-Tixjj82nd36kz-A" "Mozilla/5.0 (Linux; Android 15; SM-A546E Build/AP3A.240905.015.A2; wv) AppleWebKit/537.36 (KHTML, like Gecko) Version/4.0 Chrome/142.0.7444.74 Mobile Safari/537.36 [FB_IAB/FB4A;FBAV/537.0.0.47.77;IABMV/1;]"
58.145.187.207 - - [06/Nov/2025:16:06:46 +0000] "GET /wp-content/plugins/header-footer-elementor/inc/widgets-css/frontend.css?ver=2.6.1 HTTP/2" 200 8270 "https://deenzalifestyle.com/?fbclid=IwZXh0bgNhZW0CMTEAc3J0YwZhcHBfaWQMMzUwNjg1NTMxNzI4AAEeLPbo6JE7MTqNhQ32w_aMcR3Bepj5c3phCyqYg9nxt04xbQpEdu6wIHKNj8k_aem_lWTojR-Tixjj82nd36kz-A" "Mozilla/5.0 (Linux; Android 15; SM-A546E Build/AP3A.240905.015.A2; wv) AppleWebKit/537.36 (KHTML, like Gecko) Version/4.0 Chrome/142.0.7444.74 Mobile Safari/537.36 [FB_IAB/FB4A;FBAV/537.0.0.47.77;IABMV/1;]"
58.145.187.207 - - [06/Nov/2025:16:06:46 +0000] "GET /wp-content/plugins/header-footer-elementor/inc/widgets-css/woo-products.css?ver=2.6.1 HTTP/2" 200 987 "https://deenzalifestyle.com/?fbclid=IwZXh0bgNhZW0CMTEAc3J0YwZhcHBfaWQMMzUwNjg1NTMxNzI4AAEeLPbo6JE7MTqNhQ32w_aMcR3Bepj5c3phCyqYg9nxt04xbQpEdu6wIHKNj8k_aem_lWTojR-Tixjj82nd36kz-A" "Mozilla/5.0 (Linux; Android 15; SM-A546E Build/AP3A.240905.015.A2; wv) AppleWebKit/537.36 (KHTML, like Gecko) Version/4.0 Chrome/142.0.7444.74 Mobile Safari/537.36 [FB_IAB/FB4A;FBAV/537.0.0.47.77;IABMV/1;]"
58.145.187.207 - - [06/Nov/2025:16:06:46 +0000] "GET /wp-content/plugins/th-advance-product-search/build/style-th-advance-product-search.css?ver=1757999558 HTTP/2" 200 556 "https://deenzalifestyle.com/?fbclid=IwZXh0bgNhZW0CMTEAc3J0YwZhcHBfaWQMMzUwNjg1NTMxNzI4AAEeLPbo6JE7MTqNhQ32w_aMcR3Bepj5c3phCyqYg9nxt04xbQpEdu6wIHKNj8k_aem_lWTojR-Tixjj82nd36kz-A" "Mozilla/5.0 (Linux; Android 15; SM-A546E Build/AP3A.240905.015.A2; wv) AppleWebKit/537.36 (KHTML, like Gecko) Version/4.0 Chrome/142.0.7444.74 Mobile Safari/537.36 [FB_IAB/FB4A;FBAV/537.0.0.47.77;IABMV/1;]"
58.145.187.207 - - [06/Nov/2025:16:06:46 +0000] "GET /wp-content/plugins/woolentor-addons/woolentor-blocks/assets/css/common-style.css?ver=3.2.5 HTTP/2" 200 591 "https://deenzalifestyle.com/?fbclid=IwZXh0bgNhZW0CMTEAc3J0YwZhcHBfaWQMMzUwNjg1NTMxNzI4AAEeLPbo6JE7MTqNhQ32w_aMcR3Bepj5c3phCyqYg9nxt04xbQpEdu6wIHKNj8k_aem_lWTojR-Tixjj82nd36kz-A" "Mozilla/5.0 (Linux; Android 15; SM-A546E Build/AP3A.240905.015.A2; wv) AppleWebKit/537.36 (KHTML, like Gecko) Version/4.0 Chrome/142.0.7444.74 Mobile Safari/537.36 [FB_IAB/FB4A;FBAV/537.0.0.47.77;IABMV/1;]"
58.145.187.207 - - [06/Nov/2025:16:06:46 +0000] "GET /wp-content/plugins/th-advance-product-search/th-icon/style.css?ver=6.8.3 HTTP/2" 200 953 "https://deenzalifestyle.com/?fbclid=IwZXh0bgNhZW0CMTEAc3J0YwZhcHBfaWQMMzUwNjg1NTMxNzI4AAEeLPbo6JE7MTqNhQ32w_aMcR3Bepj5c3phCyqYg9nxt04xbQpEdu6wIHKNj8k_aem_lWTojR-Tixjj82nd36kz-A" "Mozilla/5.0 (Linux; Android 15; SM-A546E Build/AP3A.240905.015.A2; wv) AppleWebKit/537.36 (KHTML, like Gecko) Version/4.0 Chrome/142.0.7444.74 Mobile Safari/537.36 [FB_IAB/FB4A;FBAV/537.0.0.47.77;IABMV/1;]"
58.145.187.207 - - [06/Nov/2025:16:06:46 +0000] "GET /wp-content/plugins/woolentor-addons/woolentor-blocks/assets/css/style-index.css?ver=3.2.5 HTTP/2" 200 3111 "https://deenzalifestyle.com/?fbclid=IwZXh0bgNhZW0CMTEAc3J0YwZhcHBfaWQMMzUwNjg1NTMxNzI4AAEeLPbo6JE7MTqNhQ32w_aMcR3Bepj5c3phCyqYg9nxt04xbQpEdu6wIHKNj8k_aem_lWTojR-Tixjj82nd36kz-A" "Mozilla/5.0 (Linux; Android 15; SM-A546E Build/AP3A.240905.015.A2; wv) AppleWebKit/537.36 (KHTML, like Gecko) Version/4.0 Chrome/142.0.7444.74 Mobile Safari/537.36 [FB_IAB/FB4A;FBAV/537.0.0.47.77;IABMV/1;]"
58.145.187.207 - - [06/Nov/2025:16:06:46 +0000] "GET /wp-content/plugins/woolentor-addons/woolentor-blocks/assets/css/blocks.style.build.css?ver=3.2.5 HTTP/2" 200 6837 "https://deenzalifestyle.com/?fbclid=IwZXh0bgNhZW0CMTEAc3J0YwZhcHBfaWQMMzUwNjg1NTMxNzI4AAEeLPbo6JE7MTqNhQ32w_aMcR3Bepj5c3phCyqYg9nxt04xbQpEdu6wIHKNj8k_aem_lWTojR-Tixjj82nd36kz-A" "Mozilla/5.0 (Linux; Android 15; SM-A546E Build/AP3A.240905.015.A2; wv) AppleWebKit/537.36 (KHTML, like Gecko) Version/4.0 Chrome/142.0.7444.74 Mobile Safari/537.36 [FB_IAB/FB4A;FBAV/537.0.0.47.77;IABMV/1;]"
58.145.187.207 - - [06/Nov/2025:16:06:46 +0000] "GET /wp-content/plugins/bkash/css/style.css?ver=6.8.3 HTTP/2" 200 171 "https://deenzalifestyle.com/?fbclid=IwZXh0bgNhZW0CMTEAc3J0YwZhcHBfaWQMMzUwNjg1NTMxNzI4AAEeLPbo6JE7MTqNhQ32w_aMcR3Bepj5c3phCyqYg9nxt04xbQpEdu6wIHKNj8k_aem_lWTojR-Tixjj82nd36kz-A" "Mozilla/5.0 (Linux; Android 15; SM-A546E Build/AP3A.240905.015.A2; wv) AppleWebKit/537.36 (KHTML, like Gecko) Version/4.0 Chrome/142.0.7444.74 Mobile Safari/537.36 [FB_IAB/FB4A;FBAV/537.0.0.47.77;IABMV/1;]"
58.145.187.207 - - [06/Nov/2025:16:06:46 +0000] "GET /wp-content/plugins/woo-conditional-product-fees-for-checkout/public/css/woocommerce-conditional-product-fees-for-checkout-public.css?ver=4.3.2 HTTP/2" 200 2066 "https://deenzalifestyle.com/?fbclid=IwZXh0bgNhZW0CMTEAc3J0YwZhcHBfaWQMMzUwNjg1NTMxNzI4AAEeLPbo6JE7MTqNhQ32w_aMcR3Bepj5c3phCyqYg9nxt04xbQpEdu6wIHKNj8k_aem_lWTojR-Tixjj82nd36kz-A" "Mozilla/5.0 (Linux; Android 15; SM-A546E Build/AP3A.240905.015.A2; wv) AppleWebKit/537.36 (KHTML, like Gecko) Version/4.0 Chrome/142.0.7444.74 Mobile Safari/537.36 [FB_IAB/FB4A;FBAV/537.0.0.47.77;IABMV/1;]"
58.145.187.207 - - [06/Nov/2025:16:06:47 +0000] "GET /wp-content/themes/astra/assets/css/minified/compatibility/woocommerce/woocommerce-layout-grid.min.css?ver=4.11.13 HTTP/2" 200 1829 "https://deenzalifestyle.com/?fbclid=IwZXh0bgNhZW0CMTEAc3J0YwZhcHBfaWQMMzUwNjg1NTMxNzI4AAEeLPbo6JE7MTqNhQ32w_aMcR3Bepj5c3phCyqYg9nxt04xbQpEdu6wIHKNj8k_aem_lWTojR-Tixjj82nd36kz-A" "Mozilla/5.0 (Linux; Android 15; SM-A546E Build/AP3A.240905.015.A2; wv) AppleWebKit/537.36 (KHTML, like Gecko) Version/4.0 Chrome/142.0.7444.74 Mobile Safari/537.36 [FB_IAB/FB4A;FBAV/537.0.0.47.77;IABMV/1;]"
58.145.187.207 - - [06/Nov/2025:16:06:47 +0000] "GET /wp-content/plugins/elementor/assets/lib/font-awesome/css/v4-shims.min.css?ver=3.32.5 HTTP/2" 200 3987 "https://deenzalifestyle.com/?fbclid=IwZXh0bgNhZW0CMTEAc3J0YwZhcHBfaWQMMzUwNjg1NTMxNzI4AAEeLPbo6JE7MTqNhQ32w_aMcR3Bepj5c3phCyqYg9nxt04xbQpEdu6wIHKNj8k_aem_lWTojR-Tixjj82nd36kz-A" "Mozilla/5.0 (Linux; Android 15; SM-A546E Build/AP3A.240905.015.A2; wv) AppleWebKit/537.36 (KHTML, like Gecko) Version/4.0 Chrome/142.0.7444.74 Mobile Safari/537.36 [FB_IAB/FB4A;FBAV/537.0.0.47.77;IABMV/1;]"
58.145.187.207 - - [06/Nov/2025:16:06:47 +0000] "GET /wp-content/plugins/elementor/assets/css/widget-heading.min.css?ver=3.32.5 HTTP/2" 200 154 "https://deenzalifestyle.com/?fbclid=IwZXh0bgNhZW0CMTEAc3J0YwZhcHBfaWQMMzUwNjg1NTMxNzI4AAEeLPbo6JE7MTqNhQ32w_aMcR3Bepj5c3phCyqYg9nxt04xbQpEdu6wIHKNj8k_aem_lWTojR-Tixjj82nd36kz-A" "Mozilla/5.0 (Linux; Android 15; SM-A546E Build/AP3A.240905.015.A2; wv) AppleWebKit/537.36 (KHTML, like Gecko) Version/4.0 Chrome/142.0.7444.74 Mobile Safari/537.36 [FB_IAB/FB4A;FBAV/537.0.0.47.77;IABMV/1;]"
58.145.187.207 - - [06/Nov/2025:16:06:47 +0000] "GET /wp-content/themes/astra/assets/css/minified/compatibility/woocommerce/woocommerce-smallscreen-grid.min.css?ver=4.11.13 HTTP/2" 200 796 "https://deenzalifestyle.com/?fbclid=IwZXh0bgNhZW0CMTEAc3J0YwZhcHBfaWQMMzUwNjg1NTMxNzI4AAEeLPbo6JE7MTqNhQ32w_aMcR3Bepj5c3phCyqYg9nxt04xbQpEdu6wIHKNj8k_aem_lWTojR-Tixjj82nd36kz-A" "Mozilla/5.0 (Linux; Android 15; SM-A546E Build/AP3A.240905.015.A2; wv) AppleWebKit/537.36 (KHTML, like Gecko) Version/4.0 Chrome/142.0.7444.74 Mobile Safari/537.36 [FB_IAB/FB4A;FBAV/537.0.0.47.77;IABMV/1;]"
58.145.187.207 - - [06/Nov/2025:16:06:47 +0000] "GET /wp-content/plugins/elementor/assets/css/frontend.min.css?ver=3.32.5 HTTP/2" 200 6537 "https://deenzalifestyle.com/?fbclid=IwZXh0bgNhZW0CMTEAc3J0YwZhcHBfaWQMMzUwNjg1NTMxNzI4AAEeLPbo6JE7MTqNhQ32w_aMcR3Bepj5c3phCyqYg9nxt04xbQpEdu6wIHKNj8k_aem_lWTojR-Tixjj82nd36kz-A" "Mozilla/5.0 (Linux; Android 15; SM-A546E Build/AP3A.240905.015.A2; wv) AppleWebKit/537.36 (KHTML, like Gecko) Version/4.0 Chrome/142.0.7444.74 Mobile Safari/537.36 [FB_IAB/FB4A;FBAV/537.0.0.47.77;IABMV/1;]"
58.145.187.207 - - [06/Nov/2025:16:06:47 +0000] "GET /wp-content/plugins/elementor/assets/css/widget-image.min.css?ver=3.32.5 HTTP/2" 200 119 "https://deenzalifestyle.com/?fbclid=IwZXh0bgNhZW0CMTEAc3J0YwZhcHBfaWQMMzUwNjg1NTMxNzI4AAEeLPbo6JE7MTqNhQ32w_aMcR3Bepj5c3phCyqYg9nxt04xbQpEdu6wIHKNj8k_aem_lWTojR-Tixjj82nd36kz-A" "Mozilla/5.0 (Linux; Android 15; SM-A546E Build/AP3A.240905.015.A2; wv) AppleWebKit/537.36 (KHTML, like Gecko) Version/4.0 Chrome/142.0.7444.74 Mobile Safari/537.36 [FB_IAB/FB4A;FBAV/537.0.0.47.77;IABMV/1;]"
58.145.187.207 - - [06/Nov/2025:16:06:47 +0000] "GET /wp-content/themes/astra/assets/css/minified/compatibility/woocommerce/woocommerce-grid.min.css?ver=4.11.13 HTTP/2" 200 15159 "https://deenzalifestyle.com/?fbclid=IwZXh0bgNhZW0CMTEAc3J0YwZhcHBfaWQMMzUwNjg1NTMxNzI4AAEeLPbo6JE7MTqNhQ32w_aMcR3Bepj5c3phCyqYg9nxt04xbQpEdu6wIHKNj8k_aem_lWTojR-Tixjj82nd36kz-A" "Mozilla/5.0 (Linux; Android 15; SM-A546E Build/AP3A.240905.015.A2; wv) AppleWebKit/537.36 (KHTML, like Gecko) Version/4.0 Chrome/142.0.7444.74 Mobile Safari/537.36 [FB_IAB/FB4A;FBAV/537.0.0.47.77;IABMV/1;]"
58.145.187.207 - - [06/Nov/2025:16:06:47 +0000] "GET /wp-content/plugins/elementor/assets/lib/font-awesome/css/all.min.css?ver=3.32.5 HTTP/2" 200 12380 "https://deenzalifestyle.com/?fbclid=IwZXh0bgNhZW0CMTEAc3J0YwZhcHBfaWQMMzUwNjg1NTMxNzI4AAEeLPbo6JE7MTqNhQ32w_aMcR3Bepj5c3phCyqYg9nxt04xbQpEdu6wIHKNj8k_aem_lWTojR-Tixjj82nd36kz-A" "Mozilla/5.0 (Linux; Android 15; SM-A546E Build/AP3A.240905.015.A2; wv) AppleWebKit/537.36 (KHTML, like Gecko) Version/4.0 Chrome/142.0.7444.74 Mobile Safari/537.36 [FB_IAB/FB4A;FBAV/537.0.0.47.77;IABMV/1;]"
58.145.187.207 - - [06/Nov/2025:16:06:47 +0000] "GET /wp-content/plugins/header-footer-elementor/assets/css/header-footer-elementor.css?ver=2.6.1 HTTP/2" 200 259 "https://deenzalifestyle.com/?fbclid=IwZXh0bgNhZW0CMTEAc3J0YwZhcHBfaWQMMzUwNjg1NTMxNzI4AAEeLPbo6JE7MTqNhQ32w_aMcR3Bepj5c3phCyqYg9nxt04xbQpEdu6wIHKNj8k_aem_lWTojR-Tixjj82nd36kz-A" "Mozilla/5.0 (Linux; Android 15; SM-A546E Build/AP3A.240905.015.A2; wv) AppleWebKit/537.36 (KHTML, like Gecko) Version/4.0 Chrome/142.0.7444.74 Mobile Safari/537.36 [FB_IAB/FB4A;FBAV/537.0.0.47.77;IABMV/1;]"
58.145.187.207 - - [06/Nov/2025:16:06:47 +0000] "GET /wp-content/plugins/elementor/assets/lib/font-awesome/css/font-awesome.min.css?ver=4.7.0 HTTP/2" 200 6657 "https://deenzalifestyle.com/?fbclid=IwZXh0bgNhZW0CMTEAc3J0YwZhcHBfaWQMMzUwNjg1NTMxNzI4AAEeLPbo6JE7MTqNhQ32w_aMcR3Bepj5c3phCyqYg9nxt04xbQpEdu6wIHKNj8k_aem_lWTojR-Tixjj82nd36kz-A" "Mozilla/5.0 (Linux; Android 15; SM-A546E Build/AP3A.240905.015.A2; wv) AppleWebKit/537.36 (KHTML, like Gecko) Version/4.0 Chrome/142.0.7444.74 Mobile Safari/537.36 [FB_IAB/FB4A;FBAV/537.0.0.47.77;IABMV/1;]"
58.145.187.207 - - [06/Nov/2025:16:06:47 +0000] "GET /wp-content/uploads/elementor/css/post-18.css?ver=1762334352 HTTP/2" 200 1433 "https://deenzalifestyle.com/?fbclid=IwZXh0bgNhZW0CMTEAc3J0YwZhcHBfaWQMMzUwNjg1NTMxNzI4AAEeLPbo6JE7MTqNhQ32w_aMcR3Bepj5c3phCyqYg9nxt04xbQpEdu6wIHKNj8k_aem_lWTojR-Tixjj82nd36kz-A" "Mozilla/5.0 (Linux; Android 15; SM-A546E Build/AP3A.240905.015.A2; wv) AppleWebKit/537.36 (KHTML, like Gecko) Version/4.0 Chrome/142.0.7444.74 Mobile Safari/537.36 [FB_IAB/FB4A;FBAV/537.0.0.47.77;IABMV/1;]"
58.145.187.207 - - [06/Nov/2025:16:06:47 +0000] "GET /wp-content/plugins/elementor-pro/assets/css/widget-loop-grid.min.css?ver=3.31.2 HTTP/2" 200 1117 "https://deenzalifestyle.com/?fbclid=IwZXh0bgNhZW0CMTEAc3J0YwZhcHBfaWQMMzUwNjg1NTMxNzI4AAEeLPbo6JE7MTqNhQ32w_aMcR3Bepj5c3phCyqYg9nxt04xbQpEdu6wIHKNj8k_aem_lWTojR-Tixjj82nd36kz-A" "Mozilla/5.0 (Linux; Android 15; SM-A546E Build/AP3A.240905.015.A2; wv) AppleWebKit/537.36 (KHTML, like Gecko) Version/4.0 Chrome/142.0.7444.74 Mobile Safari/537.36 [FB_IAB/FB4A;FBAV/537.0.0.47.77;IABMV/1;]"
58.145.187.207 - - [06/Nov/2025:16:06:47 +0000] "GET /wp-content/plugins/elementor-pro/assets/css/widget-loop-common.min.css?ver=3.31.2 HTTP/2" 200 119 "https://deenzalifestyle.com/?fbclid=IwZXh0bgNhZW0CMTEAc3J0YwZhcHBfaWQMMzUwNjg1NTMxNzI4AAEeLPbo6JE7MTqNhQ32w_aMcR3Bepj5c3phCyqYg9nxt04xbQpEdu6wIHKNj8k_aem_lWTojR-Tixjj82nd36kz-A" "Mozilla/5.0 (Linux; Android 15; SM-A546E Build/AP3A.240905.015.A2; wv) AppleWebKit/537.36 (KHTML, like Gecko) Version/4.0 Chrome/142.0.7444.74 Mobile Safari/537.36 [FB_IAB/FB4A;FBAV/537.0.0.47.77;IABMV/1;]"
58.145.187.207 - - [06/Nov/2025:16:06:47 +0000] "GET /wp-content/uploads/elementor/css/post-25.css?ver=1762334317 HTTP/2" 200 2226 "https://deenzalifestyle.com/?fbclid=IwZXh0bgNhZW0CMTEAc3J0YwZhcHBfaWQMMzUwNjg1NTMxNzI4AAEeLPbo6JE7MTqNhQ32w_aMcR3Bepj5c3phCyqYg9nxt04xbQpEdu6wIHKNj8k_aem_lWTojR-Tixjj82nd36kz-A" "Mozilla/5.0 (Linux; Android 15; SM-A546E Build/AP3A.240905.015.A2; wv) AppleWebKit/537.36 (KHTML, like Gecko) Version/4.0 Chrome/142.0.7444.74 Mobile Safari/537.36 [FB_IAB/FB4A;FBAV/537.0.0.47.77;IABMV/1;]"
58.145.187.207 - - [06/Nov/2025:16:06:47 +0000] "GET /wp-content/uploads/elementor/css/post-6.css?ver=1762334317 HTTP/2" 200 380 "https://deenzalifestyle.com/?fbclid=IwZXh0bgNhZW0CMTEAc3J0YwZhcHBfaWQMMzUwNjg1NTMxNzI4AAEeLPbo6JE7MTqNhQ32w_aMcR3Bepj5c3phCyqYg9nxt04xbQpEdu6wIHKNj8k_aem_lWTojR-Tixjj82nd36kz-A" "Mozilla/5.0 (Linux; Android 15; SM-A546E Build/AP3A.240905.015.A2; wv) AppleWebKit/537.36 (KHTML, like Gecko) Version/4.0 Chrome/142.0.7444.74 Mobile Safari/537.36 [FB_IAB/FB4A;FBAV/537.0.0.47.77;IABMV/1;]"
58.145.187.207 - - [06/Nov/2025:16:06:47 +0000] "GET /wp-content/plugins/woolentor-addons/assets/css/product-grid/modern.css?ver=3.2.5 HTTP/2" 200 5920 "https://deenzalifestyle.com/?fbclid=IwZXh0bgNhZW0CMTEAc3J0YwZhcHBfaWQMMzUwNjg1NTMxNzI4AAEeLPbo6JE7MTqNhQ32w_aMcR3Bepj5c3phCyqYg9nxt04xbQpEdu6wIHKNj8k_aem_lWTojR-Tixjj82nd36kz-A" "Mozilla/5.0 (Linux; Android 15; SM-A546E Build/AP3A.240905.015.A2; wv) AppleWebKit/537.36 (KHTML, like Gecko) Version/4.0 Chrome/142.0.7444.74 Mobile Safari/537.36 [FB_IAB/FB4A;FBAV/537.0.0.47.77;IABMV/1;]"
58.145.187.207 - - [06/Nov/2025:16:06:47 +0000] "GET /wp-content/plugins/wp-bottom-menu/assets/css/style.css?ver=2.2.4 HTTP/2" 200 939 "https://deenzalifestyle.com/?fbclid=IwZXh0bgNhZW0CMTEAc3J0YwZhcHBfaWQMMzUwNjg1NTMxNzI4AAEeLPbo6JE7MTqNhQ32w_aMcR3Bepj5c3phCyqYg9nxt04xbQpEdu6wIHKNj8k_aem_lWTojR-Tixjj82nd36kz-A" "Mozilla/5.0 (Linux; Android 15; SM-A546E Build/AP3A.240905.015.A2; wv) AppleWebKit/537.36 (KHTML, like Gecko) Version/4.0 Chrome/142.0.7444.74 Mobile Safari/537.36 [FB_IAB/FB4A;FBAV/537.0.0.47.77;IABMV/1;]"
58.145.187.207 - - [06/Nov/2025:16:06:47 +0000] "GET /wp-content/uploads/elementor/css/post-77.css?ver=1762334317 HTTP/2" 200 950 "https://deenzalifestyle.com/?fbclid=IwZXh0bgNhZW0CMTEAc3J0YwZhcHBfaWQMMzUwNjg1NTMxNzI4AAEeLPbo6JE7MTqNhQ32w_aMcR3Bepj5c3phCyqYg9nxt04xbQpEdu6wIHKNj8k_aem_lWTojR-Tixjj82nd36kz-A" "Mozilla/5.0 (Linux; Android 15; SM-A546E Build/AP3A.240905.015.A2; wv) AppleWebKit/537.36 (KHTML, like Gecko) Version/4.0 Chrome/142.0.7444.74 Mobile Safari/537.36 [FB_IAB/FB4A;FBAV/537.0.0.47.77;IABMV/1;]"
58.145.187.207 - - [06/Nov/2025:16:06:47 +0000] "GET /wp-content/plugins/woo-variation-swatches/assets/css/frontend.min.css?ver=1757953354 HTTP/2" 200 4299 "https://deenzalifestyle.com/?fbclid=IwZXh0bgNhZW0CMTEAc3J0YwZhcHBfaWQMMzUwNjg1NTMxNzI4AAEeLPbo6JE7MTqNhQ32w_aMcR3Bepj5c3phCyqYg9nxt04xbQpEdu6wIHKNj8k_aem_lWTojR-Tixjj82nd36kz-A" "Mozilla/5.0 (Linux; Android 15; SM-A546E Build/AP3A.240905.015.A2; wv) AppleWebKit/537.36 (KHTML, like Gecko) Version/4.0 Chrome/142.0.7444.74 Mobile Safari/537.36 [FB_IAB/FB4A;FBAV/537.0.0.47.77;IABMV/1;]"
58.145.187.207 - - [06/Nov/2025:16:06:47 +0000] "GET /wp-content/plugins/woolentor-addons/assets/css/slick.css?ver=3.2.5 HTTP/2" 200 543 "https://deenzalifestyle.com/?fbclid=IwZXh0bgNhZW0CMTEAc3J0YwZhcHBfaWQMMzUwNjg1NTMxNzI4AAEeLPbo6JE7MTqNhQ32w_aMcR3Bepj5c3phCyqYg9nxt04xbQpEdu6wIHKNj8k_aem_lWTojR-Tixjj82nd36kz-A" "Mozilla/5.0 (Linux; Android 15; SM-A546E Build/AP3A.240905.015.A2; wv) AppleWebKit/537.36 (KHTML, like Gecko) Version/4.0 Chrome/142.0.7444.74 Mobile Safari/537.36 [FB_IAB/FB4A;FBAV/537.0.0.47.77;IABMV/1;]"
58.145.187.207 - - [06/Nov/2025:16:06:47 +0000] "GET /wp-content/plugins/woolentor-addons/assets/css/htflexboxgrid.css?ver=3.2.5 HTTP/2" 200 1643 "https://deenzalifestyle.com/?fbclid=IwZXh0bgNhZW0CMTEAc3J0YwZhcHBfaWQMMzUwNjg1NTMxNzI4AAEeLPbo6JE7MTqNhQ32w_aMcR3Bepj5c3phCyqYg9nxt04xbQpEdu6wIHKNj8k_aem_lWTojR-Tixjj82nd36kz-A" "Mozilla/5.0 (Linux; Android 15; SM-A546E Build/AP3A.240905.015.A2; wv) AppleWebKit/537.36 (KHTML, like Gecko) Version/4.0 Chrome/142.0.7444.74 Mobile Safari/537.36 [FB_IAB/FB4A;FBAV/537.0.0.47.77;IABMV/1;]"
58.145.187.207 - - [06/Nov/2025:16:06:47 +0000] "GET /wp-content/plugins/woolentor-addons/assets/css/simple-line-icons.css?ver=3.2.5 HTTP/2" 200 1884 "https://deenzalifestyle.com/?fbclid=IwZXh0bgNhZW0CMTEAc3J0YwZhcHBfaWQMMzUwNjg1NTMxNzI4AAEeLPbo6JE7MTqNhQ32w_aMcR3Bepj5c3phCyqYg9nxt04xbQpEdu6wIHKNj8k_aem_lWTojR-Tixjj82nd36kz-A" "Mozilla/5.0 (Linux; Android 15; SM-A546E Build/AP3A.240905.015.A2; wv) AppleWebKit/537.36 (KHTML, like Gecko) Version/4.0 Chrome/142.0.7444.74 Mobile Safari/537.36 [FB_IAB/FB4A;FBAV/537.0.0.47.77;IABMV/1;]"
58.145.187.207 - - [06/Nov/2025:16:06:47 +0000] "GET /wp-content/plugins/woolentor-addons/assets/css/woolentor-widgets.css?ver=3.2.5 HTTP/2" 200 20674 "https://deenzalifestyle.com/?fbclid=IwZXh0bgNhZW0CMTEAc3J0YwZhcHBfaWQMMzUwNjg1NTMxNzI4AAEeLPbo6JE7MTqNhQ32w_aMcR3Bepj5c3phCyqYg9nxt04xbQpEdu6wIHKNj8k_aem_lWTojR-Tixjj82nd36kz-A" "Mozilla/5.0 (Linux; Android 15; SM-A546E Build/AP3A.240905.015.A2; wv) AppleWebKit/537.36 (KHTML, like Gecko) Version/4.0 Chrome/142.0.7444.74 Mobile Safari/537.36 [FB_IAB/FB4A;FBAV/537.0.0.47.77;IABMV/1;]"
