204.197.172.10 - - [06/Nov/2025:22:50:22 +0000] "POST /wp-cron.php?doing_wp_cron=1762469422.9535109996795654296875 HTTP/1.1" 200 0 "-" "WordPress/6.8.3; https://deenzalifestyle.com"
57.141.2.13 - - [06/Nov/2025:22:50:21 +0000] "GET /product=3762636.html HTTP/2" 404 206892 "-" "meta-externalagent/1.1 (+https://developers.facebook.com/docs/sharing/webmasters/crawler)"
57.141.2.5 - - [06/Nov/2025:22:50:26 +0000] "GET /product=3385841.html HTTP/2" 404 206891 "-" "meta-externalagent/1.1 (+https://developers.facebook.com/docs/sharing/webmasters/crawler)"
57.141.2.4 - - [06/Nov/2025:22:50:33 +0000] "GET /product=3241586.html HTTP/2" 404 206891 "-" "meta-externalagent/1.1 (+https://developers.facebook.com/docs/sharing/webmasters/crawler)"
204.197.172.10 - - [06/Nov/2025:22:52:32 +0000] "POST /wp-cron.php?doing_wp_cron=1762469552.1569459438323974609375 HTTP/1.1" 200 0 "-" "WordPress/6.8.3; https://deenzalifestyle.com"
204.197.172.10 - - [06/Nov/2025:22:52:32 +0000] "POST /wp-cron.php?doing_wp_cron=1762469552.1569459438323974609375 HTTP/1.1" 200 0 "-" "WordPress/6.8.3; https://deenzalifestyle.com"
66.249.77.101 - - [06/Nov/2025:22:52:30 +0000] "GET /560419440.shtml HTTP/1.1" 404 37387 "-" "Mozilla/5.0 (compatible; Googlebot/2.1; +http://www.google.com/bot.html)"
66.249.77.100 - - [06/Nov/2025:22:52:30 +0000] "GET /560419440.shtml HTTP/1.1" 404 37440 "-" "Mozilla/5.0 (Linux; Android 6.0.1; Nexus 5X Build/MMB29P) AppleWebKit/537.36 (KHTML, like Gecko) Chrome/141.0.7390.122 Mobile Safari/537.36 (compatible; Googlebot/2.1; +http://www.google.com/bot.html)"
114.79.6.193 - - [06/Nov/2025:22:52:34 +0000] "GET /zac.php?p= HTTP/2" 200 0 "-" "Mozilla/5.0 (Windows NT 10.0; Win64; x64) AppleWebKit/537.36 (KHTML, like Gecko) HeadlessChrome/136.0.7103.25 Safari/537.36"
204.197.172.10 - - [06/Nov/2025:22:52:34 +0000] "POST /wp-cron.php?doing_wp_cron=1762469554.8259899616241455078125 HTTP/1.1" 200 0 "-" "WordPress/6.8.3; https://deenzalifestyle.com"
57.141.2.73 - - [06/Nov/2025:22:52:34 +0000] "GET /product=5718855.html HTTP/2" 404 206892 "-" "meta-externalagent/1.1 (+https://developers.facebook.com/docs/sharing/webmasters/crawler)"
204.197.172.10 - - [06/Nov/2025:22:53:47 +0000] "POST /wp-cron.php?doing_wp_cron=1762469627.9837689399719238281250 HTTP/1.1" 200 0 "-" "WordPress/6.8.3; https://deenzalifestyle.com"
57.141.2.76 - - [06/Nov/2025:22:53:47 +0000] "GET /product=2262620.html HTTP/2" 404 206892 "-" "meta-externalagent/1.1 (+https://developers.facebook.com/docs/sharing/webmasters/crawler)"
204.197.172.10 - - [06/Nov/2025:22:55:45 +0000] "POST /wp-cron.php?doing_wp_cron=1762469745.1160800457000732421875 HTTP/1.1" 200 0 "-" "WordPress/6.8.3; https://deenzalifestyle.com"
66.249.77.100 - - [06/Nov/2025:22:55:44 +0000] "GET /product=4595321.html HTTP/1.1" 404 37388 "-" "Mozilla/5.0 (compatible; Googlebot/2.1; +http://www.google.com/bot.html)"
204.197.172.10 - - [06/Nov/2025:22:57:08 +0000] "POST /wp-cron.php?doing_wp_cron=1762469828.4297060966491699218750 HTTP/1.1" 200 0 "-" "WordPress/6.8.3; https://deenzalifestyle.com"
57.141.2.63 - - [06/Nov/2025:22:57:08 +0000] "GET /product=3094461.html HTTP/2" 404 206892 "-" "meta-externalagent/1.1 (+https://developers.facebook.com/docs/sharing/webmasters/crawler)"
66.249.77.100 - - [06/Nov/2025:22:57:18 +0000] "GET /76498776.shtml HTTP/1.1" 404 37388 "-" "Mozilla/5.0 (compatible; Googlebot/2.1; +http://www.google.com/bot.html)"
204.197.172.10 - - [06/Nov/2025:22:57:59 +0000] "POST /wp-cron.php?doing_wp_cron=1762469879.2585999965667724609375 HTTP/1.1" 200 0 "-" "WordPress/6.8.3; https://deenzalifestyle.com"
66.249.77.100 - - [06/Nov/2025:22:57:59 +0000] "GET /333093060.shtml HTTP/1.1" 404 37388 "-" "Mozilla/5.0 (compatible; Googlebot/2.1; +http://www.google.com/bot.html)"
57.141.2.57 - - [06/Nov/2025:22:58:17 +0000] "GET /product=3220091.html HTTP/2" 404 206892 "-" "meta-externalagent/1.1 (+https://developers.facebook.com/docs/sharing/webmasters/crawler)"
204.197.172.10 - - [06/Nov/2025:22:59:27 +0000] "POST /wp-cron.php?doing_wp_cron=1762469967.1685750484466552734375 HTTP/1.1" 200 0 "-" "WordPress/6.8.3; https://deenzalifestyle.com"
57.141.2.69 - - [06/Nov/2025:22:59:27 +0000] "GET /product=3030706.html HTTP/2" 404 206892 "-" "meta-externalagent/1.1 (+https://developers.facebook.com/docs/sharing/webmasters/crawler)"
204.197.172.10 - - [06/Nov/2025:23:00:25 +0000] "POST /wp-cron.php?doing_wp_cron=1762470025.5332579612731933593750 HTTP/1.1" 200 0 "-" "WordPress/6.8.3; https://deenzalifestyle.com"
66.249.77.101 - - [06/Nov/2025:23:00:25 +0000] "GET /product=3656815.html HTTP/1.1" 404 37440 "-" "Mozilla/5.0 (Linux; Android 6.0.1; Nexus 5X Build/MMB29P) AppleWebKit/537.36 (KHTML, like Gecko) Chrome/141.0.7390.122 Mobile Safari/537.36 (compatible; Googlebot/2.1; +http://www.google.com/bot.html)"
204.197.172.10 - - [06/Nov/2025:23:01:48 +0000] "POST /wp-cron.php?doing_wp_cron=1762470108.8395509719848632812500 HTTP/1.1" 200 0 "-" "WordPress/6.8.3; https://deenzalifestyle.com"
57.141.2.29 - - [06/Nov/2025:23:01:48 +0000] "GET /product=5292538.html HTTP/2" 404 206892 "-" "meta-externalagent/1.1 (+https://developers.facebook.com/docs/sharing/webmasters/crawler)"
204.197.172.10 - - [06/Nov/2025:23:02:37 +0000] "POST /wp-cron.php?doing_wp_cron=1762470157.2177169322967529296875 HTTP/1.1" 200 0 "-" "WordPress/6.8.3; https://deenzalifestyle.com"
66.249.77.100 - - [06/Nov/2025:23:02:37 +0000] "GET /87606726.shtml HTTP/1.1" 404 37388 "-" "Mozilla/5.0 (compatible; Googlebot/2.1; +http://www.google.com/bot.html)"
57.141.2.81 - - [06/Nov/2025:23:02:45 +0000] "GET /product=2127011.html HTTP/2" 404 206892 "-" "meta-externalagent/1.1 (+https://developers.facebook.com/docs/sharing/webmasters/crawler)"
66.249.77.101 - - [06/Nov/2025:23:02:48 +0000] "GET /524018805.shtml HTTP/1.1" 404 37389 "-" "Mozilla/5.0 (compatible; Googlebot/2.1; +http://www.google.com/bot.html)"
204.197.172.10 - - [06/Nov/2025:23:03:39 +0000] "POST /wp-cron.php?doing_wp_cron=1762470219.1481759548187255859375 HTTP/1.1" 200 0 "-" "WordPress/6.8.3; https://deenzalifestyle.com"
57.141.2.17 - - [06/Nov/2025:23:03:39 +0000] "GET /product=4345439.html HTTP/2" 404 206892 "-" "meta-externalagent/1.1 (+https://developers.facebook.com/docs/sharing/webmasters/crawler)"
57.141.2.36 - - [06/Nov/2025:23:03:48 +0000] "GET /product=2365824.html HTTP/2" 404 206892 "-" "meta-externalagent/1.1 (+https://developers.facebook.com/docs/sharing/webmasters/crawler)"
173.252.127.17 - - [06/Nov/2025:23:04:00 +0000] "GET /wp-content/uploads/woo-feed/facebook/csv/deenzalifestyle.csv HTTP/1.1" 200 151806 "-" "facebookexternalhit/1.1 (+http://www.facebook.com/externalhit_uatext.php)"
204.197.172.10 - - [06/Nov/2025:23:05:29 +0000] "POST /wp-cron.php?doing_wp_cron=1762470329.3545260429382324218750 HTTP/1.1" 200 0 "-" "WordPress/6.8.3; https://deenzalifestyle.com"
57.141.2.26 - - [06/Nov/2025:23:05:28 +0000] "GET /product=3142707.html HTTP/2" 404 206892 "-" "meta-externalagent/1.1 (+https://developers.facebook.com/docs/sharing/webmasters/crawler)"
204.197.172.10 - - [06/Nov/2025:23:05:56 +0000] "POST /wp-cron.php?doing_wp_cron=1762470356.1648209095001220703125 HTTP/1.1" 200 0 "-" "WordPress/6.8.3; https://deenzalifestyle.com"
66.249.77.100 - - [06/Nov/2025:23:05:56 +0000] "GET /product=2207363.html HTTP/1.1" 404 37438 "-" "Mozilla/5.0 (Linux; Android 6.0.1; Nexus 5X Build/MMB29P) AppleWebKit/537.36 (KHTML, like Gecko) Chrome/141.0.7390.122 Mobile Safari/537.36 (compatible; Googlebot/2.1; +http://www.google.com/bot.html)"
5.161.52.234 - - [06/Nov/2025:23:06:27 +0000] "POST /wp-load.php?587d71=7014 HTTP/1.1" 200 0 "-" "Mozilla/5.0 (Windows NT 10.0; Win64; x64) AppleWebKit/537.36 (KHTML, like Gecko) Chrome/104.0.5112.97 Safari/537.36"
204.197.172.10 - - [06/Nov/2025:23:08:31 +0000] "POST /wp-cron.php?doing_wp_cron=1762470511.2271380424499511718750 HTTP/1.1" 200 0 "-" "WordPress/6.8.3; https://deenzalifestyle.com"
57.141.2.69 - - [06/Nov/2025:23:08:30 +0000] "GET /product=2454340.html HTTP/2" 404 206892 "-" "meta-externalagent/1.1 (+https://developers.facebook.com/docs/sharing/webmasters/crawler)"
204.197.172.10 - - [06/Nov/2025:23:10:51 +0000] "POST /wp-cron.php?doing_wp_cron=1762470651.6546809673309326171875 HTTP/1.1" 200 0 "-" "WordPress/6.8.3; https://deenzalifestyle.com"
204.197.172.10 - - [06/Nov/2025:23:10:51 +0000] "POST /wp-cron.php?doing_wp_cron=1762470651.6546809673309326171875 HTTP/1.1" 200 0 "-" "WordPress/6.8.3; https://deenzalifestyle.com"
66.249.77.101 - - [06/Nov/2025:23:10:49 +0000] "GET /185170098.shtml HTTP/1.1" 404 37388 "-" "Mozilla/5.0 (compatible; Googlebot/2.1; +http://www.google.com/bot.html)"
66.249.77.100 - - [06/Nov/2025:23:10:49 +0000] "GET /185170098.shtml HTTP/1.1" 404 37440 "-" "Mozilla/5.0 (Linux; Android 6.0.1; Nexus 5X Build/MMB29P) AppleWebKit/537.36 (KHTML, like Gecko) Chrome/141.0.7390.122 Mobile Safari/537.36 (compatible; Googlebot/2.1; +http://www.google.com/bot.html)"
204.197.172.10 - - [06/Nov/2025:23:11:59 +0000] "POST /wp-cron.php?doing_wp_cron=1762470719.9219429492950439453125 HTTP/1.1" 200 0 "-" "WordPress/6.8.3; https://deenzalifestyle.com"
57.141.2.53 - - [06/Nov/2025:23:11:59 +0000] "GET /product=3748052.html HTTP/2" 404 206892 "-" "meta-externalagent/1.1 (+https://developers.facebook.com/docs/sharing/webmasters/crawler)"
57.141.2.75 - - [06/Nov/2025:23:12:32 +0000] "GET /product=5049520.html HTTP/2" 404 206892 "-" "meta-externalagent/1.1 (+https://developers.facebook.com/docs/sharing/webmasters/crawler)"
204.197.172.10 - - [06/Nov/2025:23:13:50 +0000] "POST /wp-cron.php?doing_wp_cron=1762470830.4832289218902587890625 HTTP/1.1" 200 0 "-" "WordPress/6.8.3; https://deenzalifestyle.com"
57.141.2.72 - - [06/Nov/2025:23:13:49 +0000] "GET /product=3977071.html HTTP/2" 404 206892 "-" "meta-externalagent/1.1 (+https://developers.facebook.com/docs/sharing/webmasters/crawler)"
204.197.172.10 - - [06/Nov/2025:23:14:18 +0000] "POST /wp-cron.php?doing_wp_cron=1762470858.3024559020996093750000 HTTP/1.1" 200 0 "-" "WordPress/6.8.3; https://deenzalifestyle.com"
57.141.2.70 - - [06/Nov/2025:23:14:18 +0000] "GET /product=2267685.html HTTP/2" 404 206892 "-" "meta-externalagent/1.1 (+https://developers.facebook.com/docs/sharing/webmasters/crawler)"
57.141.2.77 - - [06/Nov/2025:23:14:26 +0000] "GET /product=1853047.html HTTP/2" 404 206892 "-" "meta-externalagent/1.1 (+https://developers.facebook.com/docs/sharing/webmasters/crawler)"
204.197.172.10 - - [06/Nov/2025:23:14:42 +0000] "POST /wp-cron.php?doing_wp_cron=1762470882.1646790504455566406250 HTTP/1.1" 200 0 "-" "WordPress/6.8.3; https://deenzalifestyle.com"
57.141.2.14 - - [06/Nov/2025:23:14:42 +0000] "GET /product=5661832.html HTTP/2" 404 206892 "-" "meta-externalagent/1.1 (+https://developers.facebook.com/docs/sharing/webmasters/crawler)"
204.197.172.10 - - [06/Nov/2025:23:16:35 +0000] "POST /wp-cron.php?doing_wp_cron=1762470995.8662519454956054687500 HTTP/1.1" 200 0 "-" "WordPress/6.8.3; https://deenzalifestyle.com"
66.249.77.101 - - [06/Nov/2025:23:16:34 +0000] "GET /product=4528938.html HTTP/1.1" 404 37388 "-" "Mozilla/5.0 (compatible; Googlebot/2.1; +http://www.google.com/bot.html)"
57.141.2.29 - - [06/Nov/2025:23:16:47 +0000] "GET /product=5301731.html HTTP/2" 404 206892 "-" "meta-externalagent/1.1 (+https://developers.facebook.com/docs/sharing/webmasters/crawler)"
204.197.172.10 - - [06/Nov/2025:23:17:15 +0000] "POST /wp-cron.php?doing_wp_cron=1762471035.2461628913879394531250 HTTP/1.1" 200 0 "-" "WordPress/6.8.3; https://deenzalifestyle.com"
66.249.77.100 - - [06/Nov/2025:23:17:15 +0000] "GET /21235713.shtml HTTP/1.1" 404 37440 "-" "Mozilla/5.0 (Linux; Android 6.0.1; Nexus 5X Build/MMB29P) AppleWebKit/537.36 (KHTML, like Gecko) Chrome/141.0.7390.122 Mobile Safari/537.36 (compatible; Googlebot/2.1; +http://www.google.com/bot.html)"
204.197.172.10 - - [06/Nov/2025:23:17:40 +0000] "POST /wp-cron.php?doing_wp_cron=1762471060.6347389221191406250000 HTTP/1.1" 200 0 "-" "WordPress/6.8.3; https://deenzalifestyle.com"
66.249.77.100 - - [06/Nov/2025:23:17:40 +0000] "GET /220329369.shtml HTTP/1.1" 404 37440 "-" "Mozilla/5.0 (Linux; Android 6.0.1; Nexus 5X Build/MMB29P) AppleWebKit/537.36 (KHTML, like Gecko) Chrome/141.0.7390.122 Mobile Safari/537.36 (compatible; Googlebot/2.1; +http://www.google.com/bot.html)"
204.197.172.10 - - [06/Nov/2025:23:18:29 +0000] "POST /wp-cron.php?doing_wp_cron=1762471109.5058729648590087890625 HTTP/1.1" 200 0 "-" "WordPress/6.8.3; https://deenzalifestyle.com"
57.141.2.5 - - [06/Nov/2025:23:18:29 +0000] "GET /product=3553313.html HTTP/2" 404 206891 "-" "meta-externalagent/1.1 (+https://developers.facebook.com/docs/sharing/webmasters/crawler)"
204.197.172.10 - - [06/Nov/2025:23:19:19 +0000] "POST /wp-cron.php?doing_wp_cron=1762471159.4684019088745117187500 HTTP/1.1" 200 0 "-" "WordPress/6.8.3; https://deenzalifestyle.com"
66.249.77.100 - - [06/Nov/2025:23:19:19 +0000] "GET /159589011.shtml HTTP/1.1" 404 37440 "-" "Mozilla/5.0 (Linux; Android 6.0.1; Nexus 5X Build/MMB29P) AppleWebKit/537.36 (KHTML, like Gecko) Chrome/141.0.7390.122 Mobile Safari/537.36 (compatible; Googlebot/2.1; +http://www.google.com/bot.html)"
204.197.172.10 - - [06/Nov/2025:23:19:55 +0000] "POST /wp-cron.php?doing_wp_cron=1762471195.9633910655975341796875 HTTP/1.1" 200 0 "-" "WordPress/6.8.3; https://deenzalifestyle.com"
57.141.2.9 - - [06/Nov/2025:23:19:55 +0000] "GET /product=2972012.html HTTP/2" 404 206891 "-" "meta-externalagent/1.1 (+https://developers.facebook.com/docs/sharing/webmasters/crawler)"
204.197.172.10 - - [06/Nov/2025:23:20:57 +0000] "POST /wp-cron.php?doing_wp_cron=1762471257.0061619281768798828125 HTTP/1.1" 200 0 "-" "WordPress/6.8.3; https://deenzalifestyle.com"
47.82.11.16 - - [06/Nov/2025:23:20:56 +0000] "GET /blog HTTP/1.1" 301 0 "https://deenzalifestyle.com/" "Mozilla/5.0 (Windows NT 10.0; Win64; x64) AppleWebKit/537.36 (KHTML, like Gecko) Chrome/135.0.0.0 Safari/537.36"
47.82.11.16 - - [06/Nov/2025:23:20:57 +0000] "GET /blog/ HTTP/1.1" 200 39538 "https://deenzalifestyle.com/" "Mozilla/5.0 (Windows NT 10.0; Win64; x64) AppleWebKit/537.36 (KHTML, like Gecko) Chrome/135.0.0.0 Safari/537.36"
57.141.2.1 - - [06/Nov/2025:23:20:59 +0000] "GET /product=5707371.html HTTP/2" 404 206891 "-" "meta-externalagent/1.1 (+https://developers.facebook.com/docs/sharing/webmasters/crawler)"
204.197.172.10 - - [06/Nov/2025:23:22:22 +0000] "POST /wp-cron.php?doing_wp_cron=1762471342.1246500015258789062500 HTTP/1.1" 200 0 "-" "WordPress/6.8.3; https://deenzalifestyle.com"
66.249.77.101 - - [06/Nov/2025:23:22:21 +0000] "GET /product=3433947.html HTTP/1.1" 404 37387 "-" "Mozilla/5.0 (compatible; Googlebot/2.1; +http://www.google.com/bot.html)"
204.197.172.10 - - [06/Nov/2025:23:23:29 +0000] "POST /wp-cron.php?doing_wp_cron=1762471409.4066870212554931640625 HTTP/1.1" 200 0 "-" "WordPress/6.8.3; https://deenzalifestyle.com"
57.141.2.23 - - [06/Nov/2025:23:23:29 +0000] "GET /product=1830832.html HTTP/2" 404 206892 "-" "meta-externalagent/1.1 (+https://developers.facebook.com/docs/sharing/webmasters/crawler)"
204.197.172.10 - - [06/Nov/2025:23:25:55 +0000] "POST /wp-cron.php?doing_wp_cron=1762471555.4346048831939697265625 HTTP/1.1" 200 0 "-" "WordPress/6.8.3; https://deenzalifestyle.com"
57.141.2.77 - - [06/Nov/2025:23:25:54 +0000] "GET /product=2400586.html HTTP/2" 404 206892 "-" "meta-externalagent/1.1 (+https://developers.facebook.com/docs/sharing/webmasters/crawler)"
57.141.2.11 - - [06/Nov/2025:23:26:21 +0000] "GET /product=3742175.html HTTP/2" 404 206892 "-" "meta-externalagent/1.1 (+https://developers.facebook.com/docs/sharing/webmasters/crawler)"
204.197.172.10 - - [06/Nov/2025:23:27:04 +0000] "POST /wp-cron.php?doing_wp_cron=1762471624.8448350429534912109375 HTTP/1.1" 200 0 "-" "WordPress/6.8.3; https://deenzalifestyle.com"
57.141.2.61 - - [06/Nov/2025:23:27:04 +0000] "GET /product=2557987.html HTTP/2" 404 206892 "-" "meta-externalagent/1.1 (+https://developers.facebook.com/docs/sharing/webmasters/crawler)"
57.141.2.38 - - [06/Nov/2025:23:27:32 +0000] "GET /product=2438140.html HTTP/2" 404 206892 "-" "meta-externalagent/1.1 (+https://developers.facebook.com/docs/sharing/webmasters/crawler)"
204.197.172.10 - - [06/Nov/2025:23:27:38 +0000] "POST /wp-cron.php?doing_wp_cron=1762471658.2678699493408203125000 HTTP/1.1" 200 0 "-" "WordPress/6.8.3; https://deenzalifestyle.com"
69.171.251.10 - - [06/Nov/2025:23:27:38 +0000] "GET /step/2?fbclid=IwZXh0bgNhZW0CMTEAc3J0YwZhcHBfaWQMMjU2MjgxMDQwNTU4AAEeONJtv9JiMYKFlheu-0obFrX426DxxT9o_tRMewcScYR87cuiVARbDsyfk6M_aem_GN2fMxF_HZRjV6QG8azsjQ HTTP/2" 301 0 "https://www.facebook.com/" "meta-externalads/1.1 (+https://developers.facebook.com/docs/sharing/webmasters/crawler)"
69.171.251.10 - - [06/Nov/2025:23:27:38 +0000] "GET /step/2/?fbclid=IwZXh0bgNhZW0CMTEAc3J0YwZhcHBfaWQMMjU2MjgxMDQwNTU4AAEeONJtv9JiMYKFlheu-0obFrX426DxxT9o_tRMewcScYR87cuiVARbDsyfk6M_aem_GN2fMxF_HZRjV6QG8azsjQ HTTP/2" 200 51041 "https://www.facebook.com/" "meta-externalads/1.1 (+https://developers.facebook.com/docs/sharing/webmasters/crawler)"
69.171.251.112 - - [06/Nov/2025:23:27:39 +0000] "GET /wp-content/plugins/header-footer-elementor/inc/widgets-css/woo-products.css?ver=2.6.1 HTTP/2" 200 987 "https://deenzalifestyle.com/step/2/?fbclid=IwZXh0bgNhZW0CMTEAc3J0YwZhcHBfaWQMMjU2MjgxMDQwNTU4AAEeONJtv9JiMYKFlheu-0obFrX426DxxT9o_tRMewcScYR87cuiVARbDsyfk6M_aem_GN2fMxF_HZRjV6QG8azsjQ" "meta-externalads/1.1 (+https://developers.facebook.com/docs/sharing/webmasters/crawler)"
69.171.251.112 - - [06/Nov/2025:23:27:39 +0000] "GET /wp-content/plugins/th-advance-product-search/build/style-th-advance-product-search.css?ver=1757999558 HTTP/2" 200 556 "https://deenzalifestyle.com/step/2/?fbclid=IwZXh0bgNhZW0CMTEAc3J0YwZhcHBfaWQMMjU2MjgxMDQwNTU4AAEeONJtv9JiMYKFlheu-0obFrX426DxxT9o_tRMewcScYR87cuiVARbDsyfk6M_aem_GN2fMxF_HZRjV6QG8azsjQ" "meta-externalads/1.1 (+https://developers.facebook.com/docs/sharing/webmasters/crawler)"
69.171.251.112 - - [06/Nov/2025:23:27:39 +0000] "GET /wp-content/plugins/header-footer-elementor/inc/widgets-css/frontend.css?ver=2.6.1 HTTP/2" 200 8270 "https://deenzalifestyle.com/step/2/?fbclid=IwZXh0bgNhZW0CMTEAc3J0YwZhcHBfaWQMMjU2MjgxMDQwNTU4AAEeONJtv9JiMYKFlheu-0obFrX426DxxT9o_tRMewcScYR87cuiVARbDsyfk6M_aem_GN2fMxF_HZRjV6QG8azsjQ" "meta-externalads/1.1 (+https://developers.facebook.com/docs/sharing/webmasters/crawler)"
69.171.251.10 - - [06/Nov/2025:23:27:39 +0000] "GET /wp-content/plugins/th-advance-product-search/th-icon/style.css?ver=6.8.3 HTTP/2" 200 953 "https://deenzalifestyle.com/step/2/?fbclid=IwZXh0bgNhZW0CMTEAc3J0YwZhcHBfaWQMMjU2MjgxMDQwNTU4AAEeONJtv9JiMYKFlheu-0obFrX426DxxT9o_tRMewcScYR87cuiVARbDsyfk6M_aem_GN2fMxF_HZRjV6QG8azsjQ" "meta-externalads/1.1 (+https://developers.facebook.com/docs/sharing/webmasters/crawler)"
69.171.251.10 - - [06/Nov/2025:23:27:39 +0000] "GET /wp-content/plugins/woolentor-addons/woolentor-blocks/assets/css/common-style.css?ver=3.2.5 HTTP/2" 200 591 "https://deenzalifestyle.com/step/2/?fbclid=IwZXh0bgNhZW0CMTEAc3J0YwZhcHBfaWQMMjU2MjgxMDQwNTU4AAEeONJtv9JiMYKFlheu-0obFrX426DxxT9o_tRMewcScYR87cuiVARbDsyfk6M_aem_GN2fMxF_HZRjV6QG8azsjQ" "meta-externalads/1.1 (+https://developers.facebook.com/docs/sharing/webmasters/crawler)"
69.171.251.10 - - [06/Nov/2025:23:27:39 +0000] "GET /wp-content/plugins/woolentor-addons/woolentor-blocks/assets/css/style-index.css?ver=3.2.5 HTTP/2" 200 3111 "https://deenzalifestyle.com/step/2/?fbclid=IwZXh0bgNhZW0CMTEAc3J0YwZhcHBfaWQMMjU2MjgxMDQwNTU4AAEeONJtv9JiMYKFlheu-0obFrX426DxxT9o_tRMewcScYR87cuiVARbDsyfk6M_aem_GN2fMxF_HZRjV6QG8azsjQ" "meta-externalads/1.1 (+https://developers.facebook.com/docs/sharing/webmasters/crawler)"
69.171.251.112 - - [06/Nov/2025:23:27:39 +0000] "GET /wp-content/plugins/cartflows/modules/gutenberg/build/style-blocks.css?ver=2.1.16 HTTP/2" 200 295 "https://deenzalifestyle.com/step/2/?fbclid=IwZXh0bgNhZW0CMTEAc3J0YwZhcHBfaWQMMjU2MjgxMDQwNTU4AAEeONJtv9JiMYKFlheu-0obFrX426DxxT9o_tRMewcScYR87cuiVARbDsyfk6M_aem_GN2fMxF_HZRjV6QG8azsjQ" "meta-externalads/1.1 (+https://developers.facebook.com/docs/sharing/webmasters/crawler)"
69.171.251.112 - - [06/Nov/2025:23:27:39 +0000] "GET /wp-content/plugins/cartflows-pro/modules/gutenberg/build/style-blocks.css?ver=2.1.7 HTTP/2" 200 401 "https://deenzalifestyle.com/step/2/?fbclid=IwZXh0bgNhZW0CMTEAc3J0YwZhcHBfaWQMMjU2MjgxMDQwNTU4AAEeONJtv9JiMYKFlheu-0obFrX426DxxT9o_tRMewcScYR87cuiVARbDsyfk6M_aem_GN2fMxF_HZRjV6QG8azsjQ" "meta-externalads/1.1 (+https://developers.facebook.com/docs/sharing/webmasters/crawler)"
69.171.251.112 - - [06/Nov/2025:23:27:39 +0000] "GET /wp-content/plugins/bkash/css/style.css?ver=6.8.3 HTTP/2" 200 171 "https://deenzalifestyle.com/step/2/?fbclid=IwZXh0bgNhZW0CMTEAc3J0YwZhcHBfaWQMMjU2MjgxMDQwNTU4AAEeONJtv9JiMYKFlheu-0obFrX426DxxT9o_tRMewcScYR87cuiVARbDsyfk6M_aem_GN2fMxF_HZRjV6QG8azsjQ" "meta-externalads/1.1 (+https://developers.facebook.com/docs/sharing/webmasters/crawler)"
69.171.251.112 - - [06/Nov/2025:23:27:39 +0000] "GET /wp-content/plugins/woo-conditional-product-fees-for-checkout/public/css/woocommerce-conditional-product-fees-for-checkout-public.css?ver=4.3.2 HTTP/2" 200 2066 "https://deenzalifestyle.com/step/2/?fbclid=IwZXh0bgNhZW0CMTEAc3J0YwZhcHBfaWQMMjU2MjgxMDQwNTU4AAEeONJtv9JiMYKFlheu-0obFrX426DxxT9o_tRMewcScYR87cuiVARbDsyfk6M_aem_GN2fMxF_HZRjV6QG8azsjQ" "meta-externalads/1.1 (+https://developers.facebook.com/docs/sharing/webmasters/crawler)"
69.171.251.112 - - [06/Nov/2025:23:27:39 +0000] "GET /wp-content/plugins/woo-conditional-product-fees-for-checkout/admin/css/font-awesome.min.css?ver=4.3.2 HTTP/2" 200 6281 "https://deenzalifestyle.com/step/2/?fbclid=IwZXh0bgNhZW0CMTEAc3J0YwZhcHBfaWQMMjU2MjgxMDQwNTU4AAEeONJtv9JiMYKFlheu-0obFrX426DxxT9o_tRMewcScYR87cuiVARbDsyfk6M_aem_GN2fMxF_HZRjV6QG8azsjQ" "meta-externalads/1.1 (+https://developers.facebook.com/docs/sharing/webmasters/crawler)"
69.171.251.112 - - [06/Nov/2025:23:27:39 +0000] "GET /wp-content/plugins/woocommerce/assets/css/select2.css?ver=10.3.3 HTTP/2" 200 1737 "https://deenzalifestyle.com/step/2/?fbclid=IwZXh0bgNhZW0CMTEAc3J0YwZhcHBfaWQMMjU2MjgxMDQwNTU4AAEeONJtv9JiMYKFlheu-0obFrX426DxxT9o_tRMewcScYR87cuiVARbDsyfk6M_aem_GN2fMxF_HZRjV6QG8azsjQ" "meta-externalads/1.1 (+https://developers.facebook.com/docs/sharing/webmasters/crawler)"
69.171.251.112 - - [06/Nov/2025:23:27:39 +0000] "GET /wp-content/plugins/woocommerce/assets/css/woocommerce-layout.css?ver=10.3.3 HTTP/2" 200 3160 "https://deenzalifestyle.com/step/2/?fbclid=IwZXh0bgNhZW0CMTEAc3J0YwZhcHBfaWQMMjU2MjgxMDQwNTU4AAEeONJtv9JiMYKFlheu-0obFrX426DxxT9o_tRMewcScYR87cuiVARbDsyfk6M_aem_GN2fMxF_HZRjV6QG8azsjQ" "meta-externalads/1.1 (+https://developers.facebook.com/docs/sharing/webmasters/crawler)"
69.171.251.10 - - [06/Nov/2025:23:27:39 +0000] "GET /wp-content/plugins/woocommerce/assets/css/woocommerce.css?ver=10.3.3 HTTP/2" 200 10314 "https://deenzalifestyle.com/step/2/?fbclid=IwZXh0bgNhZW0CMTEAc3J0YwZhcHBfaWQMMjU2MjgxMDQwNTU4AAEeONJtv9JiMYKFlheu-0obFrX426DxxT9o_tRMewcScYR87cuiVARbDsyfk6M_aem_GN2fMxF_HZRjV6QG8azsjQ" "meta-externalads/1.1 (+https://developers.facebook.com/docs/sharing/webmasters/crawler)"
69.171.251.10 - - [06/Nov/2025:23:27:39 +0000] "GET /wp-content/plugins/elementor/assets/lib/font-awesome/css/font-awesome.min.css?ver=4.7.0 HTTP/2" 200 6657 "https://deenzalifestyle.com/step/2/?fbclid=IwZXh0bgNhZW0CMTEAc3J0YwZhcHBfaWQMMjU2MjgxMDQwNTU4AAEeONJtv9JiMYKFlheu-0obFrX426DxxT9o_tRMewcScYR87cuiVARbDsyfk6M_aem_GN2fMxF_HZRjV6QG8azsjQ" "meta-externalads/1.1 (+https://developers.facebook.com/docs/sharing/webmasters/crawler)"
69.171.251.10 - - [06/Nov/2025:23:27:39 +0000] "GET /wp-content/plugins/wp-bottom-menu/assets/css/style.css?ver=2.2.4 HTTP/2" 200 939 "https://deenzalifestyle.com/step/2/?fbclid=IwZXh0bgNhZW0CMTEAc3J0YwZhcHBfaWQMMjU2MjgxMDQwNTU4AAEeONJtv9JiMYKFlheu-0obFrX426DxxT9o_tRMewcScYR87cuiVARbDsyfk6M_aem_GN2fMxF_HZRjV6QG8azsjQ" "meta-externalads/1.1 (+https://developers.facebook.com/docs/sharing/webmasters/crawler)"
69.171.251.112 - - [06/Nov/2025:23:27:39 +0000] "GET /wp-content/plugins/header-footer-elementor/assets/css/header-footer-elementor.css?ver=2.6.1 HTTP/2" 200 259 "https://deenzalifestyle.com/step/2/?fbclid=IwZXh0bgNhZW0CMTEAc3J0YwZhcHBfaWQMMjU2MjgxMDQwNTU4AAEeONJtv9JiMYKFlheu-0obFrX426DxxT9o_tRMewcScYR87cuiVARbDsyfk6M_aem_GN2fMxF_HZRjV6QG8azsjQ" "meta-externalads/1.1 (+https://developers.facebook.com/docs/sharing/webmasters/crawler)"
69.171.251.112 - - [06/Nov/2025:23:27:39 +0000] "GET /wp-content/plugins/elementor/assets/css/frontend.min.css?ver=3.32.5 HTTP/2" 200 6537 "https://deenzalifestyle.com/step/2/?fbclid=IwZXh0bgNhZW0CMTEAc3J0YwZhcHBfaWQMMjU2MjgxMDQwNTU4AAEeONJtv9JiMYKFlheu-0obFrX426DxxT9o_tRMewcScYR87cuiVARbDsyfk6M_aem_GN2fMxF_HZRjV6QG8azsjQ" "meta-externalads/1.1 (+https://developers.facebook.com/docs/sharing/webmasters/crawler)"
69.171.251.112 - - [06/Nov/2025:23:27:39 +0000] "GET /wp-content/uploads/elementor/css/post-6.css?ver=1762334317 HTTP/2" 200 380 "https://deenzalifestyle.com/step/2/?fbclid=IwZXh0bgNhZW0CMTEAc3J0YwZhcHBfaWQMMjU2MjgxMDQwNTU4AAEeONJtv9JiMYKFlheu-0obFrX426DxxT9o_tRMewcScYR87cuiVARbDsyfk6M_aem_GN2fMxF_HZRjV6QG8azsjQ" "meta-externalads/1.1 (+https://developers.facebook.com/docs/sharing/webmasters/crawler)"
69.171.251.112 - - [06/Nov/2025:23:27:39 +0000] "GET /wp-content/plugins/elementor/assets/lib/font-awesome/css/all.min.css?ver=3.32.5 HTTP/2" 200 12380 "https://deenzalifestyle.com/step/2/?fbclid=IwZXh0bgNhZW0CMTEAc3J0YwZhcHBfaWQMMjU2MjgxMDQwNTU4AAEeONJtv9JiMYKFlheu-0obFrX426DxxT9o_tRMewcScYR87cuiVARbDsyfk6M_aem_GN2fMxF_HZRjV6QG8azsjQ" "meta-externalads/1.1 (+https://developers.facebook.com/docs/sharing/webmasters/crawler)"
69.171.251.112 - - [06/Nov/2025:23:27:40 +0000] "GET /wp-content/plugins/elementor/assets/lib/font-awesome/css/v4-shims.min.css?ver=3.32.5 HTTP/2" 200 3987 "https://deenzalifestyle.com/step/2/?fbclid=IwZXh0bgNhZW0CMTEAc3J0YwZhcHBfaWQMMjU2MjgxMDQwNTU4AAEeONJtv9JiMYKFlheu-0obFrX426DxxT9o_tRMewcScYR87cuiVARbDsyfk6M_aem_GN2fMxF_HZRjV6QG8azsjQ" "meta-externalads/1.1 (+https://developers.facebook.com/docs/sharing/webmasters/crawler)"
69.171.251.112 - - [06/Nov/2025:23:27:40 +0000] "GET /wp-content/plugins/elementor/assets/css/widget-image.min.css?ver=3.32.5 HTTP/2" 200 119 "https://deenzalifestyle.com/step/2/?fbclid=IwZXh0bgNhZW0CMTEAc3J0YwZhcHBfaWQMMjU2MjgxMDQwNTU4AAEeONJtv9JiMYKFlheu-0obFrX426DxxT9o_tRMewcScYR87cuiVARbDsyfk6M_aem_GN2fMxF_HZRjV6QG8azsjQ" "meta-externalads/1.1 (+https://developers.facebook.com/docs/sharing/webmasters/crawler)"
69.171.251.112 - - [06/Nov/2025:23:27:40 +0000] "GET /wp-content/plugins/elementor/assets/css/widget-heading.min.css?ver=3.32.5 HTTP/2" 200 154 "https://deenzalifestyle.com/step/2/?fbclid=IwZXh0bgNhZW0CMTEAc3J0YwZhcHBfaWQMMjU2MjgxMDQwNTU4AAEeONJtv9JiMYKFlheu-0obFrX426DxxT9o_tRMewcScYR87cuiVARbDsyfk6M_aem_GN2fMxF_HZRjV6QG8azsjQ" "meta-externalads/1.1 (+https://developers.facebook.com/docs/sharing/webmasters/crawler)"
69.171.251.10 - - [06/Nov/2025:23:27:40 +0000] "GET /wp-content/plugins/elementor/assets/lib/animations/styles/e-animation-pulse-grow.min.css?ver=3.32.5 HTTP/2" 200 155 "https://deenzalifestyle.com/step/2/?fbclid=IwZXh0bgNhZW0CMTEAc3J0YwZhcHBfaWQMMjU2MjgxMDQwNTU4AAEeONJtv9JiMYKFlheu-0obFrX426DxxT9o_tRMewcScYR87cuiVARbDsyfk6M_aem_GN2fMxF_HZRjV6QG8azsjQ" "meta-externalads/1.1 (+https://developers.facebook.com/docs/sharing/webmasters/crawler)"
69.171.251.10 - - [06/Nov/2025:23:27:40 +0000] "GET /wp-content/plugins/elementor/assets/css/widget-video.min.css?ver=3.32.5 HTTP/2" 200 354 "https://deenzalifestyle.com/step/2/?fbclid=IwZXh0bgNhZW0CMTEAc3J0YwZhcHBfaWQMMjU2MjgxMDQwNTU4AAEeONJtv9JiMYKFlheu-0obFrX426DxxT9o_tRMewcScYR87cuiVARbDsyfk6M_aem_GN2fMxF_HZRjV6QG8azsjQ" "meta-externalads/1.1 (+https://developers.facebook.com/docs/sharing/webmasters/crawler)"
69.171.251.10 - - [06/Nov/2025:23:27:40 +0000] "GET /wp-content/plugins/elementor/assets/css/widget-icon-list.min.css?ver=3.32.5 HTTP/2" 200 961 "https://deenzalifestyle.com/step/2/?fbclid=IwZXh0bgNhZW0CMTEAc3J0YwZhcHBfaWQMMjU2MjgxMDQwNTU4AAEeONJtv9JiMYKFlheu-0obFrX426DxxT9o_tRMewcScYR87cuiVARbDsyfk6M_aem_GN2fMxF_HZRjV6QG8azsjQ" "meta-externalads/1.1 (+https://developers.facebook.com/docs/sharing/webmasters/crawler)"
69.171.251.112 - - [06/Nov/2025:23:27:40 +0000] "GET /wp-content/plugins/elementor/assets/lib/animations/styles/e-animation-hang.min.css?ver=3.32.5 HTTP/2" 200 217 "https://deenzalifestyle.com/step/2/?fbclid=IwZXh0bgNhZW0CMTEAc3J0YwZhcHBfaWQMMjU2MjgxMDQwNTU4AAEeONJtv9JiMYKFlheu-0obFrX426DxxT9o_tRMewcScYR87cuiVARbDsyfk6M_aem_GN2fMxF_HZRjV6QG8azsjQ" "meta-externalads/1.1 (+https://developers.facebook.com/docs/sharing/webmasters/crawler)"
69.171.251.112 - - [06/Nov/2025:23:27:40 +0000] "GET /wp-content/plugins/elementor/assets/lib/swiper/v8/css/swiper.min.css?ver=8.4.5 HTTP/2" 200 4248 "https://deenzalifestyle.com/step/2/?fbclid=IwZXh0bgNhZW0CMTEAc3J0YwZhcHBfaWQMMjU2MjgxMDQwNTU4AAEeONJtv9JiMYKFlheu-0obFrX426DxxT9o_tRMewcScYR87cuiVARbDsyfk6M_aem_GN2fMxF_HZRjV6QG8azsjQ" "meta-externalads/1.1 (+https://developers.facebook.com/docs/sharing/webmasters/crawler)"
69.171.251.112 - - [06/Nov/2025:23:27:40 +0000] "GET /wp-content/plugins/elementor/assets/css/conditionals/e-swiper.min.css?ver=3.32.5 HTTP/2" 200 699 "https://deenzalifestyle.com/step/2/?fbclid=IwZXh0bgNhZW0CMTEAc3J0YwZhcHBfaWQMMjU2MjgxMDQwNTU4AAEeONJtv9JiMYKFlheu-0obFrX426DxxT9o_tRMewcScYR87cuiVARbDsyfk6M_aem_GN2fMxF_HZRjV6QG8azsjQ" "meta-externalads/1.1 (+https://developers.facebook.com/docs/sharing/webmasters/crawler)"
69.171.251.112 - - [06/Nov/2025:23:27:40 +0000] "GET /wp-content/uploads/elementor/css/post-938.css?ver=1762344912 HTTP/2" 200 2826 "https://deenzalifestyle.com/step/2/?fbclid=IwZXh0bgNhZW0CMTEAc3J0YwZhcHBfaWQMMjU2MjgxMDQwNTU4AAEeONJtv9JiMYKFlheu-0obFrX426DxxT9o_tRMewcScYR87cuiVARbDsyfk6M_aem_GN2fMxF_HZRjV6QG8azsjQ" "meta-externalads/1.1 (+https://developers.facebook.com/docs/sharing/webmasters/crawler)"
69.171.251.112 - - [06/Nov/2025:23:27:40 +0000] "GET /wp-content/uploads/elementor/css/post-25.css?ver=1762334317 HTTP/2" 200 2226 "https://deenzalifestyle.com/step/2/?fbclid=IwZXh0bgNhZW0CMTEAc3J0YwZhcHBfaWQMMjU2MjgxMDQwNTU4AAEeONJtv9JiMYKFlheu-0obFrX426DxxT9o_tRMewcScYR87cuiVARbDsyfk6M_aem_GN2fMxF_HZRjV6QG8azsjQ" "meta-externalads/1.1 (+https://developers.facebook.com/docs/sharing/webmasters/crawler)"
69.171.251.112 - - [06/Nov/2025:23:27:40 +0000] "GET /wp-content/plugins/woolentor-addons/assets/css/product-grid/modern.css?ver=3.2.5 HTTP/2" 200 5920 "https://deenzalifestyle.com/step/2/?fbclid=IwZXh0bgNhZW0CMTEAc3J0YwZhcHBfaWQMMjU2MjgxMDQwNTU4AAEeONJtv9JiMYKFlheu-0obFrX426DxxT9o_tRMewcScYR87cuiVARbDsyfk6M_aem_GN2fMxF_HZRjV6QG8azsjQ" "meta-externalads/1.1 (+https://developers.facebook.com/docs/sharing/webmasters/crawler)"
69.171.251.112 - - [06/Nov/2025:23:27:40 +0000] "GET /wp-content/plugins/cartflows/modules/elementor/widgets-css/frontend.css?ver=2.1.16 HTTP/2" 200 623 "https://deenzalifestyle.com/step/2/?fbclid=IwZXh0bgNhZW0CMTEAc3J0YwZhcHBfaWQMMjU2MjgxMDQwNTU4AAEeONJtv9JiMYKFlheu-0obFrX426DxxT9o_tRMewcScYR87cuiVARbDsyfk6M_aem_GN2fMxF_HZRjV6QG8azsjQ" "meta-externalads/1.1 (+https://developers.facebook.com/docs/sharing/webmasters/crawler)"
69.171.251.112 - - [06/Nov/2025:23:27:40 +0000] "GET /wp-content/plugins/cartflows-pro/modules/elementor/widgets-css/frontend.css?ver=2.1.7 HTTP/2" 200 663 "https://deenzalifestyle.com/step/2/?fbclid=IwZXh0bgNhZW0CMTEAc3J0YwZhcHBfaWQMMjU2MjgxMDQwNTU4AAEeONJtv9JiMYKFlheu-0obFrX426DxxT9o_tRMewcScYR87cuiVARbDsyfk6M_aem_GN2fMxF_HZRjV6QG8azsjQ" "meta-externalads/1.1 (+https://developers.facebook.com/docs/sharing/webmasters/crawler)"
69.171.251.112 - - [06/Nov/2025:23:27:40 +0000] "GET /wp-content/uploads/elementor/css/post-77.css?ver=1762334317 HTTP/2" 200 950 "https://deenzalifestyle.com/step/2/?fbclid=IwZXh0bgNhZW0CMTEAc3J0YwZhcHBfaWQMMjU2MjgxMDQwNTU4AAEeONJtv9JiMYKFlheu-0obFrX426DxxT9o_tRMewcScYR87cuiVARbDsyfk6M_aem_GN2fMxF_HZRjV6QG8azsjQ" "meta-externalads/1.1 (+https://developers.facebook.com/docs/sharing/webmasters/crawler)"
69.171.251.112 - - [06/Nov/2025:23:27:40 +0000] "GET /wp-content/plugins/woo-variation-swatches/assets/css/frontend.min.css?ver=1757953354 HTTP/2" 200 4299 "https://deenzalifestyle.com/step/2/?fbclid=IwZXh0bgNhZW0CMTEAc3J0YwZhcHBfaWQMMjU2MjgxMDQwNTU4AAEeONJtv9JiMYKFlheu-0obFrX426DxxT9o_tRMewcScYR87cuiVARbDsyfk6M_aem_GN2fMxF_HZRjV6QG8azsjQ" "meta-externalads/1.1 (+https://developers.facebook.com/docs/sharing/webmasters/crawler)"
69.171.251.112 - - [06/Nov/2025:23:27:40 +0000] "GET /wp-content/plugins/woolentor-addons/assets/css/simple-line-icons.css?ver=3.2.5 HTTP/2" 200 1884 "https://deenzalifestyle.com/step/2/?fbclid=IwZXh0bgNhZW0CMTEAc3J0YwZhcHBfaWQMMjU2MjgxMDQwNTU4AAEeONJtv9JiMYKFlheu-0obFrX426DxxT9o_tRMewcScYR87cuiVARbDsyfk6M_aem_GN2fMxF_HZRjV6QG8azsjQ" "meta-externalads/1.1 (+https://developers.facebook.com/docs/sharing/webmasters/crawler)"
69.171.251.112 - - [06/Nov/2025:23:27:40 +0000] "GET /wp-content/plugins/woolentor-addons/assets/css/htflexboxgrid.css?ver=3.2.5 HTTP/2" 200 1643 "https://deenzalifestyle.com/step/2/?fbclid=IwZXh0bgNhZW0CMTEAc3J0YwZhcHBfaWQMMjU2MjgxMDQwNTU4AAEeONJtv9JiMYKFlheu-0obFrX426DxxT9o_tRMewcScYR87cuiVARbDsyfk6M_aem_GN2fMxF_HZRjV6QG8azsjQ" "meta-externalads/1.1 (+https://developers.facebook.com/docs/sharing/webmasters/crawler)"
69.171.251.112 - - [06/Nov/2025:23:27:40 +0000] "GET /wp-content/plugins/woolentor-addons/assets/css/slick.css?ver=3.2.5 HTTP/2" 200 543 "https://deenzalifestyle.com/step/2/?fbclid=IwZXh0bgNhZW0CMTEAc3J0YwZhcHBfaWQMMjU2MjgxMDQwNTU4AAEeONJtv9JiMYKFlheu-0obFrX426DxxT9o_tRMewcScYR87cuiVARbDsyfk6M_aem_GN2fMxF_HZRjV6QG8azsjQ" "meta-externalads/1.1 (+https://developers.facebook.com/docs/sharing/webmasters/crawler)"
69.171.251.112 - - [06/Nov/2025:23:27:40 +0000] "GET /wp-content/plugins/woolentor-addons/assets/css/woolentor-widgets.css?ver=3.2.5 HTTP/2" 200 20674 "https://deenzalifestyle.com/step/2/?fbclid=IwZXh0bgNhZW0CMTEAc3J0YwZhcHBfaWQMMjU2MjgxMDQwNTU4AAEeONJtv9JiMYKFlheu-0obFrX426DxxT9o_tRMewcScYR87cuiVARbDsyfk6M_aem_GN2fMxF_HZRjV6QG8azsjQ" "meta-externalads/1.1 (+https://developers.facebook.com/docs/sharing/webmasters/crawler)"
69.171.251.112 - - [06/Nov/2025:23:27:40 +0000] "GET /wp-content/plugins/woolentor-addons/includes/modules/quickview/assets/css/frontend.css?ver=3.2.5 HTTP/2" 200 1600 "https://deenzalifestyle.com/step/2/?fbclid=IwZXh0bgNhZW0CMTEAc3J0YwZhcHBfaWQMMjU2MjgxMDQwNTU4AAEeONJtv9JiMYKFlheu-0obFrX426DxxT9o_tRMewcScYR87cuiVARbDsyfk6M_aem_GN2fMxF_HZRjV6QG8azsjQ" "meta-externalads/1.1 (+https://developers.facebook.com/docs/sharing/webmasters/crawler)"
69.171.251.112 - - [06/Nov/2025:23:27:40 +0000] "GET /wp-content/plugins/woocommerce/assets/css/brands.css?ver=10.3.3 HTTP/2" 200 579 "https://deenzalifestyle.com/step/2/?fbclid=IwZXh0bgNhZW0CMTEAc3J0YwZhcHBfaWQMMjU2MjgxMDQwNTU4AAEeONJtv9JiMYKFlheu-0obFrX426DxxT9o_tRMewcScYR87cuiVARbDsyfk6M_aem_GN2fMxF_HZRjV6QG8azsjQ" "meta-externalads/1.1 (+https://developers.facebook.com/docs/sharing/webmasters/crawler)"
69.171.251.112 - - [06/Nov/2025:23:27:40 +0000] "GET /wp-content/plugins/woo-checkout-field-editor-pro/public/assets/css/thwcfd-public.min.css?ver=2.1.5 HTTP/2" 200 209 "https://deenzalifestyle.com/step/2/?fbclid=IwZXh0bgNhZW0CMTEAc3J0YwZhcHBfaWQMMjU2MjgxMDQwNTU4AAEeONJtv9JiMYKFlheu-0obFrX426DxxT9o_tRMewcScYR87cuiVARbDsyfk6M_aem_GN2fMxF_HZRjV6QG8azsjQ" "meta-externalads/1.1 (+https://developers.facebook.com/docs/sharing/webmasters/crawler)"
69.171.251.112 - - [06/Nov/2025:23:27:40 +0000] "GET /wp-content/plugins/th-advance-product-search/th-icon/style.css?ver=1.3.1 HTTP/2" 200 953 "https://deenzalifestyle.com/step/2/?fbclid=IwZXh0bgNhZW0CMTEAc3J0YwZhcHBfaWQMMjU2MjgxMDQwNTU4AAEeONJtv9JiMYKFlheu-0obFrX426DxxT9o_tRMewcScYR87cuiVARbDsyfk6M_aem_GN2fMxF_HZRjV6QG8azsjQ" "meta-externalads/1.1 (+https://developers.facebook.com/docs/sharing/webmasters/crawler)"
69.171.251.112 - - [06/Nov/2025:23:27:41 +0000] "GET /wp-content/plugins/th-advance-product-search/assets/css/thaps-front-style.css?ver=1.3.1 HTTP/2" 200 1531 "https://deenzalifestyle.com/step/2/?fbclid=IwZXh0bgNhZW0CMTEAc3J0YwZhcHBfaWQMMjU2MjgxMDQwNTU4AAEeONJtv9JiMYKFlheu-0obFrX426DxxT9o_tRMewcScYR87cuiVARbDsyfk6M_aem_GN2fMxF_HZRjV6QG8azsjQ" "meta-externalads/1.1 (+https://developers.facebook.com/docs/sharing/webmasters/crawler)"
69.171.251.112 - - [06/Nov/2025:23:27:41 +0000] "GET /wp-content/plugins/elementor/assets/css/widget-icon-list.min.css?ver=3.24.3 HTTP/2" 200 961 "https://deenzalifestyle.com/step/2/?fbclid=IwZXh0bgNhZW0CMTEAc3J0YwZhcHBfaWQMMjU2MjgxMDQwNTU4AAEeONJtv9JiMYKFlheu-0obFrX426DxxT9o_tRMewcScYR87cuiVARbDsyfk6M_aem_GN2fMxF_HZRjV6QG8azsjQ" "meta-externalads/1.1 (+https://developers.facebook.com/docs/sharing/webmasters/crawler)"
69.171.251.112 - - [06/Nov/2025:23:27:41 +0000] "GET /wp-content/plugins/elementor/assets/css/widget-social-icons.min.css?ver=3.24.0 HTTP/2" 200 1069 "https://deenzalifestyle.com/step/2/?fbclid=IwZXh0bgNhZW0CMTEAc3J0YwZhcHBfaWQMMjU2MjgxMDQwNTU4AAEeONJtv9JiMYKFlheu-0obFrX426DxxT9o_tRMewcScYR87cuiVARbDsyfk6M_aem_GN2fMxF_HZRjV6QG8azsjQ" "meta-externalads/1.1 (+https://developers.facebook.com/docs/sharing/webmasters/crawler)"
69.171.251.112 - - [06/Nov/2025:23:27:41 +0000] "GET /wp-content/plugins/elementor/assets/lib/eicons/css/elementor-icons.min.css?ver=5.34.0 HTTP/2" 200 3997 "https://deenzalifestyle.com/step/2/?fbclid=IwZXh0bgNhZW0CMTEAc3J0YwZhcHBfaWQMMjU2MjgxMDQwNTU4AAEeONJtv9JiMYKFlheu-0obFrX426DxxT9o_tRMewcScYR87cuiVARbDsyfk6M_aem_GN2fMxF_HZRjV6QG8azsjQ" "meta-externalads/1.1 (+https://developers.facebook.com/docs/sharing/webmasters/crawler)"
69.171.251.112 - - [06/Nov/2025:23:27:41 +0000] "GET /wp-content/plugins/elementor/assets/lib/font-awesome/css/fontawesome.css?ver=5.15.3 HTTP/2" 200 12526 "https://deenzalifestyle.com/step/2/?fbclid=IwZXh0bgNhZW0CMTEAc3J0YwZhcHBfaWQMMjU2MjgxMDQwNTU4AAEeONJtv9JiMYKFlheu-0obFrX426DxxT9o_tRMewcScYR87cuiVARbDsyfk6M_aem_GN2fMxF_HZRjV6QG8azsjQ" "meta-externalads/1.1 (+https://developers.facebook.com/docs/sharing/webmasters/crawler)"
69.171.251.112 - - [06/Nov/2025:23:27:41 +0000] "GET /wp-content/plugins/elementor/assets/lib/font-awesome/css/brands.css?ver=5.15.3 HTTP/2" 200 296 "https://deenzalifestyle.com/step/2/?fbclid=IwZXh0bgNhZW0CMTEAc3J0YwZhcHBfaWQMMjU2MjgxMDQwNTU4AAEeONJtv9JiMYKFlheu-0obFrX426DxxT9o_tRMewcScYR87cuiVARbDsyfk6M_aem_GN2fMxF_HZRjV6QG8azsjQ" "meta-externalads/1.1 (+https://developers.facebook.com/docs/sharing/webmasters/crawler)"
69.171.251.112 - - [06/Nov/2025:23:27:41 +0000] "GET /wp-content/plugins/elementor/assets/lib/font-awesome/css/solid.css?ver=5.15.3 HTTP/2" 200 296 "https://deenzalifestyle.com/step/2/?fbclid=IwZXh0bgNhZW0CMTEAc3J0YwZhcHBfaWQMMjU2MjgxMDQwNTU4AAEeONJtv9JiMYKFlheu-0obFrX426DxxT9o_tRMewcScYR87cuiVARbDsyfk6M_aem_GN2fMxF_HZRjV6QG8azsjQ" "meta-externalads/1.1 (+https://developers.facebook.com/docs/sharing/webmasters/crawler)"
69.171.251.112 - - [06/Nov/2025:23:27:41 +0000] "GET /wp-content/plugins/elementor-pro/assets/css/widget-mega-menu.min.css?ver=3.26.2 HTTP/2" 200 2690 "https://deenzalifestyle.com/step/2/?fbclid=IwZXh0bgNhZW0CMTEAc3J0YwZhcHBfaWQMMjU2MjgxMDQwNTU4AAEeONJtv9JiMYKFlheu-0obFrX426DxxT9o_tRMewcScYR87cuiVARbDsyfk6M_aem_GN2fMxF_HZRjV6QG8azsjQ" "meta-externalads/1.1 (+https://developers.facebook.com/docs/sharing/webmasters/crawler)"
69.171.251.112 - - [06/Nov/2025:23:27:41 +0000] "GET /wp-content/plugins/elementor-pro/assets/css/widget-blockquote.min.css?ver=3.25.0 HTTP/2" 200 970 "https://deenzalifestyle.com/step/2/?fbclid=IwZXh0bgNhZW0CMTEAc3J0YwZhcHBfaWQMMjU2MjgxMDQwNTU4AAEeONJtv9JiMYKFlheu-0obFrX426DxxT9o_tRMewcScYR87cuiVARbDsyfk6M_aem_GN2fMxF_HZRjV6QG8azsjQ" "meta-externalads/1.1 (+https://developers.facebook.com/docs/sharing/webmasters/crawler)"
69.171.251.112 - - [06/Nov/2025:23:27:41 +0000] "GET /wp-content/plugins/elementor-pro/assets/css/widget-nav-menu.min.css?ver=3.26.0 HTTP/2" 200 3244 "https://deenzalifestyle.com/step/2/?fbclid=IwZXh0bgNhZW0CMTEAc3J0YwZhcHBfaWQMMjU2MjgxMDQwNTU4AAEeONJtv9JiMYKFlheu-0obFrX426DxxT9o_tRMewcScYR87cuiVARbDsyfk6M_aem_GN2fMxF_HZRjV6QG8azsjQ" "meta-externalads/1.1 (+https://developers.facebook.com/docs/sharing/webmasters/crawler)"
69.171.251.112 - - [06/Nov/2025:23:27:41 +0000] "GET /wp-content/plugins/cartflows/assets/css/cartflows-normalize.css?ver=2.1.16 HTTP/2" 200 3052 "https://deenzalifestyle.com/step/2/?fbclid=IwZXh0bgNhZW0CMTEAc3J0YwZhcHBfaWQMMjU2MjgxMDQwNTU4AAEeONJtv9JiMYKFlheu-0obFrX426DxxT9o_tRMewcScYR87cuiVARbDsyfk6M_aem_GN2fMxF_HZRjV6QG8azsjQ" "meta-externalads/1.1 (+https://developers.facebook.com/docs/sharing/webmasters/crawler)"
69.171.251.112 - - [06/Nov/2025:23:27:41 +0000] "GET /wp-content/plugins/cartflows/assets/css/frontend.css?ver=2.1.16 HTTP/2" 200 2876 "https://deenzalifestyle.com/step/2/?fbclid=IwZXh0bgNhZW0CMTEAc3J0YwZhcHBfaWQMMjU2MjgxMDQwNTU4AAEeONJtv9JiMYKFlheu-0obFrX426DxxT9o_tRMewcScYR87cuiVARbDsyfk6M_aem_GN2fMxF_HZRjV6QG8azsjQ" "meta-externalads/1.1 (+https://developers.facebook.com/docs/sharing/webmasters/crawler)"
69.171.251.112 - - [06/Nov/2025:23:27:41 +0000] "GET /wp-content/plugins/cartflows-pro/assets/css/frontend.css?ver=2.1.7 HTTP/2" 200 2012 "https://deenzalifestyle.com/step/2/?fbclid=IwZXh0bgNhZW0CMTEAc3J0YwZhcHBfaWQMMjU2MjgxMDQwNTU4AAEeONJtv9JiMYKFlheu-0obFrX426DxxT9o_tRMewcScYR87cuiVARbDsyfk6M_aem_GN2fMxF_HZRjV6QG8azsjQ" "meta-externalads/1.1 (+https://developers.facebook.com/docs/sharing/webmasters/crawler)"
69.171.251.112 - - [06/Nov/2025:23:27:41 +0000] "GET /wp-content/plugins/cartflows/assets/css/checkout-template.css?ver=2.1.16 HTTP/2" 200 16105 "https://deenzalifestyle.com/step/2/?fbclid=IwZXh0bgNhZW0CMTEAc3J0YwZhcHBfaWQMMjU2MjgxMDQwNTU4AAEeONJtv9JiMYKFlheu-0obFrX426DxxT9o_tRMewcScYR87cuiVARbDsyfk6M_aem_GN2fMxF_HZRjV6QG8azsjQ" "meta-externalads/1.1 (+https://developers.facebook.com/docs/sharing/webmasters/crawler)"
69.171.251.112 - - [06/Nov/2025:23:27:41 +0000] "GET /wp-content/plugins/cartflows-pro/assets/css/checkout-styles.css?ver=2.1.7 HTTP/2" 200 13685 "https://deenzalifestyle.com/step/2/?fbclid=IwZXh0bgNhZW0CMTEAc3J0YwZhcHBfaWQMMjU2MjgxMDQwNTU4AAEeONJtv9JiMYKFlheu-0obFrX426DxxT9o_tRMewcScYR87cuiVARbDsyfk6M_aem_GN2fMxF_HZRjV6QG8azsjQ" "meta-externalads/1.1 (+https://developers.facebook.com/docs/sharing/webmasters/crawler)"
69.171.251.112 - - [06/Nov/2025:23:27:41 +0000] "GET /wp-content/plugins/cartflows-pro/assets/css/multistep-checkout.css?ver=2.1.7 HTTP/2" 200 1448 "https://deenzalifestyle.com/step/2/?fbclid=IwZXh0bgNhZW0CMTEAc3J0YwZhcHBfaWQMMjU2MjgxMDQwNTU4AAEeONJtv9JiMYKFlheu-0obFrX426DxxT9o_tRMewcScYR87cuiVARbDsyfk6M_aem_GN2fMxF_HZRjV6QG8azsjQ" "meta-externalads/1.1 (+https://developers.facebook.com/docs/sharing/webmasters/crawler)"
69.171.251.8 - - [06/Nov/2025:23:27:44 +0000] "GET /wp-includes/css/dashicons.min.css?ver=6.8.3 HTTP/2" 200 35110 "https://deenzalifestyle.com/step/2/?fbclid=IwZXh0bgNhZW0CMTEAc3J0YwZhcHBfaWQMMjU2MjgxMDQwNTU4AAEeONJtv9JiMYKFlheu-0obFrX426DxxT9o_tRMewcScYR87cuiVARbDsyfk6M_aem_GN2fMxF_HZRjV6QG8azsjQ" "meta-externalads/1.1 (+https://developers.facebook.com/docs/sharing/webmasters/crawler)"
69.171.251.8 - - [06/Nov/2025:23:27:44 +0000] "GET /wp-content/uploads/elementor/google-fonts/css/hindmadurai.css?ver=1756513364 HTTP/2" 200 516 "https://deenzalifestyle.com/step/2/?fbclid=IwZXh0bgNhZW0CMTEAc3J0YwZhcHBfaWQMMjU2MjgxMDQwNTU4AAEeONJtv9JiMYKFlheu-0obFrX426DxxT9o_tRMewcScYR87cuiVARbDsyfk6M_aem_GN2fMxF_HZRjV6QG8azsjQ" "meta-externalads/1.1 (+https://developers.facebook.com/docs/sharing/webmasters/crawler)"
69.171.251.8 - - [06/Nov/2025:23:27:44 +0000] "GET /wp-content/uploads/elementor/google-fonts/css/hindsiliguri.css?ver=1756513364 HTTP/2" 200 547 "https://deenzalifestyle.com/step/2/?fbclid=IwZXh0bgNhZW0CMTEAc3J0YwZhcHBfaWQMMjU2MjgxMDQwNTU4AAEeONJtv9JiMYKFlheu-0obFrX426DxxT9o_tRMewcScYR87cuiVARbDsyfk6M_aem_GN2fMxF_HZRjV6QG8azsjQ" "meta-externalads/1.1 (+https://developers.facebook.com/docs/sharing/webmasters/crawler)"
69.171.251.8 - - [06/Nov/2025:23:27:45 +0000] "GET /wp-content/uploads/elementor/google-fonts/css/roboto.css?ver=1751087316 HTTP/2" 200 1873 "https://deenzalifestyle.com/step/2/?fbclid=IwZXh0bgNhZW0CMTEAc3J0YwZhcHBfaWQMMjU2MjgxMDQwNTU4AAEeONJtv9JiMYKFlheu-0obFrX426DxxT9o_tRMewcScYR87cuiVARbDsyfk6M_aem_GN2fMxF_HZRjV6QG8azsjQ" "meta-externalads/1.1 (+https://developers.facebook.com/docs/sharing/webmasters/crawler)"
69.171.251.8 - - [06/Nov/2025:23:27:45 +0000] "GET /wp-content/uploads/elementor/google-fonts/css/hindguntur.css?ver=1756861774 HTTP/2" 200 525 "https://deenzalifestyle.com/step/2/?fbclid=IwZXh0bgNhZW0CMTEAc3J0YwZhcHBfaWQMMjU2MjgxMDQwNTU4AAEeONJtv9JiMYKFlheu-0obFrX426DxxT9o_tRMewcScYR87cuiVARbDsyfk6M_aem_GN2fMxF_HZRjV6QG8azsjQ" "meta-externalads/1.1 (+https://developers.facebook.com/docs/sharing/webmasters/crawler)"
69.171.251.8 - - [06/Nov/2025:23:27:45 +0000] "GET /wp-content/uploads/elementor/google-fonts/css/anekbangla.css?ver=1751090741 HTTP/2" 200 520 "https://deenzalifestyle.com/step/2/?fbclid=IwZXh0bgNhZW0CMTEAc3J0YwZhcHBfaWQMMjU2MjgxMDQwNTU4AAEeONJtv9JiMYKFlheu-0obFrX426DxxT9o_tRMewcScYR87cuiVARbDsyfk6M_aem_GN2fMxF_HZRjV6QG8azsjQ" "meta-externalads/1.1 (+https://developers.facebook.com/docs/sharing/webmasters/crawler)"
69.171.251.8 - - [06/Nov/2025:23:27:45 +0000] "GET /wp-includes/js/jquery/jquery.min.js?ver=3.7.1 HTTP/2" 200 29744 "https://deenzalifestyle.com/step/2/?fbclid=IwZXh0bgNhZW0CMTEAc3J0YwZhcHBfaWQMMjU2MjgxMDQwNTU4AAEeONJtv9JiMYKFlheu-0obFrX426DxxT9o_tRMewcScYR87cuiVARbDsyfk6M_aem_GN2fMxF_HZRjV6QG8azsjQ" "meta-externalads/1.1 (+https://developers.facebook.com/docs/sharing/webmasters/crawler)"
69.171.251.8 - - [06/Nov/2025:23:27:45 +0000] "GET /wp-includes/js/jquery/jquery-migrate.min.js?ver=3.4.1 HTTP/2" 200 4678 "https://deenzalifestyle.com/step/2/?fbclid=IwZXh0bgNhZW0CMTEAc3J0YwZhcHBfaWQMMjU2MjgxMDQwNTU4AAEeONJtv9JiMYKFlheu-0obFrX426DxxT9o_tRMewcScYR87cuiVARbDsyfk6M_aem_GN2fMxF_HZRjV6QG8azsjQ" "meta-externalads/1.1 (+https://developers.facebook.com/docs/sharing/webmasters/crawler)"
69.171.251.8 - - [06/Nov/2025:23:27:45 +0000] "GET /wp-content/plugins/woocommerce/assets/js/jquery-tiptip/jquery.tipTip.min.js?ver=10.3.3 HTTP/2" 200 1154 "https://deenzalifestyle.com/step/2/?fbclid=IwZXh0bgNhZW0CMTEAc3J0YwZhcHBfaWQMMjU2MjgxMDQwNTU4AAEeONJtv9JiMYKFlheu-0obFrX426DxxT9o_tRMewcScYR87cuiVARbDsyfk6M_aem_GN2fMxF_HZRjV6QG8azsjQ" "meta-externalads/1.1 (+https://developers.facebook.com/docs/sharing/webmasters/crawler)"
69.171.251.8 - - [06/Nov/2025:23:27:45 +0000] "GET /wp-content/plugins/woo-conditional-product-fees-for-checkout/public/js/woocommerce-conditional-product-fees-for-checkout-public.js?ver=4.3.2 HTTP/2" 200 1000 "https://deenzalifestyle.com/step/2/?fbclid=IwZXh0bgNhZW0CMTEAc3J0YwZhcHBfaWQMMjU2MjgxMDQwNTU4AAEeONJtv9JiMYKFlheu-0obFrX426DxxT9o_tRMewcScYR87cuiVARbDsyfk6M_aem_GN2fMxF_HZRjV6QG8azsjQ" "meta-externalads/1.1 (+https://developers.facebook.com/docs/sharing/webmasters/crawler)"
69.171.251.8 - - [06/Nov/2025:23:27:45 +0000] "GET /wp-content/plugins/woocommerce/assets/js/jquery-blockui/jquery.blockUI.min.js?ver=2.7.0-wc.10.3.3 HTTP/2" 200 3277 "https://deenzalifestyle.com/step/2/?fbclid=IwZXh0bgNhZW0CMTEAc3J0YwZhcHBfaWQMMjU2MjgxMDQwNTU4AAEeONJtv9JiMYKFlheu-0obFrX426DxxT9o_tRMewcScYR87cuiVARbDsyfk6M_aem_GN2fMxF_HZRjV6QG8azsjQ" "meta-externalads/1.1 (+https://developers.facebook.com/docs/sharing/webmasters/crawler)"
69.171.251.8 - - [06/Nov/2025:23:27:45 +0000] "GET /wp-content/plugins/duracelltomi-google-tag-manager/dist/js/analytics-talk-content-tracking.js?ver=1.22.1 HTTP/2" 200 544 "https://deenzalifestyle.com/step/2/?fbclid=IwZXh0bgNhZW0CMTEAc3J0YwZhcHBfaWQMMjU2MjgxMDQwNTU4AAEeONJtv9JiMYKFlheu-0obFrX426DxxT9o_tRMewcScYR87cuiVARbDsyfk6M_aem_GN2fMxF_HZRjV6QG8azsjQ" "meta-externalads/1.1 (+https://developers.facebook.com/docs/sharing/webmasters/crawler)"
69.171.251.8 - - [06/Nov/2025:23:27:46 +0000] "GET /wp-content/plugins/elementor/assets/lib/font-awesome/js/v4-shims.min.js?ver=3.32.5 HTTP/2" 200 4042 "https://deenzalifestyle.com/step/2/?fbclid=IwZXh0bgNhZW0CMTEAc3J0YwZhcHBfaWQMMjU2MjgxMDQwNTU4AAEeONJtv9JiMYKFlheu-0obFrX426DxxT9o_tRMewcScYR87cuiVARbDsyfk6M_aem_GN2fMxF_HZRjV6QG8azsjQ" "meta-externalads/1.1 (+https://developers.facebook.com/docs/sharing/webmasters/crawler)"
69.171.251.8 - - [06/Nov/2025:23:27:46 +0000] "GET /wp-includes/js/underscore.min.js?ver=1.13.7 HTTP/2" 200 7185 "https://deenzalifestyle.com/step/2/?fbclid=IwZXh0bgNhZW0CMTEAc3J0YwZhcHBfaWQMMjU2MjgxMDQwNTU4AAEeONJtv9JiMYKFlheu-0obFrX426DxxT9o_tRMewcScYR87cuiVARbDsyfk6M_aem_GN2fMxF_HZRjV6QG8azsjQ" "meta-externalads/1.1 (+https://developers.facebook.com/docs/sharing/webmasters/crawler)"
69.171.251.8 - - [06/Nov/2025:23:27:46 +0000] "GET /wp-includes/js/wp-util.min.js?ver=6.8.3 HTTP/2" 200 690 "https://deenzalifestyle.com/step/2/?fbclid=IwZXh0bgNhZW0CMTEAc3J0YwZhcHBfaWQMMjU2MjgxMDQwNTU4AAEeONJtv9JiMYKFlheu-0obFrX426DxxT9o_tRMewcScYR87cuiVARbDsyfk6M_aem_GN2fMxF_HZRjV6QG8azsjQ" "meta-externalads/1.1 (+https://developers.facebook.com/docs/sharing/webmasters/crawler)"
69.171.251.8 - - [06/Nov/2025:23:27:46 +0000] "GET /wp-content/plugins/th-advance-product-search/assets/js/thaps-search.js?ver=1 HTTP/2" 200 8913 "https://deenzalifestyle.com/step/2/?fbclid=IwZXh0bgNhZW0CMTEAc3J0YwZhcHBfaWQMMjU2MjgxMDQwNTU4AAEeONJtv9JiMYKFlheu-0obFrX426DxxT9o_tRMewcScYR87cuiVARbDsyfk6M_aem_GN2fMxF_HZRjV6QG8azsjQ" "meta-externalads/1.1 (+https://developers.facebook.com/docs/sharing/webmasters/crawler)"
69.171.251.8 - - [06/Nov/2025:23:27:46 +0000] "GET /wp-content/plugins/woocommerce/assets/js/jquery-cookie/jquery.cookie.min.js?ver=1.4.1-wc.10.3.3 HTTP/2" 200 695 "https://deenzalifestyle.com/step/2/?fbclid=IwZXh0bgNhZW0CMTEAc3J0YwZhcHBfaWQMMjU2MjgxMDQwNTU4AAEeONJtv9JiMYKFlheu-0obFrX426DxxT9o_tRMewcScYR87cuiVARbDsyfk6M_aem_GN2fMxF_HZRjV6QG8azsjQ" "meta-externalads/1.1 (+https://developers.facebook.com/docs/sharing/webmasters/crawler)"
