69.171.251.8 - - [06/Nov/2025:23:27:46 +0000] "GET /wp-content/plugins/cartflows/assets/js/frontend.js?ver=2.1.16 HTTP/2" 200 2607 "https://deenzalifestyle.com/step/2/?fbclid=IwZXh0bgNhZW0CMTEAc3J0YwZhcHBfaWQMMjU2MjgxMDQwNTU4AAEeONJtv9JiMYKFlheu-0obFrX426DxxT9o_tRMewcScYR87cuiVARbDsyfk6M_aem_GN2fMxF_HZRjV6QG8azsjQ" "meta-externalads/1.1 (+https://developers.facebook.com/docs/sharing/webmasters/crawler)"
69.171.251.8 - - [06/Nov/2025:23:27:46 +0000] "GET /wp-content/plugins/cartflows-pro/assets/js/frontend.js?ver=2.1.7 HTTP/2" 200 6189 "https://deenzalifestyle.com/step/2/?fbclid=IwZXh0bgNhZW0CMTEAc3J0YwZhcHBfaWQMMjU2MjgxMDQwNTU4AAEeONJtv9JiMYKFlheu-0obFrX426DxxT9o_tRMewcScYR87cuiVARbDsyfk6M_aem_GN2fMxF_HZRjV6QG8azsjQ" "meta-externalads/1.1 (+https://developers.facebook.com/docs/sharing/webmasters/crawler)"
69.171.251.8 - - [06/Nov/2025:23:27:46 +0000] "GET /wp-content/plugins/cartflows-pro/assets/js/analytics.js?ver=2.1.7 HTTP/2" 200 1383 "https://deenzalifestyle.com/step/2/?fbclid=IwZXh0bgNhZW0CMTEAc3J0YwZhcHBfaWQMMjU2MjgxMDQwNTU4AAEeONJtv9JiMYKFlheu-0obFrX426DxxT9o_tRMewcScYR87cuiVARbDsyfk6M_aem_GN2fMxF_HZRjV6QG8azsjQ" "meta-externalads/1.1 (+https://developers.facebook.com/docs/sharing/webmasters/crawler)"
69.171.251.8 - - [06/Nov/2025:23:27:46 +0000] "GET /wp-content/uploads/2025/09/hijab-300x300.jpg HTTP/2" 200 11948 "https://deenzalifestyle.com/step/2/?fbclid=IwZXh0bgNhZW0CMTEAc3J0YwZhcHBfaWQMMjU2MjgxMDQwNTU4AAEeONJtv9JiMYKFlheu-0obFrX426DxxT9o_tRMewcScYR87cuiVARbDsyfk6M_aem_GN2fMxF_HZRjV6QG8azsjQ" "meta-externalads/1.1 (+https://developers.facebook.com/docs/sharing/webmasters/crawler)"
69.171.251.8 - - [06/Nov/2025:23:27:46 +0000] "GET /wp-content/uploads/2025/06/Deenza_losgo-removebg-preview-150x150.png HTTP/2" 200 7545 "https://deenzalifestyle.com/step/2/?fbclid=IwZXh0bgNhZW0CMTEAc3J0YwZhcHBfaWQMMjU2MjgxMDQwNTU4AAEeONJtv9JiMYKFlheu-0obFrX426DxxT9o_tRMewcScYR87cuiVARbDsyfk6M_aem_GN2fMxF_HZRjV6QG8azsjQ" "meta-externalads/1.1 (+https://developers.facebook.com/docs/sharing/webmasters/crawler)"
69.171.251.8 - - [06/Nov/2025:23:27:46 +0000] "GET /wp-content/uploads/2025/06/hidaya-300x300.jpg HTTP/2" 200 21472 "https://deenzalifestyle.com/step/2/?fbclid=IwZXh0bgNhZW0CMTEAc3J0YwZhcHBfaWQMMjU2MjgxMDQwNTU4AAEeONJtv9JiMYKFlheu-0obFrX426DxxT9o_tRMewcScYR87cuiVARbDsyfk6M_aem_GN2fMxF_HZRjV6QG8azsjQ" "meta-externalads/1.1 (+https://developers.facebook.com/docs/sharing/webmasters/crawler)"
69.171.251.8 - - [06/Nov/2025:23:27:46 +0000] "GET /wp-content/plugins/bkash/images/bkash.png HTTP/2" 200 15713 "https://deenzalifestyle.com/step/2/?fbclid=IwZXh0bgNhZW0CMTEAc3J0YwZhcHBfaWQMMjU2MjgxMDQwNTU4AAEeONJtv9JiMYKFlheu-0obFrX426DxxT9o_tRMewcScYR87cuiVARbDsyfk6M_aem_GN2fMxF_HZRjV6QG8azsjQ" "meta-externalads/1.1 (+https://developers.facebook.com/docs/sharing/webmasters/crawler)"
69.171.251.8 - - [06/Nov/2025:23:27:46 +0000] "GET /wp-content/plugins/bkash/images/rocket.png HTTP/2" 200 21807 "https://deenzalifestyle.com/step/2/?fbclid=IwZXh0bgNhZW0CMTEAc3J0YwZhcHBfaWQMMjU2MjgxMDQwNTU4AAEeONJtv9JiMYKFlheu-0obFrX426DxxT9o_tRMewcScYR87cuiVARbDsyfk6M_aem_GN2fMxF_HZRjV6QG8azsjQ" "meta-externalads/1.1 (+https://developers.facebook.com/docs/sharing/webmasters/crawler)"
69.171.251.8 - - [06/Nov/2025:23:27:46 +0000] "GET /wp-content/plugins/woocommerce/assets/client/blocks/wc-blocks.css?ver=wc-10.3.3 HTTP/2" 200 2391 "https://deenzalifestyle.com/step/2/?fbclid=IwZXh0bgNhZW0CMTEAc3J0YwZhcHBfaWQMMjU2MjgxMDQwNTU4AAEeONJtv9JiMYKFlheu-0obFrX426DxxT9o_tRMewcScYR87cuiVARbDsyfk6M_aem_GN2fMxF_HZRjV6QG8azsjQ" "meta-externalads/1.1 (+https://developers.facebook.com/docs/sharing/webmasters/crawler)"
69.171.251.8 - - [06/Nov/2025:23:27:46 +0000] "GET /wp-content/plugins/woolentor-addons/woolentor-blocks/assets/js/script.js?ver=3.2.5 HTTP/2" 200 3342 "https://deenzalifestyle.com/step/2/?fbclid=IwZXh0bgNhZW0CMTEAc3J0YwZhcHBfaWQMMjU2MjgxMDQwNTU4AAEeONJtv9JiMYKFlheu-0obFrX426DxxT9o_tRMewcScYR87cuiVARbDsyfk6M_aem_GN2fMxF_HZRjV6QG8azsjQ" "meta-externalads/1.1 (+https://developers.facebook.com/docs/sharing/webmasters/crawler)"
69.171.251.8 - - [06/Nov/2025:23:27:46 +0000] "GET /wp-content/plugins/bkash/js/scripts.js?ver=1.0 HTTP/2" 200 179 "https://deenzalifestyle.com/step/2/?fbclid=IwZXh0bgNhZW0CMTEAc3J0YwZhcHBfaWQMMjU2MjgxMDQwNTU4AAEeONJtv9JiMYKFlheu-0obFrX426DxxT9o_tRMewcScYR87cuiVARbDsyfk6M_aem_GN2fMxF_HZRjV6QG8azsjQ" "meta-externalads/1.1 (+https://developers.facebook.com/docs/sharing/webmasters/crawler)"
69.171.251.8 - - [06/Nov/2025:23:27:46 +0000] "GET /wp-content/plugins/woocommerce/assets/js/selectWoo/selectWoo.full.min.js?ver=1.0.9-wc.10.3.3 HTTP/2" 200 20246 "https://deenzalifestyle.com/step/2/?fbclid=IwZXh0bgNhZW0CMTEAc3J0YwZhcHBfaWQMMjU2MjgxMDQwNTU4AAEeONJtv9JiMYKFlheu-0obFrX426DxxT9o_tRMewcScYR87cuiVARbDsyfk6M_aem_GN2fMxF_HZRjV6QG8azsjQ" "meta-externalads/1.1 (+https://developers.facebook.com/docs/sharing/webmasters/crawler)"
69.171.251.8 - - [06/Nov/2025:23:27:46 +0000] "GET /wp-content/plugins/wp-bottom-menu/assets/js/main.js?ver=2.2.4 HTTP/2" 200 602 "https://deenzalifestyle.com/step/2/?fbclid=IwZXh0bgNhZW0CMTEAc3J0YwZhcHBfaWQMMjU2MjgxMDQwNTU4AAEeONJtv9JiMYKFlheu-0obFrX426DxxT9o_tRMewcScYR87cuiVARbDsyfk6M_aem_GN2fMxF_HZRjV6QG8azsjQ" "meta-externalads/1.1 (+https://developers.facebook.com/docs/sharing/webmasters/crawler)"
69.171.251.8 - - [06/Nov/2025:23:27:46 +0000] "GET /wp-content/plugins/duracelltomi-google-tag-manager/dist/js/gtm4wp-contact-form-7-tracker.js?ver=1.22.1 HTTP/2" 200 312 "https://deenzalifestyle.com/step/2/?fbclid=IwZXh0bgNhZW0CMTEAc3J0YwZhcHBfaWQMMjU2MjgxMDQwNTU4AAEeONJtv9JiMYKFlheu-0obFrX426DxxT9o_tRMewcScYR87cuiVARbDsyfk6M_aem_GN2fMxF_HZRjV6QG8azsjQ" "meta-externalads/1.1 (+https://developers.facebook.com/docs/sharing/webmasters/crawler)"
69.171.251.8 - - [06/Nov/2025:23:27:46 +0000] "GET /wp-content/plugins/duracelltomi-google-tag-manager/dist/js/gtm4wp-form-move-tracker.js?ver=1.22.1 HTTP/2" 200 251 "https://deenzalifestyle.com/step/2/?fbclid=IwZXh0bgNhZW0CMTEAc3J0YwZhcHBfaWQMMjU2MjgxMDQwNTU4AAEeONJtv9JiMYKFlheu-0obFrX426DxxT9o_tRMewcScYR87cuiVARbDsyfk6M_aem_GN2fMxF_HZRjV6QG8azsjQ" "meta-externalads/1.1 (+https://developers.facebook.com/docs/sharing/webmasters/crawler)"
69.171.251.8 - - [06/Nov/2025:23:27:54 +0000] "GET /wp-content/plugins/duracelltomi-google-tag-manager/dist/js/gtm4wp-ecommerce-generic.js?ver=1.22.1 HTTP/2" 200 497 "https://deenzalifestyle.com/step/2/?fbclid=IwZXh0bgNhZW0CMTEAc3J0YwZhcHBfaWQMMjU2MjgxMDQwNTU4AAEeONJtv9JiMYKFlheu-0obFrX426DxxT9o_tRMewcScYR87cuiVARbDsyfk6M_aem_GN2fMxF_HZRjV6QG8azsjQ" "meta-externalads/1.1 (+https://developers.facebook.com/docs/sharing/webmasters/crawler)"
69.171.251.8 - - [06/Nov/2025:23:27:54 +0000] "GET /wp-content/plugins/duracelltomi-google-tag-manager/dist/js/gtm4wp-woocommerce.js?ver=1.22.1 HTTP/2" 200 2630 "https://deenzalifestyle.com/step/2/?fbclid=IwZXh0bgNhZW0CMTEAc3J0YwZhcHBfaWQMMjU2MjgxMDQwNTU4AAEeONJtv9JiMYKFlheu-0obFrX426DxxT9o_tRMewcScYR87cuiVARbDsyfk6M_aem_GN2fMxF_HZRjV6QG8azsjQ" "meta-externalads/1.1 (+https://developers.facebook.com/docs/sharing/webmasters/crawler)"
69.171.251.8 - - [06/Nov/2025:23:27:54 +0000] "GET /wp-content/plugins/elementor/assets/js/webpack.runtime.min.js?ver=3.32.5 HTTP/2" 200 2321 "https://deenzalifestyle.com/step/2/?fbclid=IwZXh0bgNhZW0CMTEAc3J0YwZhcHBfaWQMMjU2MjgxMDQwNTU4AAEeONJtv9JiMYKFlheu-0obFrX426DxxT9o_tRMewcScYR87cuiVARbDsyfk6M_aem_GN2fMxF_HZRjV6QG8azsjQ" "meta-externalads/1.1 (+https://developers.facebook.com/docs/sharing/webmasters/crawler)"
69.171.251.8 - - [06/Nov/2025:23:27:54 +0000] "GET /wp-includes/js/jquery/ui/core.min.js?ver=1.13.3 HTTP/2" 200 6812 "https://deenzalifestyle.com/step/2/?fbclid=IwZXh0bgNhZW0CMTEAc3J0YwZhcHBfaWQMMjU2MjgxMDQwNTU4AAEeONJtv9JiMYKFlheu-0obFrX426DxxT9o_tRMewcScYR87cuiVARbDsyfk6M_aem_GN2fMxF_HZRjV6QG8azsjQ" "meta-externalads/1.1 (+https://developers.facebook.com/docs/sharing/webmasters/crawler)"
69.171.251.8 - - [06/Nov/2025:23:27:54 +0000] "GET /wp-content/plugins/elementor/assets/js/frontend.min.js?ver=3.32.5 HTTP/2" 200 10164 "https://deenzalifestyle.com/step/2/?fbclid=IwZXh0bgNhZW0CMTEAc3J0YwZhcHBfaWQMMjU2MjgxMDQwNTU4AAEeONJtv9JiMYKFlheu-0obFrX426DxxT9o_tRMewcScYR87cuiVARbDsyfk6M_aem_GN2fMxF_HZRjV6QG8azsjQ" "meta-externalads/1.1 (+https://developers.facebook.com/docs/sharing/webmasters/crawler)"
69.171.251.8 - - [06/Nov/2025:23:27:54 +0000] "GET /wp-content/plugins/elementor/assets/js/frontend-modules.min.js?ver=3.32.5 HTTP/2" 200 17961 "https://deenzalifestyle.com/step/2/?fbclid=IwZXh0bgNhZW0CMTEAc3J0YwZhcHBfaWQMMjU2MjgxMDQwNTU4AAEeONJtv9JiMYKFlheu-0obFrX426DxxT9o_tRMewcScYR87cuiVARbDsyfk6M_aem_GN2fMxF_HZRjV6QG8azsjQ" "meta-externalads/1.1 (+https://developers.facebook.com/docs/sharing/webmasters/crawler)"
69.171.251.8 - - [06/Nov/2025:23:27:54 +0000] "GET /wp-content/plugins/elementor/assets/lib/swiper/v8/swiper.min.js?ver=8.4.5 HTTP/2" 200 38152 "https://deenzalifestyle.com/step/2/?fbclid=IwZXh0bgNhZW0CMTEAc3J0YwZhcHBfaWQMMjU2MjgxMDQwNTU4AAEeONJtv9JiMYKFlheu-0obFrX426DxxT9o_tRMewcScYR87cuiVARbDsyfk6M_aem_GN2fMxF_HZRjV6QG8azsjQ" "meta-externalads/1.1 (+https://developers.facebook.com/docs/sharing/webmasters/crawler)"
69.171.251.8 - - [06/Nov/2025:23:27:54 +0000] "GET /wp-includes/js/api-request.min.js?ver=6.8.3 HTTP/2" 200 530 "https://deenzalifestyle.com/step/2/?fbclid=IwZXh0bgNhZW0CMTEAc3J0YwZhcHBfaWQMMjU2MjgxMDQwNTU4AAEeONJtv9JiMYKFlheu-0obFrX426DxxT9o_tRMewcScYR87cuiVARbDsyfk6M_aem_GN2fMxF_HZRjV6QG8azsjQ" "meta-externalads/1.1 (+https://developers.facebook.com/docs/sharing/webmasters/crawler)"
69.171.251.8 - - [06/Nov/2025:23:27:55 +0000] "GET /wp-includes/js/dist/hooks.min.js?ver=4d63a3d491d11ffd8ac6 HTTP/2" 200 1571 "https://deenzalifestyle.com/step/2/?fbclid=IwZXh0bgNhZW0CMTEAc3J0YwZhcHBfaWQMMjU2MjgxMDQwNTU4AAEeONJtv9JiMYKFlheu-0obFrX426DxxT9o_tRMewcScYR87cuiVARbDsyfk6M_aem_GN2fMxF_HZRjV6QG8azsjQ" "meta-externalads/1.1 (+https://developers.facebook.com/docs/sharing/webmasters/crawler)"
69.171.251.8 - - [06/Nov/2025:23:27:55 +0000] "GET /wp-includes/js/dist/i18n.min.js?ver=5e580eb46a90c2b997e6 HTTP/2" 200 3542 "https://deenzalifestyle.com/step/2/?fbclid=IwZXh0bgNhZW0CMTEAc3J0YwZhcHBfaWQMMjU2MjgxMDQwNTU4AAEeONJtv9JiMYKFlheu-0obFrX426DxxT9o_tRMewcScYR87cuiVARbDsyfk6M_aem_GN2fMxF_HZRjV6QG8azsjQ" "meta-externalads/1.1 (+https://developers.facebook.com/docs/sharing/webmasters/crawler)"
69.171.251.8 - - [06/Nov/2025:23:27:55 +0000] "GET /wp-includes/js/dist/vendor/wp-polyfill.min.js?ver=3.15.0 HTTP/2" 200 14134 "https://deenzalifestyle.com/step/2/?fbclid=IwZXh0bgNhZW0CMTEAc3J0YwZhcHBfaWQMMjU2MjgxMDQwNTU4AAEeONJtv9JiMYKFlheu-0obFrX426DxxT9o_tRMewcScYR87cuiVARbDsyfk6M_aem_GN2fMxF_HZRjV6QG8azsjQ" "meta-externalads/1.1 (+https://developers.facebook.com/docs/sharing/webmasters/crawler)"
69.171.251.8 - - [06/Nov/2025:23:27:55 +0000] "GET /wp-includes/js/dist/url.min.js?ver=c2964167dfe2477c14ea HTTP/2" 200 3643 "https://deenzalifestyle.com/step/2/?fbclid=IwZXh0bgNhZW0CMTEAc3J0YwZhcHBfaWQMMjU2MjgxMDQwNTU4AAEeONJtv9JiMYKFlheu-0obFrX426DxxT9o_tRMewcScYR87cuiVARbDsyfk6M_aem_GN2fMxF_HZRjV6QG8azsjQ" "meta-externalads/1.1 (+https://developers.facebook.com/docs/sharing/webmasters/crawler)"
69.171.251.8 - - [06/Nov/2025:23:27:55 +0000] "GET /wp-includes/js/dist/api-fetch.min.js?ver=3623a576c78df404ff20 HTTP/2" 200 2294 "https://deenzalifestyle.com/step/2/?fbclid=IwZXh0bgNhZW0CMTEAc3J0YwZhcHBfaWQMMjU2MjgxMDQwNTU4AAEeONJtv9JiMYKFlheu-0obFrX426DxxT9o_tRMewcScYR87cuiVARbDsyfk6M_aem_GN2fMxF_HZRjV6QG8azsjQ" "meta-externalads/1.1 (+https://developers.facebook.com/docs/sharing/webmasters/crawler)"
69.171.251.8 - - [06/Nov/2025:23:27:55 +0000] "GET /wp-content/plugins/woolentor-addons/assets/js/slick.min.js?ver=3.2.5 HTTP/2" 200 10104 "https://deenzalifestyle.com/step/2/?fbclid=IwZXh0bgNhZW0CMTEAc3J0YwZhcHBfaWQMMjU2MjgxMDQwNTU4AAEeONJtv9JiMYKFlheu-0obFrX426DxxT9o_tRMewcScYR87cuiVARbDsyfk6M_aem_GN2fMxF_HZRjV6QG8azsjQ" "meta-externalads/1.1 (+https://developers.facebook.com/docs/sharing/webmasters/crawler)"
69.171.251.8 - - [06/Nov/2025:23:27:55 +0000] "GET /wp-content/plugins/woo-variation-swatches/assets/js/frontend.min.js?ver=1757953354 HTTP/2" 200 4557 "https://deenzalifestyle.com/step/2/?fbclid=IwZXh0bgNhZW0CMTEAc3J0YwZhcHBfaWQMMjU2MjgxMDQwNTU4AAEeONJtv9JiMYKFlheu-0obFrX426DxxT9o_tRMewcScYR87cuiVARbDsyfk6M_aem_GN2fMxF_HZRjV6QG8azsjQ" "meta-externalads/1.1 (+https://developers.facebook.com/docs/sharing/webmasters/crawler)"
69.171.251.8 - - [06/Nov/2025:23:27:55 +0000] "GET /wp-content/plugins/woolentor-addons/assets/js/accordion.min.js?ver=3.2.5 HTTP/2" 200 1393 "https://deenzalifestyle.com/step/2/?fbclid=IwZXh0bgNhZW0CMTEAc3J0YwZhcHBfaWQMMjU2MjgxMDQwNTU4AAEeONJtv9JiMYKFlheu-0obFrX426DxxT9o_tRMewcScYR87cuiVARbDsyfk6M_aem_GN2fMxF_HZRjV6QG8azsjQ" "meta-externalads/1.1 (+https://developers.facebook.com/docs/sharing/webmasters/crawler)"
69.171.251.8 - - [06/Nov/2025:23:27:55 +0000] "GET /wp-content/plugins/woocommerce/assets/js/frontend/add-to-cart-variation.min.js?ver=10.3.3 HTTP/2" 200 3712 "https://deenzalifestyle.com/step/2/?fbclid=IwZXh0bgNhZW0CMTEAc3J0YwZhcHBfaWQMMjU2MjgxMDQwNTU4AAEeONJtv9JiMYKFlheu-0obFrX426DxxT9o_tRMewcScYR87cuiVARbDsyfk6M_aem_GN2fMxF_HZRjV6QG8azsjQ" "meta-externalads/1.1 (+https://developers.facebook.com/docs/sharing/webmasters/crawler)"
69.171.251.8 - - [06/Nov/2025:23:27:55 +0000] "GET /wp-content/plugins/woocommerce/assets/js/frontend/single-product.min.js?ver=10.3.3 HTTP/2" 200 2677 "https://deenzalifestyle.com/step/2/?fbclid=IwZXh0bgNhZW0CMTEAc3J0YwZhcHBfaWQMMjU2MjgxMDQwNTU4AAEeONJtv9JiMYKFlheu-0obFrX426DxxT9o_tRMewcScYR87cuiVARbDsyfk6M_aem_GN2fMxF_HZRjV6QG8azsjQ" "meta-externalads/1.1 (+https://developers.facebook.com/docs/sharing/webmasters/crawler)"
69.171.251.8 - - [06/Nov/2025:23:27:55 +0000] "GET /wp-content/plugins/woolentor-addons/includes/modules/quickview/assets/js/frontend.js?ver=3.2.5 HTTP/2" 200 2120 "https://deenzalifestyle.com/step/2/?fbclid=IwZXh0bgNhZW0CMTEAc3J0YwZhcHBfaWQMMjU2MjgxMDQwNTU4AAEeONJtv9JiMYKFlheu-0obFrX426DxxT9o_tRMewcScYR87cuiVARbDsyfk6M_aem_GN2fMxF_HZRjV6QG8azsjQ" "meta-externalads/1.1 (+https://developers.facebook.com/docs/sharing/webmasters/crawler)"
69.171.251.8 - - [06/Nov/2025:23:27:55 +0000] "GET /wp-content/plugins/woo-checkout-field-editor-pro/public/assets/js/thwcfd-public.min.js?ver=2.1.5 HTTP/2" 200 784 "https://deenzalifestyle.com/step/2/?fbclid=IwZXh0bgNhZW0CMTEAc3J0YwZhcHBfaWQMMjU2MjgxMDQwNTU4AAEeONJtv9JiMYKFlheu-0obFrX426DxxT9o_tRMewcScYR87cuiVARbDsyfk6M_aem_GN2fMxF_HZRjV6QG8azsjQ" "meta-externalads/1.1 (+https://developers.facebook.com/docs/sharing/webmasters/crawler)"
69.171.251.8 - - [06/Nov/2025:23:27:56 +0000] "GET /wp-content/plugins/woocommerce/assets/js/sourcebuster/sourcebuster.min.js?ver=10.3.3 HTTP/2" 200 4609 "https://deenzalifestyle.com/step/2/?fbclid=IwZXh0bgNhZW0CMTEAc3J0YwZhcHBfaWQMMjU2MjgxMDQwNTU4AAEeONJtv9JiMYKFlheu-0obFrX426DxxT9o_tRMewcScYR87cuiVARbDsyfk6M_aem_GN2fMxF_HZRjV6QG8azsjQ" "meta-externalads/1.1 (+https://developers.facebook.com/docs/sharing/webmasters/crawler)"
69.171.251.8 - - [06/Nov/2025:23:27:56 +0000] "GET /wp-content/plugins/woocommerce/assets/js/frontend/order-attribution.min.js?ver=10.3.3 HTTP/2" 200 998 "https://deenzalifestyle.com/step/2/?fbclid=IwZXh0bgNhZW0CMTEAc3J0YwZhcHBfaWQMMjU2MjgxMDQwNTU4AAEeONJtv9JiMYKFlheu-0obFrX426DxxT9o_tRMewcScYR87cuiVARbDsyfk6M_aem_GN2fMxF_HZRjV6QG8azsjQ" "meta-externalads/1.1 (+https://developers.facebook.com/docs/sharing/webmasters/crawler)"
69.171.251.8 - - [06/Nov/2025:23:27:56 +0000] "GET /wp-content/plugins/wp-statistics/assets/js/tracker.js?ver=14.15.5 HTTP/2" 200 2658 "https://deenzalifestyle.com/step/2/?fbclid=IwZXh0bgNhZW0CMTEAc3J0YwZhcHBfaWQMMjU2MjgxMDQwNTU4AAEeONJtv9JiMYKFlheu-0obFrX426DxxT9o_tRMewcScYR87cuiVARbDsyfk6M_aem_GN2fMxF_HZRjV6QG8azsjQ" "meta-externalads/1.1 (+https://developers.facebook.com/docs/sharing/webmasters/crawler)"
69.171.251.8 - - [06/Nov/2025:23:27:56 +0000] "GET /wp-content/plugins/cartflows/assets/js/checkout-template.js?ver=2.1.16 HTTP/2" 200 4451 "https://deenzalifestyle.com/step/2/?fbclid=IwZXh0bgNhZW0CMTEAc3J0YwZhcHBfaWQMMjU2MjgxMDQwNTU4AAEeONJtv9JiMYKFlheu-0obFrX426DxxT9o_tRMewcScYR87cuiVARbDsyfk6M_aem_GN2fMxF_HZRjV6QG8azsjQ" "meta-externalads/1.1 (+https://developers.facebook.com/docs/sharing/webmasters/crawler)"
69.171.251.8 - - [06/Nov/2025:23:27:56 +0000] "GET /wp-content/plugins/cartflows-pro/assets/js/checkout.js?ver=2.1.7 HTTP/2" 200 11096 "https://deenzalifestyle.com/step/2/?fbclid=IwZXh0bgNhZW0CMTEAc3J0YwZhcHBfaWQMMjU2MjgxMDQwNTU4AAEeONJtv9JiMYKFlheu-0obFrX426DxxT9o_tRMewcScYR87cuiVARbDsyfk6M_aem_GN2fMxF_HZRjV6QG8azsjQ" "meta-externalads/1.1 (+https://developers.facebook.com/docs/sharing/webmasters/crawler)"
69.171.251.8 - - [06/Nov/2025:23:27:56 +0000] "GET /wp-content/plugins/elementor-pro/assets/js/webpack-pro.runtime.min.js?ver=3.31.2 HTTP/2" 200 2621 "https://deenzalifestyle.com/step/2/?fbclid=IwZXh0bgNhZW0CMTEAc3J0YwZhcHBfaWQMMjU2MjgxMDQwNTU4AAEeONJtv9JiMYKFlheu-0obFrX426DxxT9o_tRMewcScYR87cuiVARbDsyfk6M_aem_GN2fMxF_HZRjV6QG8azsjQ" "meta-externalads/1.1 (+https://developers.facebook.com/docs/sharing/webmasters/crawler)"
69.171.251.8 - - [06/Nov/2025:23:27:56 +0000] "GET /wp-content/plugins/elementor-pro/assets/js/frontend.min.js?ver=3.31.2 HTTP/2" 200 6281 "https://deenzalifestyle.com/step/2/?fbclid=IwZXh0bgNhZW0CMTEAc3J0YwZhcHBfaWQMMjU2MjgxMDQwNTU4AAEeONJtv9JiMYKFlheu-0obFrX426DxxT9o_tRMewcScYR87cuiVARbDsyfk6M_aem_GN2fMxF_HZRjV6QG8azsjQ" "meta-externalads/1.1 (+https://developers.facebook.com/docs/sharing/webmasters/crawler)"
69.171.251.8 - - [06/Nov/2025:23:27:56 +0000] "GET /wp-content/plugins/elementor-pro/assets/js/elements-handlers.min.js?ver=3.31.2 HTTP/2" 200 10180 "https://deenzalifestyle.com/step/2/?fbclid=IwZXh0bgNhZW0CMTEAc3J0YwZhcHBfaWQMMjU2MjgxMDQwNTU4AAEeONJtv9JiMYKFlheu-0obFrX426DxxT9o_tRMewcScYR87cuiVARbDsyfk6M_aem_GN2fMxF_HZRjV6QG8azsjQ" "meta-externalads/1.1 (+https://developers.facebook.com/docs/sharing/webmasters/crawler)"
69.171.251.8 - - [06/Nov/2025:23:27:56 +0000] "GET /wp-content/plugins/woocommerce/assets/js/frontend/add-to-cart.min.js?ver=10.3.3 HTTP/2" 200 1225 "https://deenzalifestyle.com/step/2/?fbclid=IwZXh0bgNhZW0CMTEAc3J0YwZhcHBfaWQMMjU2MjgxMDQwNTU4AAEeONJtv9JiMYKFlheu-0obFrX426DxxT9o_tRMewcScYR87cuiVARbDsyfk6M_aem_GN2fMxF_HZRjV6QG8azsjQ" "meta-externalads/1.1 (+https://developers.facebook.com/docs/sharing/webmasters/crawler)"
69.171.251.8 - - [06/Nov/2025:23:27:56 +0000] "GET /wp-content/plugins/woocommerce/assets/js/js-cookie/js.cookie.min.js?ver=2.1.4-wc.10.3.3 HTTP/2" 200 760 "https://deenzalifestyle.com/step/2/?fbclid=IwZXh0bgNhZW0CMTEAc3J0YwZhcHBfaWQMMjU2MjgxMDQwNTU4AAEeONJtv9JiMYKFlheu-0obFrX426DxxT9o_tRMewcScYR87cuiVARbDsyfk6M_aem_GN2fMxF_HZRjV6QG8azsjQ" "meta-externalads/1.1 (+https://developers.facebook.com/docs/sharing/webmasters/crawler)"
69.171.251.8 - - [06/Nov/2025:23:27:56 +0000] "GET /wp-content/plugins/woocommerce/assets/js/frontend/woocommerce.min.js?ver=10.3.3 HTTP/2" 200 1275 "https://deenzalifestyle.com/step/2/?fbclid=IwZXh0bgNhZW0CMTEAc3J0YwZhcHBfaWQMMjU2MjgxMDQwNTU4AAEeONJtv9JiMYKFlheu-0obFrX426DxxT9o_tRMewcScYR87cuiVARbDsyfk6M_aem_GN2fMxF_HZRjV6QG8azsjQ" "meta-externalads/1.1 (+https://developers.facebook.com/docs/sharing/webmasters/crawler)"
69.171.251.8 - - [06/Nov/2025:23:27:56 +0000] "GET /wp-content/plugins/woocommerce/assets/js/frontend/country-select.min.js?ver=10.3.3 HTTP/2" 200 989 "https://deenzalifestyle.com/step/2/?fbclid=IwZXh0bgNhZW0CMTEAc3J0YwZhcHBfaWQMMjU2MjgxMDQwNTU4AAEeONJtv9JiMYKFlheu-0obFrX426DxxT9o_tRMewcScYR87cuiVARbDsyfk6M_aem_GN2fMxF_HZRjV6QG8azsjQ" "meta-externalads/1.1 (+https://developers.facebook.com/docs/sharing/webmasters/crawler)"
69.171.251.8 - - [06/Nov/2025:23:27:56 +0000] "GET /wp-content/plugins/woocommerce/assets/js/frontend/address-i18n.min.js?ver=10.3.3 HTTP/2" 200 874 "https://deenzalifestyle.com/step/2/?fbclid=IwZXh0bgNhZW0CMTEAc3J0YwZhcHBfaWQMMjU2MjgxMDQwNTU4AAEeONJtv9JiMYKFlheu-0obFrX426DxxT9o_tRMewcScYR87cuiVARbDsyfk6M_aem_GN2fMxF_HZRjV6QG8azsjQ" "meta-externalads/1.1 (+https://developers.facebook.com/docs/sharing/webmasters/crawler)"
69.171.251.8 - - [06/Nov/2025:23:27:56 +0000] "GET /wp-content/plugins/woocommerce/assets/js/frontend/checkout.min.js?ver=10.3.3 HTTP/2" 200 4728 "https://deenzalifestyle.com/step/2/?fbclid=IwZXh0bgNhZW0CMTEAc3J0YwZhcHBfaWQMMjU2MjgxMDQwNTU4AAEeONJtv9JiMYKFlheu-0obFrX426DxxT9o_tRMewcScYR87cuiVARbDsyfk6M_aem_GN2fMxF_HZRjV6QG8azsjQ" "meta-externalads/1.1 (+https://developers.facebook.com/docs/sharing/webmasters/crawler)"
69.171.251.8 - - [06/Nov/2025:23:27:56 +0000] "GET /wp-content/plugins/bkash/images/nagad.png HTTP/2" 200 21306 "https://deenzalifestyle.com/step/2/?fbclid=IwZXh0bgNhZW0CMTEAc3J0YwZhcHBfaWQMMjU2MjgxMDQwNTU4AAEeONJtv9JiMYKFlheu-0obFrX426DxxT9o_tRMewcScYR87cuiVARbDsyfk6M_aem_GN2fMxF_HZRjV6QG8azsjQ" "meta-externalads/1.1 (+https://developers.facebook.com/docs/sharing/webmasters/crawler)"
69.171.251.8 - - [06/Nov/2025:23:27:56 +0000] "GET /wp-content/plugins/woocommerce/assets/js/flexslider/jquery.flexslider.min.js?ver=2.7.2-wc.10.3.3 HTTP/2" 200 6017 "https://deenzalifestyle.com/step/2/?fbclid=IwZXh0bgNhZW0CMTEAc3J0YwZhcHBfaWQMMjU2MjgxMDQwNTU4AAEeONJtv9JiMYKFlheu-0obFrX426DxxT9o_tRMewcScYR87cuiVARbDsyfk6M_aem_GN2fMxF_HZRjV6QG8azsjQ" "meta-externalads/1.1 (+https://developers.facebook.com/docs/sharing/webmasters/crawler)"
204.197.172.10 - - [06/Nov/2025:23:27:57 +0000] "POST /wp-cron.php?doing_wp_cron=1762471677.1229910850524902343750 HTTP/1.1" 200 0 "-" "WordPress/6.8.3; https://deenzalifestyle.com"
69.171.251.8 - - [06/Nov/2025:23:27:56 +0000] "POST /wp-json/wp-statistics/v2/hit HTTP/2" 200 35 "https://deenzalifestyle.com/step/2/?fbclid=IwZXh0bgNhZW0CMTEAc3J0YwZhcHBfaWQMMjU2MjgxMDQwNTU4AAEeONJtv9JiMYKFlheu-0obFrX426DxxT9o_tRMewcScYR87cuiVARbDsyfk6M_aem_GN2fMxF_HZRjV6QG8azsjQ" "meta-externalads/1.1 (+https://developers.facebook.com/docs/sharing/webmasters/crawler)"
69.171.251.113 - - [06/Nov/2025:23:27:57 +0000] "POST /wp-json/cartflows-pro/v1/flow-analytics/ HTTP/2" 200 122 "-" "meta-externalads/1.1 (+https://developers.facebook.com/docs/sharing/webmasters/crawler)"
69.171.251.8 - - [06/Nov/2025:23:27:58 +0000] "GET /wp-content/uploads/elementor/google-fonts/fonts/hindsiliguri-8c050c8d.woff2 HTTP/2" 200 74784 "https://deenzalifestyle.com/wp-content/uploads/elementor/google-fonts/css/hindsiliguri.css?ver=1756513364" "meta-externalads/1.1 (+https://developers.facebook.com/docs/sharing/webmasters/crawler)"
69.171.251.8 - - [06/Nov/2025:23:27:58 +0000] "GET /wp-content/uploads/elementor/google-fonts/fonts/hindsiliguri-55581a3d.woff2 HTTP/2" 200 72956 "https://deenzalifestyle.com/wp-content/uploads/elementor/google-fonts/css/hindsiliguri.css?ver=1756513364" "meta-externalads/1.1 (+https://developers.facebook.com/docs/sharing/webmasters/crawler)"
69.171.251.8 - - [06/Nov/2025:23:27:58 +0000] "GET /wp-content/uploads/elementor/google-fonts/fonts/hindsiliguri-893f502e.woff2 HTTP/2" 200 73688 "https://deenzalifestyle.com/wp-content/uploads/elementor/google-fonts/css/hindsiliguri.css?ver=1756513364" "meta-externalads/1.1 (+https://developers.facebook.com/docs/sharing/webmasters/crawler)"
69.171.251.8 - - [06/Nov/2025:23:27:58 +0000] "POST /step/2/?wc-ajax=update_order_review&wcf_checkout_id=938 HTTP/2" 200 3866 "https://deenzalifestyle.com/step/2/?fbclid=IwZXh0bgNhZW0CMTEAc3J0YwZhcHBfaWQMMjU2MjgxMDQwNTU4AAEeONJtv9JiMYKFlheu-0obFrX426DxxT9o_tRMewcScYR87cuiVARbDsyfk6M_aem_GN2fMxF_HZRjV6QG8azsjQ" "meta-externalads/1.1 (+https://developers.facebook.com/docs/sharing/webmasters/crawler)"
69.171.251.8 - - [06/Nov/2025:23:27:58 +0000] "GET /wp-content/uploads/elementor/google-fonts/fonts/hindsiliguri-66832dfa.woff2 HTTP/2" 200 14724 "https://deenzalifestyle.com/wp-content/uploads/elementor/google-fonts/css/hindsiliguri.css?ver=1756513364" "meta-externalads/1.1 (+https://developers.facebook.com/docs/sharing/webmasters/crawler)"
69.171.251.8 - - [06/Nov/2025:23:27:58 +0000] "GET /wp-content/uploads/elementor/google-fonts/fonts/hindguntur-cc4e5462.woff2 HTTP/2" 200 14820 "https://deenzalifestyle.com/wp-content/uploads/elementor/google-fonts/css/hindguntur.css?ver=1756861774" "meta-externalads/1.1 (+https://developers.facebook.com/docs/sharing/webmasters/crawler)"
69.171.251.8 - - [06/Nov/2025:23:27:59 +0000] "GET /wp-content/plugins/cartflows/assets/fonts/cartflows-icon.ttf?rwcwgb HTTP/2" 200 1584 "https://deenzalifestyle.com/wp-content/plugins/cartflows/assets/css/frontend.css?ver=2.1.16" "meta-externalads/1.1 (+https://developers.facebook.com/docs/sharing/webmasters/crawler)"
69.171.251.8 - - [06/Nov/2025:23:27:59 +0000] "GET /wp-content/uploads/elementor/google-fonts/fonts/hindguntur-f75cd720.woff2 HTTP/2" 200 14576 "https://deenzalifestyle.com/wp-content/uploads/elementor/google-fonts/css/hindguntur.css?ver=1756861774" "meta-externalads/1.1 (+https://developers.facebook.com/docs/sharing/webmasters/crawler)"
69.171.251.8 - - [06/Nov/2025:23:27:59 +0000] "GET /wp-content/uploads/elementor/google-fonts/fonts/hindguntur-acc0dacd.woff2 HTTP/2" 200 14968 "https://deenzalifestyle.com/wp-content/uploads/elementor/google-fonts/css/hindguntur.css?ver=1756861774" "meta-externalads/1.1 (+https://developers.facebook.com/docs/sharing/webmasters/crawler)"
69.171.251.8 - - [06/Nov/2025:23:27:59 +0000] "GET /wp-content/uploads/elementor/google-fonts/fonts/roboto-kfo7cnqeu92fr1me7ksn66agldtyluama3yuba.woff2 HTTP/2" 200 40128 "https://deenzalifestyle.com/wp-content/uploads/elementor/google-fonts/css/roboto.css?ver=1751087316" "meta-externalads/1.1 (+https://developers.facebook.com/docs/sharing/webmasters/crawler)"
69.171.251.8 - - [06/Nov/2025:23:27:59 +0000] "GET /wp-content/uploads/elementor/google-fonts/fonts/hindguntur-d5b0f032.woff2 HTTP/2" 200 14592 "https://deenzalifestyle.com/wp-content/uploads/elementor/google-fonts/css/hindguntur.css?ver=1756861774" "meta-externalads/1.1 (+https://developers.facebook.com/docs/sharing/webmasters/crawler)"
69.171.251.8 - - [06/Nov/2025:23:27:59 +0000] "GET /wp-content/uploads/elementor/google-fonts/fonts/hindsiliguri-c899a402.woff2 HTTP/2" 200 14472 "https://deenzalifestyle.com/wp-content/uploads/elementor/google-fonts/css/hindsiliguri.css?ver=1756513364" "meta-externalads/1.1 (+https://developers.facebook.com/docs/sharing/webmasters/crawler)"
69.171.251.8 - - [06/Nov/2025:23:27:59 +0000] "GET /wp-content/uploads/elementor/google-fonts/fonts/hindsiliguri-6a0e2e6c.woff2 HTTP/2" 200 14480 "https://deenzalifestyle.com/wp-content/uploads/elementor/google-fonts/css/hindsiliguri.css?ver=1756513364" "meta-externalads/1.1 (+https://developers.facebook.com/docs/sharing/webmasters/crawler)"
69.171.251.8 - - [06/Nov/2025:23:27:59 +0000] "GET /wp-content/uploads/elementor/google-fonts/fonts/hindmadurai-7aec2cfe.woff2 HTTP/2" 200 14712 "https://deenzalifestyle.com/wp-content/uploads/elementor/google-fonts/css/hindmadurai.css?ver=1756513364" "meta-externalads/1.1 (+https://developers.facebook.com/docs/sharing/webmasters/crawler)"
69.171.251.8 - - [06/Nov/2025:23:27:59 +0000] "GET /wp-content/uploads/elementor/google-fonts/fonts/hindsiliguri-ea8fdb79.woff2 HTTP/2" 200 14896 "https://deenzalifestyle.com/wp-content/uploads/elementor/google-fonts/css/hindsiliguri.css?ver=1756513364" "meta-externalads/1.1 (+https://developers.facebook.com/docs/sharing/webmasters/crawler)"
69.171.251.8 - - [06/Nov/2025:23:27:59 +0000] "GET /wp-content/uploads/elementor/google-fonts/fonts/hindmadurai-3b756d6a.woff2 HTTP/2" 200 26984 "https://deenzalifestyle.com/wp-content/uploads/elementor/google-fonts/css/hindmadurai.css?ver=1756513364" "meta-externalads/1.1 (+https://developers.facebook.com/docs/sharing/webmasters/crawler)"
69.171.251.8 - - [06/Nov/2025:23:27:59 +0000] "GET /wp-content/uploads/elementor/google-fonts/fonts/hindguntur-a4f2f699.woff2 HTTP/2" 200 71540 "https://deenzalifestyle.com/wp-content/uploads/elementor/google-fonts/css/hindguntur.css?ver=1756861774" "meta-externalads/1.1 (+https://developers.facebook.com/docs/sharing/webmasters/crawler)"
69.171.251.8 - - [06/Nov/2025:23:27:59 +0000] "GET /wp-content/uploads/elementor/google-fonts/fonts/hindguntur-18d23e2e.woff2 HTTP/2" 200 71320 "https://deenzalifestyle.com/wp-content/uploads/elementor/google-fonts/css/hindguntur.css?ver=1756861774" "meta-externalads/1.1 (+https://developers.facebook.com/docs/sharing/webmasters/crawler)"
69.171.251.8 - - [06/Nov/2025:23:28:00 +0000] "GET /wp-content/uploads/elementor/google-fonts/fonts/roboto-kfo7cnqeu92fr1me7ksn66agldtyluamaxkubgee.woff2 HTTP/2" 200 20408 "https://deenzalifestyle.com/wp-content/uploads/elementor/google-fonts/css/roboto.css?ver=1751087316" "meta-externalads/1.1 (+https://developers.facebook.com/docs/sharing/webmasters/crawler)"
69.171.251.8 - - [06/Nov/2025:23:28:00 +0000] "GET /wp-content/plugins/elementor/assets/js/shared-frontend-handlers.4c8abccc3e268b0767b2.bundle.min.js HTTP/2" 200 2542 "https://deenzalifestyle.com/step/2/?fbclid=IwZXh0bgNhZW0CMTEAc3J0YwZhcHBfaWQMMjU2MjgxMDQwNTU4AAEeONJtv9JiMYKFlheu-0obFrX426DxxT9o_tRMewcScYR87cuiVARbDsyfk6M_aem_GN2fMxF_HZRjV6QG8azsjQ" "meta-externalads/1.1 (+https://developers.facebook.com/docs/sharing/webmasters/crawler)"
69.171.251.8 - - [06/Nov/2025:23:28:00 +0000] "GET /wp-content/plugins/elementor/assets/js/video.87291d1f5076f8939c18.bundle.min.js HTTP/2" 200 1226 "https://deenzalifestyle.com/step/2/?fbclid=IwZXh0bgNhZW0CMTEAc3J0YwZhcHBfaWQMMjU2MjgxMDQwNTU4AAEeONJtv9JiMYKFlheu-0obFrX426DxxT9o_tRMewcScYR87cuiVARbDsyfk6M_aem_GN2fMxF_HZRjV6QG8azsjQ" "meta-externalads/1.1 (+https://developers.facebook.com/docs/sharing/webmasters/crawler)"
69.171.251.8 - - [06/Nov/2025:23:28:01 +0000] "GET /wp-content/plugins/elementor/assets/js/text-editor.abc8f59c62f2820dc25a.bundle.min.js HTTP/2" 200 618 "https://deenzalifestyle.com/step/2/?fbclid=IwZXh0bgNhZW0CMTEAc3J0YwZhcHBfaWQMMjU2MjgxMDQwNTU4AAEeONJtv9JiMYKFlheu-0obFrX426DxxT9o_tRMewcScYR87cuiVARbDsyfk6M_aem_GN2fMxF_HZRjV6QG8azsjQ" "meta-externalads/1.1 (+https://developers.facebook.com/docs/sharing/webmasters/crawler)"
69.171.251.8 - - [06/Nov/2025:23:28:01 +0000] "GET /wp-content/plugins/woocommerce/assets/images/icons/loader.svg HTTP/2" 200 158 "https://deenzalifestyle.com/wp-content/plugins/woocommerce/assets/css/woocommerce.css?ver=10.3.3" "meta-externalads/1.1 (+https://developers.facebook.com/docs/sharing/webmasters/crawler)"
69.171.251.8 - - [06/Nov/2025:23:28:02 +0000] "GET /wp-content/plugins/woocommerce/assets/css/woocommerce-smallscreen.css?ver=10.3.3 HTTP/2" 200 1165 "https://deenzalifestyle.com/step/2/?fbclid=IwZXh0bgNhZW0CMTEAc3J0YwZhcHBfaWQMMjU2MjgxMDQwNTU4AAEeONJtv9JiMYKFlheu-0obFrX426DxxT9o_tRMewcScYR87cuiVARbDsyfk6M_aem_GN2fMxF_HZRjV6QG8azsjQ" "meta-externalads/1.1 (+https://developers.facebook.com/docs/sharing/webmasters/crawler)"
69.171.251.115 - - [06/Nov/2025:23:28:03 +0000] "GET /wp-content/uploads/2025/06/cropped-Deenza-logo-1-32x32.jpg HTTP/2" 200 941 "https://deenzalifestyle.com/step/2/?fbclid=IwZXh0bgNhZW0CMTEAc3J0YwZhcHBfaWQMMjU2MjgxMDQwNTU4AAEeONJtv9JiMYKFlheu-0obFrX426DxxT9o_tRMewcScYR87cuiVARbDsyfk6M_aem_GN2fMxF_HZRjV6QG8azsjQ" "meta-externalads/1.1 (+https://developers.facebook.com/docs/sharing/webmasters/crawler)"
173.252.95.112 - - [06/Nov/2025:23:28:27 +0000] "GET /wp-content/uploads/2025/06/photo_2025-06-29_16-42-22.jpg HTTP/2" 200 163589 "-" "meta-externalads/1.1 (+https://developers.facebook.com/docs/sharing/webmasters/crawler)"
173.252.95.115 - - [06/Nov/2025:23:28:27 +0000] "GET /wp-content/uploads/2025/06/photo_2025-06-29_16-42-30.jpg HTTP/2" 200 154847 "-" "meta-externalads/1.1 (+https://developers.facebook.com/docs/sharing/webmasters/crawler)"
173.252.95.14 - - [06/Nov/2025:23:28:31 +0000] "GET /wp-content/uploads/2025/06/photo_2025-06-29_16-42-18.jpg HTTP/2" 200 131193 "-" "facebookexternalhit/1.1 (+http://www.facebook.com/externalhit_uatext.php)"
204.197.172.10 - - [06/Nov/2025:23:31:56 +0000] "POST /wp-cron.php?doing_wp_cron=1762471916.7437949180603027343750 HTTP/1.1" 200 0 "-" "WordPress/6.8.3; https://deenzalifestyle.com"
57.141.2.21 - - [06/Nov/2025:23:31:55 +0000] "GET /product=4899379.html HTTP/2" 404 206892 "-" "meta-externalagent/1.1 (+https://developers.facebook.com/docs/sharing/webmasters/crawler)"
204.197.172.10 - - [06/Nov/2025:23:32:41 +0000] "POST /wp-cron.php?doing_wp_cron=1762471961.3121199607849121093750 HTTP/1.1" 200 0 "-" "WordPress/6.8.3; https://deenzalifestyle.com"
57.141.2.73 - - [06/Nov/2025:23:32:41 +0000] "GET /product=5301202.html HTTP/2" 404 206892 "-" "meta-externalagent/1.1 (+https://developers.facebook.com/docs/sharing/webmasters/crawler)"
204.197.172.10 - - [06/Nov/2025:23:33:14 +0000] "POST /wp-cron.php?doing_wp_cron=1762471994.2076239585876464843750 HTTP/1.1" 200 0 "-" "WordPress/6.8.3; https://deenzalifestyle.com"
57.141.2.77 - - [06/Nov/2025:23:33:14 +0000] "GET /product=2370618.html HTTP/2" 404 206892 "-" "meta-externalagent/1.1 (+https://developers.facebook.com/docs/sharing/webmasters/crawler)"
204.197.172.10 - - [06/Nov/2025:23:34:17 +0000] "POST /wp-cron.php?doing_wp_cron=1762472057.8059999942779541015625 HTTP/1.1" 200 0 "-" "WordPress/6.8.3; https://deenzalifestyle.com"
66.249.77.102 - - [06/Nov/2025:23:34:17 +0000] "GET /product=2917255.html HTTP/1.1" 404 37440 "-" "Mozilla/5.0 (Linux; Android 6.0.1; Nexus 5X Build/MMB29P) AppleWebKit/537.36 (KHTML, like Gecko) Chrome/141.0.7390.122 Mobile Safari/537.36 (compatible; Googlebot/2.1; +http://www.google.com/bot.html)"
204.197.172.10 - - [06/Nov/2025:23:35:14 +0000] "POST /wp-cron.php?doing_wp_cron=1762472114.3748500347137451171875 HTTP/1.1" 200 0 "-" "WordPress/6.8.3; https://deenzalifestyle.com"
57.141.2.83 - - [06/Nov/2025:23:35:14 +0000] "GET /product=2775472.html HTTP/2" 404 206892 "-" "meta-externalagent/1.1 (+https://developers.facebook.com/docs/sharing/webmasters/crawler)"
204.197.172.10 - - [06/Nov/2025:23:35:52 +0000] "POST /wp-cron.php?doing_wp_cron=1762472152.7508409023284912109375 HTTP/1.1" 200 0 "-" "WordPress/6.8.3; https://deenzalifestyle.com"
57.141.2.9 - - [06/Nov/2025:23:35:52 +0000] "GET /product=2266575.html HTTP/2" 404 206891 "-" "meta-externalagent/1.1 (+https://developers.facebook.com/docs/sharing/webmasters/crawler)"
204.197.172.10 - - [06/Nov/2025:23:37:27 +0000] "POST /wp-cron.php?doing_wp_cron=1762472247.9342150688171386718750 HTTP/1.1" 200 0 "-" "WordPress/6.8.3; https://deenzalifestyle.com"
66.249.77.102 - - [06/Nov/2025:23:37:26 +0000] "GET /product=4719325.html HTTP/1.1" 404 37440 "-" "Mozilla/5.0 (Linux; Android 6.0.1; Nexus 5X Build/MMB29P) AppleWebKit/537.36 (KHTML, like Gecko) Chrome/141.0.7390.122 Mobile Safari/537.36 (compatible; Googlebot/2.1; +http://www.google.com/bot.html)"
204.197.172.10 - - [06/Nov/2025:23:38:31 +0000] "POST /wp-cron.php?doing_wp_cron=1762472311.1708440780639648437500 HTTP/1.1" 200 0 "-" "WordPress/6.8.3; https://deenzalifestyle.com"
57.141.2.68 - - [06/Nov/2025:23:38:31 +0000] "GET /product=3713453.html HTTP/2" 404 206892 "-" "meta-externalagent/1.1 (+https://developers.facebook.com/docs/sharing/webmasters/crawler)"
204.197.172.10 - - [06/Nov/2025:23:38:59 +0000] "POST /wp-cron.php?doing_wp_cron=1762472339.0649859905242919921875 HTTP/1.1" 200 0 "-" "WordPress/6.8.3; https://deenzalifestyle.com"
57.141.2.34 - - [06/Nov/2025:23:38:58 +0000] "GET /product=1836151.html HTTP/2" 404 206892 "-" "meta-externalagent/1.1 (+https://developers.facebook.com/docs/sharing/webmasters/crawler)"
204.197.172.10 - - [06/Nov/2025:23:41:15 +0000] "POST /wp-cron.php?doing_wp_cron=1762472475.1338500976562500000000 HTTP/1.1" 200 0 "-" "WordPress/6.8.3; https://deenzalifestyle.com"
57.141.2.66 - - [06/Nov/2025:23:41:14 +0000] "GET /product=5360639.html HTTP/2" 404 206892 "-" "meta-externalagent/1.1 (+https://developers.facebook.com/docs/sharing/webmasters/crawler)"
57.141.2.64 - - [06/Nov/2025:23:41:16 +0000] "GET /product=4773422.html HTTP/2" 404 206892 "-" "meta-externalagent/1.1 (+https://developers.facebook.com/docs/sharing/webmasters/crawler)"
204.197.172.10 - - [06/Nov/2025:23:41:34 +0000] "POST /wp-cron.php?doing_wp_cron=1762472494.4549460411071777343750 HTTP/1.1" 200 0 "-" "WordPress/6.8.3; https://deenzalifestyle.com"
57.141.2.23 - - [06/Nov/2025:23:41:34 +0000] "GET /product=5073205.html HTTP/2" 404 206892 "-" "meta-externalagent/1.1 (+https://developers.facebook.com/docs/sharing/webmasters/crawler)"
204.197.172.10 - - [06/Nov/2025:23:42:53 +0000] "POST /wp-cron.php?doing_wp_cron=1762472573.6650469303131103515625 HTTP/1.1" 200 0 "-" "WordPress/6.8.3; https://deenzalifestyle.com"
57.141.2.5 - - [06/Nov/2025:23:42:52 +0000] "GET /product=4988743.html HTTP/2" 404 206891 "-" "meta-externalagent/1.1 (+https://developers.facebook.com/docs/sharing/webmasters/crawler)"
204.197.172.10 - - [06/Nov/2025:23:43:03 +0000] "POST /wp-cron.php?doing_wp_cron=1762472583.0136411190032958984375 HTTP/1.1" 200 0 "-" "WordPress/6.8.3; https://deenzalifestyle.com"
66.249.77.102 - - [06/Nov/2025:23:43:02 +0000] "GET /product=3578797.html HTTP/1.1" 404 37440 "-" "Mozilla/5.0 (Linux; Android 6.0.1; Nexus 5X Build/MMB29P) AppleWebKit/537.36 (KHTML, like Gecko) Chrome/141.0.7390.122 Mobile Safari/537.36 (compatible; Googlebot/2.1; +http://www.google.com/bot.html)"
66.249.77.101 - - [06/Nov/2025:23:43:03 +0000] "GET /product=3578797.html HTTP/1.1" 404 37388 "-" "Mozilla/5.0 (compatible; Googlebot/2.1; +http://www.google.com/bot.html)"
204.197.172.10 - - [06/Nov/2025:23:44:31 +0000] "POST /wp-cron.php?doing_wp_cron=1762472671.1572959423065185546875 HTTP/1.1" 200 0 "-" "WordPress/6.8.3; https://deenzalifestyle.com"
204.197.172.10 - - [06/Nov/2025:23:44:31 +0000] "POST /wp-cron.php?doing_wp_cron=1762472671.1968579292297363281250 HTTP/1.1" 200 0 "-" "WordPress/6.8.3; https://deenzalifestyle.com"
57.141.2.3 - - [06/Nov/2025:23:44:30 +0000] "GET /product=4283893.html HTTP/2" 404 206891 "-" "meta-externalagent/1.1 (+https://developers.facebook.com/docs/sharing/webmasters/crawler)"
204.197.172.10 - - [06/Nov/2025:23:45:31 +0000] "POST /wp-cron.php?doing_wp_cron=1762472731.4897909164428710937500 HTTP/1.1" 200 0 "-" "WordPress/6.8.3; https://deenzalifestyle.com"
57.141.2.12 - - [06/Nov/2025:23:45:31 +0000] "GET /product=2574086.html HTTP/2" 404 206892 "-" "meta-externalagent/1.1 (+https://developers.facebook.com/docs/sharing/webmasters/crawler)"
204.197.172.10 - - [06/Nov/2025:23:45:54 +0000] "POST /wp-cron.php?doing_wp_cron=1762472754.6784360408782958984375 HTTP/1.1" 200 0 "-" "WordPress/6.8.3; https://deenzalifestyle.com"
66.249.77.102 - - [06/Nov/2025:23:45:54 +0000] "GET /product=3144749.html HTTP/1.1" 404 37438 "-" "Mozilla/5.0 (Linux; Android 6.0.1; Nexus 5X Build/MMB29P) AppleWebKit/537.36 (KHTML, like Gecko) Chrome/141.0.7390.122 Mobile Safari/537.36 (compatible; Googlebot/2.1; +http://www.google.com/bot.html)"
204.197.172.10 - - [06/Nov/2025:23:47:28 +0000] "POST /wp-cron.php?doing_wp_cron=1762472848.2273669242858886718750 HTTP/1.1" 200 0 "-" "WordPress/6.8.3; https://deenzalifestyle.com"
57.141.2.9 - - [06/Nov/2025:23:47:27 +0000] "GET /product=2686860.html HTTP/2" 404 206891 "-" "meta-externalagent/1.1 (+https://developers.facebook.com/docs/sharing/webmasters/crawler)"
204.197.172.10 - - [06/Nov/2025:23:48:23 +0000] "POST /wp-cron.php?doing_wp_cron=1762472903.6308870315551757812500 HTTP/1.1" 200 0 "-" "WordPress/6.8.3; https://deenzalifestyle.com"
66.249.77.101 - - [06/Nov/2025:23:48:23 +0000] "GET /product=3116012.html HTTP/1.1" 404 37388 "-" "Mozilla/5.0 (compatible; Googlebot/2.1; +http://www.google.com/bot.html)"
204.197.172.10 - - [06/Nov/2025:23:49:01 +0000] "POST /wp-cron.php?doing_wp_cron=1762472941.5264170169830322265625 HTTP/1.1" 200 0 "-" "WordPress/6.8.3; https://deenzalifestyle.com"
57.141.2.76 - - [06/Nov/2025:23:49:01 +0000] "GET /product=4948004.html HTTP/2" 404 206892 "-" "meta-externalagent/1.1 (+https://developers.facebook.com/docs/sharing/webmasters/crawler)"
57.141.2.82 - - [06/Nov/2025:23:49:26 +0000] "GET /product=4096781.html HTTP/2" 404 206892 "-" "meta-externalagent/1.1 (+https://developers.facebook.com/docs/sharing/webmasters/crawler)"
204.197.172.10 - - [06/Nov/2025:23:50:48 +0000] "POST /wp-cron.php?doing_wp_cron=1762473048.6429839134216308593750 HTTP/1.1" 200 0 "-" "WordPress/6.8.3; https://deenzalifestyle.com"
57.141.2.73 - - [06/Nov/2025:23:50:47 +0000] "GET /product=2205764.html HTTP/2" 404 206892 "-" "meta-externalagent/1.1 (+https://developers.facebook.com/docs/sharing/webmasters/crawler)"
204.197.172.10 - - [06/Nov/2025:23:51:11 +0000] "POST /wp-cron.php?doing_wp_cron=1762473071.1881120204925537109375 HTTP/1.1" 200 0 "-" "WordPress/6.8.3; https://deenzalifestyle.com"
57.141.2.11 - - [06/Nov/2025:23:51:11 +0000] "GET /product=4351100.html HTTP/2" 404 206892 "-" "meta-externalagent/1.1 (+https://developers.facebook.com/docs/sharing/webmasters/crawler)"
204.197.172.10 - - [06/Nov/2025:23:53:27 +0000] "POST /wp-cron.php?doing_wp_cron=1762473207.4987330436706542968750 HTTP/1.1" 200 0 "-" "WordPress/6.8.3; https://deenzalifestyle.com"
57.141.2.25 - - [06/Nov/2025:23:53:26 +0000] "GET /product=3174751.html HTTP/2" 404 206892 "-" "meta-externalagent/1.1 (+https://developers.facebook.com/docs/sharing/webmasters/crawler)"
204.197.172.10 - - [06/Nov/2025:23:53:57 +0000] "POST /wp-cron.php?doing_wp_cron=1762473237.0834100246429443359375 HTTP/1.1" 200 0 "-" "WordPress/6.8.3; https://deenzalifestyle.com"
66.249.77.100 - - [06/Nov/2025:23:53:56 +0000] "GET /536581971.shtml HTTP/1.1" 404 37388 "-" "Mozilla/5.0 (compatible; Googlebot/2.1; +http://www.google.com/bot.html)"
57.141.2.33 - - [06/Nov/2025:23:54:23 +0000] "GET /product=3975255.html HTTP/2" 404 206892 "-" "meta-externalagent/1.1 (+https://developers.facebook.com/docs/sharing/webmasters/crawler)"
204.197.172.10 - - [06/Nov/2025:23:54:46 +0000] "POST /wp-cron.php?doing_wp_cron=1762473286.9791998863220214843750 HTTP/1.1" 200 0 "-" "WordPress/6.8.3; https://deenzalifestyle.com"
66.249.77.101 - - [06/Nov/2025:23:54:46 +0000] "GET /product=3909790.html HTTP/1.1" 404 37439 "-" "Mozilla/5.0 (Linux; Android 6.0.1; Nexus 5X Build/MMB29P) AppleWebKit/537.36 (KHTML, like Gecko) Chrome/141.0.7390.122 Mobile Safari/537.36 (compatible; Googlebot/2.1; +http://www.google.com/bot.html)"
204.197.172.10 - - [06/Nov/2025:23:54:57 +0000] "POST /wp-cron.php?doing_wp_cron=1762473297.6761419773101806640625 HTTP/1.1" 200 0 "-" "WordPress/6.8.3; https://deenzalifestyle.com"
66.249.77.100 - - [06/Nov/2025:23:54:57 +0000] "GET /162735873.shtml HTTP/1.1" 404 37438 "-" "Mozilla/5.0 (Linux; Android 6.0.1; Nexus 5X Build/MMB29P) AppleWebKit/537.36 (KHTML, like Gecko) Chrome/141.0.7390.122 Mobile Safari/537.36 (compatible; Googlebot/2.1; +http://www.google.com/bot.html)"
57.141.2.53 - - [06/Nov/2025:23:54:57 +0000] "GET /product=1871838.html HTTP/2" 404 206892 "-" "meta-externalagent/1.1 (+https://developers.facebook.com/docs/sharing/webmasters/crawler)"
66.249.77.101 - - [06/Nov/2025:23:55:23 +0000] "GET /114872004.shtml HTTP/1.1" 404 37438 "-" "Mozilla/5.0 (Linux; Android 6.0.1; Nexus 5X Build/MMB29P) AppleWebKit/537.36 (KHTML, like Gecko) Chrome/141.0.7390.122 Mobile Safari/537.36 (compatible; Googlebot/2.1; +http://www.google.com/bot.html)"
204.197.172.10 - - [06/Nov/2025:23:55:43 +0000] "POST /wp-cron.php?doing_wp_cron=1762473343.8148760795593261718750 HTTP/1.1" 200 0 "-" "WordPress/6.8.3; https://deenzalifestyle.com"
57.141.2.62 - - [06/Nov/2025:23:55:43 +0000] "GET /product=3441583.html HTTP/2" 404 206892 "-" "meta-externalagent/1.1 (+https://developers.facebook.com/docs/sharing/webmasters/crawler)"
204.197.172.10 - - [06/Nov/2025:23:56:08 +0000] "POST /wp-cron.php?doing_wp_cron=1762473368.0408349037170410156250 HTTP/1.1" 200 0 "-" "WordPress/6.8.3; https://deenzalifestyle.com"
66.249.77.101 - - [06/Nov/2025:23:56:07 +0000] "GET /product=4634017.html HTTP/1.1" 404 37389 "-" "Mozilla/5.0 (compatible; Googlebot/2.1; +http://www.google.com/bot.html)"
57.141.2.26 - - [06/Nov/2025:23:56:21 +0000] "GET /product=2928907.html HTTP/2" 404 206892 "-" "meta-externalagent/1.1 (+https://developers.facebook.com/docs/sharing/webmasters/crawler)"
204.197.172.10 - - [06/Nov/2025:23:56:40 +0000] "POST /wp-cron.php?doing_wp_cron=1762473400.1117410659790039062500 HTTP/1.1" 200 0 "-" "WordPress/6.8.3; https://deenzalifestyle.com"
57.141.2.71 - - [06/Nov/2025:23:56:39 +0000] "GET /product=2362038.html HTTP/2" 404 206892 "-" "meta-externalagent/1.1 (+https://developers.facebook.com/docs/sharing/webmasters/crawler)"
204.197.172.10 - - [06/Nov/2025:23:57:03 +0000] "POST /wp-cron.php?doing_wp_cron=1762473423.2090899944305419921875 HTTP/1.1" 200 0 "-" "WordPress/6.8.3; https://deenzalifestyle.com"
66.249.77.100 - - [06/Nov/2025:23:57:03 +0000] "GET /product=2773274.html HTTP/1.1" 404 37440 "-" "Mozilla/5.0 (Linux; Android 6.0.1; Nexus 5X Build/MMB29P) AppleWebKit/537.36 (KHTML, like Gecko) Chrome/141.0.7390.122 Mobile Safari/537.36 (compatible; Googlebot/2.1; +http://www.google.com/bot.html)"
57.141.2.9 - - [06/Nov/2025:23:57:05 +0000] "GET /product=4287798.html HTTP/2" 404 206891 "-" "meta-externalagent/1.1 (+https://developers.facebook.com/docs/sharing/webmasters/crawler)"
66.249.77.101 - - [06/Nov/2025:23:57:06 +0000] "GET /425283933.shtml HTTP/1.1" 404 37439 "-" "Mozilla/5.0 (Linux; Android 6.0.1; Nexus 5X Build/MMB29P) AppleWebKit/537.36 (KHTML, like Gecko) Chrome/141.0.7390.122 Mobile Safari/537.36 (compatible; Googlebot/2.1; +http://www.google.com/bot.html)"
66.249.77.101 - - [06/Nov/2025:23:57:06 +0000] "GET /425283933.shtml HTTP/1.1" 404 37389 "-" "Mozilla/5.0 (compatible; Googlebot/2.1; +http://www.google.com/bot.html)"
66.249.77.100 - - [06/Nov/2025:23:57:24 +0000] "GET /product=1852139.html HTTP/1.1" 404 37440 "-" "Mozilla/5.0 (Linux; Android 6.0.1; Nexus 5X Build/MMB29P) AppleWebKit/537.36 (KHTML, like Gecko) Chrome/141.0.7390.122 Mobile Safari/537.36 (compatible; Googlebot/2.1; +http://www.google.com/bot.html)"
66.249.77.101 - - [06/Nov/2025:23:57:26 +0000] "GET /292332102.shtml HTTP/1.1" 404 37388 "-" "Mozilla/5.0 (compatible; Googlebot/2.1; +http://www.google.com/bot.html)"
204.197.172.10 - - [06/Nov/2025:23:57:39 +0000] "POST /wp-cron.php?doing_wp_cron=1762473459.6568579673767089843750 HTTP/1.1" 200 0 "-" "WordPress/6.8.3; https://deenzalifestyle.com"
57.141.2.49 - - [06/Nov/2025:23:57:39 +0000] "GET /product=3927334.html HTTP/2" 404 206892 "-" "meta-externalagent/1.1 (+https://developers.facebook.com/docs/sharing/webmasters/crawler)"
66.249.77.100 - - [06/Nov/2025:23:57:40 +0000] "GET /188217276.shtml HTTP/1.1" 404 37389 "-" "Mozilla/5.0 (compatible; Googlebot/2.1; +http://www.google.com/bot.html)"
204.197.172.10 - - [06/Nov/2025:23:57:58 +0000] "POST /wp-cron.php?doing_wp_cron=1762473478.8439600467681884765625 HTTP/1.1" 200 0 "-" "WordPress/6.8.3; https://deenzalifestyle.com"
57.141.2.27 - - [06/Nov/2025:23:57:58 +0000] "GET /product=5288172.html HTTP/2" 404 206892 "-" "meta-externalagent/1.1 (+https://developers.facebook.com/docs/sharing/webmasters/crawler)"
204.197.172.10 - - [06/Nov/2025:23:59:34 +0000] "POST /wp-cron.php?doing_wp_cron=1762473574.5622899532318115234375 HTTP/1.1" 200 0 "-" "WordPress/6.8.3; https://deenzalifestyle.com"
57.141.2.65 - - [06/Nov/2025:23:59:33 +0000] "GET /product=4925317.html HTTP/2" 404 206892 "-" "meta-externalagent/1.1 (+https://developers.facebook.com/docs/sharing/webmasters/crawler)"
204.197.172.10 - - [07/Nov/2025:00:00:47 +0000] "POST /wp-cron.php?doing_wp_cron=1762473647.8761470317840576171875 HTTP/1.1" 200 0 "-" "WordPress/6.8.3; https://deenzalifestyle.com"
57.141.2.67 - - [07/Nov/2025:00:00:46 +0000] "GET /product=5214928.html HTTP/2" 404 206892 "-" "meta-externalagent/1.1 (+https://developers.facebook.com/docs/sharing/webmasters/crawler)"
52.167.144.174 - - [07/Nov/2025:00:00:56 +0000] "GET /wp-content/uploads/2025/06/photo_2025-06-29_16-42-27-300x300.jpg HTTP/2" 200 19396 "-" "Mozilla/5.0 AppleWebKit/537.36 (KHTML, like Gecko; compatible; bingbot/2.0; +http://www.bing.com/bingbot.htm) Chrome/116.0.1938.76 Safari/537.36"
204.197.172.10 - - [07/Nov/2025:00:02:47 +0000] "POST /wp-cron.php?doing_wp_cron=1762473767.2245450019836425781250 HTTP/1.1" 200 0 "-" "WordPress/6.8.3; https://deenzalifestyle.com"
66.249.77.102 - - [07/Nov/2025:00:02:47 +0000] "GET /product=5118033.html HTTP/1.1" 404 37441 "-" "Mozilla/5.0 (Linux; Android 6.0.1; Nexus 5X Build/MMB29P) AppleWebKit/537.36 (KHTML, like Gecko) Chrome/141.0.7390.122 Mobile Safari/537.36 (compatible; Googlebot/2.1; +http://www.google.com/bot.html)"
204.197.172.10 - - [07/Nov/2025:00:03:18 +0000] "POST /wp-cron.php?doing_wp_cron=1762473798.6295828819274902343750 HTTP/1.1" 200 0 "-" "WordPress/6.8.3; https://deenzalifestyle.com"
66.249.77.101 - - [07/Nov/2025:00:03:18 +0000] "GET /97005351.shtml HTTP/1.1" 404 37441 "-" "Mozilla/5.0 (Linux; Android 6.0.1; Nexus 5X Build/MMB29P) AppleWebKit/537.36 (KHTML, like Gecko) Chrome/141.0.7390.122 Mobile Safari/537.36 (compatible; Googlebot/2.1; +http://www.google.com/bot.html)"
204.197.172.10 - - [07/Nov/2025:00:03:34 +0000] "POST /wp-cron.php?doing_wp_cron=1762473814.9451889991760253906250 HTTP/1.1" 200 0 "-" "WordPress/6.8.3; https://deenzalifestyle.com"
57.141.2.67 - - [07/Nov/2025:00:03:34 +0000] "GET /product=5285235.html HTTP/2" 404 206892 "-" "meta-externalagent/1.1 (+https://developers.facebook.com/docs/sharing/webmasters/crawler)"
31.13.127.17 - - [07/Nov/2025:00:04:58 +0000] "GET /wp-content/uploads/woo-feed/facebook/csv/deenzalifestyle.csv HTTP/1.1" 200 151806 "-" "facebookexternalhit/1.1 (+http://www.facebook.com/externalhit_uatext.php)"
204.197.172.10 - - [07/Nov/2025:00:06:28 +0000] "POST /wp-cron.php?doing_wp_cron=1762473988.7754139900207519531250 HTTP/1.1" 200 0 "-" "WordPress/6.8.3; https://deenzalifestyle.com"
5.161.69.178 - - [07/Nov/2025:00:06:27 +0000] "POST /wp-load.php?635efe=48702 HTTP/1.1" 200 0 "-" "Mozilla/5.0 (Windows NT 10.0; Win64; x64) AppleWebKit/537.36 (KHTML, like Gecko) Chrome/104.0.5112.97 Safari/537.36"
204.197.172.10 - - [07/Nov/2025:00:06:37 +0000] "POST /wp-cron.php?doing_wp_cron=1762473997.6406879425048828125000 HTTP/1.1" 200 0 "-" "WordPress/6.8.3; https://deenzalifestyle.com"
