66.249.69.104 - - [06/Nov/2025:18:04:58 +0000] "GET /wp-includes/js/wp-util.min.js?ver=6.8.2 HTTP/1.1" 200 690 "https://deenzalifestyle.com/product/%E0%A6%B9%E0%A6%BF%E0%A6%A6%E0%A6%BE%E0%A6%AF%E0%A6%BC%E0%A6%BE%E0%A6%B9-%E0%A6%B8%E0%A7%87%E0%A6%9F-%E0%A6%AA%E0%A6%B0%E0%A6%BF%E0%A6%AA%E0%A7%82%E0%A6%B0%E0%A7%8D%E0%A6%A3-%E0%A6%AA/" "Mozilla/5.0 AppleWebKit/537.36 (KHTML, like Gecko; compatible; GoogleOther) Chrome/141.0.7390.122 Safari/537.36"
66.249.69.104 - - [06/Nov/2025:18:04:58 +0000] "GET /wp-content/plugins/woocommerce/assets/js/jquery-tiptip/jquery.tipTip.min.js?ver=10.2.1 HTTP/1.1" 200 1154 "https://deenzalifestyle.com/product/%E0%A6%B9%E0%A6%BF%E0%A6%A6%E0%A6%BE%E0%A6%AF%E0%A6%BC%E0%A6%BE%E0%A6%B9-%E0%A6%B8%E0%A7%87%E0%A6%9F-%E0%A6%AA%E0%A6%B0%E0%A6%BF%E0%A6%AA%E0%A7%82%E0%A6%B0%E0%A7%8D%E0%A6%A3-%E0%A6%AA/" "Mozilla/5.0 AppleWebKit/537.36 (KHTML, like Gecko; compatible; GoogleOther) Chrome/141.0.7390.122 Safari/537.36"
66.249.69.104 - - [06/Nov/2025:18:04:58 +0000] "GET /wp-includes/js/jquery/jquery.min.js?ver=3.7.1 HTTP/1.1" 200 29744 "https://deenzalifestyle.com/product/%E0%A6%B9%E0%A6%BF%E0%A6%A6%E0%A6%BE%E0%A6%AF%E0%A6%BC%E0%A6%BE%E0%A6%B9-%E0%A6%B8%E0%A7%87%E0%A6%9F-%E0%A6%AA%E0%A6%B0%E0%A6%BF%E0%A6%AA%E0%A7%82%E0%A6%B0%E0%A7%8D%E0%A6%A3-%E0%A6%AA/" "Mozilla/5.0 AppleWebKit/537.36 (KHTML, like Gecko; compatible; GoogleOther) Chrome/141.0.7390.122 Safari/537.36"
66.249.69.104 - - [06/Nov/2025:18:04:58 +0000] "GET /wp-content/plugins/elementor/assets/lib/font-awesome/css/brands.css?ver=5.15.3 HTTP/1.1" 200 296 "https://deenzalifestyle.com/product/%E0%A6%B9%E0%A6%BF%E0%A6%A6%E0%A6%BE%E0%A6%AF%E0%A6%BC%E0%A6%BE%E0%A6%B9-%E0%A6%B8%E0%A7%87%E0%A6%9F-%E0%A6%AA%E0%A6%B0%E0%A6%BF%E0%A6%AA%E0%A7%82%E0%A6%B0%E0%A7%8D%E0%A6%A3-%E0%A6%AA/" "Mozilla/5.0 AppleWebKit/537.36 (KHTML, like Gecko; compatible; GoogleOther) Chrome/141.0.7390.122 Safari/537.36"
66.249.69.104 - - [06/Nov/2025:18:04:59 +0000] "GET /wp-content/plugins/bkash/css/style.css?ver=6.8.2 HTTP/1.1" 200 171 "https://deenzalifestyle.com/product/%E0%A6%B9%E0%A6%BF%E0%A6%A6%E0%A6%BE%E0%A6%AF%E0%A6%BC%E0%A6%BE%E0%A6%B9-%E0%A6%B8%E0%A7%87%E0%A6%9F-%E0%A6%AA%E0%A6%B0%E0%A6%BF%E0%A6%AA%E0%A7%82%E0%A6%B0%E0%A7%8D%E0%A6%A3-%E0%A6%AA/" "Mozilla/5.0 AppleWebKit/537.36 (KHTML, like Gecko; compatible; GoogleOther) Chrome/141.0.7390.122 Safari/537.36"
66.249.69.105 - - [06/Nov/2025:18:04:59 +0000] "GET /wp-content/uploads/elementor/css/post-6.css?ver=1758619998 HTTP/1.1" 200 380 "https://deenzalifestyle.com/product/%E0%A6%B9%E0%A6%BF%E0%A6%A6%E0%A6%BE%E0%A6%AF%E0%A6%BC%E0%A6%BE%E0%A6%B9-%E0%A6%B8%E0%A7%87%E0%A6%9F-%E0%A6%AA%E0%A6%B0%E0%A6%BF%E0%A6%AA%E0%A7%82%E0%A6%B0%E0%A7%8D%E0%A6%A3-%E0%A6%AA/" "Mozilla/5.0 AppleWebKit/537.36 (KHTML, like Gecko; compatible; GoogleOther) Chrome/141.0.7390.122 Safari/537.36"
66.249.69.104 - - [06/Nov/2025:18:04:59 +0000] "GET /wp-content/plugins/elementor/assets/css/frontend.min.css?ver=3.32.2 HTTP/1.1" 200 6537 "https://deenzalifestyle.com/product/%E0%A6%B9%E0%A6%BF%E0%A6%A6%E0%A6%BE%E0%A6%AF%E0%A6%BC%E0%A6%BE%E0%A6%B9-%E0%A6%B8%E0%A7%87%E0%A6%9F-%E0%A6%AA%E0%A6%B0%E0%A6%BF%E0%A6%AA%E0%A7%82%E0%A6%B0%E0%A7%8D%E0%A6%A3-%E0%A6%AA/" "Mozilla/5.0 AppleWebKit/537.36 (KHTML, like Gecko; compatible; GoogleOther) Chrome/141.0.7390.122 Safari/537.36"
66.249.69.104 - - [06/Nov/2025:18:04:59 +0000] "GET /wp-content/plugins/twist/assets/js/imageZoom.js?ver=3.5.10 HTTP/1.1" 200 1476 "https://deenzalifestyle.com/product/%E0%A6%B9%E0%A6%BF%E0%A6%A6%E0%A6%BE%E0%A6%AF%E0%A6%BC%E0%A6%BE%E0%A6%B9-%E0%A6%B8%E0%A7%87%E0%A6%9F-%E0%A6%AA%E0%A6%B0%E0%A6%BF%E0%A6%AA%E0%A7%82%E0%A6%B0%E0%A7%8D%E0%A6%A3-%E0%A6%AA/" "Mozilla/5.0 AppleWebKit/537.36 (KHTML, like Gecko; compatible; GoogleOther) Chrome/141.0.7390.122 Safari/537.36"
66.249.69.105 - - [06/Nov/2025:18:04:59 +0000] "GET /wp-content/plugins/elementor/assets/lib/eicons/css/elementor-icons.min.css?ver=5.34.0 HTTP/1.1" 200 3997 "https://deenzalifestyle.com/product/%E0%A6%B9%E0%A6%BF%E0%A6%A6%E0%A6%BE%E0%A6%AF%E0%A6%BC%E0%A6%BE%E0%A6%B9-%E0%A6%B8%E0%A7%87%E0%A6%9F-%E0%A6%AA%E0%A6%B0%E0%A6%BF%E0%A6%AA%E0%A7%82%E0%A6%B0%E0%A7%8D%E0%A6%A3-%E0%A6%AA/" "Mozilla/5.0 AppleWebKit/537.36 (KHTML, like Gecko; compatible; GoogleOther) Chrome/141.0.7390.122 Safari/537.36"
66.249.69.105 - - [06/Nov/2025:18:05:00 +0000] "GET /wp-content/uploads/elementor/css/post-25.css?ver=1758619998 HTTP/1.1" 200 2226 "https://deenzalifestyle.com/product/%E0%A6%B9%E0%A6%BF%E0%A6%A6%E0%A6%BE%E0%A6%AF%E0%A6%BC%E0%A6%BE%E0%A6%B9-%E0%A6%B8%E0%A7%87%E0%A6%9F-%E0%A6%AA%E0%A6%B0%E0%A6%BF%E0%A6%AA%E0%A7%82%E0%A6%B0%E0%A7%8D%E0%A6%A3-%E0%A6%AA/" "Mozilla/5.0 AppleWebKit/537.36 (KHTML, like Gecko; compatible; GoogleOther) Chrome/141.0.7390.122 Safari/537.36"
66.249.69.105 - - [06/Nov/2025:18:05:00 +0000] "GET /wp-content/themes/astra/assets/css/minified/main.min.css?ver=4.11.12 HTTP/1.1" 200 8486 "https://deenzalifestyle.com/product/%E0%A6%B9%E0%A6%BF%E0%A6%A6%E0%A6%BE%E0%A6%AF%E0%A6%BC%E0%A6%BE%E0%A6%B9-%E0%A6%B8%E0%A7%87%E0%A6%9F-%E0%A6%AA%E0%A6%B0%E0%A6%BF%E0%A6%AA%E0%A7%82%E0%A6%B0%E0%A7%8D%E0%A6%A3-%E0%A6%AA/" "Mozilla/5.0 AppleWebKit/537.36 (KHTML, like Gecko; compatible; GoogleOther) Chrome/141.0.7390.122 Safari/537.36"
66.249.69.104 - - [06/Nov/2025:18:05:00 +0000] "GET /wp-includes/js/jquery/jquery-migrate.min.js?ver=3.4.1 HTTP/1.1" 200 4678 "https://deenzalifestyle.com/product/%E0%A6%B9%E0%A6%BF%E0%A6%A6%E0%A6%BE%E0%A6%AF%E0%A6%BC%E0%A6%BE%E0%A6%B9-%E0%A6%B8%E0%A7%87%E0%A6%9F-%E0%A6%AA%E0%A6%B0%E0%A6%BF%E0%A6%AA%E0%A7%82%E0%A6%B0%E0%A7%8D%E0%A6%A3-%E0%A6%AA/" "Mozilla/5.0 AppleWebKit/537.36 (KHTML, like Gecko; compatible; GoogleOther) Chrome/141.0.7390.122 Safari/537.36"
66.249.69.105 - - [06/Nov/2025:18:05:00 +0000] "GET /wp-content/plugins/woolentor-addons/assets/css/simple-line-icons.css?ver=3.2.2 HTTP/1.1" 200 1884 "https://deenzalifestyle.com/product/%E0%A6%B9%E0%A6%BF%E0%A6%A6%E0%A6%BE%E0%A6%AF%E0%A6%BC%E0%A6%BE%E0%A6%B9-%E0%A6%B8%E0%A7%87%E0%A6%9F-%E0%A6%AA%E0%A6%B0%E0%A6%BF%E0%A6%AA%E0%A7%82%E0%A6%B0%E0%A7%8D%E0%A6%A3-%E0%A6%AA/" "Mozilla/5.0 AppleWebKit/537.36 (KHTML, like Gecko; compatible; GoogleOther) Chrome/141.0.7390.122 Safari/537.36"
66.249.69.104 - - [06/Nov/2025:18:05:00 +0000] "GET /wp-content/plugins/woo-conditional-product-fees-for-checkout/public/js/woocommerce-conditional-product-fees-for-checkout-public.js?ver=4.3.2 HTTP/1.1" 200 1000 "https://deenzalifestyle.com/product/%E0%A6%B9%E0%A6%BF%E0%A6%A6%E0%A6%BE%E0%A6%AF%E0%A6%BC%E0%A6%BE%E0%A6%B9-%E0%A6%B8%E0%A7%87%E0%A6%9F-%E0%A6%AA%E0%A6%B0%E0%A6%BF%E0%A6%AA%E0%A7%82%E0%A6%B0%E0%A7%8D%E0%A6%A3-%E0%A6%AA/" "Mozilla/5.0 AppleWebKit/537.36 (KHTML, like Gecko; compatible; GoogleOther) Chrome/141.0.7390.122 Safari/537.36"
66.249.69.104 - - [06/Nov/2025:18:05:01 +0000] "GET /wp-content/plugins/elementor/assets/lib/font-awesome/js/v4-shims.min.js?ver=3.32.2 HTTP/1.1" 200 4042 "https://deenzalifestyle.com/product/%E0%A6%B9%E0%A6%BF%E0%A6%A6%E0%A6%BE%E0%A6%AF%E0%A6%BC%E0%A6%BE%E0%A6%B9-%E0%A6%B8%E0%A7%87%E0%A6%9F-%E0%A6%AA%E0%A6%B0%E0%A6%BF%E0%A6%AA%E0%A7%82%E0%A6%B0%E0%A7%8D%E0%A6%A3-%E0%A6%AA/" "Mozilla/5.0 AppleWebKit/537.36 (KHTML, like Gecko; compatible; GoogleOther) Chrome/141.0.7390.122 Safari/537.36"
66.249.69.104 - - [06/Nov/2025:18:05:01 +0000] "GET /wp-content/plugins/woolentor-addons/assets/css/htflexboxgrid.css?ver=3.2.2 HTTP/1.1" 200 1643 "https://deenzalifestyle.com/product/%E0%A6%B9%E0%A6%BF%E0%A6%A6%E0%A6%BE%E0%A6%AF%E0%A6%BC%E0%A6%BE%E0%A6%B9-%E0%A6%B8%E0%A7%87%E0%A6%9F-%E0%A6%AA%E0%A6%B0%E0%A6%BF%E0%A6%AA%E0%A7%82%E0%A6%B0%E0%A7%8D%E0%A6%A3-%E0%A6%AA/" "Mozilla/5.0 AppleWebKit/537.36 (KHTML, like Gecko; compatible; GoogleOther) Chrome/141.0.7390.122 Safari/537.36"
66.249.69.104 - - [06/Nov/2025:18:05:01 +0000] "GET /wp-content/plugins/woocommerce/assets/css/brands.css?ver=10.2.1 HTTP/1.1" 200 579 "https://deenzalifestyle.com/product/%E0%A6%B9%E0%A6%BF%E0%A6%A6%E0%A6%BE%E0%A6%AF%E0%A6%BC%E0%A6%BE%E0%A6%B9-%E0%A6%B8%E0%A7%87%E0%A6%9F-%E0%A6%AA%E0%A6%B0%E0%A6%BF%E0%A6%AA%E0%A7%82%E0%A6%B0%E0%A7%8D%E0%A6%A3-%E0%A6%AA/" "Mozilla/5.0 AppleWebKit/537.36 (KHTML, like Gecko; compatible; GoogleOther) Chrome/141.0.7390.122 Safari/537.36"
66.249.69.104 - - [06/Nov/2025:18:05:01 +0000] "GET /wp-content/uploads/elementor/css/post-77.css?ver=1758619998 HTTP/1.1" 200 950 "https://deenzalifestyle.com/product/%E0%A6%B9%E0%A6%BF%E0%A6%A6%E0%A6%BE%E0%A6%AF%E0%A6%BC%E0%A6%BE%E0%A6%B9-%E0%A6%B8%E0%A7%87%E0%A6%9F-%E0%A6%AA%E0%A6%B0%E0%A6%BF%E0%A6%AA%E0%A7%82%E0%A6%B0%E0%A7%8D%E0%A6%A3-%E0%A6%AA/" "Mozilla/5.0 AppleWebKit/537.36 (KHTML, like Gecko; compatible; GoogleOther) Chrome/141.0.7390.122 Safari/537.36"
66.249.69.104 - - [06/Nov/2025:18:05:01 +0000] "GET /wp-content/plugins/twist/assets/css/slick.css?ver=6.8.2 HTTP/1.1" 200 463 "https://deenzalifestyle.com/product/%E0%A6%B9%E0%A6%BF%E0%A6%A6%E0%A6%BE%E0%A6%AF%E0%A6%BC%E0%A6%BE%E0%A6%B9-%E0%A6%B8%E0%A7%87%E0%A6%9F-%E0%A6%AA%E0%A6%B0%E0%A6%BF%E0%A6%AA%E0%A7%82%E0%A6%B0%E0%A7%8D%E0%A6%A3-%E0%A6%AA/" "Mozilla/5.0 AppleWebKit/537.36 (KHTML, like Gecko; compatible; GoogleOther) Chrome/141.0.7390.122 Safari/537.36"
66.249.69.104 - - [06/Nov/2025:18:05:02 +0000] "GET /wp-content/plugins/elementor/assets/lib/font-awesome/css/v4-shims.min.css?ver=3.32.2 HTTP/1.1" 200 3987 "https://deenzalifestyle.com/product/%E0%A6%B9%E0%A6%BF%E0%A6%A6%E0%A6%BE%E0%A6%AF%E0%A6%BC%E0%A6%BE%E0%A6%B9-%E0%A6%B8%E0%A7%87%E0%A6%9F-%E0%A6%AA%E0%A6%B0%E0%A6%BF%E0%A6%AA%E0%A7%82%E0%A6%B0%E0%A7%8D%E0%A6%A3-%E0%A6%AA/" "Mozilla/5.0 AppleWebKit/537.36 (KHTML, like Gecko; compatible; GoogleOther) Chrome/141.0.7390.122 Safari/537.36"
66.249.69.104 - - [06/Nov/2025:18:05:02 +0000] "GET /wp-content/plugins/elementor/assets/lib/font-awesome/css/all.min.css?ver=3.32.2 HTTP/1.1" 200 12380 "https://deenzalifestyle.com/product/%E0%A6%B9%E0%A6%BF%E0%A6%A6%E0%A6%BE%E0%A6%AF%E0%A6%BC%E0%A6%BE%E0%A6%B9-%E0%A6%B8%E0%A7%87%E0%A6%9F-%E0%A6%AA%E0%A6%B0%E0%A6%BF%E0%A6%AA%E0%A7%82%E0%A6%B0%E0%A7%8D%E0%A6%A3-%E0%A6%AA/" "Mozilla/5.0 AppleWebKit/537.36 (KHTML, like Gecko; compatible; GoogleOther) Chrome/141.0.7390.122 Safari/537.36"
66.249.69.104 - - [06/Nov/2025:18:05:03 +0000] "GET /wp-content/plugins/elementor/assets/lib/font-awesome/css/solid.css?ver=5.15.3 HTTP/1.1" 200 296 "https://deenzalifestyle.com/product/%E0%A6%B9%E0%A6%BF%E0%A6%A6%E0%A6%BE%E0%A6%AF%E0%A6%BC%E0%A6%BE%E0%A6%B9-%E0%A6%B8%E0%A7%87%E0%A6%9F-%E0%A6%AA%E0%A6%B0%E0%A6%BF%E0%A6%AA%E0%A7%82%E0%A6%B0%E0%A7%8D%E0%A6%A3-%E0%A6%AA/" "Mozilla/5.0 AppleWebKit/537.36 (KHTML, like Gecko; compatible; GoogleOther) Chrome/141.0.7390.122 Safari/537.36"
66.249.69.104 - - [06/Nov/2025:18:05:03 +0000] "GET /wp-content/plugins/th-advance-product-search/th-icon/style.css?ver=6.8.2 HTTP/1.1" 200 953 "https://deenzalifestyle.com/product/%E0%A6%B9%E0%A6%BF%E0%A6%A6%E0%A6%BE%E0%A6%AF%E0%A6%BC%E0%A6%BE%E0%A6%B9-%E0%A6%B8%E0%A7%87%E0%A6%9F-%E0%A6%AA%E0%A6%B0%E0%A6%BF%E0%A6%AA%E0%A7%82%E0%A6%B0%E0%A7%8D%E0%A6%A3-%E0%A6%AA/" "Mozilla/5.0 AppleWebKit/537.36 (KHTML, like Gecko; compatible; GoogleOther) Chrome/141.0.7390.122 Safari/537.36"
66.249.69.104 - - [06/Nov/2025:18:05:03 +0000] "GET /wp-content/uploads/2025/06/photo_2025-06-29_16-42-18-600x900.jpg HTTP/1.1" 200 73439 "https://deenzalifestyle.com/product/%E0%A6%B9%E0%A6%BF%E0%A6%A6%E0%A6%BE%E0%A6%AF%E0%A6%BC%E0%A6%BE%E0%A6%B9-%E0%A6%B8%E0%A7%87%E0%A6%9F-%E0%A6%AA%E0%A6%B0%E0%A6%BF%E0%A6%AA%E0%A7%82%E0%A6%B0%E0%A7%8D%E0%A6%A3-%E0%A6%AA/" "Mozilla/5.0 AppleWebKit/537.36 (KHTML, like Gecko; compatible; GoogleOther) Chrome/141.0.7390.122 Safari/537.36"
66.249.69.104 - - [06/Nov/2025:18:05:03 +0000] "GET /wp-content/plugins/woocommerce/assets/client/blocks/wc-blocks.css?ver=wc-10.2.1 HTTP/1.1" 200 2391 "https://deenzalifestyle.com/product/%E0%A6%B9%E0%A6%BF%E0%A6%A6%E0%A6%BE%E0%A6%AF%E0%A6%BC%E0%A6%BE%E0%A6%B9-%E0%A6%B8%E0%A7%87%E0%A6%9F-%E0%A6%AA%E0%A6%B0%E0%A6%BF%E0%A6%AA%E0%A7%82%E0%A6%B0%E0%A7%8D%E0%A6%A3-%E0%A6%AA/" "Mozilla/5.0 AppleWebKit/537.36 (KHTML, like Gecko; compatible; GoogleOther) Chrome/141.0.7390.122 Safari/537.36"
66.249.69.104 - - [06/Nov/2025:18:05:05 +0000] "GET /wp-content/plugins/duracelltomi-google-tag-manager/dist/js/gtm4wp-form-move-tracker.js?ver=1.22.1 HTTP/1.1" 200 251 "https://deenzalifestyle.com/product/%E0%A6%B9%E0%A6%BF%E0%A6%A6%E0%A6%BE%E0%A6%AF%E0%A6%BC%E0%A6%BE%E0%A6%B9-%E0%A6%B8%E0%A7%87%E0%A6%9F-%E0%A6%AA%E0%A6%B0%E0%A6%BF%E0%A6%AA%E0%A7%82%E0%A6%B0%E0%A7%8D%E0%A6%A3-%E0%A6%AA/" "Mozilla/5.0 AppleWebKit/537.36 (KHTML, like Gecko; compatible; GoogleOther) Chrome/141.0.7390.122 Safari/537.36"
66.249.69.104 - - [06/Nov/2025:18:05:05 +0000] "GET /wp-content/plugins/duracelltomi-google-tag-manager/dist/js/gtm4wp-ecommerce-generic.js?ver=1.22.1 HTTP/1.1" 200 497 "https://deenzalifestyle.com/product/%E0%A6%B9%E0%A6%BF%E0%A6%A6%E0%A6%BE%E0%A6%AF%E0%A6%BC%E0%A6%BE%E0%A6%B9-%E0%A6%B8%E0%A7%87%E0%A6%9F-%E0%A6%AA%E0%A6%B0%E0%A6%BF%E0%A6%AA%E0%A7%82%E0%A6%B0%E0%A7%8D%E0%A6%A3-%E0%A6%AA/" "Mozilla/5.0 AppleWebKit/537.36 (KHTML, like Gecko; compatible; GoogleOther) Chrome/141.0.7390.122 Safari/537.36"
66.249.69.104 - - [06/Nov/2025:18:05:05 +0000] "GET /wp-content/plugins/wp-bottom-menu/assets/js/main.js?ver=2.2.4 HTTP/1.1" 200 602 "https://deenzalifestyle.com/product/%E0%A6%B9%E0%A6%BF%E0%A6%A6%E0%A6%BE%E0%A6%AF%E0%A6%BC%E0%A6%BE%E0%A6%B9-%E0%A6%B8%E0%A7%87%E0%A6%9F-%E0%A6%AA%E0%A6%B0%E0%A6%BF%E0%A6%AA%E0%A7%82%E0%A6%B0%E0%A7%8D%E0%A6%A3-%E0%A6%AA/" "Mozilla/5.0 AppleWebKit/537.36 (KHTML, like Gecko; compatible; GoogleOther) Chrome/141.0.7390.122 Safari/537.36"
66.249.69.104 - - [06/Nov/2025:18:05:06 +0000] "GET /wp-includes/js/dist/url.min.js?ver=c2964167dfe2477c14ea HTTP/1.1" 200 3643 "https://deenzalifestyle.com/product/%E0%A6%B9%E0%A6%BF%E0%A6%A6%E0%A6%BE%E0%A6%AF%E0%A6%BC%E0%A6%BE%E0%A6%B9-%E0%A6%B8%E0%A7%87%E0%A6%9F-%E0%A6%AA%E0%A6%B0%E0%A6%BF%E0%A6%AA%E0%A7%82%E0%A6%B0%E0%A7%8D%E0%A6%A3-%E0%A6%AA/" "Mozilla/5.0 AppleWebKit/537.36 (KHTML, like Gecko; compatible; GoogleOther) Chrome/141.0.7390.122 Safari/537.36"
66.249.69.104 - - [06/Nov/2025:18:05:06 +0000] "GET /wp-includes/js/dist/vendor/wp-polyfill.min.js?ver=3.15.0 HTTP/1.1" 200 14134 "https://deenzalifestyle.com/product/%E0%A6%B9%E0%A6%BF%E0%A6%A6%E0%A6%BE%E0%A6%AF%E0%A6%BC%E0%A6%BE%E0%A6%B9-%E0%A6%B8%E0%A7%87%E0%A6%9F-%E0%A6%AA%E0%A6%B0%E0%A6%BF%E0%A6%AA%E0%A7%82%E0%A6%B0%E0%A7%8D%E0%A6%A3-%E0%A6%AA/" "Mozilla/5.0 AppleWebKit/537.36 (KHTML, like Gecko; compatible; GoogleOther) Chrome/141.0.7390.122 Safari/537.36"
66.249.69.104 - - [06/Nov/2025:18:05:07 +0000] "GET /wp-includes/js/dist/i18n.min.js?ver=5e580eb46a90c2b997e6 HTTP/1.1" 200 3542 "https://deenzalifestyle.com/product/%E0%A6%B9%E0%A6%BF%E0%A6%A6%E0%A6%BE%E0%A6%AF%E0%A6%BC%E0%A6%BE%E0%A6%B9-%E0%A6%B8%E0%A7%87%E0%A6%9F-%E0%A6%AA%E0%A6%B0%E0%A6%BF%E0%A6%AA%E0%A7%82%E0%A6%B0%E0%A7%8D%E0%A6%A3-%E0%A6%AA/" "Mozilla/5.0 AppleWebKit/537.36 (KHTML, like Gecko; compatible; GoogleOther) Chrome/141.0.7390.122 Safari/537.36"
66.249.69.104 - - [06/Nov/2025:18:05:07 +0000] "GET /wp-content/plugins/woo-variation-swatches/assets/js/frontend.min.js?ver=1757953355 HTTP/1.1" 200 4557 "https://deenzalifestyle.com/product/%E0%A6%B9%E0%A6%BF%E0%A6%A6%E0%A6%BE%E0%A6%AF%E0%A6%BC%E0%A6%BE%E0%A6%B9-%E0%A6%B8%E0%A7%87%E0%A6%9F-%E0%A6%AA%E0%A6%B0%E0%A6%BF%E0%A6%AA%E0%A7%82%E0%A6%B0%E0%A7%8D%E0%A6%A3-%E0%A6%AA/" "Mozilla/5.0 AppleWebKit/537.36 (KHTML, like Gecko; compatible; GoogleOther) Chrome/141.0.7390.122 Safari/537.36"
66.249.69.104 - - [06/Nov/2025:18:05:07 +0000] "GET /wp-content/plugins/woolentor-addons/includes/modules/quickview/assets/js/frontend.js?ver=3.2.2 HTTP/1.1" 200 2120 "https://deenzalifestyle.com/product/%E0%A6%B9%E0%A6%BF%E0%A6%A6%E0%A6%BE%E0%A6%AF%E0%A6%BC%E0%A6%BE%E0%A6%B9-%E0%A6%B8%E0%A7%87%E0%A6%9F-%E0%A6%AA%E0%A6%B0%E0%A6%BF%E0%A6%AA%E0%A7%82%E0%A6%B0%E0%A7%8D%E0%A6%A3-%E0%A6%AA/" "Mozilla/5.0 AppleWebKit/537.36 (KHTML, like Gecko; compatible; GoogleOther) Chrome/141.0.7390.122 Safari/537.36"
66.249.69.104 - - [06/Nov/2025:18:05:08 +0000] "GET /wp-content/plugins/wp-statistics/assets/js/tracker.js?ver=14.15.5 HTTP/1.1" 200 2658 "https://deenzalifestyle.com/product/%E0%A6%B9%E0%A6%BF%E0%A6%A6%E0%A6%BE%E0%A6%AF%E0%A6%BC%E0%A6%BE%E0%A6%B9-%E0%A6%B8%E0%A7%87%E0%A6%9F-%E0%A6%AA%E0%A6%B0%E0%A6%BF%E0%A6%AA%E0%A7%82%E0%A6%B0%E0%A7%8D%E0%A6%A3-%E0%A6%AA/" "Mozilla/5.0 AppleWebKit/537.36 (KHTML, like Gecko; compatible; GoogleOther) Chrome/141.0.7390.122 Safari/537.36"
66.249.69.104 - - [06/Nov/2025:18:05:08 +0000] "GET /wp-content/plugins/header-footer-elementor/inc/js/frontend.js?ver=2.5.2 HTTP/1.1" 200 4642 "https://deenzalifestyle.com/product/%E0%A6%B9%E0%A6%BF%E0%A6%A6%E0%A6%BE%E0%A6%AF%E0%A6%BC%E0%A6%BE%E0%A6%B9-%E0%A6%B8%E0%A7%87%E0%A6%9F-%E0%A6%AA%E0%A6%B0%E0%A6%BF%E0%A6%AA%E0%A7%82%E0%A6%B0%E0%A7%8D%E0%A6%A3-%E0%A6%AA/" "Mozilla/5.0 AppleWebKit/537.36 (KHTML, like Gecko; compatible; GoogleOther) Chrome/141.0.7390.122 Safari/537.36"
66.249.69.104 - - [06/Nov/2025:18:05:08 +0000] "GET /wp-content/uploads/2025/06/photo_2025-06-29_16-42-22-600x900.jpg HTTP/1.1" 200 90083 "https://deenzalifestyle.com/product/%E0%A6%B9%E0%A6%BF%E0%A6%A6%E0%A6%BE%E0%A6%AF%E0%A6%BC%E0%A6%BE%E0%A6%B9-%E0%A6%B8%E0%A7%87%E0%A6%9F-%E0%A6%AA%E0%A6%B0%E0%A6%BF%E0%A6%AA%E0%A7%82%E0%A6%B0%E0%A7%8D%E0%A6%A3-%E0%A6%AA/" "Mozilla/5.0 AppleWebKit/537.36 (KHTML, like Gecko; compatible; GoogleOther) Chrome/141.0.7390.122 Safari/537.36"
66.249.69.104 - - [06/Nov/2025:18:05:09 +0000] "GET /wp-content/uploads/2025/06/photo_2025-06-29_16-42-27-600x900.jpg HTTP/1.1" 200 83699 "https://deenzalifestyle.com/product/%E0%A6%B9%E0%A6%BF%E0%A6%A6%E0%A6%BE%E0%A6%AF%E0%A6%BC%E0%A6%BE%E0%A6%B9-%E0%A6%B8%E0%A7%87%E0%A6%9F-%E0%A6%AA%E0%A6%B0%E0%A6%BF%E0%A6%AA%E0%A7%82%E0%A6%B0%E0%A7%8D%E0%A6%A3-%E0%A6%AA/" "Mozilla/5.0 AppleWebKit/537.36 (KHTML, like Gecko; compatible; GoogleOther) Chrome/141.0.7390.122 Safari/537.36"
66.249.69.104 - - [06/Nov/2025:18:05:09 +0000] "GET /wp-content/uploads/2025/06/hidaya-100x100.jpg HTTP/1.1" 200 4339 "https://deenzalifestyle.com/product/%E0%A6%B9%E0%A6%BF%E0%A6%A6%E0%A6%BE%E0%A6%AF%E0%A6%BC%E0%A6%BE%E0%A6%B9-%E0%A6%B8%E0%A7%87%E0%A6%9F-%E0%A6%AA%E0%A6%B0%E0%A6%BF%E0%A6%AA%E0%A7%82%E0%A6%B0%E0%A7%8D%E0%A6%A3-%E0%A6%AA/" "Mozilla/5.0 AppleWebKit/537.36 (KHTML, like Gecko; compatible; GoogleOther) Chrome/141.0.7390.122 Safari/537.36"
66.249.69.104 - - [06/Nov/2025:18:05:09 +0000] "GET /wp-content/plugins/elementor-pro/assets/js/frontend.min.js?ver=3.31.2 HTTP/1.1" 200 6281 "https://deenzalifestyle.com/product/%E0%A6%B9%E0%A6%BF%E0%A6%A6%E0%A6%BE%E0%A6%AF%E0%A6%BC%E0%A6%BE%E0%A6%B9-%E0%A6%B8%E0%A7%87%E0%A6%9F-%E0%A6%AA%E0%A6%B0%E0%A6%BF%E0%A6%AA%E0%A7%82%E0%A6%B0%E0%A7%8D%E0%A6%A3-%E0%A6%AA/" "Mozilla/5.0 AppleWebKit/537.36 (KHTML, like Gecko; compatible; GoogleOther) Chrome/141.0.7390.122 Safari/537.36"
66.249.69.104 - - [06/Nov/2025:18:05:10 +0000] "GET /wp-includes/js/jquery/ui/core.min.js?ver=1.13.3 HTTP/1.1" 200 6812 "https://deenzalifestyle.com/product/%E0%A6%B9%E0%A6%BF%E0%A6%A6%E0%A6%BE%E0%A6%AF%E0%A6%BC%E0%A6%BE%E0%A6%B9-%E0%A6%B8%E0%A7%87%E0%A6%9F-%E0%A6%AA%E0%A6%B0%E0%A6%BF%E0%A6%AA%E0%A7%82%E0%A6%B0%E0%A7%8D%E0%A6%A3-%E0%A6%AA/" "Mozilla/5.0 AppleWebKit/537.36 (KHTML, like Gecko; compatible; GoogleOther) Chrome/141.0.7390.122 Safari/537.36"
66.249.69.104 - - [06/Nov/2025:18:05:10 +0000] "GET /wp-content/plugins/woocommerce/assets/js/frontend/cart-fragments.min.js?ver=10.2.1 HTTP/1.1" 200 943 "https://deenzalifestyle.com/product/%E0%A6%B9%E0%A6%BF%E0%A6%A6%E0%A6%BE%E0%A6%AF%E0%A6%BC%E0%A6%BE%E0%A6%B9-%E0%A6%B8%E0%A7%87%E0%A6%9F-%E0%A6%AA%E0%A6%B0%E0%A6%BF%E0%A6%AA%E0%A7%82%E0%A6%B0%E0%A7%8D%E0%A6%A3-%E0%A6%AA/" "Mozilla/5.0 AppleWebKit/537.36 (KHTML, like Gecko; compatible; GoogleOther) Chrome/141.0.7390.122 Safari/537.36"
66.249.69.104 - - [06/Nov/2025:18:05:10 +0000] "GET /wp-content/plugins/elementor-pro/assets/js/elements-handlers.min.js?ver=3.31.2 HTTP/1.1" 200 10180 "https://deenzalifestyle.com/product/%E0%A6%B9%E0%A6%BF%E0%A6%A6%E0%A6%BE%E0%A6%AF%E0%A6%BC%E0%A6%BE%E0%A6%B9-%E0%A6%B8%E0%A7%87%E0%A6%9F-%E0%A6%AA%E0%A6%B0%E0%A6%BF%E0%A6%AA%E0%A7%82%E0%A6%B0%E0%A7%8D%E0%A6%A3-%E0%A6%AA/" "Mozilla/5.0 AppleWebKit/537.36 (KHTML, like Gecko; compatible; GoogleOther) Chrome/141.0.7390.122 Safari/537.36"
66.249.69.104 - - [06/Nov/2025:18:05:10 +0000] "GET /wp-content/plugins/elementor-pro/assets/js/webpack-pro.runtime.min.js?ver=3.31.2 HTTP/1.1" 200 2621 "https://deenzalifestyle.com/product/%E0%A6%B9%E0%A6%BF%E0%A6%A6%E0%A6%BE%E0%A6%AF%E0%A6%BC%E0%A6%BE%E0%A6%B9-%E0%A6%B8%E0%A7%87%E0%A6%9F-%E0%A6%AA%E0%A6%B0%E0%A6%BF%E0%A6%AA%E0%A7%82%E0%A6%B0%E0%A7%8D%E0%A6%A3-%E0%A6%AA/" "Mozilla/5.0 AppleWebKit/537.36 (KHTML, like Gecko; compatible; GoogleOther) Chrome/141.0.7390.122 Safari/537.36"
66.249.69.104 - - [06/Nov/2025:18:05:11 +0000] "GET /wp-content/themes/astra/assets/js/minified/frontend.min.js?ver=4.11.12 HTTP/1.1" 200 5927 "https://deenzalifestyle.com/product/%E0%A6%B9%E0%A6%BF%E0%A6%A6%E0%A6%BE%E0%A6%AF%E0%A6%BC%E0%A6%BE%E0%A6%B9-%E0%A6%B8%E0%A7%87%E0%A6%9F-%E0%A6%AA%E0%A6%B0%E0%A6%BF%E0%A6%AA%E0%A7%82%E0%A6%B0%E0%A7%8D%E0%A6%A3-%E0%A6%AA/" "Mozilla/5.0 AppleWebKit/537.36 (KHTML, like Gecko; compatible; GoogleOther) Chrome/141.0.7390.122 Safari/537.36"
66.249.69.104 - - [06/Nov/2025:18:05:11 +0000] "GET /wp-content/plugins/woocommerce/assets/js/frontend/single-product.min.js?ver=10.2.1 HTTP/1.1" 200 2677 "https://deenzalifestyle.com/product/%E0%A6%B9%E0%A6%BF%E0%A6%A6%E0%A6%BE%E0%A6%AF%E0%A6%BC%E0%A6%BE%E0%A6%B9-%E0%A6%B8%E0%A7%87%E0%A6%9F-%E0%A6%AA%E0%A6%B0%E0%A6%BF%E0%A6%AA%E0%A7%82%E0%A6%B0%E0%A7%8D%E0%A6%A3-%E0%A6%AA/" "Mozilla/5.0 AppleWebKit/537.36 (KHTML, like Gecko; compatible; GoogleOther) Chrome/141.0.7390.122 Safari/537.36"
66.249.69.104 - - [06/Nov/2025:18:05:11 +0000] "GET /wp-content/plugins/twist/assets/js/public.js?ver=3.5.10 HTTP/1.1" 200 3663 "https://deenzalifestyle.com/product/%E0%A6%B9%E0%A6%BF%E0%A6%A6%E0%A6%BE%E0%A6%AF%E0%A6%BC%E0%A6%BE%E0%A6%B9-%E0%A6%B8%E0%A7%87%E0%A6%9F-%E0%A6%AA%E0%A6%B0%E0%A6%BF%E0%A6%AA%E0%A7%82%E0%A6%B0%E0%A7%8D%E0%A6%A3-%E0%A6%AA/" "Mozilla/5.0 AppleWebKit/537.36 (KHTML, like Gecko; compatible; GoogleOther) Chrome/141.0.7390.122 Safari/537.36"
66.249.69.104 - - [06/Nov/2025:18:05:11 +0000] "GET /wp-content/plugins/woocommerce/assets/js/sourcebuster/sourcebuster.min.js?ver=10.2.1 HTTP/1.1" 200 4609 "https://deenzalifestyle.com/product/%E0%A6%B9%E0%A6%BF%E0%A6%A6%E0%A6%BE%E0%A6%AF%E0%A6%BC%E0%A6%BE%E0%A6%B9-%E0%A6%B8%E0%A7%87%E0%A6%9F-%E0%A6%AA%E0%A6%B0%E0%A6%BF%E0%A6%AA%E0%A7%82%E0%A6%B0%E0%A7%8D%E0%A6%A3-%E0%A6%AA/" "Mozilla/5.0 AppleWebKit/537.36 (KHTML, like Gecko; compatible; GoogleOther) Chrome/141.0.7390.122 Safari/537.36"
66.249.69.104 - - [06/Nov/2025:18:05:11 +0000] "GET /wp-content/plugins/elementor/assets/js/frontend.min.js?ver=3.32.2 HTTP/1.1" 200 10164 "https://deenzalifestyle.com/product/%E0%A6%B9%E0%A6%BF%E0%A6%A6%E0%A6%BE%E0%A6%AF%E0%A6%BC%E0%A6%BE%E0%A6%B9-%E0%A6%B8%E0%A7%87%E0%A6%9F-%E0%A6%AA%E0%A6%B0%E0%A6%BF%E0%A6%AA%E0%A7%82%E0%A6%B0%E0%A7%8D%E0%A6%A3-%E0%A6%AA/" "Mozilla/5.0 AppleWebKit/537.36 (KHTML, like Gecko; compatible; GoogleOther) Chrome/141.0.7390.122 Safari/537.36"
66.249.69.104 - - [06/Nov/2025:18:05:11 +0000] "GET /wp-content/uploads/2025/06/photo_2025-06-29_16-42-30-100x100.jpg HTTP/1.1" 200 4116 "https://deenzalifestyle.com/product/%E0%A6%B9%E0%A6%BF%E0%A6%A6%E0%A6%BE%E0%A6%AF%E0%A6%BC%E0%A6%BE%E0%A6%B9-%E0%A6%B8%E0%A7%87%E0%A6%9F-%E0%A6%AA%E0%A6%B0%E0%A6%BF%E0%A6%AA%E0%A7%82%E0%A6%B0%E0%A7%8D%E0%A6%A3-%E0%A6%AA/" "Mozilla/5.0 AppleWebKit/537.36 (KHTML, like Gecko; compatible; GoogleOther) Chrome/141.0.7390.122 Safari/537.36"
66.249.69.104 - - [06/Nov/2025:18:05:12 +0000] "GET /wp-content/plugins/woocommerce/assets/js/js-cookie/js.cookie.min.js?ver=2.1.4-wc.10.2.1 HTTP/1.1" 200 760 "https://deenzalifestyle.com/product/%E0%A6%B9%E0%A6%BF%E0%A6%A6%E0%A6%BE%E0%A6%AF%E0%A6%BC%E0%A6%BE%E0%A6%B9-%E0%A6%B8%E0%A7%87%E0%A6%9F-%E0%A6%AA%E0%A6%B0%E0%A6%BF%E0%A6%AA%E0%A7%82%E0%A6%B0%E0%A7%8D%E0%A6%A3-%E0%A6%AA/" "Mozilla/5.0 AppleWebKit/537.36 (KHTML, like Gecko; compatible; GoogleOther) Chrome/141.0.7390.122 Safari/537.36"
66.249.69.104 - - [06/Nov/2025:18:05:12 +0000] "GET /wp-content/uploads/2025/06/photo_2025-06-29_16-42-30-600x900.jpg HTTP/1.1" 200 85642 "https://deenzalifestyle.com/product/%E0%A6%B9%E0%A6%BF%E0%A6%A6%E0%A6%BE%E0%A6%AF%E0%A6%BC%E0%A6%BE%E0%A6%B9-%E0%A6%B8%E0%A7%87%E0%A6%9F-%E0%A6%AA%E0%A6%B0%E0%A6%BF%E0%A6%AA%E0%A7%82%E0%A6%B0%E0%A7%8D%E0%A6%A3-%E0%A6%AA/" "Mozilla/5.0 AppleWebKit/537.36 (KHTML, like Gecko; compatible; GoogleOther) Chrome/141.0.7390.122 Safari/537.36"
66.249.69.104 - - [06/Nov/2025:18:05:12 +0000] "GET /wp-content/themes/astra/assets/css/minified/compatibility/woocommerce/woocommerce-smallscreen-grid.min.css?ver=4.11.12 HTTP/1.1" 200 796 "https://deenzalifestyle.com/product/%E0%A6%B9%E0%A6%BF%E0%A6%A6%E0%A6%BE%E0%A6%AF%E0%A6%BC%E0%A6%BE%E0%A6%B9-%E0%A6%B8%E0%A7%87%E0%A6%9F-%E0%A6%AA%E0%A6%B0%E0%A6%BF%E0%A6%AA%E0%A7%82%E0%A6%B0%E0%A7%8D%E0%A6%A3-%E0%A6%AA/" "Mozilla/5.0 AppleWebKit/537.36 (KHTML, like Gecko; compatible; GoogleOther) Chrome/141.0.7390.122 Safari/537.36"
66.249.69.104 - - [06/Nov/2025:18:05:12 +0000] "GET /wp-content/plugins/woocommerce/assets/js/frontend/add-to-cart.min.js?ver=10.2.1 HTTP/1.1" 200 1225 "https://deenzalifestyle.com/product/%E0%A6%B9%E0%A6%BF%E0%A6%A6%E0%A6%BE%E0%A6%AF%E0%A6%BC%E0%A6%BE%E0%A6%B9-%E0%A6%B8%E0%A7%87%E0%A6%9F-%E0%A6%AA%E0%A6%B0%E0%A6%BF%E0%A6%AA%E0%A7%82%E0%A6%B0%E0%A7%8D%E0%A6%A3-%E0%A6%AA/" "Mozilla/5.0 AppleWebKit/537.36 (KHTML, like Gecko; compatible; GoogleOther) Chrome/141.0.7390.122 Safari/537.36"
66.249.69.104 - - [06/Nov/2025:18:05:13 +0000] "GET /wp-content/plugins/twist/assets/js/slick.min.js?ver=3.5.10 HTTP/1.1" 200 10097 "https://deenzalifestyle.com/product/%E0%A6%B9%E0%A6%BF%E0%A6%A6%E0%A6%BE%E0%A6%AF%E0%A6%BC%E0%A6%BE%E0%A6%B9-%E0%A6%B8%E0%A7%87%E0%A6%9F-%E0%A6%AA%E0%A6%B0%E0%A6%BF%E0%A6%AA%E0%A7%82%E0%A6%B0%E0%A7%8D%E0%A6%A3-%E0%A6%AA/" "Mozilla/5.0 AppleWebKit/537.36 (KHTML, like Gecko; compatible; GoogleOther) Chrome/141.0.7390.122 Safari/537.36"
66.249.69.104 - - [06/Nov/2025:18:05:13 +0000] "GET /wp-content/plugins/woocommerce/assets/js/frontend/add-to-cart-variation.min.js?ver=10.2.1 HTTP/1.1" 200 3712 "https://deenzalifestyle.com/product/%E0%A6%B9%E0%A6%BF%E0%A6%A6%E0%A6%BE%E0%A6%AF%E0%A6%BC%E0%A6%BE%E0%A6%B9-%E0%A6%B8%E0%A7%87%E0%A6%9F-%E0%A6%AA%E0%A6%B0%E0%A6%BF%E0%A6%AA%E0%A7%82%E0%A6%B0%E0%A7%8D%E0%A6%A3-%E0%A6%AA/" "Mozilla/5.0 AppleWebKit/537.36 (KHTML, like Gecko; compatible; GoogleOther) Chrome/141.0.7390.122 Safari/537.36"
66.249.69.104 - - [06/Nov/2025:18:05:13 +0000] "GET /wp-content/plugins/th-advance-product-search/th-icon/fonts/th-icon.ttf?stlo25 HTTP/1.1" 200 12836 "https://deenzalifestyle.com/wp-content/plugins/th-advance-product-search/th-icon/style.css?ver=6.8.2" "Mozilla/5.0 AppleWebKit/537.36 (KHTML, like Gecko; compatible; GoogleOther) Chrome/141.0.7390.122 Safari/537.36"
66.249.69.104 - - [06/Nov/2025:18:05:13 +0000] "GET /wp-content/plugins/woocommerce/assets/fonts/star.ttf HTTP/1.1" 200 758 "https://deenzalifestyle.com/wp-content/themes/astra/assets/css/minified/compatibility/woocommerce/woocommerce-grid.min.css?ver=4.11.12" "Mozilla/5.0 AppleWebKit/537.36 (KHTML, like Gecko; compatible; GoogleOther) Chrome/141.0.7390.122 Safari/537.36"
204.197.172.10 - - [06/Nov/2025:18:05:22 +0000] "POST /wp-cron.php?doing_wp_cron=1762452322.6059780120849609375000 HTTP/1.1" 200 0 "-" "WordPress/6.8.3; https://deenzalifestyle.com"
66.249.69.104 - - [06/Nov/2025:18:05:22 +0000] "POST /wp-json/wp-statistics/v2/hit HTTP/1.1" 403 72 "https://deenzalifestyle.com/product/%E0%A6%B9%E0%A6%BF%E0%A6%A6%E0%A6%BE%E0%A6%AF%E0%A6%BC%E0%A6%BE%E0%A6%B9-%E0%A6%B8%E0%A7%87%E0%A6%9F-%E0%A6%AA%E0%A6%B0%E0%A6%BF%E0%A6%AA%E0%A7%82%E0%A6%B0%E0%A7%8D%E0%A6%A3-%E0%A6%AA/" "Mozilla/5.0 AppleWebKit/537.36 (KHTML, like Gecko; compatible; GoogleOther) Chrome/141.0.7390.122 Safari/537.36"
204.197.172.10 - - [06/Nov/2025:18:05:47 +0000] "POST /wp-cron.php?doing_wp_cron=1762452347.5587890148162841796875 HTTP/1.1" 200 0 "-" "WordPress/6.8.3; https://deenzalifestyle.com"
5.161.250.15 - - [06/Nov/2025:18:05:47 +0000] "POST /wp-load.php?e561f0=31815 HTTP/1.1" 200 0 "-" "Mozilla/5.0 (Windows NT 10.0; Win64; x64) AppleWebKit/537.36 (KHTML, like Gecko) Chrome/104.0.5112.97 Safari/537.36"
204.197.172.10 - - [06/Nov/2025:18:06:00 +0000] "POST /wp-cron.php?doing_wp_cron=1762452360.8088359832763671875000 HTTP/1.1" 200 0 "-" "WordPress/6.8.3; https://deenzalifestyle.com"
66.249.69.105 - - [06/Nov/2025:18:06:00 +0000] "GET /product=3701934.html HTTP/1.1" 404 37439 "-" "Mozilla/5.0 (Linux; Android 6.0.1; Nexus 5X Build/MMB29P) AppleWebKit/537.36 (KHTML, like Gecko) Chrome/141.0.7390.122 Mobile Safari/537.36 (compatible; Googlebot/2.1; +http://www.google.com/bot.html)"
57.141.2.58 - - [06/Nov/2025:18:06:11 +0000] "GET /product=4416920.html HTTP/2" 404 206892 "-" "meta-externalagent/1.1 (+https://developers.facebook.com/docs/sharing/webmasters/crawler)"
66.249.69.105 - - [06/Nov/2025:18:06:18 +0000] "GET /240107271.shtml HTTP/1.1" 404 37390 "-" "Mozilla/5.0 (compatible; Googlebot/2.1; +http://www.google.com/bot.html)"
57.141.2.14 - - [06/Nov/2025:18:06:40 +0000] "GET /product=1875798.html HTTP/2" 404 206892 "-" "meta-externalagent/1.1 (+https://developers.facebook.com/docs/sharing/webmasters/crawler)"
204.197.172.10 - - [06/Nov/2025:18:07:33 +0000] "POST /wp-cron.php?doing_wp_cron=1762452453.6332130432128906250000 HTTP/1.1" 200 0 "-" "WordPress/6.8.3; https://deenzalifestyle.com"
57.141.2.17 - - [06/Nov/2025:18:07:33 +0000] "GET /product=2873733.html HTTP/2" 404 206892 "-" "meta-externalagent/1.1 (+https://developers.facebook.com/docs/sharing/webmasters/crawler)"
66.249.69.106 - - [06/Nov/2025:18:07:40 +0000] "GET /560369172.shtml HTTP/1.1" 404 37440 "-" "Mozilla/5.0 (Linux; Android 6.0.1; Nexus 5X Build/MMB29P) AppleWebKit/537.36 (KHTML, like Gecko) Chrome/141.0.7390.122 Mobile Safari/537.36 (compatible; Googlebot/2.1; +http://www.google.com/bot.html)"
204.197.172.10 - - [06/Nov/2025:18:08:34 +0000] "POST /wp-cron.php?doing_wp_cron=1762452514.8260900974273681640625 HTTP/1.1" 200 0 "-" "WordPress/6.8.3; https://deenzalifestyle.com"
57.141.2.72 - - [06/Nov/2025:18:08:34 +0000] "GET /product=2652443.html HTTP/2" 404 206892 "-" "meta-externalagent/1.1 (+https://developers.facebook.com/docs/sharing/webmasters/crawler)"
204.197.172.10 - - [06/Nov/2025:18:08:44 +0000] "POST /wp-cron.php?doing_wp_cron=1762452524.0714719295501708984375 HTTP/1.1" 200 0 "-" "WordPress/6.8.3; https://deenzalifestyle.com"
66.249.69.105 - - [06/Nov/2025:18:08:43 +0000] "GET /f/special/shachihata HTTP/1.1" 404 37390 "-" "Mozilla/5.0 (compatible; Googlebot/2.1; +http://www.google.com/bot.html)"
204.197.172.10 - - [06/Nov/2025:18:11:05 +0000] "POST /wp-cron.php?doing_wp_cron=1762452665.4594271183013916015625 HTTP/1.1" 200 0 "-" "WordPress/6.8.3; https://deenzalifestyle.com"
57.141.2.34 - - [06/Nov/2025:18:11:04 +0000] "GET /product=2188584.html HTTP/2" 404 206892 "-" "meta-externalagent/1.1 (+https://developers.facebook.com/docs/sharing/webmasters/crawler)"
57.141.2.77 - - [06/Nov/2025:18:11:35 +0000] "GET /product=3277237.html HTTP/2" 404 206892 "-" "meta-externalagent/1.1 (+https://developers.facebook.com/docs/sharing/webmasters/crawler)"
66.249.69.105 - - [06/Nov/2025:18:11:39 +0000] "GET /481376205.shtml HTTP/1.1" 404 37440 "-" "Mozilla/5.0 (Linux; Android 6.0.1; Nexus 5X Build/MMB29P) AppleWebKit/537.36 (KHTML, like Gecko) Chrome/141.0.7390.122 Mobile Safari/537.36 (compatible; Googlebot/2.1; +http://www.google.com/bot.html)"
66.249.69.105 - - [06/Nov/2025:18:11:39 +0000] "GET /481376205.shtml HTTP/1.1" 404 37390 "-" "Mozilla/5.0 (compatible; Googlebot/2.1; +http://www.google.com/bot.html)"
204.197.172.10 - - [06/Nov/2025:18:11:52 +0000] "POST /wp-cron.php?doing_wp_cron=1762452712.8331611156463623046875 HTTP/1.1" 200 0 "-" "WordPress/6.8.3; https://deenzalifestyle.com"
66.249.69.105 - - [06/Nov/2025:18:11:52 +0000] "GET /433250772.shtml HTTP/1.1" 404 37440 "-" "Mozilla/5.0 (Linux; Android 6.0.1; Nexus 5X Build/MMB29P) AppleWebKit/537.36 (KHTML, like Gecko) Chrome/141.0.7390.122 Mobile Safari/537.36 (compatible; Googlebot/2.1; +http://www.google.com/bot.html)"
204.197.172.10 - - [06/Nov/2025:18:12:22 +0000] "POST /wp-cron.php?doing_wp_cron=1762452742.1122410297393798828125 HTTP/1.1" 200 0 "-" "WordPress/6.8.3; https://deenzalifestyle.com"
57.141.2.78 - - [06/Nov/2025:18:12:21 +0000] "GET /product=5482425.html HTTP/2" 404 206892 "-" "meta-externalagent/1.1 (+https://developers.facebook.com/docs/sharing/webmasters/crawler)"
204.197.172.10 - - [06/Nov/2025:18:13:50 +0000] "POST /wp-cron.php?doing_wp_cron=1762452830.0754809379577636718750 HTTP/1.1" 200 0 "-" "WordPress/6.8.3; https://deenzalifestyle.com"
66.249.69.106 - - [06/Nov/2025:18:13:48 +0000] "GET /wp-sitemap-posts-cartflows_step-1.xml HTTP/1.1" 200 309 "-" "Mozilla/5.0 (compatible; Googlebot/2.1; +http://www.google.com/bot.html)"
204.197.172.10 - - [06/Nov/2025:18:14:17 +0000] "POST /wp-cron.php?doing_wp_cron=1762452857.0376579761505126953125 HTTP/1.1" 200 0 "-" "WordPress/6.8.3; https://deenzalifestyle.com"
66.249.69.106 - - [06/Nov/2025:18:14:16 +0000] "GET /product=5098172.html HTTP/1.1" 404 37440 "-" "Mozilla/5.0 (Linux; Android 6.0.1; Nexus 5X Build/MMB29P) AppleWebKit/537.36 (KHTML, like Gecko) Chrome/141.0.7390.122 Mobile Safari/537.36 (compatible; Googlebot/2.1; +http://www.google.com/bot.html)"
204.197.172.10 - - [06/Nov/2025:18:16:35 +0000] "POST /wp-cron.php?doing_wp_cron=1762452995.8746740818023681640625 HTTP/1.1" 200 0 "-" "WordPress/6.8.3; https://deenzalifestyle.com"
66.249.69.106 - - [06/Nov/2025:18:16:34 +0000] "GET /product=4978324.html HTTP/1.1" 404 37390 "-" "Mozilla/5.0 (compatible; Googlebot/2.1; +http://www.google.com/bot.html)"
204.197.172.10 - - [06/Nov/2025:18:17:10 +0000] "POST /wp-cron.php?doing_wp_cron=1762453030.1505239009857177734375 HTTP/1.1" 200 0 "-" "WordPress/6.8.3; https://deenzalifestyle.com"
66.249.69.106 - - [06/Nov/2025:18:17:10 +0000] "GET /164817522.shtml HTTP/1.1" 404 37390 "-" "Mozilla/5.0 (compatible; Googlebot/2.1; +http://www.google.com/bot.html)"
66.249.69.104 - - [06/Nov/2025:18:17:33 +0000] "GET /product=5468979.html HTTP/1.1" 404 37440 "-" "Mozilla/5.0 (Linux; Android 6.0.1; Nexus 5X Build/MMB29P) AppleWebKit/537.36 (KHTML, like Gecko) Chrome/141.0.7390.122 Mobile Safari/537.36 (compatible; Googlebot/2.1; +http://www.google.com/bot.html)"
204.197.172.10 - - [06/Nov/2025:18:17:45 +0000] "POST /wp-cron.php?doing_wp_cron=1762453065.9375689029693603515625 HTTP/1.1" 200 0 "-" "WordPress/6.8.3; https://deenzalifestyle.com"
57.141.2.4 - - [06/Nov/2025:18:17:45 +0000] "GET /product=3793892.html HTTP/2" 404 206891 "-" "meta-externalagent/1.1 (+https://developers.facebook.com/docs/sharing/webmasters/crawler)"
204.197.172.10 - - [06/Nov/2025:18:19:07 +0000] "POST /wp-cron.php?doing_wp_cron=1762453147.8262929916381835937500 HTTP/1.1" 200 0 "-" "WordPress/6.8.3; https://deenzalifestyle.com"
57.141.2.31 - - [06/Nov/2025:18:19:06 +0000] "GET /product=2247564.html HTTP/2" 404 206892 "-" "meta-externalagent/1.1 (+https://developers.facebook.com/docs/sharing/webmasters/crawler)"
204.197.172.10 - - [06/Nov/2025:18:21:54 +0000] "POST /wp-cron.php?doing_wp_cron=1762453314.9184980392456054687500 HTTP/1.1" 200 0 "-" "WordPress/6.8.3; https://deenzalifestyle.com"
57.141.2.1 - - [06/Nov/2025:18:21:53 +0000] "GET /product=3124410.html HTTP/2" 404 206891 "-" "meta-externalagent/1.1 (+https://developers.facebook.com/docs/sharing/webmasters/crawler)"
57.141.2.30 - - [06/Nov/2025:18:22:23 +0000] "GET /product=4570340.html HTTP/2" 404 206892 "-" "meta-externalagent/1.1 (+https://developers.facebook.com/docs/sharing/webmasters/crawler)"
204.197.172.10 - - [06/Nov/2025:18:23:48 +0000] "POST /wp-cron.php?doing_wp_cron=1762453428.5062839984893798828125 HTTP/1.1" 200 0 "-" "WordPress/6.8.3; https://deenzalifestyle.com"
66.249.69.104 - - [06/Nov/2025:18:23:47 +0000] "GET /42147201.shtml HTTP/1.1" 404 37440 "-" "Mozilla/5.0 (Linux; Android 6.0.1; Nexus 5X Build/MMB29P) AppleWebKit/537.36 (KHTML, like Gecko) Chrome/141.0.7390.122 Mobile Safari/537.36 (compatible; Googlebot/2.1; +http://www.google.com/bot.html)"
204.197.172.10 - - [06/Nov/2025:18:25:18 +0000] "POST /wp-cron.php?doing_wp_cron=1762453518.8528571128845214843750 HTTP/1.1" 200 0 "-" "WordPress/6.8.3; https://deenzalifestyle.com"
66.249.69.106 - - [06/Nov/2025:18:25:17 +0000] "GET /323436492.shtml HTTP/1.1" 404 37440 "-" "Mozilla/5.0 (Linux; Android 6.0.1; Nexus 5X Build/MMB29P) AppleWebKit/537.36 (KHTML, like Gecko) Chrome/141.0.7390.122 Mobile Safari/537.36 (compatible; Googlebot/2.1; +http://www.google.com/bot.html)"
204.197.172.10 - - [06/Nov/2025:18:27:44 +0000] "POST /wp-cron.php?doing_wp_cron=1762453664.4143700599670410156250 HTTP/1.1" 200 0 "-" "WordPress/6.8.3; https://deenzalifestyle.com"
57.141.2.28 - - [06/Nov/2025:18:27:43 +0000] "GET /product=5286471.html HTTP/2" 404 206892 "-" "meta-externalagent/1.1 (+https://developers.facebook.com/docs/sharing/webmasters/crawler)"
204.197.172.10 - - [06/Nov/2025:18:28:43 +0000] "POST /wp-cron.php?doing_wp_cron=1762453723.9007010459899902343750 HTTP/1.1" 200 0 "-" "WordPress/6.8.3; https://deenzalifestyle.com"
66.249.69.106 - - [06/Nov/2025:18:28:43 +0000] "GET /404919003.shtml HTTP/1.1" 404 37390 "-" "Mozilla/5.0 (compatible; Googlebot/2.1; +http://www.google.com/bot.html)"
204.197.172.10 - - [06/Nov/2025:18:30:44 +0000] "POST /wp-cron.php?doing_wp_cron=1762453844.9113690853118896484375 HTTP/1.1" 200 0 "-" "WordPress/6.8.3; https://deenzalifestyle.com"
66.249.69.105 - - [06/Nov/2025:18:30:43 +0000] "GET /635422065.shtml HTTP/1.1" 404 37439 "-" "Mozilla/5.0 (Linux; Android 6.0.1; Nexus 5X Build/MMB29P) AppleWebKit/537.36 (KHTML, like Gecko) Chrome/141.0.7390.122 Mobile Safari/537.36 (compatible; Googlebot/2.1; +http://www.google.com/bot.html)"
57.141.2.75 - - [06/Nov/2025:18:30:50 +0000] "GET /product=3451394.html HTTP/2" 404 206892 "-" "meta-externalagent/1.1 (+https://developers.facebook.com/docs/sharing/webmasters/crawler)"
204.197.172.10 - - [06/Nov/2025:18:30:57 +0000] "POST /wp-cron.php?doing_wp_cron=1762453857.3074309825897216796875 HTTP/1.1" 200 0 "-" "WordPress/6.8.3; https://deenzalifestyle.com"
57.141.2.1 - - [06/Nov/2025:18:30:57 +0000] "GET /product=1951418.html HTTP/2" 404 206891 "-" "meta-externalagent/1.1 (+https://developers.facebook.com/docs/sharing/webmasters/crawler)"
57.141.2.24 - - [06/Nov/2025:18:31:04 +0000] "GET /product=2795486.html HTTP/2" 404 206892 "-" "meta-externalagent/1.1 (+https://developers.facebook.com/docs/sharing/webmasters/crawler)"
57.141.2.60 - - [06/Nov/2025:18:31:07 +0000] "GET /product=2945796.html HTTP/2" 404 206892 "-" "meta-externalagent/1.1 (+https://developers.facebook.com/docs/sharing/webmasters/crawler)"
204.197.172.10 - - [06/Nov/2025:18:31:43 +0000] "POST /wp-cron.php?doing_wp_cron=1762453903.9094750881195068359375 HTTP/1.1" 200 0 "-" "WordPress/6.8.3; https://deenzalifestyle.com"
66.249.69.106 - - [06/Nov/2025:18:31:43 +0000] "GET /300687453.shtml HTTP/1.1" 404 37440 "-" "Mozilla/5.0 (Linux; Android 6.0.1; Nexus 5X Build/MMB29P) AppleWebKit/537.36 (KHTML, like Gecko) Chrome/141.0.7390.122 Mobile Safari/537.36 (compatible; Googlebot/2.1; +http://www.google.com/bot.html)"
204.197.172.10 - - [06/Nov/2025:18:33:48 +0000] "POST /wp-cron.php?doing_wp_cron=1762454028.4824149608612060546875 HTTP/1.1" 200 0 "-" "WordPress/6.8.3; https://deenzalifestyle.com"
57.141.2.10 - - [06/Nov/2025:18:33:47 +0000] "GET /product=4935901.html HTTP/2" 404 206892 "-" "meta-externalagent/1.1 (+https://developers.facebook.com/docs/sharing/webmasters/crawler)"
204.197.172.10 - - [06/Nov/2025:18:34:04 +0000] "POST /wp-cron.php?doing_wp_cron=1762454044.2851960659027099609375 HTTP/1.1" 200 0 "-" "WordPress/6.8.3; https://deenzalifestyle.com"
66.249.87.41 - - [06/Nov/2025:18:34:04 +0000] "GET /496568004.shtml HTTP/1.1" 404 37430 "-" "Mozilla/5.0 (X11; Linux x86_64) AppleWebKit/537.36 (KHTML, like Gecko) Chrome/141.0.7390.122 Safari/537.36"
66.249.87.42 - - [06/Nov/2025:18:34:04 +0000] "GET /wp-includes/js/jquery/jquery-migrate.min.js?ver=3.4.1 HTTP/1.1" 200 4678 "https://deenzalifestyle.com/496568004.shtml" "Mozilla/5.0 (X11; Linux x86_64) AppleWebKit/537.36 (KHTML, like Gecko) Chrome/141.0.7390.122 Safari/537.36"
66.249.87.42 - - [06/Nov/2025:18:34:04 +0000] "GET /wp-content/plugins/header-footer-elementor/inc/widgets-css/woo-products.css?ver=2.6.1 HTTP/1.1" 200 987 "https://deenzalifestyle.com/496568004.shtml" "Mozilla/5.0 (X11; Linux x86_64) AppleWebKit/537.36 (KHTML, like Gecko) Chrome/141.0.7390.122 Safari/537.36"
66.249.87.42 - - [06/Nov/2025:18:34:05 +0000] "GET /wp-content/plugins/th-advance-product-search/assets/js/thaps-search.js?ver=1 HTTP/1.1" 200 8913 "https://deenzalifestyle.com/496568004.shtml" "Mozilla/5.0 (X11; Linux x86_64) AppleWebKit/537.36 (KHTML, like Gecko) Chrome/141.0.7390.122 Safari/537.36"
66.249.87.41 - - [06/Nov/2025:18:34:05 +0000] "GET /wp-content/plugins/woolentor-addons/assets/css/simple-line-icons.css?ver=3.2.5 HTTP/1.1" 200 1884 "https://deenzalifestyle.com/496568004.shtml" "Mozilla/5.0 (X11; Linux x86_64) AppleWebKit/537.36 (KHTML, like Gecko) Chrome/141.0.7390.122 Safari/537.36"
66.249.87.41 - - [06/Nov/2025:18:34:05 +0000] "GET /wp-content/plugins/woolentor-addons/assets/css/woolentor-widgets.css?ver=3.2.5 HTTP/1.1" 200 20674 "https://deenzalifestyle.com/496568004.shtml" "Mozilla/5.0 (X11; Linux x86_64) AppleWebKit/537.36 (KHTML, like Gecko) Chrome/141.0.7390.122 Safari/537.36"
66.249.87.42 - - [06/Nov/2025:18:34:05 +0000] "GET /wp-content/plugins/th-advance-product-search/build/style-th-advance-product-search.css?ver=1757999558 HTTP/1.1" 200 556 "https://deenzalifestyle.com/496568004.shtml" "Mozilla/5.0 (X11; Linux x86_64) AppleWebKit/537.36 (KHTML, like Gecko) Chrome/141.0.7390.122 Safari/537.36"
66.249.87.40 - - [06/Nov/2025:18:34:06 +0000] "GET /wp-content/plugins/header-footer-elementor/assets/css/header-footer-elementor.css?ver=2.6.1 HTTP/1.1" 200 259 "https://deenzalifestyle.com/496568004.shtml" "Mozilla/5.0 (X11; Linux x86_64) AppleWebKit/537.36 (KHTML, like Gecko) Chrome/141.0.7390.122 Safari/537.36"
66.249.87.42 - - [06/Nov/2025:18:34:06 +0000] "GET /wp-content/themes/astra/assets/css/minified/compatibility/woocommerce/woocommerce-layout-grid.min.css?ver=4.11.13 HTTP/1.1" 200 1829 "https://deenzalifestyle.com/496568004.shtml" "Mozilla/5.0 (X11; Linux x86_64) AppleWebKit/537.36 (KHTML, like Gecko) Chrome/141.0.7390.122 Safari/537.36"
66.249.87.42 - - [06/Nov/2025:18:34:06 +0000] "GET /wp-content/plugins/woo-variation-swatches/assets/css/frontend.min.css?ver=1757953354 HTTP/1.1" 200 4299 "https://deenzalifestyle.com/496568004.shtml" "Mozilla/5.0 (X11; Linux x86_64) AppleWebKit/537.36 (KHTML, like Gecko) Chrome/141.0.7390.122 Safari/537.36"
66.249.87.40 - - [06/Nov/2025:18:34:06 +0000] "GET /wp-content/uploads/elementor/css/post-77.css?ver=1762334317 HTTP/1.1" 200 950 "https://deenzalifestyle.com/496568004.shtml" "Mozilla/5.0 (X11; Linux x86_64) AppleWebKit/537.36 (KHTML, like Gecko) Chrome/141.0.7390.122 Safari/537.36"
66.249.87.41 - - [06/Nov/2025:18:34:07 +0000] "GET /wp-content/themes/astra/assets/css/minified/main.min.css?ver=4.11.13 HTTP/1.1" 200 8486 "https://deenzalifestyle.com/496568004.shtml" "Mozilla/5.0 (X11; Linux x86_64) AppleWebKit/537.36 (KHTML, like Gecko) Chrome/141.0.7390.122 Safari/537.36"
66.249.87.42 - - [06/Nov/2025:18:34:07 +0000] "GET /wp-content/plugins/woocommerce/assets/css/brands.css?ver=10.3.3 HTTP/1.1" 200 579 "https://deenzalifestyle.com/496568004.shtml" "Mozilla/5.0 (X11; Linux x86_64) AppleWebKit/537.36 (KHTML, like Gecko) Chrome/141.0.7390.122 Safari/537.36"
66.249.87.40 - - [06/Nov/2025:18:34:07 +0000] "GET /wp-content/plugins/woo-conditional-product-fees-for-checkout/public/css/woocommerce-conditional-product-fees-for-checkout-public.css?ver=4.3.2 HTTP/1.1" 200 2066 "https://deenzalifestyle.com/496568004.shtml" "Mozilla/5.0 (X11; Linux x86_64) AppleWebKit/537.36 (KHTML, like Gecko) Chrome/141.0.7390.122 Safari/537.36"
66.249.87.41 - - [06/Nov/2025:18:34:08 +0000] "GET /wp-content/plugins/bkash/css/style.css?ver=6.8.3 HTTP/1.1" 200 171 "https://deenzalifestyle.com/496568004.shtml" "Mozilla/5.0 (X11; Linux x86_64) AppleWebKit/537.36 (KHTML, like Gecko) Chrome/141.0.7390.122 Safari/537.36"
66.249.87.40 - - [06/Nov/2025:18:34:08 +0000] "GET /wp-includes/js/wp-util.min.js?ver=6.8.3 HTTP/1.1" 200 690 "https://deenzalifestyle.com/496568004.shtml" "Mozilla/5.0 (X11; Linux x86_64) AppleWebKit/537.36 (KHTML, like Gecko) Chrome/141.0.7390.122 Safari/537.36"
66.249.87.41 - - [06/Nov/2025:18:34:08 +0000] "GET /wp-content/themes/astra/assets/css/minified/compatibility/woocommerce/woocommerce-grid.min.css?ver=4.11.13 HTTP/1.1" 200 15159 "https://deenzalifestyle.com/496568004.shtml" "Mozilla/5.0 (X11; Linux x86_64) AppleWebKit/537.36 (KHTML, like Gecko) Chrome/141.0.7390.122 Safari/537.36"
66.249.87.41 - - [06/Nov/2025:18:34:08 +0000] "GET /wp-content/plugins/elementor/assets/css/frontend.min.css?ver=3.32.5 HTTP/1.1" 200 6537 "https://deenzalifestyle.com/496568004.shtml" "Mozilla/5.0 (X11; Linux x86_64) AppleWebKit/537.36 (KHTML, like Gecko) Chrome/141.0.7390.122 Safari/537.36"
66.249.87.41 - - [06/Nov/2025:18:34:08 +0000] "GET /wp-content/plugins/elementor/assets/lib/font-awesome/js/v4-shims.min.js?ver=3.32.5 HTTP/1.1" 200 4042 "https://deenzalifestyle.com/496568004.shtml" "Mozilla/5.0 (X11; Linux x86_64) AppleWebKit/537.36 (KHTML, like Gecko) Chrome/141.0.7390.122 Safari/537.36"
66.249.87.40 - - [06/Nov/2025:18:34:09 +0000] "GET /wp-content/plugins/elementor/assets/lib/font-awesome/css/font-awesome.min.css?ver=4.7.0 HTTP/1.1" 200 6657 "https://deenzalifestyle.com/496568004.shtml" "Mozilla/5.0 (X11; Linux x86_64) AppleWebKit/537.36 (KHTML, like Gecko) Chrome/141.0.7390.122 Safari/537.36"
66.249.87.40 - - [06/Nov/2025:18:34:09 +0000] "GET /wp-content/uploads/elementor/css/post-6.css?ver=1762334317 HTTP/1.1" 200 380 "https://deenzalifestyle.com/496568004.shtml" "Mozilla/5.0 (X11; Linux x86_64) AppleWebKit/537.36 (KHTML, like Gecko) Chrome/141.0.7390.122 Safari/537.36"
66.249.87.41 - - [06/Nov/2025:18:34:10 +0000] "GET /wp-includes/css/dist/block-library/style.min.css?ver=6.8.3 HTTP/1.1" 200 14360 "https://deenzalifestyle.com/496568004.shtml" "Mozilla/5.0 (X11; Linux x86_64) AppleWebKit/537.36 (KHTML, like Gecko) Chrome/141.0.7390.122 Safari/537.36"
66.249.87.41 - - [06/Nov/2025:18:34:10 +0000] "GET /wp-content/plugins/woolentor-addons/assets/css/product-grid/modern.css?ver=3.2.5 HTTP/1.1" 200 5920 "https://deenzalifestyle.com/496568004.shtml" "Mozilla/5.0 (X11; Linux x86_64) AppleWebKit/537.36 (KHTML, like Gecko) Chrome/141.0.7390.122 Safari/537.36"
66.249.87.41 - - [06/Nov/2025:18:34:10 +0000] "GET /wp-content/plugins/woocommerce/assets/js/jquery-tiptip/jquery.tipTip.min.js?ver=10.3.3 HTTP/1.1" 200 1154 "https://deenzalifestyle.com/496568004.shtml" "Mozilla/5.0 (X11; Linux x86_64) AppleWebKit/537.36 (KHTML, like Gecko) Chrome/141.0.7390.122 Safari/537.36"
66.249.87.40 - - [06/Nov/2025:18:34:10 +0000] "GET /wp-content/plugins/woo-conditional-product-fees-for-checkout/public/js/woocommerce-conditional-product-fees-for-checkout-public.js?ver=4.3.2 HTTP/1.1" 200 1000 "https://deenzalifestyle.com/496568004.shtml" "Mozilla/5.0 (X11; Linux x86_64) AppleWebKit/537.36 (KHTML, like Gecko) Chrome/141.0.7390.122 Safari/537.36"
66.249.87.40 - - [06/Nov/2025:18:34:10 +0000] "GET /wp-content/plugins/woolentor-addons/includes/modules/quickview/assets/css/frontend.css?ver=3.2.5 HTTP/1.1" 200 1600 "https://deenzalifestyle.com/496568004.shtml" "Mozilla/5.0 (X11; Linux x86_64) AppleWebKit/537.36 (KHTML, like Gecko) Chrome/141.0.7390.122 Safari/537.36"
66.249.87.40 - - [06/Nov/2025:18:34:11 +0000] "GET /wp-content/plugins/elementor/assets/lib/font-awesome/css/fontawesome.css?ver=5.15.3 HTTP/1.1" 200 12526 "https://deenzalifestyle.com/496568004.shtml" "Mozilla/5.0 (X11; Linux x86_64) AppleWebKit/537.36 (KHTML, like Gecko) Chrome/141.0.7390.122 Safari/537.36"
66.249.87.40 - - [06/Nov/2025:18:34:11 +0000] "GET /wp-content/uploads/elementor/thumbs/Deenza_losgo-removebg-preview-r831wyqz73c1i3cx7rk9dugumcglvwo07qsetkyx9k.png HTTP/1.1" 200 3965 "https://deenzalifestyle.com/496568004.shtml" "Mozilla/5.0 (X11; Linux x86_64) AppleWebKit/537.36 (KHTML, like Gecko) Chrome/141.0.7390.122 Safari/537.36"
66.249.87.41 - - [06/Nov/2025:18:34:11 +0000] "GET /wp-content/uploads/elementor/css/post-25.css?ver=1762334317 HTTP/1.1" 200 2226 "https://deenzalifestyle.com/496568004.shtml" "Mozilla/5.0 (X11; Linux x86_64) AppleWebKit/537.36 (KHTML, like Gecko) Chrome/141.0.7390.122 Safari/537.36"
66.249.87.41 - - [06/Nov/2025:18:34:11 +0000] "GET /wp-content/plugins/elementor/assets/lib/font-awesome/css/v4-shims.min.css?ver=3.32.5 HTTP/1.1" 200 3987 "https://deenzalifestyle.com/496568004.shtml" "Mozilla/5.0 (X11; Linux x86_64) AppleWebKit/537.36 (KHTML, like Gecko) Chrome/141.0.7390.122 Safari/537.36"
66.249.87.40 - - [06/Nov/2025:18:34:12 +0000] "GET /wp-content/plugins/woolentor-addons/assets/css/slick.css?ver=3.2.5 HTTP/1.1" 200 543 "https://deenzalifestyle.com/496568004.shtml" "Mozilla/5.0 (X11; Linux x86_64) AppleWebKit/537.36 (KHTML, like Gecko) Chrome/141.0.7390.122 Safari/537.36"
66.249.87.40 - - [06/Nov/2025:18:34:12 +0000] "GET /wp-content/plugins/elementor/assets/css/widget-social-icons.min.css?ver=3.24.0 HTTP/1.1" 200 1069 "https://deenzalifestyle.com/496568004.shtml" "Mozilla/5.0 (X11; Linux x86_64) AppleWebKit/537.36 (KHTML, like Gecko) Chrome/141.0.7390.122 Safari/537.36"
66.249.87.40 - - [06/Nov/2025:18:34:12 +0000] "GET /wp-content/uploads/elementor/google-fonts/css/anekbangla.css?ver=1751090741 HTTP/1.1" 200 520 "https://deenzalifestyle.com/496568004.shtml" "Mozilla/5.0 (X11; Linux x86_64) AppleWebKit/537.36 (KHTML, like Gecko) Chrome/141.0.7390.122 Safari/537.36"
