57.141.2.2 - - [06/Nov/2025:13:00:28 +0000] "GET /product=1959629.html HTTP/2" 404 206891 "-" "meta-externalagent/1.1 (+https://developers.facebook.com/docs/sharing/webmasters/crawler)"
57.141.2.49 - - [06/Nov/2025:13:00:30 +0000] "GET /product=2868287.html HTTP/2" 404 206892 "-" "meta-externalagent/1.1 (+https://developers.facebook.com/docs/sharing/webmasters/crawler)"
66.249.69.105 - - [06/Nov/2025:13:00:32 +0000] "POST /wp-json/wp-statistics/v2/hit HTTP/1.1" 200 35 "https://deenzalifestyle.com/?e=30866110779501" "Mozilla/5.0 (Linux; Android 6.0.1; Nexus 5X Build/MMB29P) AppleWebKit/537.36 (KHTML, like Gecko) Chrome/141.0.7390.122 Mobile Safari/537.36 (compatible; Googlebot/2.1; +http://www.google.com/bot.html)"
204.197.172.10 - - [06/Nov/2025:13:00:48 +0000] "POST /wp-cron.php?doing_wp_cron=1762434048.2998719215393066406250 HTTP/1.1" 200 0 "-" "WordPress/6.8.3; https://deenzalifestyle.com"
57.141.2.7 - - [06/Nov/2025:13:00:48 +0000] "GET /product=3918861.html HTTP/2" 404 206891 "-" "meta-externalagent/1.1 (+https://developers.facebook.com/docs/sharing/webmasters/crawler)"
204.197.172.10 - - [06/Nov/2025:13:01:05 +0000] "POST /wp-cron.php?doing_wp_cron=1762434065.5002510547637939453125 HTTP/1.1" 200 0 "-" "WordPress/6.8.3; https://deenzalifestyle.com"
57.141.2.71 - - [06/Nov/2025:13:01:05 +0000] "GET /product=5172964.html HTTP/2" 404 206892 "-" "meta-externalagent/1.1 (+https://developers.facebook.com/docs/sharing/webmasters/crawler)"
66.249.69.106 - - [06/Nov/2025:13:01:29 +0000] "GET /68102529.shtml HTTP/1.1" 404 37440 "-" "Mozilla/5.0 (Linux; Android 6.0.1; Nexus 5X Build/MMB29P) AppleWebKit/537.36 (KHTML, like Gecko) Chrome/141.0.7390.122 Mobile Safari/537.36 (compatible; Googlebot/2.1; +http://www.google.com/bot.html)"
57.141.2.2 - - [06/Nov/2025:13:01:38 +0000] "GET /product=4537920.html HTTP/2" 404 206891 "-" "meta-externalagent/1.1 (+https://developers.facebook.com/docs/sharing/webmasters/crawler)"
204.197.172.10 - - [06/Nov/2025:13:02:09 +0000] "POST /wp-cron.php?doing_wp_cron=1762434129.6734409332275390625000 HTTP/1.1" 200 0 "-" "WordPress/6.8.3; https://deenzalifestyle.com"
57.141.2.78 - - [06/Nov/2025:13:02:09 +0000] "GET /product=2728393.html HTTP/2" 404 206892 "-" "meta-externalagent/1.1 (+https://developers.facebook.com/docs/sharing/webmasters/crawler)"
57.141.2.78 - - [06/Nov/2025:13:02:22 +0000] "GET /product=4627823.html HTTP/2" 404 206892 "-" "meta-externalagent/1.1 (+https://developers.facebook.com/docs/sharing/webmasters/crawler)"
57.141.2.2 - - [06/Nov/2025:13:02:35 +0000] "GET /product=2274782.html HTTP/2" 404 206891 "-" "meta-externalagent/1.1 (+https://developers.facebook.com/docs/sharing/webmasters/crawler)"
57.141.2.77 - - [06/Nov/2025:13:02:38 +0000] "GET /product=2911682.html HTTP/2" 404 206892 "-" "meta-externalagent/1.1 (+https://developers.facebook.com/docs/sharing/webmasters/crawler)"
204.197.172.10 - - [06/Nov/2025:13:02:43 +0000] "POST /wp-cron.php?doing_wp_cron=1762434163.6258630752563476562500 HTTP/1.1" 200 0 "-" "WordPress/6.8.3; https://deenzalifestyle.com"
66.249.69.106 - - [06/Nov/2025:13:02:43 +0000] "POST /?wc-ajax=get_refreshed_fragments HTTP/1.1" 200 1318 "https://deenzalifestyle.com/?e=2408610626004" "Mozilla/5.0 (Linux; Android 6.0.1; Nexus 5X Build/MMB29P) AppleWebKit/537.36 (KHTML, like Gecko) Chrome/141.0.7390.122 Mobile Safari/537.36 (compatible; Googlebot/2.1; +http://www.google.com/bot.html)"
66.249.69.104 - - [06/Nov/2025:13:03:02 +0000] "GET /wp-content/plugins/woolentor-addons/assets/css/simple-line-icons.css?ver=3.2.5 HTTP/1.1" 200 1884 "https://deenzalifestyle.com/?e=77428277548801" "Mozilla/5.0 (Linux; Android 6.0.1; Nexus 5X Build/MMB29P) AppleWebKit/537.36 (KHTML, like Gecko) Chrome/141.0.7390.122 Mobile Safari/537.36 (compatible; Googlebot/2.1; +http://www.google.com/bot.html)"
204.197.172.10 - - [06/Nov/2025:13:03:06 +0000] "POST /wp-cron.php?doing_wp_cron=1762434186.5606780052185058593750 HTTP/1.1" 200 0 "-" "WordPress/6.8.3; https://deenzalifestyle.com"
66.249.69.104 - - [06/Nov/2025:13:03:06 +0000] "POST /wp-json/wp-statistics/v2/hit HTTP/1.1" 200 35 "https://deenzalifestyle.com/?e=77428277548801" "Mozilla/5.0 (Linux; Android 6.0.1; Nexus 5X Build/MMB29P) AppleWebKit/537.36 (KHTML, like Gecko) Chrome/141.0.7390.122 Mobile Safari/537.36 (compatible; Googlebot/2.1; +http://www.google.com/bot.html)"
66.249.69.105 - - [06/Nov/2025:13:03:08 +0000] "GET /wp-content/plugins/elementor-pro/assets/js/woocommerce-menu-cart.eb61fe086245485310a4.bundle.min.js HTTP/1.1" 200 1464 "https://deenzalifestyle.com/?e=77428277548801" "Mozilla/5.0 (Linux; Android 6.0.1; Nexus 5X Build/MMB29P) AppleWebKit/537.36 (KHTML, like Gecko) Chrome/141.0.7390.122 Mobile Safari/537.36 (compatible; Googlebot/2.1; +http://www.google.com/bot.html)"
66.249.69.105 - - [06/Nov/2025:13:03:11 +0000] "POST /?wc-ajax=get_refreshed_fragments HTTP/1.1" 200 1318 "https://deenzalifestyle.com/?e=77428277548801" "Mozilla/5.0 (Linux; Android 6.0.1; Nexus 5X Build/MMB29P) AppleWebKit/537.36 (KHTML, like Gecko) Chrome/141.0.7390.122 Mobile Safari/537.36 (compatible; Googlebot/2.1; +http://www.google.com/bot.html)"
173.252.70.23 - - [06/Nov/2025:13:03:15 +0000] "GET /wp-content/uploads/woo-feed/facebook/csv/deenzalifestyle.csv HTTP/1.1" 200 151806 "-" "facebookexternalhit/1.1 (+http://www.facebook.com/externalhit_uatext.php)"
57.141.2.11 - - [06/Nov/2025:13:03:26 +0000] "GET /product=5608419.html HTTP/2" 404 206892 "-" "meta-externalagent/1.1 (+https://developers.facebook.com/docs/sharing/webmasters/crawler)"
57.141.2.16 - - [06/Nov/2025:13:03:34 +0000] "GET /product=2657045.html HTTP/2" 404 206892 "-" "meta-externalagent/1.1 (+https://developers.facebook.com/docs/sharing/webmasters/crawler)"
66.249.69.104 - - [06/Nov/2025:13:03:36 +0000] "POST /wp-json/wp-statistics/v2/hit HTTP/1.1" 200 35 "https://deenzalifestyle.com/?e=4357488055515" "Mozilla/5.0 (Linux; Android 6.0.1; Nexus 5X Build/MMB29P) AppleWebKit/537.36 (KHTML, like Gecko) Chrome/141.0.7390.122 Mobile Safari/537.36 (compatible; Googlebot/2.1; +http://www.google.com/bot.html)"
204.197.172.10 - - [06/Nov/2025:13:04:12 +0000] "POST /wp-cron.php?doing_wp_cron=1762434252.8180620670318603515625 HTTP/1.1" 200 0 "-" "WordPress/6.8.3; https://deenzalifestyle.com"
57.141.2.2 - - [06/Nov/2025:13:04:12 +0000] "GET /product=5141487.html HTTP/2" 404 206891 "-" "meta-externalagent/1.1 (+https://developers.facebook.com/docs/sharing/webmasters/crawler)"
66.249.69.106 - - [06/Nov/2025:13:04:47 +0000] "GET /wp-content/plugins/woolentor-addons/assets/css/htflexboxgrid.css?ver=3.2.5 HTTP/1.1" 200 1643 "https://deenzalifestyle.com/?e=21289201758701" "Mozilla/5.0 (Linux; Android 6.0.1; Nexus 5X Build/MMB29P) AppleWebKit/537.36 (KHTML, like Gecko) Chrome/141.0.7390.122 Mobile Safari/537.36 (compatible; Googlebot/2.1; +http://www.google.com/bot.html)"
204.197.172.10 - - [06/Nov/2025:13:04:51 +0000] "POST /wp-cron.php?doing_wp_cron=1762434291.5874710083007812500000 HTTP/1.1" 200 0 "-" "WordPress/6.8.3; https://deenzalifestyle.com"
66.249.69.104 - - [06/Nov/2025:13:04:51 +0000] "POST /wp-json/wp-statistics/v2/hit HTTP/1.1" 200 35 "https://deenzalifestyle.com/?e=21289201758701" "Mozilla/5.0 (Linux; Android 6.0.1; Nexus 5X Build/MMB29P) AppleWebKit/537.36 (KHTML, like Gecko) Chrome/141.0.7390.122 Mobile Safari/537.36 (compatible; Googlebot/2.1; +http://www.google.com/bot.html)"
204.197.172.10 - - [06/Nov/2025:13:04:54 +0000] "POST /wp-cron.php?doing_wp_cron=1762434294.4405870437622070312500 HTTP/1.1" 200 0 "-" "WordPress/6.8.3; https://deenzalifestyle.com"
57.141.2.14 - - [06/Nov/2025:13:04:54 +0000] "GET /product=1914895.html HTTP/2" 404 206892 "-" "meta-externalagent/1.1 (+https://developers.facebook.com/docs/sharing/webmasters/crawler)"
5.161.201.188 - - [06/Nov/2025:13:05:06 +0000] "POST /wp-load.php?83288a=7492 HTTP/1.1" 200 0 "-" "Mozilla/5.0 (Windows NT 10.0; Win64; x64) AppleWebKit/537.36 (KHTML, like Gecko) Chrome/104.0.5112.97 Safari/537.36"
57.141.2.3 - - [06/Nov/2025:13:05:08 +0000] "GET /product=4172244.html HTTP/2" 404 206891 "-" "meta-externalagent/1.1 (+https://developers.facebook.com/docs/sharing/webmasters/crawler)"
57.141.2.16 - - [06/Nov/2025:13:05:11 +0000] "GET /product=1846641.html HTTP/2" 404 206892 "-" "meta-externalagent/1.1 (+https://developers.facebook.com/docs/sharing/webmasters/crawler)"
204.197.172.10 - - [06/Nov/2025:13:05:36 +0000] "POST /wp-cron.php?doing_wp_cron=1762434336.3487451076507568359375 HTTP/1.1" 200 0 "-" "WordPress/6.8.3; https://deenzalifestyle.com"
57.141.2.70 - - [06/Nov/2025:13:05:36 +0000] "GET /product=4941601.html HTTP/2" 404 206892 "-" "meta-externalagent/1.1 (+https://developers.facebook.com/docs/sharing/webmasters/crawler)"
204.197.172.10 - - [06/Nov/2025:13:05:51 +0000] "POST /wp-cron.php?doing_wp_cron=1762434351.8633220195770263671875 HTTP/1.1" 200 0 "-" "WordPress/6.8.3; https://deenzalifestyle.com"
66.249.69.104 - - [06/Nov/2025:13:05:51 +0000] "POST /?wc-ajax=get_refreshed_fragments HTTP/1.1" 200 1318 "https://deenzalifestyle.com/?e=5582725806004" "Mozilla/5.0 (Linux; Android 6.0.1; Nexus 5X Build/MMB29P) AppleWebKit/537.36 (KHTML, like Gecko) Chrome/141.0.7390.122 Mobile Safari/537.36 (compatible; Googlebot/2.1; +http://www.google.com/bot.html)"
66.249.69.105 - - [06/Nov/2025:13:05:53 +0000] "POST /wp-json/wp-statistics/v2/hit HTTP/1.1" 200 35 "https://deenzalifestyle.com/?e=5582725806004" "Mozilla/5.0 (Linux; Android 6.0.1; Nexus 5X Build/MMB29P) AppleWebKit/537.36 (KHTML, like Gecko) Chrome/141.0.7390.122 Mobile Safari/537.36 (compatible; Googlebot/2.1; +http://www.google.com/bot.html)"
204.197.172.10 - - [06/Nov/2025:13:06:34 +0000] "POST /wp-cron.php?doing_wp_cron=1762434394.7494869232177734375000 HTTP/1.1" 200 0 "-" "WordPress/6.8.3; https://deenzalifestyle.com"
57.141.2.67 - - [06/Nov/2025:13:06:34 +0000] "GET /product=3406402.html HTTP/2" 404 206892 "-" "meta-externalagent/1.1 (+https://developers.facebook.com/docs/sharing/webmasters/crawler)"
57.141.2.20 - - [06/Nov/2025:13:06:37 +0000] "GET /product=4989878.html HTTP/2" 404 206892 "-" "meta-externalagent/1.1 (+https://developers.facebook.com/docs/sharing/webmasters/crawler)"
57.141.2.36 - - [06/Nov/2025:13:06:38 +0000] "GET /product=3638138.html HTTP/2" 404 206892 "-" "meta-externalagent/1.1 (+https://developers.facebook.com/docs/sharing/webmasters/crawler)"
204.197.172.10 - - [06/Nov/2025:13:06:54 +0000] "POST /wp-cron.php?doing_wp_cron=1762434414.4848349094390869140625 HTTP/1.1" 200 0 "-" "WordPress/6.8.3; https://deenzalifestyle.com"
66.249.69.104 - - [06/Nov/2025:13:06:54 +0000] "GET /product=2156620.html HTTP/1.1" 404 37439 "-" "Mozilla/5.0 (Linux; Android 6.0.1; Nexus 5X Build/MMB29P) AppleWebKit/537.36 (KHTML, like Gecko) Chrome/141.0.7390.122 Mobile Safari/537.36 (compatible; Googlebot/2.1; +http://www.google.com/bot.html)"
66.249.69.106 - - [06/Nov/2025:13:07:02 +0000] "POST /wp-json/wp-statistics/v2/hit HTTP/1.1" 200 35 "https://deenzalifestyle.com/?e=3025840838400" "Mozilla/5.0 (Linux; Android 6.0.1; Nexus 5X Build/MMB29P) AppleWebKit/537.36 (KHTML, like Gecko) Chrome/141.0.7390.122 Mobile Safari/537.36 (compatible; Googlebot/2.1; +http://www.google.com/bot.html)"
57.141.2.78 - - [06/Nov/2025:13:07:07 +0000] "GET /product=2340132.html HTTP/2" 404 206892 "-" "meta-externalagent/1.1 (+https://developers.facebook.com/docs/sharing/webmasters/crawler)"
57.141.2.11 - - [06/Nov/2025:13:07:13 +0000] "GET /product=5027952.html HTTP/2" 404 206892 "-" "meta-externalagent/1.1 (+https://developers.facebook.com/docs/sharing/webmasters/crawler)"
204.197.172.10 - - [06/Nov/2025:13:07:45 +0000] "POST /wp-cron.php?doing_wp_cron=1762434465.8075098991394042968750 HTTP/1.1" 200 0 "-" "WordPress/6.8.3; https://deenzalifestyle.com"
57.141.2.21 - - [06/Nov/2025:13:07:45 +0000] "GET /product=5393672.html HTTP/2" 404 206892 "-" "meta-externalagent/1.1 (+https://developers.facebook.com/docs/sharing/webmasters/crawler)"
57.141.2.25 - - [06/Nov/2025:13:07:47 +0000] "GET /product=3280263.html HTTP/2" 404 206892 "-" "meta-externalagent/1.1 (+https://developers.facebook.com/docs/sharing/webmasters/crawler)"
204.197.172.10 - - [06/Nov/2025:13:09:10 +0000] "POST /wp-cron.php?doing_wp_cron=1762434550.8003170490264892578125 HTTP/1.1" 200 0 "-" "WordPress/6.8.3; https://deenzalifestyle.com"
57.141.2.13 - - [06/Nov/2025:13:09:09 +0000] "GET /product=4484188.html HTTP/2" 404 206892 "-" "meta-externalagent/1.1 (+https://developers.facebook.com/docs/sharing/webmasters/crawler)"
57.141.2.28 - - [06/Nov/2025:13:09:25 +0000] "GET /product=1870352.html HTTP/2" 404 206892 "-" "meta-externalagent/1.1 (+https://developers.facebook.com/docs/sharing/webmasters/crawler)"
57.141.2.28 - - [06/Nov/2025:13:09:31 +0000] "GET /product=3231508.html HTTP/2" 404 206892 "-" "meta-externalagent/1.1 (+https://developers.facebook.com/docs/sharing/webmasters/crawler)"
204.197.172.10 - - [06/Nov/2025:13:10:04 +0000] "POST /wp-cron.php?doing_wp_cron=1762434604.1639890670776367187500 HTTP/1.1" 200 0 "-" "WordPress/6.8.3; https://deenzalifestyle.com"
57.141.2.2 - - [06/Nov/2025:13:10:04 +0000] "GET /product=2054219.html HTTP/2" 404 206891 "-" "meta-externalagent/1.1 (+https://developers.facebook.com/docs/sharing/webmasters/crawler)"
57.141.2.81 - - [06/Nov/2025:13:10:06 +0000] "GET /product=5446008.html HTTP/2" 404 206892 "-" "meta-externalagent/1.1 (+https://developers.facebook.com/docs/sharing/webmasters/crawler)"
204.197.172.10 - - [06/Nov/2025:13:10:47 +0000] "POST /wp-cron.php?doing_wp_cron=1762434647.3418750762939453125000 HTTP/1.1" 200 0 "-" "WordPress/6.8.3; https://deenzalifestyle.com"
57.141.2.49 - - [06/Nov/2025:13:10:47 +0000] "GET /product=4997619.html HTTP/2" 404 206892 "-" "meta-externalagent/1.1 (+https://developers.facebook.com/docs/sharing/webmasters/crawler)"
204.197.172.10 - - [06/Nov/2025:13:11:06 +0000] "POST /wp-cron.php?doing_wp_cron=1762434666.6749269962310791015625 HTTP/1.1" 200 0 "-" "WordPress/6.8.3; https://deenzalifestyle.com"
57.141.2.78 - - [06/Nov/2025:13:11:06 +0000] "GET /product=2477752.html HTTP/2" 404 206892 "-" "meta-externalagent/1.1 (+https://developers.facebook.com/docs/sharing/webmasters/crawler)"
57.141.2.10 - - [06/Nov/2025:13:11:20 +0000] "GET /product=4982959.html HTTP/2" 404 206892 "-" "meta-externalagent/1.1 (+https://developers.facebook.com/docs/sharing/webmasters/crawler)"
57.141.2.78 - - [06/Nov/2025:13:11:25 +0000] "GET /product=2419652.html HTTP/2" 404 206892 "-" "meta-externalagent/1.1 (+https://developers.facebook.com/docs/sharing/webmasters/crawler)"
204.197.172.10 - - [06/Nov/2025:13:11:41 +0000] "POST /wp-cron.php?doing_wp_cron=1762434701.1918129920959472656250 HTTP/1.1" 200 0 "-" "WordPress/6.8.3; https://deenzalifestyle.com"
57.141.2.20 - - [06/Nov/2025:13:11:41 +0000] "GET /product=2018894.html HTTP/2" 404 206892 "-" "meta-externalagent/1.1 (+https://developers.facebook.com/docs/sharing/webmasters/crawler)"
66.249.69.106 - - [06/Nov/2025:13:11:41 +0000] "POST /wp-json/wp-statistics/v2/hit HTTP/1.1" 200 35 "https://deenzalifestyle.com/?e=8516952182400" "Mozilla/5.0 (Linux; Android 6.0.1; Nexus 5X Build/MMB29P) AppleWebKit/537.36 (KHTML, like Gecko) Chrome/141.0.7390.122 Mobile Safari/537.36 (compatible; Googlebot/2.1; +http://www.google.com/bot.html)"
57.141.2.18 - - [06/Nov/2025:13:11:44 +0000] "GET /product=3015158.html HTTP/2" 404 206892 "-" "meta-externalagent/1.1 (+https://developers.facebook.com/docs/sharing/webmasters/crawler)"
204.197.172.10 - - [06/Nov/2025:13:12:04 +0000] "POST /wp-cron.php?doing_wp_cron=1762434724.5651769638061523437500 HTTP/1.1" 200 0 "-" "WordPress/6.8.3; https://deenzalifestyle.com"
57.141.2.14 - - [06/Nov/2025:13:12:04 +0000] "GET /product=2484163.html HTTP/2" 404 206892 "-" "meta-externalagent/1.1 (+https://developers.facebook.com/docs/sharing/webmasters/crawler)"
66.249.69.104 - - [06/Nov/2025:13:12:37 +0000] "POST /wp-json/wp-statistics/v2/hit HTTP/1.1" 200 35 "https://deenzalifestyle.com/?e=9126990896002" "Mozilla/5.0 (Linux; Android 6.0.1; Nexus 5X Build/MMB29P) AppleWebKit/537.36 (KHTML, like Gecko) Chrome/141.0.7390.122 Mobile Safari/537.36 (compatible; Googlebot/2.1; +http://www.google.com/bot.html)"
66.249.69.105 - - [06/Nov/2025:13:12:42 +0000] "GET /wp-content/plugins/elementor-pro/assets/js/woocommerce-menu-cart.eb61fe086245485310a4.bundle.min.js HTTP/1.1" 200 1464 "https://deenzalifestyle.com/?e=9126990896002" "Mozilla/5.0 (Linux; Android 6.0.1; Nexus 5X Build/MMB29P) AppleWebKit/537.36 (KHTML, like Gecko) Chrome/141.0.7390.122 Mobile Safari/537.36 (compatible; Googlebot/2.1; +http://www.google.com/bot.html)"
204.197.172.10 - - [06/Nov/2025:13:13:05 +0000] "POST /wp-cron.php?doing_wp_cron=1762434785.4527990818023681640625 HTTP/1.1" 200 0 "-" "WordPress/6.8.3; https://deenzalifestyle.com"
57.141.2.78 - - [06/Nov/2025:13:13:05 +0000] "GET /product=3873228.html HTTP/2" 404 206892 "-" "meta-externalagent/1.1 (+https://developers.facebook.com/docs/sharing/webmasters/crawler)"
66.249.69.105 - - [06/Nov/2025:13:13:21 +0000] "GET /sitemap-9.xml HTTP/1.1" 404 37388 "-" "Mozilla/5.0 (compatible; Googlebot/2.1; +http://www.google.com/bot.html)"
57.141.2.78 - - [06/Nov/2025:13:13:32 +0000] "GET /product=2696248.html HTTP/2" 404 206892 "-" "meta-externalagent/1.1 (+https://developers.facebook.com/docs/sharing/webmasters/crawler)"
66.249.69.105 - - [06/Nov/2025:13:14:04 +0000] "GET /wp-content/plugins/woolentor-addons/assets/css/htflexboxgrid.css?ver=3.2.5 HTTP/1.1" 200 1643 "https://deenzalifestyle.com/?e=5582725806004" "Mozilla/5.0 (Linux; Android 6.0.1; Nexus 5X Build/MMB29P) AppleWebKit/537.36 (KHTML, like Gecko) Chrome/141.0.7390.122 Mobile Safari/537.36 (compatible; Googlebot/2.1; +http://www.google.com/bot.html)"
66.249.69.106 - - [06/Nov/2025:13:14:06 +0000] "GET /wp-content/plugins/elementor/assets/lib/font-awesome/css/fontawesome.css?ver=5.15.3 HTTP/1.1" 200 12526 "https://deenzalifestyle.com/?e=5582725806004" "Mozilla/5.0 (Linux; Android 6.0.1; Nexus 5X Build/MMB29P) AppleWebKit/537.36 (KHTML, like Gecko) Chrome/141.0.7390.122 Mobile Safari/537.36 (compatible; Googlebot/2.1; +http://www.google.com/bot.html)"
66.249.69.104 - - [06/Nov/2025:13:14:12 +0000] "GET /wp-content/plugins/elementor-pro/assets/js/woocommerce-menu-cart.eb61fe086245485310a4.bundle.min.js HTTP/1.1" 200 1464 "https://deenzalifestyle.com/?e=5582725806004" "Mozilla/5.0 (Linux; Android 6.0.1; Nexus 5X Build/MMB29P) AppleWebKit/537.36 (KHTML, like Gecko) Chrome/141.0.7390.122 Mobile Safari/537.36 (compatible; Googlebot/2.1; +http://www.google.com/bot.html)"
204.197.172.10 - - [06/Nov/2025:13:14:21 +0000] "POST /wp-cron.php?doing_wp_cron=1762434861.4535889625549316406250 HTTP/1.1" 200 0 "-" "WordPress/6.8.3; https://deenzalifestyle.com"
57.141.2.71 - - [06/Nov/2025:13:14:21 +0000] "GET /product=4320193.html HTTP/2" 404 206892 "-" "meta-externalagent/1.1 (+https://developers.facebook.com/docs/sharing/webmasters/crawler)"
57.141.2.10 - - [06/Nov/2025:13:14:26 +0000] "GET /product=3952057.html HTTP/2" 404 206892 "-" "meta-externalagent/1.1 (+https://developers.facebook.com/docs/sharing/webmasters/crawler)"
204.197.172.10 - - [06/Nov/2025:13:15:18 +0000] "POST /wp-cron.php?doing_wp_cron=1762434918.7917540073394775390625 HTTP/1.1" 200 0 "-" "WordPress/6.8.3; https://deenzalifestyle.com"
57.141.2.57 - - [06/Nov/2025:13:15:18 +0000] "GET /product=2304742.html HTTP/2" 404 206892 "-" "meta-externalagent/1.1 (+https://developers.facebook.com/docs/sharing/webmasters/crawler)"
57.141.2.78 - - [06/Nov/2025:13:15:21 +0000] "GET /product=3586253.html HTTP/2" 404 206892 "-" "meta-externalagent/1.1 (+https://developers.facebook.com/docs/sharing/webmasters/crawler)"
204.197.172.10 - - [06/Nov/2025:13:15:42 +0000] "POST /wp-cron.php?doing_wp_cron=1762434942.0089709758758544921875 HTTP/1.1" 200 0 "-" "WordPress/6.8.3; https://deenzalifestyle.com"
57.141.2.78 - - [06/Nov/2025:13:15:41 +0000] "GET /product=5033942.html HTTP/2" 404 206892 "-" "meta-externalagent/1.1 (+https://developers.facebook.com/docs/sharing/webmasters/crawler)"
204.197.172.10 - - [06/Nov/2025:13:15:54 +0000] "POST /wp-cron.php?doing_wp_cron=1762434954.8790490627288818359375 HTTP/1.1" 200 0 "-" "WordPress/6.8.3; https://deenzalifestyle.com"
57.141.2.11 - - [06/Nov/2025:13:15:54 +0000] "GET /product=4717152.html HTTP/2" 404 206892 "-" "meta-externalagent/1.1 (+https://developers.facebook.com/docs/sharing/webmasters/crawler)"
57.141.2.82 - - [06/Nov/2025:13:15:57 +0000] "GET /product=2360852.html HTTP/2" 404 206892 "-" "meta-externalagent/1.1 (+https://developers.facebook.com/docs/sharing/webmasters/crawler)"
204.197.172.10 - - [06/Nov/2025:13:16:49 +0000] "POST /wp-cron.php?doing_wp_cron=1762435009.8075931072235107421875 HTTP/1.1" 200 0 "-" "WordPress/6.8.3; https://deenzalifestyle.com"
57.141.2.12 - - [06/Nov/2025:13:16:49 +0000] "GET /product=3062041.html HTTP/2" 404 206892 "-" "meta-externalagent/1.1 (+https://developers.facebook.com/docs/sharing/webmasters/crawler)"
204.197.172.10 - - [06/Nov/2025:13:17:14 +0000] "POST /wp-cron.php?doing_wp_cron=1762435034.5517690181732177734375 HTTP/1.1" 200 0 "-" "WordPress/6.8.3; https://deenzalifestyle.com"
57.141.2.28 - - [06/Nov/2025:13:17:14 +0000] "GET /product=2908231.html HTTP/2" 404 206892 "-" "meta-externalagent/1.1 (+https://developers.facebook.com/docs/sharing/webmasters/crawler)"
57.141.2.14 - - [06/Nov/2025:13:17:29 +0000] "GET /product=4091641.html HTTP/2" 404 206892 "-" "meta-externalagent/1.1 (+https://developers.facebook.com/docs/sharing/webmasters/crawler)"
204.197.172.10 - - [06/Nov/2025:13:17:41 +0000] "POST /wp-cron.php?doing_wp_cron=1762435061.6158580780029296875000 HTTP/1.1" 200 0 "-" "WordPress/6.8.3; https://deenzalifestyle.com"
57.141.2.81 - - [06/Nov/2025:13:17:41 +0000] "GET /product=4571970.html HTTP/2" 404 206892 "-" "meta-externalagent/1.1 (+https://developers.facebook.com/docs/sharing/webmasters/crawler)"
66.249.69.105 - - [06/Nov/2025:13:17:48 +0000] "GET /product=5674222.html HTTP/1.1" 404 37440 "-" "Mozilla/5.0 (Linux; Android 6.0.1; Nexus 5X Build/MMB29P) AppleWebKit/537.36 (KHTML, like Gecko) Chrome/141.0.7390.122 Mobile Safari/537.36 (compatible; Googlebot/2.1; +http://www.google.com/bot.html)"
57.141.2.21 - - [06/Nov/2025:13:17:52 +0000] "GET /product=4931410.html HTTP/2" 404 206892 "-" "meta-externalagent/1.1 (+https://developers.facebook.com/docs/sharing/webmasters/crawler)"
204.197.172.10 - - [06/Nov/2025:13:18:08 +0000] "POST /wp-cron.php?doing_wp_cron=1762435088.3284749984741210937500 HTTP/1.1" 200 0 "-" "WordPress/6.8.3; https://deenzalifestyle.com"
57.141.2.35 - - [06/Nov/2025:13:18:08 +0000] "GET /product=5663986.html HTTP/2" 404 206892 "-" "meta-externalagent/1.1 (+https://developers.facebook.com/docs/sharing/webmasters/crawler)"
57.141.2.29 - - [06/Nov/2025:13:18:14 +0000] "GET /product=4450590.html HTTP/2" 404 206892 "-" "meta-externalagent/1.1 (+https://developers.facebook.com/docs/sharing/webmasters/crawler)"
66.249.69.106 - - [06/Nov/2025:13:18:15 +0000] "POST /wp-json/wp-statistics/v2/hit HTTP/1.1" 200 35 "https://deenzalifestyle.com/?e=5411651129000" "Mozilla/5.0 (Linux; Android 6.0.1; Nexus 5X Build/MMB29P) AppleWebKit/537.36 (KHTML, like Gecko) Chrome/141.0.7390.122 Mobile Safari/537.36 (compatible; Googlebot/2.1; +http://www.google.com/bot.html)"
66.249.69.104 - - [06/Nov/2025:13:18:21 +0000] "GET /wp-content/uploads/elementor/css/post-6.css?ver=1759968000 HTTP/1.1" 200 380 "https://deenzalifestyle.com/?e=1479257946200" "Mozilla/5.0 (Linux; Android 6.0.1; Nexus 5X Build/MMB29P) AppleWebKit/537.36 (KHTML, like Gecko) Chrome/141.0.7390.122 Mobile Safari/537.36 (compatible; Googlebot/2.1; +http://www.google.com/bot.html)"
66.249.69.105 - - [06/Nov/2025:13:18:24 +0000] "POST /wp-json/wp-statistics/v2/hit HTTP/1.1" 200 35 "https://deenzalifestyle.com/?e=1479257946200" "Mozilla/5.0 (Linux; Android 6.0.1; Nexus 5X Build/MMB29P) AppleWebKit/537.36 (KHTML, like Gecko) Chrome/141.0.7390.122 Mobile Safari/537.36 (compatible; Googlebot/2.1; +http://www.google.com/bot.html)"
66.249.69.104 - - [06/Nov/2025:13:18:29 +0000] "GET /wp-content/plugins/elementor-pro/assets/js/woocommerce-menu-cart.eb61fe086245485310a4.bundle.min.js HTTP/1.1" 200 1464 "https://deenzalifestyle.com/?e=1479257946200" "Mozilla/5.0 (Linux; Android 6.0.1; Nexus 5X Build/MMB29P) AppleWebKit/537.36 (KHTML, like Gecko) Chrome/141.0.7390.122 Mobile Safari/537.36 (compatible; Googlebot/2.1; +http://www.google.com/bot.html)"
66.249.69.104 - - [06/Nov/2025:13:18:30 +0000] "POST /wp-json/wp-statistics/v2/hit HTTP/1.1" 200 35 "https://deenzalifestyle.com/?e=9177217710004" "Mozilla/5.0 (Linux; Android 6.0.1; Nexus 5X Build/MMB29P) AppleWebKit/537.36 (KHTML, like Gecko) Chrome/141.0.7390.122 Mobile Safari/537.36 (compatible; Googlebot/2.1; +http://www.google.com/bot.html)"
57.141.2.25 - - [06/Nov/2025:13:18:35 +0000] "GET /product=2026571.html HTTP/2" 404 206892 "-" "meta-externalagent/1.1 (+https://developers.facebook.com/docs/sharing/webmasters/crawler)"
204.197.172.10 - - [06/Nov/2025:13:18:55 +0000] "POST /wp-cron.php?doing_wp_cron=1762435135.9881711006164550781250 HTTP/1.1" 200 0 "-" "WordPress/6.8.3; https://deenzalifestyle.com"
66.249.69.104 - - [06/Nov/2025:13:18:55 +0000] "POST /wp-json/wp-statistics/v2/hit HTTP/1.1" 200 35 "https://deenzalifestyle.com/?e=36578248899711" "Mozilla/5.0 (Linux; Android 6.0.1; Nexus 5X Build/MMB29P) AppleWebKit/537.36 (KHTML, like Gecko) Chrome/141.0.7390.122 Mobile Safari/537.36 (compatible; Googlebot/2.1; +http://www.google.com/bot.html)"
66.249.69.104 - - [06/Nov/2025:13:19:30 +0000] "GET /183139995.shtml HTTP/1.1" 404 37440 "-" "Mozilla/5.0 (Linux; Android 6.0.1; Nexus 5X Build/MMB29P) AppleWebKit/537.36 (KHTML, like Gecko) Chrome/141.0.7390.122 Mobile Safari/537.36 (compatible; Googlebot/2.1; +http://www.google.com/bot.html)"
66.249.69.104 - - [06/Nov/2025:13:19:32 +0000] "GET /433607121.shtml HTTP/1.1" 404 37440 "-" "Mozilla/5.0 (Linux; Android 6.0.1; Nexus 5X Build/MMB29P) AppleWebKit/537.36 (KHTML, like Gecko) Chrome/141.0.7390.122 Mobile Safari/537.36 (compatible; Googlebot/2.1; +http://www.google.com/bot.html)"
204.197.172.10 - - [06/Nov/2025:13:19:45 +0000] "POST /wp-cron.php?doing_wp_cron=1762435185.1754519939422607421875 HTTP/1.1" 200 0 "-" "WordPress/6.8.3; https://deenzalifestyle.com"
66.249.69.104 - - [06/Nov/2025:13:19:45 +0000] "GET /product=4613915.html HTTP/1.1" 404 37440 "-" "Mozilla/5.0 (Linux; Android 6.0.1; Nexus 5X Build/MMB29P) AppleWebKit/537.36 (KHTML, like Gecko) Chrome/141.0.7390.122 Mobile Safari/537.36 (compatible; Googlebot/2.1; +http://www.google.com/bot.html)"
204.197.172.10 - - [06/Nov/2025:13:20:00 +0000] "POST /wp-cron.php?doing_wp_cron=1762435200.7292470932006835937500 HTTP/1.1" 200 0 "-" "WordPress/6.8.3; https://deenzalifestyle.com"
66.249.69.106 - - [06/Nov/2025:13:20:00 +0000] "POST /wp-json/wp-statistics/v2/hit HTTP/1.1" 200 35 "https://deenzalifestyle.com/?e=1350293736503" "Mozilla/5.0 (Linux; Android 6.0.1; Nexus 5X Build/MMB29P) AppleWebKit/537.36 (KHTML, like Gecko) Chrome/141.0.7390.122 Mobile Safari/537.36 (compatible; Googlebot/2.1; +http://www.google.com/bot.html)"
204.197.172.10 - - [06/Nov/2025:13:21:01 +0000] "POST /wp-cron.php?doing_wp_cron=1762435261.8878440856933593750000 HTTP/1.1" 200 0 "-" "WordPress/6.8.3; https://deenzalifestyle.com"
57.141.2.23 - - [06/Nov/2025:13:21:01 +0000] "GET /product=5281136.html HTTP/2" 404 206892 "-" "meta-externalagent/1.1 (+https://developers.facebook.com/docs/sharing/webmasters/crawler)"
57.141.2.26 - - [06/Nov/2025:13:21:31 +0000] "GET /product=3387081.html HTTP/2" 404 206892 "-" "meta-externalagent/1.1 (+https://developers.facebook.com/docs/sharing/webmasters/crawler)"
57.141.2.14 - - [06/Nov/2025:13:21:33 +0000] "GET /product=2516860.html HTTP/2" 404 206892 "-" "meta-externalagent/1.1 (+https://developers.facebook.com/docs/sharing/webmasters/crawler)"
57.141.2.16 - - [06/Nov/2025:13:21:35 +0000] "GET /product=2906341.html HTTP/2" 404 206892 "-" "meta-externalagent/1.1 (+https://developers.facebook.com/docs/sharing/webmasters/crawler)"
204.197.172.10 - - [06/Nov/2025:13:22:11 +0000] "POST /wp-cron.php?doing_wp_cron=1762435331.7310099601745605468750 HTTP/1.1" 200 0 "-" "WordPress/6.8.3; https://deenzalifestyle.com"
57.141.2.66 - - [06/Nov/2025:13:22:11 +0000] "GET /product=5204410.html HTTP/2" 404 206892 "-" "meta-externalagent/1.1 (+https://developers.facebook.com/docs/sharing/webmasters/crawler)"
57.141.2.83 - - [06/Nov/2025:13:22:26 +0000] "GET /product=4595984.html HTTP/2" 404 206892 "-" "meta-externalagent/1.1 (+https://developers.facebook.com/docs/sharing/webmasters/crawler)"
66.249.69.106 - - [06/Nov/2025:13:22:34 +0000] "GET /wp-content/plugins/woolentor-addons/assets/css/htflexboxgrid.css?ver=3.2.5 HTTP/1.1" 200 1643 "https://deenzalifestyle.com/?e=97475131799200" "Mozilla/5.0 (Linux; Android 6.0.1; Nexus 5X Build/MMB29P) AppleWebKit/537.36 (KHTML, like Gecko) Chrome/141.0.7390.122 Mobile Safari/537.36 (compatible; Googlebot/2.1; +http://www.google.com/bot.html)"
66.249.69.104 - - [06/Nov/2025:13:22:39 +0000] "POST /wp-json/wp-statistics/v2/hit HTTP/1.1" 200 35 "https://deenzalifestyle.com/?e=97475131799200" "Mozilla/5.0 (Linux; Android 6.0.1; Nexus 5X Build/MMB29P) AppleWebKit/537.36 (KHTML, like Gecko) Chrome/141.0.7390.122 Mobile Safari/537.36 (compatible; Googlebot/2.1; +http://www.google.com/bot.html)"
66.249.69.104 - - [06/Nov/2025:13:22:44 +0000] "GET /wp-content/plugins/elementor-pro/assets/js/woocommerce-menu-cart.eb61fe086245485310a4.bundle.min.js HTTP/1.1" 200 1464 "https://deenzalifestyle.com/?e=97475131799200" "Mozilla/5.0 (Linux; Android 6.0.1; Nexus 5X Build/MMB29P) AppleWebKit/537.36 (KHTML, like Gecko) Chrome/141.0.7390.122 Mobile Safari/537.36 (compatible; Googlebot/2.1; +http://www.google.com/bot.html)"
204.197.172.10 - - [06/Nov/2025:13:22:52 +0000] "POST /wp-cron.php?doing_wp_cron=1762435372.4616429805755615234375 HTTP/1.1" 200 0 "-" "WordPress/6.8.3; https://deenzalifestyle.com"
66.249.69.104 - - [06/Nov/2025:13:22:52 +0000] "POST /wp-json/wp-statistics/v2/hit HTTP/1.1" 200 35 "https://deenzalifestyle.com/?e=0000293565203" "Mozilla/5.0 (Linux; Android 6.0.1; Nexus 5X Build/MMB29P) AppleWebKit/537.36 (KHTML, like Gecko) Chrome/141.0.7390.122 Mobile Safari/537.36 (compatible; Googlebot/2.1; +http://www.google.com/bot.html)"
204.197.172.10 - - [06/Nov/2025:13:22:54 +0000] "POST /wp-cron.php?doing_wp_cron=1762435374.5975930690765380859375 HTTP/1.1" 200 0 "-" "WordPress/6.8.3; https://deenzalifestyle.com"
66.249.69.104 - - [06/Nov/2025:13:22:54 +0000] "POST /?wc-ajax=get_refreshed_fragments HTTP/1.1" 200 1318 "https://deenzalifestyle.com/?e=0000293565203" "Mozilla/5.0 (Linux; Android 6.0.1; Nexus 5X Build/MMB29P) AppleWebKit/537.36 (KHTML, like Gecko) Chrome/141.0.7390.122 Mobile Safari/537.36 (compatible; Googlebot/2.1; +http://www.google.com/bot.html)"
57.141.2.5 - - [06/Nov/2025:13:22:58 +0000] "GET /product=2652192.html HTTP/2" 404 206891 "-" "meta-externalagent/1.1 (+https://developers.facebook.com/docs/sharing/webmasters/crawler)"
57.141.2.18 - - [06/Nov/2025:13:23:02 +0000] "GET /product=4569918.html HTTP/2" 404 206892 "-" "meta-externalagent/1.1 (+https://developers.facebook.com/docs/sharing/webmasters/crawler)"
66.249.69.104 - - [06/Nov/2025:13:23:32 +0000] "POST /wp-json/wp-statistics/v2/hit HTTP/1.1" 200 35 "https://deenzalifestyle.com/?e=45195285774202" "Mozilla/5.0 (Linux; Android 6.0.1; Nexus 5X Build/MMB29P) AppleWebKit/537.36 (KHTML, like Gecko) Chrome/141.0.7390.122 Mobile Safari/537.36 (compatible; Googlebot/2.1; +http://www.google.com/bot.html)"
66.249.69.104 - - [06/Nov/2025:13:23:43 +0000] "GET /wp-content/plugins/header-footer-elementor/inc/js/frontend.js?ver=2.6.1 HTTP/1.1" 200 4642 "https://deenzalifestyle.com/?e=3025840838400" "Mozilla/5.0 (Linux; Android 6.0.1; Nexus 5X Build/MMB29P) AppleWebKit/537.36 (KHTML, like Gecko) Chrome/141.0.7390.122 Mobile Safari/537.36 (compatible; Googlebot/2.1; +http://www.google.com/bot.html)"
66.249.69.105 - - [06/Nov/2025:13:23:44 +0000] "GET /wp-content/plugins/wp-bottom-menu/assets/css/style.css?ver=2.2.4 HTTP/1.1" 200 939 "https://deenzalifestyle.com/?e=3025840838400" "Mozilla/5.0 (Linux; Android 6.0.1; Nexus 5X Build/MMB29P) AppleWebKit/537.36 (KHTML, like Gecko) Chrome/141.0.7390.122 Mobile Safari/537.36 (compatible; Googlebot/2.1; +http://www.google.com/bot.html)"
66.249.69.104 - - [06/Nov/2025:13:23:51 +0000] "GET /wp-content/plugins/elementor-pro/assets/js/woocommerce-menu-cart.eb61fe086245485310a4.bundle.min.js HTTP/1.1" 200 1464 "https://deenzalifestyle.com/?e=3025840838400" "Mozilla/5.0 (Linux; Android 6.0.1; Nexus 5X Build/MMB29P) AppleWebKit/537.36 (KHTML, like Gecko) Chrome/141.0.7390.122 Mobile Safari/537.36 (compatible; Googlebot/2.1; +http://www.google.com/bot.html)"
204.197.172.10 - - [06/Nov/2025:13:23:51 +0000] "POST /wp-cron.php?doing_wp_cron=1762435431.8220469951629638671875 HTTP/1.1" 200 0 "-" "WordPress/6.8.3; https://deenzalifestyle.com"
66.249.69.104 - - [06/Nov/2025:13:26:39 +0000] "GET /wp-content/plugins/elementor/assets/lib/font-awesome/css/fontawesome.css?ver=5.15.3 HTTP/1.1" 200 12526 "https://deenzalifestyle.com/?e=3025840838400" "Mozilla/5.0 (Linux; Android 6.0.1; Nexus 5X Build/MMB29P) AppleWebKit/537.36 (KHTML, like Gecko) Chrome/141.0.7390.122 Mobile Safari/537.36 (compatible; Googlebot/2.1; +http://www.google.com/bot.html)"
66.249.69.104 - - [06/Nov/2025:13:26:40 +0000] "GET /wp-content/plugins/woolentor-addons/assets/css/htflexboxgrid.css?ver=3.2.5 HTTP/1.1" 200 1643 "https://deenzalifestyle.com/?e=3025840838400" "Mozilla/5.0 (Linux; Android 6.0.1; Nexus 5X Build/MMB29P) AppleWebKit/537.36 (KHTML, like Gecko) Chrome/141.0.7390.122 Mobile Safari/537.36 (compatible; Googlebot/2.1; +http://www.google.com/bot.html)"
204.197.172.10 - - [06/Nov/2025:13:26:44 +0000] "POST /wp-cron.php?doing_wp_cron=1762435604.7421081066131591796875 HTTP/1.1" 200 0 "-" "WordPress/6.8.3; https://deenzalifestyle.com"
66.249.69.104 - - [06/Nov/2025:13:26:44 +0000] "GET /product=5148669.html HTTP/1.1" 404 37440 "-" "Mozilla/5.0 (Linux; Android 6.0.1; Nexus 5X Build/MMB29P) AppleWebKit/537.36 (KHTML, like Gecko) Chrome/141.0.7390.122 Mobile Safari/537.36 (compatible; Googlebot/2.1; +http://www.google.com/bot.html)"
204.197.172.10 - - [06/Nov/2025:13:27:01 +0000] "POST /wp-cron.php?doing_wp_cron=1762435621.6003999710083007812500 HTTP/1.1" 200 0 "-" "WordPress/6.8.3; https://deenzalifestyle.com"
57.141.2.17 - - [06/Nov/2025:13:27:01 +0000] "GET /product=3711472.html HTTP/2" 404 206892 "-" "meta-externalagent/1.1 (+https://developers.facebook.com/docs/sharing/webmasters/crawler)"
66.249.69.106 - - [06/Nov/2025:13:27:14 +0000] "POST /wp-json/wp-statistics/v2/hit HTTP/1.1" 200 35 "https://deenzalifestyle.com/?e=557156072007" "Mozilla/5.0 (Linux; Android 6.0.1; Nexus 5X Build/MMB29P) AppleWebKit/537.36 (KHTML, like Gecko) Chrome/141.0.7390.122 Mobile Safari/537.36 (compatible; Googlebot/2.1; +http://www.google.com/bot.html)"
66.249.69.105 - - [06/Nov/2025:13:27:18 +0000] "GET /wp-content/plugins/elementor-pro/assets/js/woocommerce-menu-cart.eb61fe086245485310a4.bundle.min.js HTTP/1.1" 200 1464 "https://deenzalifestyle.com/?e=557156072007" "Mozilla/5.0 (Linux; Android 6.0.1; Nexus 5X Build/MMB29P) AppleWebKit/537.36 (KHTML, like Gecko) Chrome/141.0.7390.122 Mobile Safari/537.36 (compatible; Googlebot/2.1; +http://www.google.com/bot.html)"
57.141.2.70 - - [06/Nov/2025:13:27:26 +0000] "GET /product=4305300.html HTTP/2" 404 206892 "-" "meta-externalagent/1.1 (+https://developers.facebook.com/docs/sharing/webmasters/crawler)"
57.141.2.8 - - [06/Nov/2025:13:27:28 +0000] "GET /product=4071994.html HTTP/2" 404 206891 "-" "meta-externalagent/1.1 (+https://developers.facebook.com/docs/sharing/webmasters/crawler)"
204.197.172.10 - - [06/Nov/2025:13:28:04 +0000] "POST /wp-cron.php?doing_wp_cron=1762435684.2699859142303466796875 HTTP/1.1" 200 0 "-" "WordPress/6.8.3; https://deenzalifestyle.com"
57.141.2.26 - - [06/Nov/2025:13:28:04 +0000] "GET /product=5138800.html HTTP/2" 404 206892 "-" "meta-externalagent/1.1 (+https://developers.facebook.com/docs/sharing/webmasters/crawler)"
57.141.2.12 - - [06/Nov/2025:13:28:37 +0000] "GET /product=3065525.html HTTP/2" 404 206892 "-" "meta-externalagent/1.1 (+https://developers.facebook.com/docs/sharing/webmasters/crawler)"
66.249.69.104 - - [06/Nov/2025:13:29:08 +0000] "GET /wp-content/plugins/elementor/assets/css/widget-social-icons.min.css?ver=3.32.5 HTTP/1.1" 200 1069 "https://deenzalifestyle.com/?e=1194772358005" "Mozilla/5.0 (Linux; Android 6.0.1; Nexus 5X Build/MMB29P) AppleWebKit/537.36 (KHTML, like Gecko) Chrome/141.0.7390.122 Mobile Safari/537.36 (compatible; Googlebot/2.1; +http://www.google.com/bot.html)"
204.197.172.10 - - [06/Nov/2025:13:29:11 +0000] "POST /wp-cron.php?doing_wp_cron=1762435751.7959868907928466796875 HTTP/1.1" 200 0 "-" "WordPress/6.8.3; https://deenzalifestyle.com"
57.141.2.38 - - [06/Nov/2025:13:29:11 +0000] "GET /product=4423499.html HTTP/2" 404 206892 "-" "meta-externalagent/1.1 (+https://developers.facebook.com/docs/sharing/webmasters/crawler)"
66.249.69.105 - - [06/Nov/2025:13:29:12 +0000] "POST /wp-json/wp-statistics/v2/hit HTTP/1.1" 200 35 "https://deenzalifestyle.com/?e=1194772358005" "Mozilla/5.0 (Linux; Android 6.0.1; Nexus 5X Build/MMB29P) AppleWebKit/537.36 (KHTML, like Gecko) Chrome/141.0.7390.122 Mobile Safari/537.36 (compatible; Googlebot/2.1; +http://www.google.com/bot.html)"
57.141.2.71 - - [06/Nov/2025:13:29:13 +0000] "GET /product=2012078.html HTTP/2" 404 206892 "-" "meta-externalagent/1.1 (+https://developers.facebook.com/docs/sharing/webmasters/crawler)"
57.141.2.25 - - [06/Nov/2025:13:29:15 +0000] "GET /product=3574456.html HTTP/2" 404 206892 "-" "meta-externalagent/1.1 (+https://developers.facebook.com/docs/sharing/webmasters/crawler)"
204.197.172.10 - - [06/Nov/2025:13:29:55 +0000] "POST /wp-cron.php?doing_wp_cron=1762435795.6515130996704101562500 HTTP/1.1" 200 0 "-" "WordPress/6.8.3; https://deenzalifestyle.com"
57.141.2.14 - - [06/Nov/2025:13:29:55 +0000] "GET /product=1846638.html HTTP/2" 404 206892 "-" "meta-externalagent/1.1 (+https://developers.facebook.com/docs/sharing/webmasters/crawler)"
57.141.2.69 - - [06/Nov/2025:13:30:08 +0000] "GET /product=2186000.html HTTP/2" 404 206892 "-" "meta-externalagent/1.1 (+https://developers.facebook.com/docs/sharing/webmasters/crawler)"
57.141.2.78 - - [06/Nov/2025:13:30:13 +0000] "GET /product=4326829.html HTTP/2" 404 206892 "-" "meta-externalagent/1.1 (+https://developers.facebook.com/docs/sharing/webmasters/crawler)"
66.249.69.104 - - [06/Nov/2025:13:23:51 +0000] "POST /?wc-ajax=get_refreshed_fragments HTTP/1.1" 200 1318 "https://deenzalifestyle.com/?e=3025840838400" "Mozilla/5.0 (Linux; Android 6.0.1; Nexus 5X Build/MMB29P) AppleWebKit/537.36 (KHTML, like Gecko) Chrome/141.0.7390.122 Mobile Safari/537.36 (compatible; Googlebot/2.1; +http://www.google.com/bot.html)"
204.197.172.10 - - [06/Nov/2025:13:24:07 +0000] "POST /wp-cron.php?doing_wp_cron=1762435447.5058810710906982421875 HTTP/1.1" 200 0 "-" "WordPress/6.8.3; https://deenzalifestyle.com"
57.141.2.15 - - [06/Nov/2025:13:24:07 +0000] "GET /product=3506594.html HTTP/2" 404 206892 "-" "meta-externalagent/1.1 (+https://developers.facebook.com/docs/sharing/webmasters/crawler)"
57.141.2.4 - - [06/Nov/2025:13:24:36 +0000] "GET /product=2989200.html HTTP/2" 404 206891 "-" "meta-externalagent/1.1 (+https://developers.facebook.com/docs/sharing/webmasters/crawler)"
204.197.172.10 - - [06/Nov/2025:13:24:58 +0000] "POST /wp-cron.php?doing_wp_cron=1762435498.5965631008148193359375 HTTP/1.1" 200 0 "-" "WordPress/6.8.3; https://deenzalifestyle.com"
57.141.2.78 - - [06/Nov/2025:13:24:58 +0000] "GET /product=4598502.html HTTP/2" 404 206892 "-" "meta-externalagent/1.1 (+https://developers.facebook.com/docs/sharing/webmasters/crawler)"
57.141.2.68 - - [06/Nov/2025:13:25:16 +0000] "GET /product=2402377.html HTTP/2" 404 206892 "-" "meta-externalagent/1.1 (+https://developers.facebook.com/docs/sharing/webmasters/crawler)"
57.141.2.69 - - [06/Nov/2025:13:25:20 +0000] "GET /product=2311470.html HTTP/2" 404 206892 "-" "meta-externalagent/1.1 (+https://developers.facebook.com/docs/sharing/webmasters/crawler)"
57.141.2.34 - - [06/Nov/2025:13:25:34 +0000] "GET /product=4343059.html HTTP/2" 404 206892 "-" "meta-externalagent/1.1 (+https://developers.facebook.com/docs/sharing/webmasters/crawler)"
66.249.69.104 - - [06/Nov/2025:13:30:39 +0000] "POST /wp-json/wp-statistics/v2/hit HTTP/1.1" 200 35 "https://deenzalifestyle.com/?e=5711235926004" "Mozilla/5.0 (Linux; Android 6.0.1; Nexus 5X Build/MMB29P) AppleWebKit/537.36 (KHTML, like Gecko) Chrome/141.0.7390.122 Mobile Safari/537.36 (compatible; Googlebot/2.1; +http://www.google.com/bot.html)"
204.197.172.10 - - [06/Nov/2025:13:30:43 +0000] "POST /wp-cron.php?doing_wp_cron=1762435843.2220261096954345703125 HTTP/1.1" 200 0 "-" "WordPress/6.8.3; https://deenzalifestyle.com"
57.141.2.34 - - [06/Nov/2025:13:30:43 +0000] "GET /product=1922723.html HTTP/2" 404 206892 "-" "meta-externalagent/1.1 (+https://developers.facebook.com/docs/sharing/webmasters/crawler)"
204.197.172.10 - - [06/Nov/2025:13:31:03 +0000] "POST /wp-cron.php?doing_wp_cron=1762435863.8292489051818847656250 HTTP/1.1" 200 0 "-" "WordPress/6.8.3; https://deenzalifestyle.com"
57.141.2.21 - - [06/Nov/2025:13:31:03 +0000] "GET /product=4368671.html HTTP/2" 404 206892 "-" "meta-externalagent/1.1 (+https://developers.facebook.com/docs/sharing/webmasters/crawler)"
57.141.2.10 - - [06/Nov/2025:13:31:24 +0000] "GET /product=2553676.html HTTP/2" 404 206892 "-" "meta-externalagent/1.1 (+https://developers.facebook.com/docs/sharing/webmasters/crawler)"
204.197.172.10 - - [06/Nov/2025:13:32:00 +0000] "POST /wp-cron.php?doing_wp_cron=1762435920.1976940631866455078125 HTTP/1.1" 200 0 "-" "WordPress/6.8.3; https://deenzalifestyle.com"
57.141.2.78 - - [06/Nov/2025:13:32:00 +0000] "GET /product=3292452.html HTTP/2" 404 206892 "-" "meta-externalagent/1.1 (+https://developers.facebook.com/docs/sharing/webmasters/crawler)"
57.141.2.78 - - [06/Nov/2025:13:32:08 +0000] "GET /product=4598882.html HTTP/2" 404 206892 "-" "meta-externalagent/1.1 (+https://developers.facebook.com/docs/sharing/webmasters/crawler)"
57.141.2.80 - - [06/Nov/2025:13:32:13 +0000] "GET /product=4189208.html HTTP/2" 404 206892 "-" "meta-externalagent/1.1 (+https://developers.facebook.com/docs/sharing/webmasters/crawler)"
57.141.2.25 - - [06/Nov/2025:13:32:28 +0000] "GET /product=5458461.html HTTP/2" 404 206892 "-" "meta-externalagent/1.1 (+https://developers.facebook.com/docs/sharing/webmasters/crawler)"
204.197.172.10 - - [06/Nov/2025:13:32:46 +0000] "POST /wp-cron.php?doing_wp_cron=1762435966.8412969112396240234375 HTTP/1.1" 200 0 "-" "WordPress/6.8.3; https://deenzalifestyle.com"
57.141.2.78 - - [06/Nov/2025:13:32:46 +0000] "GET /product=3653045.html HTTP/2" 404 206892 "-" "meta-externalagent/1.1 (+https://developers.facebook.com/docs/sharing/webmasters/crawler)"
66.249.69.105 - - [06/Nov/2025:13:32:52 +0000] "GET /wp-content/plugins/woolentor-addons/assets/css/htflexboxgrid.css?ver=3.2.5 HTTP/1.1" 200 1643 "https://deenzalifestyle.com/?e=7912576912004" "Mozilla/5.0 (Linux; Android 6.0.1; Nexus 5X Build/MMB29P) AppleWebKit/537.36 (KHTML, like Gecko) Chrome/141.0.7390.122 Mobile Safari/537.36 (compatible; Googlebot/2.1; +http://www.google.com/bot.html)"
204.197.172.10 - - [06/Nov/2025:13:33:08 +0000] "POST /wp-cron.php?doing_wp_cron=1762435988.1661219596862792968750 HTTP/1.1" 200 0 "-" "WordPress/6.8.3; https://deenzalifestyle.com"
52.167.144.145 - - [06/Nov/2025:13:33:08 +0000] "GET /product/%F0%9F%94%B6-%E0%A6%9C%E0%A6%A8%E0%A6%AA%E0%A7%8D%E0%A6%B0%E0%A6%BF%E0%A6%AF%E0%A6%BC-%E0%A7%AA%E0%A7%A6%E0%A7%A6-%E0%A6%97%E0%A7%87%E0%A6%AF%E0%A6%BC%E0%A6%BE%E0%A6%B0%E0%A7%87%E0%A6%B0-%E0%A6%AE/feed/ HTTP/2" 200 604 "-" "Mozilla/5.0 AppleWebKit/537.36 (KHTML, like Gecko; compatible; bingbot/2.0; +http://www.bing.com/bingbot.htm) Chrome/116.0.1938.76 Safari/537.36"
57.141.2.66 - - [06/Nov/2025:13:33:21 +0000] "GET /product=4057671.html HTTP/2" 404 206892 "-" "meta-externalagent/1.1 (+https://developers.facebook.com/docs/sharing/webmasters/crawler)"
57.141.2.5 - - [06/Nov/2025:13:33:22 +0000] "GET /product=4169060.html HTTP/2" 404 206891 "-" "meta-externalagent/1.1 (+https://developers.facebook.com/docs/sharing/webmasters/crawler)"
57.141.2.5 - - [06/Nov/2025:13:33:24 +0000] "GET /product=3244078.html HTTP/2" 404 206891 "-" "meta-externalagent/1.1 (+https://developers.facebook.com/docs/sharing/webmasters/crawler)"
204.197.172.10 - - [06/Nov/2025:13:33:55 +0000] "POST /wp-cron.php?doing_wp_cron=1762436035.7344210147857666015625 HTTP/1.1" 200 0 "-" "WordPress/6.8.3; https://deenzalifestyle.com"
57.141.2.33 - - [06/Nov/2025:13:33:55 +0000] "GET /product=3843816.html HTTP/2" 404 206892 "-" "meta-externalagent/1.1 (+https://developers.facebook.com/docs/sharing/webmasters/crawler)"
57.141.2.70 - - [06/Nov/2025:13:34:34 +0000] "GET /product=5657195.html HTTP/2" 404 206892 "-" "meta-externalagent/1.1 (+https://developers.facebook.com/docs/sharing/webmasters/crawler)"
57.141.2.16 - - [06/Nov/2025:13:34:40 +0000] "GET /product=3037282.html HTTP/2" 404 206892 "-" "meta-externalagent/1.1 (+https://developers.facebook.com/docs/sharing/webmasters/crawler)"
204.197.172.10 - - [06/Nov/2025:13:34:57 +0000] "POST /wp-cron.php?doing_wp_cron=1762436097.6851129531860351562500 HTTP/1.1" 200 0 "-" "WordPress/6.8.3; https://deenzalifestyle.com"
57.141.2.36 - - [06/Nov/2025:13:34:57 +0000] "GET /product=2320157.html HTTP/2" 404 206892 "-" "meta-externalagent/1.1 (+https://developers.facebook.com/docs/sharing/webmasters/crawler)"
57.141.2.2 - - [06/Nov/2025:13:35:00 +0000] "GET /product=4092660.html HTTP/2" 404 206891 "-" "meta-externalagent/1.1 (+https://developers.facebook.com/docs/sharing/webmasters/crawler)"
57.141.2.68 - - [06/Nov/2025:13:35:08 +0000] "GET /product=2699215.html HTTP/2" 404 206892 "-" "meta-externalagent/1.1 (+https://developers.facebook.com/docs/sharing/webmasters/crawler)"
57.141.2.78 - - [06/Nov/2025:13:35:18 +0000] "GET /product=3006008.html HTTP/2" 404 206892 "-" "meta-externalagent/1.1 (+https://developers.facebook.com/docs/sharing/webmasters/crawler)"
204.197.172.10 - - [06/Nov/2025:13:35:53 +0000] "POST /wp-cron.php?doing_wp_cron=1762436153.0656909942626953125000 HTTP/1.1" 200 0 "-" "WordPress/6.8.3; https://deenzalifestyle.com"
57.141.2.78 - - [06/Nov/2025:13:35:52 +0000] "GET /product=4983594.html HTTP/2" 404 206892 "-" "meta-externalagent/1.1 (+https://developers.facebook.com/docs/sharing/webmasters/crawler)"
66.249.69.105 - - [06/Nov/2025:13:35:54 +0000] "GET /wp-content/plugins/wp-bottom-menu/assets/css/style.css?ver=2.2.4 HTTP/1.1" 200 939 "https://deenzalifestyle.com/?e=557156072007" "Mozilla/5.0 (Linux; Android 6.0.1; Nexus 5X Build/MMB29P) AppleWebKit/537.36 (KHTML, like Gecko) Chrome/141.0.7390.122 Mobile Safari/537.36 (compatible; Googlebot/2.1; +http://www.google.com/bot.html)"
66.249.69.105 - - [06/Nov/2025:13:35:55 +0000] "GET /wp-content/plugins/woolentor-addons/assets/css/htflexboxgrid.css?ver=3.2.5 HTTP/1.1" 200 1643 "https://deenzalifestyle.com/?e=557156072007" "Mozilla/5.0 (Linux; Android 6.0.1; Nexus 5X Build/MMB29P) AppleWebKit/537.36 (KHTML, like Gecko) Chrome/141.0.7390.122 Mobile Safari/537.36 (compatible; Googlebot/2.1; +http://www.google.com/bot.html)"
204.197.172.10 - - [06/Nov/2025:13:35:55 +0000] "POST /wp-cron.php?doing_wp_cron=1762436155.1029438972473144531250 HTTP/1.1" 200 0 "-" "WordPress/6.8.3; https://deenzalifestyle.com"
66.249.69.105 - - [06/Nov/2025:13:35:55 +0000] "GET /wp-content/plugins/elementor/assets/js/frontend.min.js?ver=3.32.5 HTTP/1.1" 200 10164 "https://deenzalifestyle.com/?e=557156072007" "Mozilla/5.0 (Linux; Android 6.0.1; Nexus 5X Build/MMB29P) AppleWebKit/537.36 (KHTML, like Gecko) Chrome/141.0.7390.122 Mobile Safari/537.36 (compatible; Googlebot/2.1; +http://www.google.com/bot.html)"
66.249.69.106 - - [06/Nov/2025:13:35:54 +0000] "GET /524018805.shtml HTTP/1.1" 404 37441 "-" "Mozilla/5.0 (Linux; Android 6.0.1; Nexus 5X Build/MMB29P) AppleWebKit/537.36 (KHTML, like Gecko) Chrome/141.0.7390.122 Mobile Safari/537.36 (compatible; Googlebot/2.1; +http://www.google.com/bot.html)"
57.141.2.15 - - [06/Nov/2025:13:35:58 +0000] "GET /product=1831871.html HTTP/2" 404 206892 "-" "meta-externalagent/1.1 (+https://developers.facebook.com/docs/sharing/webmasters/crawler)"
204.197.172.10 - - [06/Nov/2025:13:36:28 +0000] "POST /wp-cron.php?doing_wp_cron=1762436188.9226570129394531250000 HTTP/1.1" 200 0 "-" "WordPress/6.8.3; https://deenzalifestyle.com"
204.197.172.10 - - [06/Nov/2025:13:36:28 +0000] "POST /wp-cron.php?doing_wp_cron=1762436188.9535319805145263671875 HTTP/1.1" 200 0 "-" "WordPress/6.8.3; https://deenzalifestyle.com"
57.141.2.12 - - [06/Nov/2025:13:36:28 +0000] "GET /product=2167847.html HTTP/2" 404 206892 "-" "meta-externalagent/1.1 (+https://developers.facebook.com/docs/sharing/webmasters/crawler)"
57.141.2.78 - - [06/Nov/2025:13:36:33 +0000] "GET /product=5537691.html HTTP/2" 404 206892 "-" "meta-externalagent/1.1 (+https://developers.facebook.com/docs/sharing/webmasters/crawler)"
204.197.172.10 - - [06/Nov/2025:13:37:20 +0000] "POST /wp-cron.php?doing_wp_cron=1762436240.1966199874877929687500 HTTP/1.1" 200 0 "-" "WordPress/6.8.3; https://deenzalifestyle.com"
57.141.2.28 - - [06/Nov/2025:13:37:20 +0000] "GET /product=4544883.html HTTP/2" 404 206892 "-" "meta-externalagent/1.1 (+https://developers.facebook.com/docs/sharing/webmasters/crawler)"
204.197.172.10 - - [06/Nov/2025:13:37:49 +0000] "POST /wp-cron.php?doing_wp_cron=1762436269.7377469539642333984375 HTTP/1.1" 200 0 "-" "WordPress/6.8.3; https://deenzalifestyle.com"
57.141.2.58 - - [06/Nov/2025:13:37:49 +0000] "GET /product=2714273.html HTTP/2" 404 206892 "-" "meta-externalagent/1.1 (+https://developers.facebook.com/docs/sharing/webmasters/crawler)"
57.141.2.20 - - [06/Nov/2025:13:37:52 +0000] "GET /product=5116911.html HTTP/2" 404 206892 "-" "meta-externalagent/1.1 (+https://developers.facebook.com/docs/sharing/webmasters/crawler)"
