204.197.172.10 - - [06/Nov/2025:19:36:02 +0000] "POST /wp-cron.php?doing_wp_cron=1762457761.9722540378570556640625 HTTP/1.1" 200 0 "-" "WordPress/6.8.3; https://deenzalifestyle.com"
66.249.69.105 - - [06/Nov/2025:19:36:00 +0000] "GET /product=4669636.html HTTP/1.1" 404 37390 "-" "Mozilla/5.0 (compatible; Googlebot/2.1; +http://www.google.com/bot.html)"
66.249.69.106 - - [06/Nov/2025:19:35:59 +0000] "GET /product=4669636.html HTTP/1.1" 404 37440 "-" "Mozilla/5.0 (Linux; Android 6.0.1; Nexus 5X Build/MMB29P) AppleWebKit/537.36 (KHTML, like Gecko) Chrome/141.0.7390.122 Mobile Safari/537.36 (compatible; Googlebot/2.1; +http://www.google.com/bot.html)"
204.197.172.10 - - [06/Nov/2025:19:38:32 +0000] "POST /wp-cron.php?doing_wp_cron=1762457912.1945459842681884765625 HTTP/1.1" 200 0 "-" "WordPress/6.8.3; https://deenzalifestyle.com"
57.141.2.83 - - [06/Nov/2025:19:38:31 +0000] "GET /product=2586523.html HTTP/2" 404 206892 "-" "meta-externalagent/1.1 (+https://developers.facebook.com/docs/sharing/webmasters/crawler)"
204.197.172.10 - - [06/Nov/2025:19:38:50 +0000] "POST /wp-cron.php?doing_wp_cron=1762457930.9464550018310546875000 HTTP/1.1" 200 0 "-" "WordPress/6.8.3; https://deenzalifestyle.com"
66.249.69.105 - - [06/Nov/2025:19:38:50 +0000] "GET /402797523.shtml HTTP/1.1" 404 37389 "-" "Mozilla/5.0 (compatible; Googlebot/2.1; +http://www.google.com/bot.html)"
66.249.69.106 - - [06/Nov/2025:19:38:51 +0000] "GET /402797523.shtml HTTP/1.1" 404 37440 "-" "Mozilla/5.0 (Linux; Android 6.0.1; Nexus 5X Build/MMB29P) AppleWebKit/537.36 (KHTML, like Gecko) Chrome/141.0.7390.122 Mobile Safari/537.36 (compatible; Googlebot/2.1; +http://www.google.com/bot.html)"
204.197.172.10 - - [06/Nov/2025:19:42:44 +0000] "POST /wp-cron.php?doing_wp_cron=1762458164.4340820312500000000000 HTTP/1.1" 200 0 "-" "WordPress/6.8.3; https://deenzalifestyle.com"
204.197.172.10 - - [06/Nov/2025:19:42:44 +0000] "POST /wp-cron.php?doing_wp_cron=1762458164.4734010696411132812500 HTTP/1.1" 200 0 "-" "WordPress/6.8.3; https://deenzalifestyle.com"
66.249.69.105 - - [06/Nov/2025:19:42:43 +0000] "GET /product=5098172.html HTTP/1.1" 404 37439 "-" "Mozilla/5.0 (Linux; Android 6.0.1; Nexus 5X Build/MMB29P) AppleWebKit/537.36 (KHTML, like Gecko) Chrome/141.0.7390.122 Mobile Safari/537.36 (compatible; Googlebot/2.1; +http://www.google.com/bot.html)"
204.197.172.10 - - [06/Nov/2025:19:43:12 +0000] "POST /wp-cron.php?doing_wp_cron=1762458192.3539869785308837890625 HTTP/1.1" 200 0 "-" "WordPress/6.8.3; https://deenzalifestyle.com"
66.249.69.105 - - [06/Nov/2025:19:43:12 +0000] "GET /product=2357276.html HTTP/1.1" 404 37389 "-" "Mozilla/5.0 (compatible; Googlebot/2.1; +http://www.google.com/bot.html)"
66.249.69.104 - - [06/Nov/2025:19:43:23 +0000] "GET /product=2224031.html HTTP/1.1" 404 37440 "-" "Mozilla/5.0 (Linux; Android 6.0.1; Nexus 5X Build/MMB29P) AppleWebKit/537.36 (KHTML, like Gecko) Chrome/141.0.7390.122 Mobile Safari/537.36 (compatible; Googlebot/2.1; +http://www.google.com/bot.html)"
204.197.172.10 - - [06/Nov/2025:19:44:01 +0000] "POST /wp-cron.php?doing_wp_cron=1762458241.8134179115295410156250 HTTP/1.1" 200 0 "-" "WordPress/6.8.3; https://deenzalifestyle.com"
57.141.2.8 - - [06/Nov/2025:19:44:01 +0000] "GET /product=2669074.html HTTP/2" 404 206891 "-" "meta-externalagent/1.1 (+https://developers.facebook.com/docs/sharing/webmasters/crawler)"
69.63.184.4 - - [06/Nov/2025:19:44:12 +0000] "GET /product/%F0%9F%94%B6-%E0%A6%9C%E0%A6%A8%E0%A6%AA%E0%A7%8D%E0%A6%B0%E0%A6%BF%E0%A6%AF%E0%A6%BC-%E0%A7%AA%E0%A7%A6%E0%A7%A6-%E0%A6%97%E0%A7%87%E0%A6%AF%E0%A6%BC%E0%A6%BE%E0%A6%B0%E0%A7%87%E0%A6%B0-%E0%A6%AE?fbclid=IwZXh0bgNhZW0CMTEAc3J0YwZhcHBfaWQMMjU2MjgxMDQwNTU4AAEejHTL3WR3kj2hr31gaEP2fQpPsxFaH4FgutvS9tern8GH76E6DdlyQofuSno_aem_zPUXGbmtxUy5Lko24xeFQQ HTTP/2" 301 0 "https://www.facebook.com/" "meta-externalads/1.1 (+https://developers.facebook.com/docs/sharing/webmasters/crawler)"
69.63.184.9 - - [06/Nov/2025:19:44:13 +0000] "GET /product/%F0%9F%94%B6-%E0%A6%9C%E0%A6%A8%E0%A6%AA%E0%A7%8D%E0%A6%B0%E0%A6%BF%E0%A6%AF%E0%A6%BC-%E0%A7%AA%E0%A7%A6%E0%A7%A6-%E0%A6%97%E0%A7%87%E0%A6%AF%E0%A6%BC%E0%A6%BE%E0%A6%B0%E0%A7%87%E0%A6%B0-%E0%A6%AE/?fbclid=IwZXh0bgNhZW0CMTEAc3J0YwZhcHBfaWQMMjU2MjgxMDQwNTU4AAEejHTL3WR3kj2hr31gaEP2fQpPsxFaH4FgutvS9tern8GH76E6DdlyQofuSno_aem_zPUXGbmtxUy5Lko24xeFQQ HTTP/2" 200 55227 "https://www.facebook.com/" "meta-externalads/1.1 (+https://developers.facebook.com/docs/sharing/webmasters/crawler)"
69.63.184.4 - - [06/Nov/2025:19:44:13 +0000] "GET /wp-content/themes/astra/assets/css/minified/main.min.css?ver=4.11.13 HTTP/2" 200 8486 "https://deenzalifestyle.com/product/%F0%9F%94%B6-%E0%A6%9C%E0%A6%A8%E0%A6%AA%E0%A7%8D%E0%A6%B0%E0%A6%BF%E0%A6%AF%E0%A6%BC-%E0%A7%AA%E0%A7%A6%E0%A7%A6-%E0%A6%97%E0%A7%87%E0%A6%AF%E0%A6%BC%E0%A6%BE%E0%A6%B0%E0%A7%87%E0%A6%B0-%E0%A6%AE/?fbclid=IwZXh0bgNhZW0CMTEAc3J0YwZhcHBfaWQMMjU2MjgxMDQwNTU4AAEejHTL3WR3kj2hr31gaEP2fQpPsxFaH4FgutvS9tern8GH76E6DdlyQofuSno_aem_zPUXGbmtxUy5Lko24xeFQQ" "meta-externalads/1.1 (+https://developers.facebook.com/docs/sharing/webmasters/crawler)"
69.63.184.4 - - [06/Nov/2025:19:44:13 +0000] "GET /wp-content/plugins/header-footer-elementor/inc/widgets-css/frontend.css?ver=2.6.1 HTTP/2" 200 8270 "https://deenzalifestyle.com/product/%F0%9F%94%B6-%E0%A6%9C%E0%A6%A8%E0%A6%AA%E0%A7%8D%E0%A6%B0%E0%A6%BF%E0%A6%AF%E0%A6%BC-%E0%A7%AA%E0%A7%A6%E0%A7%A6-%E0%A6%97%E0%A7%87%E0%A6%AF%E0%A6%BC%E0%A6%BE%E0%A6%B0%E0%A7%87%E0%A6%B0-%E0%A6%AE/?fbclid=IwZXh0bgNhZW0CMTEAc3J0YwZhcHBfaWQMMjU2MjgxMDQwNTU4AAEejHTL3WR3kj2hr31gaEP2fQpPsxFaH4FgutvS9tern8GH76E6DdlyQofuSno_aem_zPUXGbmtxUy5Lko24xeFQQ" "meta-externalads/1.1 (+https://developers.facebook.com/docs/sharing/webmasters/crawler)"
69.63.184.4 - - [06/Nov/2025:19:44:13 +0000] "GET /wp-content/plugins/header-footer-elementor/inc/widgets-css/woo-products.css?ver=2.6.1 HTTP/2" 200 987 "https://deenzalifestyle.com/product/%F0%9F%94%B6-%E0%A6%9C%E0%A6%A8%E0%A6%AA%E0%A7%8D%E0%A6%B0%E0%A6%BF%E0%A6%AF%E0%A6%BC-%E0%A7%AA%E0%A7%A6%E0%A7%A6-%E0%A6%97%E0%A7%87%E0%A6%AF%E0%A6%BC%E0%A6%BE%E0%A6%B0%E0%A7%87%E0%A6%B0-%E0%A6%AE/?fbclid=IwZXh0bgNhZW0CMTEAc3J0YwZhcHBfaWQMMjU2MjgxMDQwNTU4AAEejHTL3WR3kj2hr31gaEP2fQpPsxFaH4FgutvS9tern8GH76E6DdlyQofuSno_aem_zPUXGbmtxUy5Lko24xeFQQ" "meta-externalads/1.1 (+https://developers.facebook.com/docs/sharing/webmasters/crawler)"
69.63.184.4 - - [06/Nov/2025:19:44:13 +0000] "GET /wp-includes/css/dist/block-library/style.min.css?ver=6.8.3 HTTP/2" 200 14360 "https://deenzalifestyle.com/product/%F0%9F%94%B6-%E0%A6%9C%E0%A6%A8%E0%A6%AA%E0%A7%8D%E0%A6%B0%E0%A6%BF%E0%A6%AF%E0%A6%BC-%E0%A7%AA%E0%A7%A6%E0%A7%A6-%E0%A6%97%E0%A7%87%E0%A6%AF%E0%A6%BC%E0%A6%BE%E0%A6%B0%E0%A7%87%E0%A6%B0-%E0%A6%AE/?fbclid=IwZXh0bgNhZW0CMTEAc3J0YwZhcHBfaWQMMjU2MjgxMDQwNTU4AAEejHTL3WR3kj2hr31gaEP2fQpPsxFaH4FgutvS9tern8GH76E6DdlyQofuSno_aem_zPUXGbmtxUy5Lko24xeFQQ" "meta-externalads/1.1 (+https://developers.facebook.com/docs/sharing/webmasters/crawler)"
69.63.184.4 - - [06/Nov/2025:19:44:13 +0000] "GET /wp-content/plugins/th-advance-product-search/build/style-th-advance-product-search.css?ver=1757999558 HTTP/2" 200 556 "https://deenzalifestyle.com/product/%F0%9F%94%B6-%E0%A6%9C%E0%A6%A8%E0%A6%AA%E0%A7%8D%E0%A6%B0%E0%A6%BF%E0%A6%AF%E0%A6%BC-%E0%A7%AA%E0%A7%A6%E0%A7%A6-%E0%A6%97%E0%A7%87%E0%A6%AF%E0%A6%BC%E0%A6%BE%E0%A6%B0%E0%A7%87%E0%A6%B0-%E0%A6%AE/?fbclid=IwZXh0bgNhZW0CMTEAc3J0YwZhcHBfaWQMMjU2MjgxMDQwNTU4AAEejHTL3WR3kj2hr31gaEP2fQpPsxFaH4FgutvS9tern8GH76E6DdlyQofuSno_aem_zPUXGbmtxUy5Lko24xeFQQ" "meta-externalads/1.1 (+https://developers.facebook.com/docs/sharing/webmasters/crawler)"
69.63.184.4 - - [06/Nov/2025:19:44:13 +0000] "GET /wp-content/plugins/th-advance-product-search/th-icon/style.css?ver=6.8.3 HTTP/2" 200 953 "https://deenzalifestyle.com/product/%F0%9F%94%B6-%E0%A6%9C%E0%A6%A8%E0%A6%AA%E0%A7%8D%E0%A6%B0%E0%A6%BF%E0%A6%AF%E0%A6%BC-%E0%A7%AA%E0%A7%A6%E0%A7%A6-%E0%A6%97%E0%A7%87%E0%A6%AF%E0%A6%BC%E0%A6%BE%E0%A6%B0%E0%A7%87%E0%A6%B0-%E0%A6%AE/?fbclid=IwZXh0bgNhZW0CMTEAc3J0YwZhcHBfaWQMMjU2MjgxMDQwNTU4AAEejHTL3WR3kj2hr31gaEP2fQpPsxFaH4FgutvS9tern8GH76E6DdlyQofuSno_aem_zPUXGbmtxUy5Lko24xeFQQ" "meta-externalads/1.1 (+https://developers.facebook.com/docs/sharing/webmasters/crawler)"
69.63.184.4 - - [06/Nov/2025:19:44:13 +0000] "GET /wp-content/plugins/woolentor-addons/woolentor-blocks/assets/css/common-style.css?ver=3.2.5 HTTP/2" 200 591 "https://deenzalifestyle.com/product/%F0%9F%94%B6-%E0%A6%9C%E0%A6%A8%E0%A6%AA%E0%A7%8D%E0%A6%B0%E0%A6%BF%E0%A6%AF%E0%A6%BC-%E0%A7%AA%E0%A7%A6%E0%A7%A6-%E0%A6%97%E0%A7%87%E0%A6%AF%E0%A6%BC%E0%A6%BE%E0%A6%B0%E0%A7%87%E0%A6%B0-%E0%A6%AE/?fbclid=IwZXh0bgNhZW0CMTEAc3J0YwZhcHBfaWQMMjU2MjgxMDQwNTU4AAEejHTL3WR3kj2hr31gaEP2fQpPsxFaH4FgutvS9tern8GH76E6DdlyQofuSno_aem_zPUXGbmtxUy5Lko24xeFQQ" "meta-externalads/1.1 (+https://developers.facebook.com/docs/sharing/webmasters/crawler)"
69.63.184.4 - - [06/Nov/2025:19:44:13 +0000] "GET /wp-content/plugins/bkash/css/style.css?ver=6.8.3 HTTP/2" 200 171 "https://deenzalifestyle.com/product/%F0%9F%94%B6-%E0%A6%9C%E0%A6%A8%E0%A6%AA%E0%A7%8D%E0%A6%B0%E0%A6%BF%E0%A6%AF%E0%A6%BC-%E0%A7%AA%E0%A7%A6%E0%A7%A6-%E0%A6%97%E0%A7%87%E0%A6%AF%E0%A6%BC%E0%A6%BE%E0%A6%B0%E0%A7%87%E0%A6%B0-%E0%A6%AE/?fbclid=IwZXh0bgNhZW0CMTEAc3J0YwZhcHBfaWQMMjU2MjgxMDQwNTU4AAEejHTL3WR3kj2hr31gaEP2fQpPsxFaH4FgutvS9tern8GH76E6DdlyQofuSno_aem_zPUXGbmtxUy5Lko24xeFQQ" "meta-externalads/1.1 (+https://developers.facebook.com/docs/sharing/webmasters/crawler)"
69.63.184.4 - - [06/Nov/2025:19:44:13 +0000] "GET /wp-content/plugins/woolentor-addons/woolentor-blocks/assets/css/style-index.css?ver=3.2.5 HTTP/2" 200 3111 "https://deenzalifestyle.com/product/%F0%9F%94%B6-%E0%A6%9C%E0%A6%A8%E0%A6%AA%E0%A7%8D%E0%A6%B0%E0%A6%BF%E0%A6%AF%E0%A6%BC-%E0%A7%AA%E0%A7%A6%E0%A7%A6-%E0%A6%97%E0%A7%87%E0%A6%AF%E0%A6%BC%E0%A6%BE%E0%A6%B0%E0%A7%87%E0%A6%B0-%E0%A6%AE/?fbclid=IwZXh0bgNhZW0CMTEAc3J0YwZhcHBfaWQMMjU2MjgxMDQwNTU4AAEejHTL3WR3kj2hr31gaEP2fQpPsxFaH4FgutvS9tern8GH76E6DdlyQofuSno_aem_zPUXGbmtxUy5Lko24xeFQQ" "meta-externalads/1.1 (+https://developers.facebook.com/docs/sharing/webmasters/crawler)"
69.63.184.4 - - [06/Nov/2025:19:44:13 +0000] "GET /wp-content/plugins/woo-conditional-product-fees-for-checkout/public/css/woocommerce-conditional-product-fees-for-checkout-public.css?ver=4.3.2 HTTP/2" 200 2066 "https://deenzalifestyle.com/product/%F0%9F%94%B6-%E0%A6%9C%E0%A6%A8%E0%A6%AA%E0%A7%8D%E0%A6%B0%E0%A6%BF%E0%A6%AF%E0%A6%BC-%E0%A7%AA%E0%A7%A6%E0%A7%A6-%E0%A6%97%E0%A7%87%E0%A6%AF%E0%A6%BC%E0%A6%BE%E0%A6%B0%E0%A7%87%E0%A6%B0-%E0%A6%AE/?fbclid=IwZXh0bgNhZW0CMTEAc3J0YwZhcHBfaWQMMjU2MjgxMDQwNTU4AAEejHTL3WR3kj2hr31gaEP2fQpPsxFaH4FgutvS9tern8GH76E6DdlyQofuSno_aem_zPUXGbmtxUy5Lko24xeFQQ" "meta-externalads/1.1 (+https://developers.facebook.com/docs/sharing/webmasters/crawler)"
69.63.184.4 - - [06/Nov/2025:19:44:13 +0000] "GET /wp-content/themes/astra/assets/css/minified/compatibility/woocommerce/woocommerce-layout-grid.min.css?ver=4.11.13 HTTP/2" 200 1829 "https://deenzalifestyle.com/product/%F0%9F%94%B6-%E0%A6%9C%E0%A6%A8%E0%A6%AA%E0%A7%8D%E0%A6%B0%E0%A6%BF%E0%A6%AF%E0%A6%BC-%E0%A7%AA%E0%A7%A6%E0%A7%A6-%E0%A6%97%E0%A7%87%E0%A6%AF%E0%A6%BC%E0%A6%BE%E0%A6%B0%E0%A7%87%E0%A6%B0-%E0%A6%AE/?fbclid=IwZXh0bgNhZW0CMTEAc3J0YwZhcHBfaWQMMjU2MjgxMDQwNTU4AAEejHTL3WR3kj2hr31gaEP2fQpPsxFaH4FgutvS9tern8GH76E6DdlyQofuSno_aem_zPUXGbmtxUy5Lko24xeFQQ" "meta-externalads/1.1 (+https://developers.facebook.com/docs/sharing/webmasters/crawler)"
69.63.184.4 - - [06/Nov/2025:19:44:13 +0000] "GET /wp-content/themes/astra/assets/css/minified/compatibility/woocommerce/woocommerce-grid.min.css?ver=4.11.13 HTTP/2" 200 15159 "https://deenzalifestyle.com/product/%F0%9F%94%B6-%E0%A6%9C%E0%A6%A8%E0%A6%AA%E0%A7%8D%E0%A6%B0%E0%A6%BF%E0%A6%AF%E0%A6%BC-%E0%A7%AA%E0%A7%A6%E0%A7%A6-%E0%A6%97%E0%A7%87%E0%A6%AF%E0%A6%BC%E0%A6%BE%E0%A6%B0%E0%A7%87%E0%A6%B0-%E0%A6%AE/?fbclid=IwZXh0bgNhZW0CMTEAc3J0YwZhcHBfaWQMMjU2MjgxMDQwNTU4AAEejHTL3WR3kj2hr31gaEP2fQpPsxFaH4FgutvS9tern8GH76E6DdlyQofuSno_aem_zPUXGbmtxUy5Lko24xeFQQ" "meta-externalads/1.1 (+https://developers.facebook.com/docs/sharing/webmasters/crawler)"
69.63.184.4 - - [06/Nov/2025:19:44:13 +0000] "GET /wp-content/plugins/wp-bottom-menu/assets/css/style.css?ver=2.2.4 HTTP/2" 200 939 "https://deenzalifestyle.com/product/%F0%9F%94%B6-%E0%A6%9C%E0%A6%A8%E0%A6%AA%E0%A7%8D%E0%A6%B0%E0%A6%BF%E0%A6%AF%E0%A6%BC-%E0%A7%AA%E0%A7%A6%E0%A7%A6-%E0%A6%97%E0%A7%87%E0%A6%AF%E0%A6%BC%E0%A6%BE%E0%A6%B0%E0%A7%87%E0%A6%B0-%E0%A6%AE/?fbclid=IwZXh0bgNhZW0CMTEAc3J0YwZhcHBfaWQMMjU2MjgxMDQwNTU4AAEejHTL3WR3kj2hr31gaEP2fQpPsxFaH4FgutvS9tern8GH76E6DdlyQofuSno_aem_zPUXGbmtxUy5Lko24xeFQQ" "meta-externalads/1.1 (+https://developers.facebook.com/docs/sharing/webmasters/crawler)"
69.63.184.9 - - [06/Nov/2025:19:44:13 +0000] "GET /wp-content/plugins/elementor/assets/lib/font-awesome/css/font-awesome.min.css?ver=4.7.0 HTTP/2" 200 6657 "https://deenzalifestyle.com/product/%F0%9F%94%B6-%E0%A6%9C%E0%A6%A8%E0%A6%AA%E0%A7%8D%E0%A6%B0%E0%A6%BF%E0%A6%AF%E0%A6%BC-%E0%A7%AA%E0%A7%A6%E0%A7%A6-%E0%A6%97%E0%A7%87%E0%A6%AF%E0%A6%BC%E0%A6%BE%E0%A6%B0%E0%A7%87%E0%A6%B0-%E0%A6%AE/?fbclid=IwZXh0bgNhZW0CMTEAc3J0YwZhcHBfaWQMMjU2MjgxMDQwNTU4AAEejHTL3WR3kj2hr31gaEP2fQpPsxFaH4FgutvS9tern8GH76E6DdlyQofuSno_aem_zPUXGbmtxUy5Lko24xeFQQ" "meta-externalads/1.1 (+https://developers.facebook.com/docs/sharing/webmasters/crawler)"
69.63.184.9 - - [06/Nov/2025:19:44:13 +0000] "GET /wp-content/plugins/header-footer-elementor/assets/css/header-footer-elementor.css?ver=2.6.1 HTTP/2" 200 259 "https://deenzalifestyle.com/product/%F0%9F%94%B6-%E0%A6%9C%E0%A6%A8%E0%A6%AA%E0%A7%8D%E0%A6%B0%E0%A6%BF%E0%A6%AF%E0%A6%BC-%E0%A7%AA%E0%A7%A6%E0%A7%A6-%E0%A6%97%E0%A7%87%E0%A6%AF%E0%A6%BC%E0%A6%BE%E0%A6%B0%E0%A7%87%E0%A6%B0-%E0%A6%AE/?fbclid=IwZXh0bgNhZW0CMTEAc3J0YwZhcHBfaWQMMjU2MjgxMDQwNTU4AAEejHTL3WR3kj2hr31gaEP2fQpPsxFaH4FgutvS9tern8GH76E6DdlyQofuSno_aem_zPUXGbmtxUy5Lko24xeFQQ" "meta-externalads/1.1 (+https://developers.facebook.com/docs/sharing/webmasters/crawler)"
69.63.184.9 - - [06/Nov/2025:19:44:13 +0000] "GET /wp-content/plugins/elementor/assets/css/frontend.min.css?ver=3.32.5 HTTP/2" 200 6537 "https://deenzalifestyle.com/product/%F0%9F%94%B6-%E0%A6%9C%E0%A6%A8%E0%A6%AA%E0%A7%8D%E0%A6%B0%E0%A6%BF%E0%A6%AF%E0%A6%BC-%E0%A7%AA%E0%A7%A6%E0%A7%A6-%E0%A6%97%E0%A7%87%E0%A6%AF%E0%A6%BC%E0%A6%BE%E0%A6%B0%E0%A7%87%E0%A6%B0-%E0%A6%AE/?fbclid=IwZXh0bgNhZW0CMTEAc3J0YwZhcHBfaWQMMjU2MjgxMDQwNTU4AAEejHTL3WR3kj2hr31gaEP2fQpPsxFaH4FgutvS9tern8GH76E6DdlyQofuSno_aem_zPUXGbmtxUy5Lko24xeFQQ" "meta-externalads/1.1 (+https://developers.facebook.com/docs/sharing/webmasters/crawler)"
69.63.184.4 - - [06/Nov/2025:19:44:14 +0000] "GET /wp-content/uploads/elementor/css/post-6.css?ver=1762334317 HTTP/2" 200 380 "https://deenzalifestyle.com/product/%F0%9F%94%B6-%E0%A6%9C%E0%A6%A8%E0%A6%AA%E0%A7%8D%E0%A6%B0%E0%A6%BF%E0%A6%AF%E0%A6%BC-%E0%A7%AA%E0%A7%A6%E0%A7%A6-%E0%A6%97%E0%A7%87%E0%A6%AF%E0%A6%BC%E0%A6%BE%E0%A6%B0%E0%A7%87%E0%A6%B0-%E0%A6%AE/?fbclid=IwZXh0bgNhZW0CMTEAc3J0YwZhcHBfaWQMMjU2MjgxMDQwNTU4AAEejHTL3WR3kj2hr31gaEP2fQpPsxFaH4FgutvS9tern8GH76E6DdlyQofuSno_aem_zPUXGbmtxUy5Lko24xeFQQ" "meta-externalads/1.1 (+https://developers.facebook.com/docs/sharing/webmasters/crawler)"
69.63.184.4 - - [06/Nov/2025:19:44:14 +0000] "GET /wp-content/plugins/elementor/assets/lib/font-awesome/css/all.min.css?ver=3.32.5 HTTP/2" 200 12380 "https://deenzalifestyle.com/product/%F0%9F%94%B6-%E0%A6%9C%E0%A6%A8%E0%A6%AA%E0%A7%8D%E0%A6%B0%E0%A6%BF%E0%A6%AF%E0%A6%BC-%E0%A7%AA%E0%A7%A6%E0%A7%A6-%E0%A6%97%E0%A7%87%E0%A6%AF%E0%A6%BC%E0%A6%BE%E0%A6%B0%E0%A7%87%E0%A6%B0-%E0%A6%AE/?fbclid=IwZXh0bgNhZW0CMTEAc3J0YwZhcHBfaWQMMjU2MjgxMDQwNTU4AAEejHTL3WR3kj2hr31gaEP2fQpPsxFaH4FgutvS9tern8GH76E6DdlyQofuSno_aem_zPUXGbmtxUy5Lko24xeFQQ" "meta-externalads/1.1 (+https://developers.facebook.com/docs/sharing/webmasters/crawler)"
69.63.184.4 - - [06/Nov/2025:19:44:14 +0000] "GET /wp-content/plugins/elementor/assets/lib/font-awesome/css/v4-shims.min.css?ver=3.32.5 HTTP/2" 200 3987 "https://deenzalifestyle.com/product/%F0%9F%94%B6-%E0%A6%9C%E0%A6%A8%E0%A6%AA%E0%A7%8D%E0%A6%B0%E0%A6%BF%E0%A6%AF%E0%A6%BC-%E0%A7%AA%E0%A7%A6%E0%A7%A6-%E0%A6%97%E0%A7%87%E0%A6%AF%E0%A6%BC%E0%A6%BE%E0%A6%B0%E0%A7%87%E0%A6%B0-%E0%A6%AE/?fbclid=IwZXh0bgNhZW0CMTEAc3J0YwZhcHBfaWQMMjU2MjgxMDQwNTU4AAEejHTL3WR3kj2hr31gaEP2fQpPsxFaH4FgutvS9tern8GH76E6DdlyQofuSno_aem_zPUXGbmtxUy5Lko24xeFQQ" "meta-externalads/1.1 (+https://developers.facebook.com/docs/sharing/webmasters/crawler)"
69.63.184.9 - - [06/Nov/2025:19:44:14 +0000] "GET /wp-content/uploads/elementor/css/post-25.css?ver=1762334317 HTTP/2" 200 2226 "https://deenzalifestyle.com/product/%F0%9F%94%B6-%E0%A6%9C%E0%A6%A8%E0%A6%AA%E0%A7%8D%E0%A6%B0%E0%A6%BF%E0%A6%AF%E0%A6%BC-%E0%A7%AA%E0%A7%A6%E0%A7%A6-%E0%A6%97%E0%A7%87%E0%A6%AF%E0%A6%BC%E0%A6%BE%E0%A6%B0%E0%A7%87%E0%A6%B0-%E0%A6%AE/?fbclid=IwZXh0bgNhZW0CMTEAc3J0YwZhcHBfaWQMMjU2MjgxMDQwNTU4AAEejHTL3WR3kj2hr31gaEP2fQpPsxFaH4FgutvS9tern8GH76E6DdlyQofuSno_aem_zPUXGbmtxUy5Lko24xeFQQ" "meta-externalads/1.1 (+https://developers.facebook.com/docs/sharing/webmasters/crawler)"
69.63.184.9 - - [06/Nov/2025:19:44:14 +0000] "GET /wp-content/plugins/woolentor-addons/assets/css/product-grid/modern.css?ver=3.2.5 HTTP/2" 200 5920 "https://deenzalifestyle.com/product/%F0%9F%94%B6-%E0%A6%9C%E0%A6%A8%E0%A6%AA%E0%A7%8D%E0%A6%B0%E0%A6%BF%E0%A6%AF%E0%A6%BC-%E0%A7%AA%E0%A7%A6%E0%A7%A6-%E0%A6%97%E0%A7%87%E0%A6%AF%E0%A6%BC%E0%A6%BE%E0%A6%B0%E0%A7%87%E0%A6%B0-%E0%A6%AE/?fbclid=IwZXh0bgNhZW0CMTEAc3J0YwZhcHBfaWQMMjU2MjgxMDQwNTU4AAEejHTL3WR3kj2hr31gaEP2fQpPsxFaH4FgutvS9tern8GH76E6DdlyQofuSno_aem_zPUXGbmtxUy5Lko24xeFQQ" "meta-externalads/1.1 (+https://developers.facebook.com/docs/sharing/webmasters/crawler)"
69.63.184.9 - - [06/Nov/2025:19:44:14 +0000] "GET /wp-content/uploads/elementor/css/post-77.css?ver=1762334317 HTTP/2" 200 950 "https://deenzalifestyle.com/product/%F0%9F%94%B6-%E0%A6%9C%E0%A6%A8%E0%A6%AA%E0%A7%8D%E0%A6%B0%E0%A6%BF%E0%A6%AF%E0%A6%BC-%E0%A7%AA%E0%A7%A6%E0%A7%A6-%E0%A6%97%E0%A7%87%E0%A6%AF%E0%A6%BC%E0%A6%BE%E0%A6%B0%E0%A7%87%E0%A6%B0-%E0%A6%AE/?fbclid=IwZXh0bgNhZW0CMTEAc3J0YwZhcHBfaWQMMjU2MjgxMDQwNTU4AAEejHTL3WR3kj2hr31gaEP2fQpPsxFaH4FgutvS9tern8GH76E6DdlyQofuSno_aem_zPUXGbmtxUy5Lko24xeFQQ" "meta-externalads/1.1 (+https://developers.facebook.com/docs/sharing/webmasters/crawler)"
69.63.184.4 - - [06/Nov/2025:19:44:14 +0000] "GET /wp-content/plugins/twist/assets/css/jquery.fancybox.min.css?ver=3.5.10 HTTP/2" 200 3150 "https://deenzalifestyle.com/product/%F0%9F%94%B6-%E0%A6%9C%E0%A6%A8%E0%A6%AA%E0%A7%8D%E0%A6%B0%E0%A6%BF%E0%A6%AF%E0%A6%BC-%E0%A7%AA%E0%A7%A6%E0%A7%A6-%E0%A6%97%E0%A7%87%E0%A6%AF%E0%A6%BC%E0%A6%BE%E0%A6%B0%E0%A7%87%E0%A6%B0-%E0%A6%AE/?fbclid=IwZXh0bgNhZW0CMTEAc3J0YwZhcHBfaWQMMjU2MjgxMDQwNTU4AAEejHTL3WR3kj2hr31gaEP2fQpPsxFaH4FgutvS9tern8GH76E6DdlyQofuSno_aem_zPUXGbmtxUy5Lko24xeFQQ" "meta-externalads/1.1 (+https://developers.facebook.com/docs/sharing/webmasters/crawler)"
69.63.184.4 - - [06/Nov/2025:19:44:14 +0000] "GET /wp-content/plugins/twist/assets/css/slick-theme.css?ver=6.8.3 HTTP/2" 200 625 "https://deenzalifestyle.com/product/%F0%9F%94%B6-%E0%A6%9C%E0%A6%A8%E0%A6%AA%E0%A7%8D%E0%A6%B0%E0%A6%BF%E0%A6%AF%E0%A6%BC-%E0%A7%AA%E0%A7%A6%E0%A7%A6-%E0%A6%97%E0%A7%87%E0%A6%AF%E0%A6%BC%E0%A6%BE%E0%A6%B0%E0%A7%87%E0%A6%B0-%E0%A6%AE/?fbclid=IwZXh0bgNhZW0CMTEAc3J0YwZhcHBfaWQMMjU2MjgxMDQwNTU4AAEejHTL3WR3kj2hr31gaEP2fQpPsxFaH4FgutvS9tern8GH76E6DdlyQofuSno_aem_zPUXGbmtxUy5Lko24xeFQQ" "meta-externalads/1.1 (+https://developers.facebook.com/docs/sharing/webmasters/crawler)"
69.63.184.4 - - [06/Nov/2025:19:44:14 +0000] "GET /wp-content/plugins/twist/assets/css/slick.css?ver=6.8.3 HTTP/2" 200 463 "https://deenzalifestyle.com/product/%F0%9F%94%B6-%E0%A6%9C%E0%A6%A8%E0%A6%AA%E0%A7%8D%E0%A6%B0%E0%A6%BF%E0%A6%AF%E0%A6%BC-%E0%A7%AA%E0%A7%A6%E0%A7%A6-%E0%A6%97%E0%A7%87%E0%A6%AF%E0%A6%BC%E0%A6%BE%E0%A6%B0%E0%A7%87%E0%A6%B0-%E0%A6%AE/?fbclid=IwZXh0bgNhZW0CMTEAc3J0YwZhcHBfaWQMMjU2MjgxMDQwNTU4AAEejHTL3WR3kj2hr31gaEP2fQpPsxFaH4FgutvS9tern8GH76E6DdlyQofuSno_aem_zPUXGbmtxUy5Lko24xeFQQ" "meta-externalads/1.1 (+https://developers.facebook.com/docs/sharing/webmasters/crawler)"
69.63.184.9 - - [06/Nov/2025:19:44:14 +0000] "GET /wp-content/plugins/twist/assets/css/wpgs-style.css?ver=3.5.10 HTTP/2" 200 1829 "https://deenzalifestyle.com/product/%F0%9F%94%B6-%E0%A6%9C%E0%A6%A8%E0%A6%AA%E0%A7%8D%E0%A6%B0%E0%A6%BF%E0%A6%AF%E0%A6%BC-%E0%A7%AA%E0%A7%A6%E0%A7%A6-%E0%A6%97%E0%A7%87%E0%A6%AF%E0%A6%BC%E0%A6%BE%E0%A6%B0%E0%A7%87%E0%A6%B0-%E0%A6%AE/?fbclid=IwZXh0bgNhZW0CMTEAc3J0YwZhcHBfaWQMMjU2MjgxMDQwNTU4AAEejHTL3WR3kj2hr31gaEP2fQpPsxFaH4FgutvS9tern8GH76E6DdlyQofuSno_aem_zPUXGbmtxUy5Lko24xeFQQ" "meta-externalads/1.1 (+https://developers.facebook.com/docs/sharing/webmasters/crawler)"
69.63.184.9 - - [06/Nov/2025:19:44:14 +0000] "GET /wp-content/plugins/woo-variation-swatches/assets/css/frontend.min.css?ver=1757953354 HTTP/2" 200 4299 "https://deenzalifestyle.com/product/%F0%9F%94%B6-%E0%A6%9C%E0%A6%A8%E0%A6%AA%E0%A7%8D%E0%A6%B0%E0%A6%BF%E0%A6%AF%E0%A6%BC-%E0%A7%AA%E0%A7%A6%E0%A7%A6-%E0%A6%97%E0%A7%87%E0%A6%AF%E0%A6%BC%E0%A6%BE%E0%A6%B0%E0%A7%87%E0%A6%B0-%E0%A6%AE/?fbclid=IwZXh0bgNhZW0CMTEAc3J0YwZhcHBfaWQMMjU2MjgxMDQwNTU4AAEejHTL3WR3kj2hr31gaEP2fQpPsxFaH4FgutvS9tern8GH76E6DdlyQofuSno_aem_zPUXGbmtxUy5Lko24xeFQQ" "meta-externalads/1.1 (+https://developers.facebook.com/docs/sharing/webmasters/crawler)"
69.63.184.4 - - [06/Nov/2025:19:44:14 +0000] "GET /wp-content/plugins/woolentor-addons/assets/css/simple-line-icons.css?ver=3.2.5 HTTP/2" 200 1884 "https://deenzalifestyle.com/product/%F0%9F%94%B6-%E0%A6%9C%E0%A6%A8%E0%A6%AA%E0%A7%8D%E0%A6%B0%E0%A6%BF%E0%A6%AF%E0%A6%BC-%E0%A7%AA%E0%A7%A6%E0%A7%A6-%E0%A6%97%E0%A7%87%E0%A6%AF%E0%A6%BC%E0%A6%BE%E0%A6%B0%E0%A7%87%E0%A6%B0-%E0%A6%AE/?fbclid=IwZXh0bgNhZW0CMTEAc3J0YwZhcHBfaWQMMjU2MjgxMDQwNTU4AAEejHTL3WR3kj2hr31gaEP2fQpPsxFaH4FgutvS9tern8GH76E6DdlyQofuSno_aem_zPUXGbmtxUy5Lko24xeFQQ" "meta-externalads/1.1 (+https://developers.facebook.com/docs/sharing/webmasters/crawler)"
69.63.184.4 - - [06/Nov/2025:19:44:14 +0000] "GET /wp-content/plugins/woolentor-addons/assets/css/htflexboxgrid.css?ver=3.2.5 HTTP/2" 200 1643 "https://deenzalifestyle.com/product/%F0%9F%94%B6-%E0%A6%9C%E0%A6%A8%E0%A6%AA%E0%A7%8D%E0%A6%B0%E0%A6%BF%E0%A6%AF%E0%A6%BC-%E0%A7%AA%E0%A7%A6%E0%A7%A6-%E0%A6%97%E0%A7%87%E0%A6%AF%E0%A6%BC%E0%A6%BE%E0%A6%B0%E0%A7%87%E0%A6%B0-%E0%A6%AE/?fbclid=IwZXh0bgNhZW0CMTEAc3J0YwZhcHBfaWQMMjU2MjgxMDQwNTU4AAEejHTL3WR3kj2hr31gaEP2fQpPsxFaH4FgutvS9tern8GH76E6DdlyQofuSno_aem_zPUXGbmtxUy5Lko24xeFQQ" "meta-externalads/1.1 (+https://developers.facebook.com/docs/sharing/webmasters/crawler)"
69.63.184.4 - - [06/Nov/2025:19:44:14 +0000] "GET /wp-content/plugins/woolentor-addons/assets/css/woolentor-widgets.css?ver=3.2.5 HTTP/2" 200 20674 "https://deenzalifestyle.com/product/%F0%9F%94%B6-%E0%A6%9C%E0%A6%A8%E0%A6%AA%E0%A7%8D%E0%A6%B0%E0%A6%BF%E0%A6%AF%E0%A6%BC-%E0%A7%AA%E0%A7%A6%E0%A7%A6-%E0%A6%97%E0%A7%87%E0%A6%AF%E0%A6%BC%E0%A6%BE%E0%A6%B0%E0%A7%87%E0%A6%B0-%E0%A6%AE/?fbclid=IwZXh0bgNhZW0CMTEAc3J0YwZhcHBfaWQMMjU2MjgxMDQwNTU4AAEejHTL3WR3kj2hr31gaEP2fQpPsxFaH4FgutvS9tern8GH76E6DdlyQofuSno_aem_zPUXGbmtxUy5Lko24xeFQQ" "meta-externalads/1.1 (+https://developers.facebook.com/docs/sharing/webmasters/crawler)"
69.63.184.4 - - [06/Nov/2025:19:44:14 +0000] "GET /wp-content/plugins/woolentor-addons/includes/modules/quickview/assets/css/frontend.css?ver=3.2.5 HTTP/2" 200 1600 "https://deenzalifestyle.com/product/%F0%9F%94%B6-%E0%A6%9C%E0%A6%A8%E0%A6%AA%E0%A7%8D%E0%A6%B0%E0%A6%BF%E0%A6%AF%E0%A6%BC-%E0%A7%AA%E0%A7%A6%E0%A7%A6-%E0%A6%97%E0%A7%87%E0%A6%AF%E0%A6%BC%E0%A6%BE%E0%A6%B0%E0%A7%87%E0%A6%B0-%E0%A6%AE/?fbclid=IwZXh0bgNhZW0CMTEAc3J0YwZhcHBfaWQMMjU2MjgxMDQwNTU4AAEejHTL3WR3kj2hr31gaEP2fQpPsxFaH4FgutvS9tern8GH76E6DdlyQofuSno_aem_zPUXGbmtxUy5Lko24xeFQQ" "meta-externalads/1.1 (+https://developers.facebook.com/docs/sharing/webmasters/crawler)"
69.63.184.4 - - [06/Nov/2025:19:44:14 +0000] "GET /wp-content/plugins/woocommerce/assets/css/brands.css?ver=10.3.3 HTTP/2" 200 579 "https://deenzalifestyle.com/product/%F0%9F%94%B6-%E0%A6%9C%E0%A6%A8%E0%A6%AA%E0%A7%8D%E0%A6%B0%E0%A6%BF%E0%A6%AF%E0%A6%BC-%E0%A7%AA%E0%A7%A6%E0%A7%A6-%E0%A6%97%E0%A7%87%E0%A6%AF%E0%A6%BC%E0%A6%BE%E0%A6%B0%E0%A7%87%E0%A6%B0-%E0%A6%AE/?fbclid=IwZXh0bgNhZW0CMTEAc3J0YwZhcHBfaWQMMjU2MjgxMDQwNTU4AAEejHTL3WR3kj2hr31gaEP2fQpPsxFaH4FgutvS9tern8GH76E6DdlyQofuSno_aem_zPUXGbmtxUy5Lko24xeFQQ" "meta-externalads/1.1 (+https://developers.facebook.com/docs/sharing/webmasters/crawler)"
69.63.184.4 - - [06/Nov/2025:19:44:14 +0000] "GET /wp-content/plugins/elementor-pro/assets/css/widget-woocommerce-product-images.min.css?ver=3.31.2 HTTP/2" 200 187 "https://deenzalifestyle.com/product/%F0%9F%94%B6-%E0%A6%9C%E0%A6%A8%E0%A6%AA%E0%A7%8D%E0%A6%B0%E0%A6%BF%E0%A6%AF%E0%A6%BC-%E0%A7%AA%E0%A7%A6%E0%A7%A6-%E0%A6%97%E0%A7%87%E0%A6%AF%E0%A6%BC%E0%A6%BE%E0%A6%B0%E0%A7%87%E0%A6%B0-%E0%A6%AE/?fbclid=IwZXh0bgNhZW0CMTEAc3J0YwZhcHBfaWQMMjU2MjgxMDQwNTU4AAEejHTL3WR3kj2hr31gaEP2fQpPsxFaH4FgutvS9tern8GH76E6DdlyQofuSno_aem_zPUXGbmtxUy5Lko24xeFQQ" "meta-externalads/1.1 (+https://developers.facebook.com/docs/sharing/webmasters/crawler)"
69.63.184.4 - - [06/Nov/2025:19:44:14 +0000] "GET /wp-content/plugins/elementor/assets/css/widget-heading.min.css?ver=3.32.5 HTTP/2" 200 154 "https://deenzalifestyle.com/product/%F0%9F%94%B6-%E0%A6%9C%E0%A6%A8%E0%A6%AA%E0%A7%8D%E0%A6%B0%E0%A6%BF%E0%A6%AF%E0%A6%BC-%E0%A7%AA%E0%A7%A6%E0%A7%A6-%E0%A6%97%E0%A7%87%E0%A6%AF%E0%A6%BC%E0%A6%BE%E0%A6%B0%E0%A7%87%E0%A6%B0-%E0%A6%AE/?fbclid=IwZXh0bgNhZW0CMTEAc3J0YwZhcHBfaWQMMjU2MjgxMDQwNTU4AAEejHTL3WR3kj2hr31gaEP2fQpPsxFaH4FgutvS9tern8GH76E6DdlyQofuSno_aem_zPUXGbmtxUy5Lko24xeFQQ" "meta-externalads/1.1 (+https://developers.facebook.com/docs/sharing/webmasters/crawler)"
69.63.184.4 - - [06/Nov/2025:19:44:14 +0000] "GET /wp-content/plugins/elementor-pro/assets/css/widget-woocommerce-product-price.min.css?ver=3.31.2 HTTP/2" 200 107 "https://deenzalifestyle.com/product/%F0%9F%94%B6-%E0%A6%9C%E0%A6%A8%E0%A6%AA%E0%A7%8D%E0%A6%B0%E0%A6%BF%E0%A6%AF%E0%A6%BC-%E0%A7%AA%E0%A7%A6%E0%A7%A6-%E0%A6%97%E0%A7%87%E0%A6%AF%E0%A6%BC%E0%A6%BE%E0%A6%B0%E0%A7%87%E0%A6%B0-%E0%A6%AE/?fbclid=IwZXh0bgNhZW0CMTEAc3J0YwZhcHBfaWQMMjU2MjgxMDQwNTU4AAEejHTL3WR3kj2hr31gaEP2fQpPsxFaH4FgutvS9tern8GH76E6DdlyQofuSno_aem_zPUXGbmtxUy5Lko24xeFQQ" "meta-externalads/1.1 (+https://developers.facebook.com/docs/sharing/webmasters/crawler)"
69.63.184.4 - - [06/Nov/2025:19:44:14 +0000] "GET /wp-content/plugins/elementor-pro/assets/css/widget-woocommerce-product-add-to-cart.min.css?ver=3.31.2 HTTP/2" 200 2087 "https://deenzalifestyle.com/product/%F0%9F%94%B6-%E0%A6%9C%E0%A6%A8%E0%A6%AA%E0%A7%8D%E0%A6%B0%E0%A6%BF%E0%A6%AF%E0%A6%BC-%E0%A7%AA%E0%A7%A6%E0%A7%A6-%E0%A6%97%E0%A7%87%E0%A6%AF%E0%A6%BC%E0%A6%BE%E0%A6%B0%E0%A7%87%E0%A6%B0-%E0%A6%AE/?fbclid=IwZXh0bgNhZW0CMTEAc3J0YwZhcHBfaWQMMjU2MjgxMDQwNTU4AAEejHTL3WR3kj2hr31gaEP2fQpPsxFaH4FgutvS9tern8GH76E6DdlyQofuSno_aem_zPUXGbmtxUy5Lko24xeFQQ" "meta-externalads/1.1 (+https://developers.facebook.com/docs/sharing/webmasters/crawler)"
69.63.184.4 - - [06/Nov/2025:19:44:14 +0000] "GET /wp-content/plugins/elementor/assets/css/widget-divider.min.css?ver=3.32.5 HTTP/2" 200 705 "https://deenzalifestyle.com/product/%F0%9F%94%B6-%E0%A6%9C%E0%A6%A8%E0%A6%AA%E0%A7%8D%E0%A6%B0%E0%A6%BF%E0%A6%AF%E0%A6%BC-%E0%A7%AA%E0%A7%A6%E0%A7%A6-%E0%A6%97%E0%A7%87%E0%A6%AF%E0%A6%BC%E0%A6%BE%E0%A6%B0%E0%A7%87%E0%A6%B0-%E0%A6%AE/?fbclid=IwZXh0bgNhZW0CMTEAc3J0YwZhcHBfaWQMMjU2MjgxMDQwNTU4AAEejHTL3WR3kj2hr31gaEP2fQpPsxFaH4FgutvS9tern8GH76E6DdlyQofuSno_aem_zPUXGbmtxUy5Lko24xeFQQ" "meta-externalads/1.1 (+https://developers.facebook.com/docs/sharing/webmasters/crawler)"
69.63.184.4 - - [06/Nov/2025:19:44:14 +0000] "GET /wp-content/plugins/elementor/assets/css/widget-icon-box.min.css?ver=3.32.5 HTTP/2" 200 425 "https://deenzalifestyle.com/product/%F0%9F%94%B6-%E0%A6%9C%E0%A6%A8%E0%A6%AA%E0%A7%8D%E0%A6%B0%E0%A6%BF%E0%A6%AF%E0%A6%BC-%E0%A7%AA%E0%A7%A6%E0%A7%A6-%E0%A6%97%E0%A7%87%E0%A6%AF%E0%A6%BC%E0%A6%BE%E0%A6%B0%E0%A7%87%E0%A6%B0-%E0%A6%AE/?fbclid=IwZXh0bgNhZW0CMTEAc3J0YwZhcHBfaWQMMjU2MjgxMDQwNTU4AAEejHTL3WR3kj2hr31gaEP2fQpPsxFaH4FgutvS9tern8GH76E6DdlyQofuSno_aem_zPUXGbmtxUy5Lko24xeFQQ" "meta-externalads/1.1 (+https://developers.facebook.com/docs/sharing/webmasters/crawler)"
69.63.184.4 - - [06/Nov/2025:19:44:14 +0000] "GET /wp-content/plugins/elementor-pro/assets/css/widget-woocommerce-products.min.css?ver=3.31.2 HTTP/2" 200 508 "https://deenzalifestyle.com/product/%F0%9F%94%B6-%E0%A6%9C%E0%A6%A8%E0%A6%AA%E0%A7%8D%E0%A6%B0%E0%A6%BF%E0%A6%AF%E0%A6%BC-%E0%A7%AA%E0%A7%A6%E0%A7%A6-%E0%A6%97%E0%A7%87%E0%A6%AF%E0%A6%BC%E0%A6%BE%E0%A6%B0%E0%A7%87%E0%A6%B0-%E0%A6%AE/?fbclid=IwZXh0bgNhZW0CMTEAc3J0YwZhcHBfaWQMMjU2MjgxMDQwNTU4AAEejHTL3WR3kj2hr31gaEP2fQpPsxFaH4FgutvS9tern8GH76E6DdlyQofuSno_aem_zPUXGbmtxUy5Lko24xeFQQ" "meta-externalads/1.1 (+https://developers.facebook.com/docs/sharing/webmasters/crawler)"
69.63.184.4 - - [06/Nov/2025:19:44:14 +0000] "GET /wp-content/uploads/elementor/css/post-140.css?ver=1762335457 HTTP/2" 200 2013 "https://deenzalifestyle.com/product/%F0%9F%94%B6-%E0%A6%9C%E0%A6%A8%E0%A6%AA%E0%A7%8D%E0%A6%B0%E0%A6%BF%E0%A6%AF%E0%A6%BC-%E0%A7%AA%E0%A7%A6%E0%A7%A6-%E0%A6%97%E0%A7%87%E0%A6%AF%E0%A6%BC%E0%A6%BE%E0%A6%B0%E0%A7%87%E0%A6%B0-%E0%A6%AE/?fbclid=IwZXh0bgNhZW0CMTEAc3J0YwZhcHBfaWQMMjU2MjgxMDQwNTU4AAEejHTL3WR3kj2hr31gaEP2fQpPsxFaH4FgutvS9tern8GH76E6DdlyQofuSno_aem_zPUXGbmtxUy5Lko24xeFQQ" "meta-externalads/1.1 (+https://developers.facebook.com/docs/sharing/webmasters/crawler)"
69.63.184.4 - - [06/Nov/2025:19:44:14 +0000] "GET /wp-content/plugins/th-advance-product-search/th-icon/style.css?ver=1.3.1 HTTP/2" 200 953 "https://deenzalifestyle.com/product/%F0%9F%94%B6-%E0%A6%9C%E0%A6%A8%E0%A6%AA%E0%A7%8D%E0%A6%B0%E0%A6%BF%E0%A6%AF%E0%A6%BC-%E0%A7%AA%E0%A7%A6%E0%A7%A6-%E0%A6%97%E0%A7%87%E0%A6%AF%E0%A6%BC%E0%A6%BE%E0%A6%B0%E0%A7%87%E0%A6%B0-%E0%A6%AE/?fbclid=IwZXh0bgNhZW0CMTEAc3J0YwZhcHBfaWQMMjU2MjgxMDQwNTU4AAEejHTL3WR3kj2hr31gaEP2fQpPsxFaH4FgutvS9tern8GH76E6DdlyQofuSno_aem_zPUXGbmtxUy5Lko24xeFQQ" "meta-externalads/1.1 (+https://developers.facebook.com/docs/sharing/webmasters/crawler)"
69.63.184.4 - - [06/Nov/2025:19:44:14 +0000] "GET /wp-content/plugins/th-advance-product-search/assets/css/thaps-front-style.css?ver=1.3.1 HTTP/2" 200 1531 "https://deenzalifestyle.com/product/%F0%9F%94%B6-%E0%A6%9C%E0%A6%A8%E0%A6%AA%E0%A7%8D%E0%A6%B0%E0%A6%BF%E0%A6%AF%E0%A6%BC-%E0%A7%AA%E0%A7%A6%E0%A7%A6-%E0%A6%97%E0%A7%87%E0%A6%AF%E0%A6%BC%E0%A6%BE%E0%A6%B0%E0%A7%87%E0%A6%B0-%E0%A6%AE/?fbclid=IwZXh0bgNhZW0CMTEAc3J0YwZhcHBfaWQMMjU2MjgxMDQwNTU4AAEejHTL3WR3kj2hr31gaEP2fQpPsxFaH4FgutvS9tern8GH76E6DdlyQofuSno_aem_zPUXGbmtxUy5Lko24xeFQQ" "meta-externalads/1.1 (+https://developers.facebook.com/docs/sharing/webmasters/crawler)"
69.63.184.4 - - [06/Nov/2025:19:44:15 +0000] "GET /wp-content/plugins/elementor/assets/lib/eicons/css/elementor-icons.min.css?ver=5.34.0 HTTP/2" 200 3997 "https://deenzalifestyle.com/product/%F0%9F%94%B6-%E0%A6%9C%E0%A6%A8%E0%A6%AA%E0%A7%8D%E0%A6%B0%E0%A6%BF%E0%A6%AF%E0%A6%BC-%E0%A7%AA%E0%A7%A6%E0%A7%A6-%E0%A6%97%E0%A7%87%E0%A6%AF%E0%A6%BC%E0%A6%BE%E0%A6%B0%E0%A7%87%E0%A6%B0-%E0%A6%AE/?fbclid=IwZXh0bgNhZW0CMTEAc3J0YwZhcHBfaWQMMjU2MjgxMDQwNTU4AAEejHTL3WR3kj2hr31gaEP2fQpPsxFaH4FgutvS9tern8GH76E6DdlyQofuSno_aem_zPUXGbmtxUy5Lko24xeFQQ" "meta-externalads/1.1 (+https://developers.facebook.com/docs/sharing/webmasters/crawler)"
69.63.184.4 - - [06/Nov/2025:19:44:15 +0000] "GET /wp-content/plugins/elementor/assets/css/widget-icon-list.min.css?ver=3.24.3 HTTP/2" 200 961 "https://deenzalifestyle.com/product/%F0%9F%94%B6-%E0%A6%9C%E0%A6%A8%E0%A6%AA%E0%A7%8D%E0%A6%B0%E0%A6%BF%E0%A6%AF%E0%A6%BC-%E0%A7%AA%E0%A7%A6%E0%A7%A6-%E0%A6%97%E0%A7%87%E0%A6%AF%E0%A6%BC%E0%A6%BE%E0%A6%B0%E0%A7%87%E0%A6%B0-%E0%A6%AE/?fbclid=IwZXh0bgNhZW0CMTEAc3J0YwZhcHBfaWQMMjU2MjgxMDQwNTU4AAEejHTL3WR3kj2hr31gaEP2fQpPsxFaH4FgutvS9tern8GH76E6DdlyQofuSno_aem_zPUXGbmtxUy5Lko24xeFQQ" "meta-externalads/1.1 (+https://developers.facebook.com/docs/sharing/webmasters/crawler)"
69.63.184.4 - - [06/Nov/2025:19:44:15 +0000] "GET /wp-content/plugins/elementor/assets/css/widget-social-icons.min.css?ver=3.24.0 HTTP/2" 200 1069 "https://deenzalifestyle.com/product/%F0%9F%94%B6-%E0%A6%9C%E0%A6%A8%E0%A6%AA%E0%A7%8D%E0%A6%B0%E0%A6%BF%E0%A6%AF%E0%A6%BC-%E0%A7%AA%E0%A7%A6%E0%A7%A6-%E0%A6%97%E0%A7%87%E0%A6%AF%E0%A6%BC%E0%A6%BE%E0%A6%B0%E0%A7%87%E0%A6%B0-%E0%A6%AE/?fbclid=IwZXh0bgNhZW0CMTEAc3J0YwZhcHBfaWQMMjU2MjgxMDQwNTU4AAEejHTL3WR3kj2hr31gaEP2fQpPsxFaH4FgutvS9tern8GH76E6DdlyQofuSno_aem_zPUXGbmtxUy5Lko24xeFQQ" "meta-externalads/1.1 (+https://developers.facebook.com/docs/sharing/webmasters/crawler)"
69.63.184.4 - - [06/Nov/2025:19:44:15 +0000] "GET /wp-content/plugins/elementor/assets/lib/font-awesome/css/brands.css?ver=5.15.3 HTTP/2" 200 296 "https://deenzalifestyle.com/product/%F0%9F%94%B6-%E0%A6%9C%E0%A6%A8%E0%A6%AA%E0%A7%8D%E0%A6%B0%E0%A6%BF%E0%A6%AF%E0%A6%BC-%E0%A7%AA%E0%A7%A6%E0%A7%A6-%E0%A6%97%E0%A7%87%E0%A6%AF%E0%A6%BC%E0%A6%BE%E0%A6%B0%E0%A7%87%E0%A6%B0-%E0%A6%AE/?fbclid=IwZXh0bgNhZW0CMTEAc3J0YwZhcHBfaWQMMjU2MjgxMDQwNTU4AAEejHTL3WR3kj2hr31gaEP2fQpPsxFaH4FgutvS9tern8GH76E6DdlyQofuSno_aem_zPUXGbmtxUy5Lko24xeFQQ" "meta-externalads/1.1 (+https://developers.facebook.com/docs/sharing/webmasters/crawler)"
69.63.184.4 - - [06/Nov/2025:19:44:15 +0000] "GET /wp-content/plugins/elementor/assets/lib/font-awesome/css/fontawesome.css?ver=5.15.3 HTTP/2" 200 12526 "https://deenzalifestyle.com/product/%F0%9F%94%B6-%E0%A6%9C%E0%A6%A8%E0%A6%AA%E0%A7%8D%E0%A6%B0%E0%A6%BF%E0%A6%AF%E0%A6%BC-%E0%A7%AA%E0%A7%A6%E0%A7%A6-%E0%A6%97%E0%A7%87%E0%A6%AF%E0%A6%BC%E0%A6%BE%E0%A6%B0%E0%A7%87%E0%A6%B0-%E0%A6%AE/?fbclid=IwZXh0bgNhZW0CMTEAc3J0YwZhcHBfaWQMMjU2MjgxMDQwNTU4AAEejHTL3WR3kj2hr31gaEP2fQpPsxFaH4FgutvS9tern8GH76E6DdlyQofuSno_aem_zPUXGbmtxUy5Lko24xeFQQ" "meta-externalads/1.1 (+https://developers.facebook.com/docs/sharing/webmasters/crawler)"
69.63.184.4 - - [06/Nov/2025:19:44:15 +0000] "GET /wp-content/plugins/elementor/assets/lib/font-awesome/css/solid.css?ver=5.15.3 HTTP/2" 200 296 "https://deenzalifestyle.com/product/%F0%9F%94%B6-%E0%A6%9C%E0%A6%A8%E0%A6%AA%E0%A7%8D%E0%A6%B0%E0%A6%BF%E0%A6%AF%E0%A6%BC-%E0%A7%AA%E0%A7%A6%E0%A7%A6-%E0%A6%97%E0%A7%87%E0%A6%AF%E0%A6%BC%E0%A6%BE%E0%A6%B0%E0%A7%87%E0%A6%B0-%E0%A6%AE/?fbclid=IwZXh0bgNhZW0CMTEAc3J0YwZhcHBfaWQMMjU2MjgxMDQwNTU4AAEejHTL3WR3kj2hr31gaEP2fQpPsxFaH4FgutvS9tern8GH76E6DdlyQofuSno_aem_zPUXGbmtxUy5Lko24xeFQQ" "meta-externalads/1.1 (+https://developers.facebook.com/docs/sharing/webmasters/crawler)"
69.63.184.4 - - [06/Nov/2025:19:44:15 +0000] "GET /wp-content/plugins/elementor-pro/assets/css/widget-blockquote.min.css?ver=3.25.0 HTTP/2" 200 970 "https://deenzalifestyle.com/product/%F0%9F%94%B6-%E0%A6%9C%E0%A6%A8%E0%A6%AA%E0%A7%8D%E0%A6%B0%E0%A6%BF%E0%A6%AF%E0%A6%BC-%E0%A7%AA%E0%A7%A6%E0%A7%A6-%E0%A6%97%E0%A7%87%E0%A6%AF%E0%A6%BC%E0%A6%BE%E0%A6%B0%E0%A7%87%E0%A6%B0-%E0%A6%AE/?fbclid=IwZXh0bgNhZW0CMTEAc3J0YwZhcHBfaWQMMjU2MjgxMDQwNTU4AAEejHTL3WR3kj2hr31gaEP2fQpPsxFaH4FgutvS9tern8GH76E6DdlyQofuSno_aem_zPUXGbmtxUy5Lko24xeFQQ" "meta-externalads/1.1 (+https://developers.facebook.com/docs/sharing/webmasters/crawler)"
69.63.184.4 - - [06/Nov/2025:19:44:15 +0000] "GET /wp-content/plugins/elementor-pro/assets/css/widget-mega-menu.min.css?ver=3.26.2 HTTP/2" 200 2690 "https://deenzalifestyle.com/product/%F0%9F%94%B6-%E0%A6%9C%E0%A6%A8%E0%A6%AA%E0%A7%8D%E0%A6%B0%E0%A6%BF%E0%A6%AF%E0%A6%BC-%E0%A7%AA%E0%A7%A6%E0%A7%A6-%E0%A6%97%E0%A7%87%E0%A6%AF%E0%A6%BC%E0%A6%BE%E0%A6%B0%E0%A7%87%E0%A6%B0-%E0%A6%AE/?fbclid=IwZXh0bgNhZW0CMTEAc3J0YwZhcHBfaWQMMjU2MjgxMDQwNTU4AAEejHTL3WR3kj2hr31gaEP2fQpPsxFaH4FgutvS9tern8GH76E6DdlyQofuSno_aem_zPUXGbmtxUy5Lko24xeFQQ" "meta-externalads/1.1 (+https://developers.facebook.com/docs/sharing/webmasters/crawler)"
69.63.184.4 - - [06/Nov/2025:19:44:15 +0000] "GET /wp-content/plugins/elementor-pro/assets/css/widget-nav-menu.min.css?ver=3.26.0 HTTP/2" 200 3244 "https://deenzalifestyle.com/product/%F0%9F%94%B6-%E0%A6%9C%E0%A6%A8%E0%A6%AA%E0%A7%8D%E0%A6%B0%E0%A6%BF%E0%A6%AF%E0%A6%BC-%E0%A7%AA%E0%A7%A6%E0%A7%A6-%E0%A6%97%E0%A7%87%E0%A6%AF%E0%A6%BC%E0%A6%BE%E0%A6%B0%E0%A7%87%E0%A6%B0-%E0%A6%AE/?fbclid=IwZXh0bgNhZW0CMTEAc3J0YwZhcHBfaWQMMjU2MjgxMDQwNTU4AAEejHTL3WR3kj2hr31gaEP2fQpPsxFaH4FgutvS9tern8GH76E6DdlyQofuSno_aem_zPUXGbmtxUy5Lko24xeFQQ" "meta-externalads/1.1 (+https://developers.facebook.com/docs/sharing/webmasters/crawler)"
69.63.184.4 - - [06/Nov/2025:19:44:15 +0000] "GET /wp-content/uploads/elementor/google-fonts/css/hindsiliguri.css?ver=1756513364 HTTP/2" 200 547 "https://deenzalifestyle.com/product/%F0%9F%94%B6-%E0%A6%9C%E0%A6%A8%E0%A6%AA%E0%A7%8D%E0%A6%B0%E0%A6%BF%E0%A6%AF%E0%A6%BC-%E0%A7%AA%E0%A7%A6%E0%A7%A6-%E0%A6%97%E0%A7%87%E0%A6%AF%E0%A6%BC%E0%A6%BE%E0%A6%B0%E0%A7%87%E0%A6%B0-%E0%A6%AE/?fbclid=IwZXh0bgNhZW0CMTEAc3J0YwZhcHBfaWQMMjU2MjgxMDQwNTU4AAEejHTL3WR3kj2hr31gaEP2fQpPsxFaH4FgutvS9tern8GH76E6DdlyQofuSno_aem_zPUXGbmtxUy5Lko24xeFQQ" "meta-externalads/1.1 (+https://developers.facebook.com/docs/sharing/webmasters/crawler)"
69.63.184.4 - - [06/Nov/2025:19:44:15 +0000] "GET /wp-content/uploads/elementor/google-fonts/css/roboto.css?ver=1751087316 HTTP/2" 200 1873 "https://deenzalifestyle.com/product/%F0%9F%94%B6-%E0%A6%9C%E0%A6%A8%E0%A6%AA%E0%A7%8D%E0%A6%B0%E0%A6%BF%E0%A6%AF%E0%A6%BC-%E0%A7%AA%E0%A7%A6%E0%A7%A6-%E0%A6%97%E0%A7%87%E0%A6%AF%E0%A6%BC%E0%A6%BE%E0%A6%B0%E0%A7%87%E0%A6%B0-%E0%A6%AE/?fbclid=IwZXh0bgNhZW0CMTEAc3J0YwZhcHBfaWQMMjU2MjgxMDQwNTU4AAEejHTL3WR3kj2hr31gaEP2fQpPsxFaH4FgutvS9tern8GH76E6DdlyQofuSno_aem_zPUXGbmtxUy5Lko24xeFQQ" "meta-externalads/1.1 (+https://developers.facebook.com/docs/sharing/webmasters/crawler)"
69.63.184.4 - - [06/Nov/2025:19:44:15 +0000] "GET /wp-content/uploads/elementor/google-fonts/css/anekbangla.css?ver=1751090741 HTTP/2" 200 520 "https://deenzalifestyle.com/product/%F0%9F%94%B6-%E0%A6%9C%E0%A6%A8%E0%A6%AA%E0%A7%8D%E0%A6%B0%E0%A6%BF%E0%A6%AF%E0%A6%BC-%E0%A7%AA%E0%A7%A6%E0%A7%A6-%E0%A6%97%E0%A7%87%E0%A6%AF%E0%A6%BC%E0%A6%BE%E0%A6%B0%E0%A7%87%E0%A6%B0-%E0%A6%AE/?fbclid=IwZXh0bgNhZW0CMTEAc3J0YwZhcHBfaWQMMjU2MjgxMDQwNTU4AAEejHTL3WR3kj2hr31gaEP2fQpPsxFaH4FgutvS9tern8GH76E6DdlyQofuSno_aem_zPUXGbmtxUy5Lko24xeFQQ" "meta-externalads/1.1 (+https://developers.facebook.com/docs/sharing/webmasters/crawler)"
69.63.184.4 - - [06/Nov/2025:19:44:15 +0000] "GET /wp-content/uploads/elementor/google-fonts/css/hindmadurai.css?ver=1756513364 HTTP/2" 200 516 "https://deenzalifestyle.com/product/%F0%9F%94%B6-%E0%A6%9C%E0%A6%A8%E0%A6%AA%E0%A7%8D%E0%A6%B0%E0%A6%BF%E0%A6%AF%E0%A6%BC-%E0%A7%AA%E0%A7%A6%E0%A7%A6-%E0%A6%97%E0%A7%87%E0%A6%AF%E0%A6%BC%E0%A6%BE%E0%A6%B0%E0%A7%87%E0%A6%B0-%E0%A6%AE/?fbclid=IwZXh0bgNhZW0CMTEAc3J0YwZhcHBfaWQMMjU2MjgxMDQwNTU4AAEejHTL3WR3kj2hr31gaEP2fQpPsxFaH4FgutvS9tern8GH76E6DdlyQofuSno_aem_zPUXGbmtxUy5Lko24xeFQQ" "meta-externalads/1.1 (+https://developers.facebook.com/docs/sharing/webmasters/crawler)"
69.63.184.4 - - [06/Nov/2025:19:44:15 +0000] "GET /wp-includes/js/jquery/jquery.min.js?ver=3.7.1 HTTP/2" 200 29744 "https://deenzalifestyle.com/product/%F0%9F%94%B6-%E0%A6%9C%E0%A6%A8%E0%A6%AA%E0%A7%8D%E0%A6%B0%E0%A6%BF%E0%A6%AF%E0%A6%BC-%E0%A7%AA%E0%A7%A6%E0%A7%A6-%E0%A6%97%E0%A7%87%E0%A6%AF%E0%A6%BC%E0%A6%BE%E0%A6%B0%E0%A7%87%E0%A6%B0-%E0%A6%AE/?fbclid=IwZXh0bgNhZW0CMTEAc3J0YwZhcHBfaWQMMjU2MjgxMDQwNTU4AAEejHTL3WR3kj2hr31gaEP2fQpPsxFaH4FgutvS9tern8GH76E6DdlyQofuSno_aem_zPUXGbmtxUy5Lko24xeFQQ" "meta-externalads/1.1 (+https://developers.facebook.com/docs/sharing/webmasters/crawler)"
69.63.184.4 - - [06/Nov/2025:19:44:15 +0000] "GET /wp-includes/js/jquery/jquery-migrate.min.js?ver=3.4.1 HTTP/2" 200 4678 "https://deenzalifestyle.com/product/%F0%9F%94%B6-%E0%A6%9C%E0%A6%A8%E0%A6%AA%E0%A7%8D%E0%A6%B0%E0%A6%BF%E0%A6%AF%E0%A6%BC-%E0%A7%AA%E0%A7%A6%E0%A7%A6-%E0%A6%97%E0%A7%87%E0%A6%AF%E0%A6%BC%E0%A6%BE%E0%A6%B0%E0%A7%87%E0%A6%B0-%E0%A6%AE/?fbclid=IwZXh0bgNhZW0CMTEAc3J0YwZhcHBfaWQMMjU2MjgxMDQwNTU4AAEejHTL3WR3kj2hr31gaEP2fQpPsxFaH4FgutvS9tern8GH76E6DdlyQofuSno_aem_zPUXGbmtxUy5Lko24xeFQQ" "meta-externalads/1.1 (+https://developers.facebook.com/docs/sharing/webmasters/crawler)"
69.63.184.4 - - [06/Nov/2025:19:44:15 +0000] "GET /wp-content/plugins/woocommerce/assets/js/jquery-tiptip/jquery.tipTip.min.js?ver=10.3.3 HTTP/2" 200 1154 "https://deenzalifestyle.com/product/%F0%9F%94%B6-%E0%A6%9C%E0%A6%A8%E0%A6%AA%E0%A7%8D%E0%A6%B0%E0%A6%BF%E0%A6%AF%E0%A6%BC-%E0%A7%AA%E0%A7%A6%E0%A7%A6-%E0%A6%97%E0%A7%87%E0%A6%AF%E0%A6%BC%E0%A6%BE%E0%A6%B0%E0%A7%87%E0%A6%B0-%E0%A6%AE/?fbclid=IwZXh0bgNhZW0CMTEAc3J0YwZhcHBfaWQMMjU2MjgxMDQwNTU4AAEejHTL3WR3kj2hr31gaEP2fQpPsxFaH4FgutvS9tern8GH76E6DdlyQofuSno_aem_zPUXGbmtxUy5Lko24xeFQQ" "meta-externalads/1.1 (+https://developers.facebook.com/docs/sharing/webmasters/crawler)"
69.63.184.4 - - [06/Nov/2025:19:44:15 +0000] "GET /wp-content/plugins/woo-conditional-product-fees-for-checkout/public/js/woocommerce-conditional-product-fees-for-checkout-public.js?ver=4.3.2 HTTP/2" 200 1000 "https://deenzalifestyle.com/product/%F0%9F%94%B6-%E0%A6%9C%E0%A6%A8%E0%A6%AA%E0%A7%8D%E0%A6%B0%E0%A6%BF%E0%A6%AF%E0%A6%BC-%E0%A7%AA%E0%A7%A6%E0%A7%A6-%E0%A6%97%E0%A7%87%E0%A6%AF%E0%A6%BC%E0%A6%BE%E0%A6%B0%E0%A7%87%E0%A6%B0-%E0%A6%AE/?fbclid=IwZXh0bgNhZW0CMTEAc3J0YwZhcHBfaWQMMjU2MjgxMDQwNTU4AAEejHTL3WR3kj2hr31gaEP2fQpPsxFaH4FgutvS9tern8GH76E6DdlyQofuSno_aem_zPUXGbmtxUy5Lko24xeFQQ" "meta-externalads/1.1 (+https://developers.facebook.com/docs/sharing/webmasters/crawler)"
69.63.184.4 - - [06/Nov/2025:19:44:15 +0000] "GET /wp-content/plugins/woocommerce/assets/js/jquery-blockui/jquery.blockUI.min.js?ver=2.7.0-wc.10.3.3 HTTP/2" 200 3277 "https://deenzalifestyle.com/product/%F0%9F%94%B6-%E0%A6%9C%E0%A6%A8%E0%A6%AA%E0%A7%8D%E0%A6%B0%E0%A6%BF%E0%A6%AF%E0%A6%BC-%E0%A7%AA%E0%A7%A6%E0%A7%A6-%E0%A6%97%E0%A7%87%E0%A6%AF%E0%A6%BC%E0%A6%BE%E0%A6%B0%E0%A7%87%E0%A6%B0-%E0%A6%AE/?fbclid=IwZXh0bgNhZW0CMTEAc3J0YwZhcHBfaWQMMjU2MjgxMDQwNTU4AAEejHTL3WR3kj2hr31gaEP2fQpPsxFaH4FgutvS9tern8GH76E6DdlyQofuSno_aem_zPUXGbmtxUy5Lko24xeFQQ" "meta-externalads/1.1 (+https://developers.facebook.com/docs/sharing/webmasters/crawler)"
69.63.184.4 - - [06/Nov/2025:19:44:15 +0000] "GET /wp-content/plugins/duracelltomi-google-tag-manager/dist/js/analytics-talk-content-tracking.js?ver=1.22.1 HTTP/2" 200 544 "https://deenzalifestyle.com/product/%F0%9F%94%B6-%E0%A6%9C%E0%A6%A8%E0%A6%AA%E0%A7%8D%E0%A6%B0%E0%A6%BF%E0%A6%AF%E0%A6%BC-%E0%A7%AA%E0%A7%A6%E0%A7%A6-%E0%A6%97%E0%A7%87%E0%A6%AF%E0%A6%BC%E0%A6%BE%E0%A6%B0%E0%A7%87%E0%A6%B0-%E0%A6%AE/?fbclid=IwZXh0bgNhZW0CMTEAc3J0YwZhcHBfaWQMMjU2MjgxMDQwNTU4AAEejHTL3WR3kj2hr31gaEP2fQpPsxFaH4FgutvS9tern8GH76E6DdlyQofuSno_aem_zPUXGbmtxUy5Lko24xeFQQ" "meta-externalads/1.1 (+https://developers.facebook.com/docs/sharing/webmasters/crawler)"
69.63.184.4 - - [06/Nov/2025:19:44:15 +0000] "GET /wp-content/plugins/elementor/assets/lib/font-awesome/js/v4-shims.min.js?ver=3.32.5 HTTP/2" 200 4042 "https://deenzalifestyle.com/product/%F0%9F%94%B6-%E0%A6%9C%E0%A6%A8%E0%A6%AA%E0%A7%8D%E0%A6%B0%E0%A6%BF%E0%A6%AF%E0%A6%BC-%E0%A7%AA%E0%A7%A6%E0%A7%A6-%E0%A6%97%E0%A7%87%E0%A6%AF%E0%A6%BC%E0%A6%BE%E0%A6%B0%E0%A7%87%E0%A6%B0-%E0%A6%AE/?fbclid=IwZXh0bgNhZW0CMTEAc3J0YwZhcHBfaWQMMjU2MjgxMDQwNTU4AAEejHTL3WR3kj2hr31gaEP2fQpPsxFaH4FgutvS9tern8GH76E6DdlyQofuSno_aem_zPUXGbmtxUy5Lko24xeFQQ" "meta-externalads/1.1 (+https://developers.facebook.com/docs/sharing/webmasters/crawler)"
69.63.184.4 - - [06/Nov/2025:19:44:15 +0000] "GET /wp-content/plugins/twist/assets/js/jquery.fancybox.min.js?ver=3.5.10 HTTP/2" 200 20999 "https://deenzalifestyle.com/product/%F0%9F%94%B6-%E0%A6%9C%E0%A6%A8%E0%A6%AA%E0%A7%8D%E0%A6%B0%E0%A6%BF%E0%A6%AF%E0%A6%BC-%E0%A7%AA%E0%A7%A6%E0%A7%A6-%E0%A6%97%E0%A7%87%E0%A6%AF%E0%A6%BC%E0%A6%BE%E0%A6%B0%E0%A7%87%E0%A6%B0-%E0%A6%AE/?fbclid=IwZXh0bgNhZW0CMTEAc3J0YwZhcHBfaWQMMjU2MjgxMDQwNTU4AAEejHTL3WR3kj2hr31gaEP2fQpPsxFaH4FgutvS9tern8GH76E6DdlyQofuSno_aem_zPUXGbmtxUy5Lko24xeFQQ" "meta-externalads/1.1 (+https://developers.facebook.com/docs/sharing/webmasters/crawler)"
69.63.184.4 - - [06/Nov/2025:19:44:15 +0000] "GET /wp-content/plugins/twist/assets/js/imageZoom.js?ver=3.5.10 HTTP/2" 200 1476 "https://deenzalifestyle.com/product/%F0%9F%94%B6-%E0%A6%9C%E0%A6%A8%E0%A6%AA%E0%A7%8D%E0%A6%B0%E0%A6%BF%E0%A6%AF%E0%A6%BC-%E0%A7%AA%E0%A7%A6%E0%A7%A6-%E0%A6%97%E0%A7%87%E0%A6%AF%E0%A6%BC%E0%A6%BE%E0%A6%B0%E0%A7%87%E0%A6%B0-%E0%A6%AE/?fbclid=IwZXh0bgNhZW0CMTEAc3J0YwZhcHBfaWQMMjU2MjgxMDQwNTU4AAEejHTL3WR3kj2hr31gaEP2fQpPsxFaH4FgutvS9tern8GH76E6DdlyQofuSno_aem_zPUXGbmtxUy5Lko24xeFQQ" "meta-externalads/1.1 (+https://developers.facebook.com/docs/sharing/webmasters/crawler)"
69.63.184.4 - - [06/Nov/2025:19:44:15 +0000] "GET /wp-includes/js/underscore.min.js?ver=1.13.7 HTTP/2" 200 7185 "https://deenzalifestyle.com/product/%F0%9F%94%B6-%E0%A6%9C%E0%A6%A8%E0%A6%AA%E0%A7%8D%E0%A6%B0%E0%A6%BF%E0%A6%AF%E0%A6%BC-%E0%A7%AA%E0%A7%A6%E0%A7%A6-%E0%A6%97%E0%A7%87%E0%A6%AF%E0%A6%BC%E0%A6%BE%E0%A6%B0%E0%A7%87%E0%A6%B0-%E0%A6%AE/?fbclid=IwZXh0bgNhZW0CMTEAc3J0YwZhcHBfaWQMMjU2MjgxMDQwNTU4AAEejHTL3WR3kj2hr31gaEP2fQpPsxFaH4FgutvS9tern8GH76E6DdlyQofuSno_aem_zPUXGbmtxUy5Lko24xeFQQ" "meta-externalads/1.1 (+https://developers.facebook.com/docs/sharing/webmasters/crawler)"
69.63.184.4 - - [06/Nov/2025:19:44:15 +0000] "GET /wp-includes/js/wp-util.min.js?ver=6.8.3 HTTP/2" 200 690 "https://deenzalifestyle.com/product/%F0%9F%94%B6-%E0%A6%9C%E0%A6%A8%E0%A6%AA%E0%A7%8D%E0%A6%B0%E0%A6%BF%E0%A6%AF%E0%A6%BC-%E0%A7%AA%E0%A7%A6%E0%A7%A6-%E0%A6%97%E0%A7%87%E0%A6%AF%E0%A6%BC%E0%A6%BE%E0%A6%B0%E0%A7%87%E0%A6%B0-%E0%A6%AE/?fbclid=IwZXh0bgNhZW0CMTEAc3J0YwZhcHBfaWQMMjU2MjgxMDQwNTU4AAEejHTL3WR3kj2hr31gaEP2fQpPsxFaH4FgutvS9tern8GH76E6DdlyQofuSno_aem_zPUXGbmtxUy5Lko24xeFQQ" "meta-externalads/1.1 (+https://developers.facebook.com/docs/sharing/webmasters/crawler)"
69.63.184.4 - - [06/Nov/2025:19:44:15 +0000] "GET /wp-content/plugins/th-advance-product-search/assets/js/thaps-search.js?ver=1 HTTP/2" 200 8913 "https://deenzalifestyle.com/product/%F0%9F%94%B6-%E0%A6%9C%E0%A6%A8%E0%A6%AA%E0%A7%8D%E0%A6%B0%E0%A6%BF%E0%A6%AF%E0%A6%BC-%E0%A7%AA%E0%A7%A6%E0%A7%A6-%E0%A6%97%E0%A7%87%E0%A6%AF%E0%A6%BC%E0%A6%BE%E0%A6%B0%E0%A7%87%E0%A6%B0-%E0%A6%AE/?fbclid=IwZXh0bgNhZW0CMTEAc3J0YwZhcHBfaWQMMjU2MjgxMDQwNTU4AAEejHTL3WR3kj2hr31gaEP2fQpPsxFaH4FgutvS9tern8GH76E6DdlyQofuSno_aem_zPUXGbmtxUy5Lko24xeFQQ" "meta-externalads/1.1 (+https://developers.facebook.com/docs/sharing/webmasters/crawler)"
69.63.184.4 - - [06/Nov/2025:19:44:15 +0000] "GET /wp-content/uploads/2025/07/moriyam-borka-600x900.jpg HTTP/2" 200 108385 "https://deenzalifestyle.com/product/%F0%9F%94%B6-%E0%A6%9C%E0%A6%A8%E0%A6%AA%E0%A7%8D%E0%A6%B0%E0%A6%BF%E0%A6%AF%E0%A6%BC-%E0%A7%AA%E0%A7%A6%E0%A7%A6-%E0%A6%97%E0%A7%87%E0%A6%AF%E0%A6%BC%E0%A6%BE%E0%A6%B0%E0%A7%87%E0%A6%B0-%E0%A6%AE/?fbclid=IwZXh0bgNhZW0CMTEAc3J0YwZhcHBfaWQMMjU2MjgxMDQwNTU4AAEejHTL3WR3kj2hr31gaEP2fQpPsxFaH4FgutvS9tern8GH76E6DdlyQofuSno_aem_zPUXGbmtxUy5Lko24xeFQQ" "meta-externalads/1.1 (+https://developers.facebook.com/docs/sharing/webmasters/crawler)"
69.63.184.4 - - [06/Nov/2025:19:44:15 +0000] "GET /wp-content/uploads/elementor/thumbs/logo-removebg-preview-r8327xj7anzrxvbmkdzxxsjrhbg8bso6026v5yylog.png HTTP/2" 200 5694 "https://deenzalifestyle.com/product/%F0%9F%94%B6-%E0%A6%9C%E0%A6%A8%E0%A6%AA%E0%A7%8D%E0%A6%B0%E0%A6%BF%E0%A6%AF%E0%A6%BC-%E0%A7%AA%E0%A7%A6%E0%A7%A6-%E0%A6%97%E0%A7%87%E0%A6%AF%E0%A6%BC%E0%A6%BE%E0%A6%B0%E0%A7%87%E0%A6%B0-%E0%A6%AE/?fbclid=IwZXh0bgNhZW0CMTEAc3J0YwZhcHBfaWQMMjU2MjgxMDQwNTU4AAEejHTL3WR3kj2hr31gaEP2fQpPsxFaH4FgutvS9tern8GH76E6DdlyQofuSno_aem_zPUXGbmtxUy5Lko24xeFQQ" "meta-externalads/1.1 (+https://developers.facebook.com/docs/sharing/webmasters/crawler)"
69.63.184.4 - - [06/Nov/2025:19:44:15 +0000] "GET /wp-content/uploads/2025/06/logo-removebg-preview.png HTTP/2" 200 53745 "https://deenzalifestyle.com/product/%F0%9F%94%B6-%E0%A6%9C%E0%A6%A8%E0%A6%AA%E0%A7%8D%E0%A6%B0%E0%A6%BF%E0%A6%AF%E0%A6%BC-%E0%A7%AA%E0%A7%A6%E0%A7%A6-%E0%A6%97%E0%A7%87%E0%A6%AF%E0%A6%BC%E0%A6%BE%E0%A6%B0%E0%A7%87%E0%A6%B0-%E0%A6%AE/?fbclid=IwZXh0bgNhZW0CMTEAc3J0YwZhcHBfaWQMMjU2MjgxMDQwNTU4AAEejHTL3WR3kj2hr31gaEP2fQpPsxFaH4FgutvS9tern8GH76E6DdlyQofuSno_aem_zPUXGbmtxUy5Lko24xeFQQ" "meta-externalads/1.1 (+https://developers.facebook.com/docs/sharing/webmasters/crawler)"
69.63.184.4 - - [06/Nov/2025:19:44:15 +0000] "GET /wp-content/plugins/woocommerce/assets/client/blocks/wc-blocks.css?ver=wc-10.3.3 HTTP/2" 200 2391 "https://deenzalifestyle.com/product/%F0%9F%94%B6-%E0%A6%9C%E0%A6%A8%E0%A6%AA%E0%A7%8D%E0%A6%B0%E0%A6%BF%E0%A6%AF%E0%A6%BC-%E0%A7%AA%E0%A7%A6%E0%A7%A6-%E0%A6%97%E0%A7%87%E0%A6%AF%E0%A6%BC%E0%A6%BE%E0%A6%B0%E0%A7%87%E0%A6%B0-%E0%A6%AE/?fbclid=IwZXh0bgNhZW0CMTEAc3J0YwZhcHBfaWQMMjU2MjgxMDQwNTU4AAEejHTL3WR3kj2hr31gaEP2fQpPsxFaH4FgutvS9tern8GH76E6DdlyQofuSno_aem_zPUXGbmtxUy5Lko24xeFQQ" "meta-externalads/1.1 (+https://developers.facebook.com/docs/sharing/webmasters/crawler)"
69.63.184.4 - - [06/Nov/2025:19:44:15 +0000] "GET /wp-content/uploads/2025/07/photo_2025-07-01_05-39-31-600x900.jpg HTTP/2" 200 81745 "https://deenzalifestyle.com/product/%F0%9F%94%B6-%E0%A6%9C%E0%A6%A8%E0%A6%AA%E0%A7%8D%E0%A6%B0%E0%A6%BF%E0%A6%AF%E0%A6%BC-%E0%A7%AA%E0%A7%A6%E0%A7%A6-%E0%A6%97%E0%A7%87%E0%A6%AF%E0%A6%BC%E0%A6%BE%E0%A6%B0%E0%A7%87%E0%A6%B0-%E0%A6%AE/?fbclid=IwZXh0bgNhZW0CMTEAc3J0YwZhcHBfaWQMMjU2MjgxMDQwNTU4AAEejHTL3WR3kj2hr31gaEP2fQpPsxFaH4FgutvS9tern8GH76E6DdlyQofuSno_aem_zPUXGbmtxUy5Lko24xeFQQ" "meta-externalads/1.1 (+https://developers.facebook.com/docs/sharing/webmasters/crawler)"
69.63.184.4 - - [06/Nov/2025:19:44:15 +0000] "GET /wp-content/uploads/2025/07/photo_2025-07-01_05-39-35-600x900.jpg HTTP/2" 200 87698 "https://deenzalifestyle.com/product/%F0%9F%94%B6-%E0%A6%9C%E0%A6%A8%E0%A6%AA%E0%A7%8D%E0%A6%B0%E0%A6%BF%E0%A6%AF%E0%A6%BC-%E0%A7%AA%E0%A7%A6%E0%A7%A6-%E0%A6%97%E0%A7%87%E0%A6%AF%E0%A6%BC%E0%A6%BE%E0%A6%B0%E0%A7%87%E0%A6%B0-%E0%A6%AE/?fbclid=IwZXh0bgNhZW0CMTEAc3J0YwZhcHBfaWQMMjU2MjgxMDQwNTU4AAEejHTL3WR3kj2hr31gaEP2fQpPsxFaH4FgutvS9tern8GH76E6DdlyQofuSno_aem_zPUXGbmtxUy5Lko24xeFQQ" "meta-externalads/1.1 (+https://developers.facebook.com/docs/sharing/webmasters/crawler)"
