/home/deenzali/access-logs/deenzalifestyle.com-ssl_log
204.197.172.10 - - [06/Nov/2025:12:09:07 +0000] "POST /wp-cron.php?doing_wp_cron=1762430947.4630711078643798828125 HTTP/1.1" 200 0 "-" "WordPress/6.8.3; https://deenzalifestyle.com"
57.141.2.77 - - [06/Nov/2025:12:09:07 +0000] "GET /product=4209077.html HTTP/2" 404 206892 "-" "meta-externalagent/1.1 (+https://developers.facebook.com/docs/sharing/webmasters/crawler)"
66.249.69.105 - - [06/Nov/2025:12:09:18 +0000] "POST /wp-json/wp-statistics/v2/hit HTTP/1.1" 200 35 "https://deenzalifestyle.com/?e=8016964763404" "Mozilla/5.0 (Linux; Android 6.0.1; Nexus 5X Build/MMB29P) AppleWebKit/537.36 (KHTML, like Gecko) Chrome/141.0.7390.122 Mobile Safari/537.36 (compatible; Googlebot/2.1; +http://www.google.com/bot.html)"
66.249.69.104 - - [06/Nov/2025:12:09:20 +0000] "POST /?wc-ajax=get_refreshed_fragments HTTP/1.1" 200 1318 "https://deenzalifestyle.com/?e=8016964763404" "Mozilla/5.0 (Linux; Android 6.0.1; Nexus 5X Build/MMB29P) AppleWebKit/537.36 (KHTML, like Gecko) Chrome/141.0.7390.122 Mobile Safari/537.36 (compatible; Googlebot/2.1; +http://www.google.com/bot.html)"
204.197.172.10 - - [06/Nov/2025:12:09:53 +0000] "POST /wp-cron.php?doing_wp_cron=1762430993.5120680332183837890625 HTTP/1.1" 200 0 "-" "WordPress/6.8.3; https://deenzalifestyle.com"
57.141.2.63 - - [06/Nov/2025:12:09:53 +0000] "GET /product=4598078.html HTTP/2" 404 206892 "-" "meta-externalagent/1.1 (+https://developers.facebook.com/docs/sharing/webmasters/crawler)"
204.197.172.10 - - [06/Nov/2025:12:10:00 +0000] "POST /wp-cron.php?doing_wp_cron=1762431000.2492430210113525390625 HTTP/1.1" 200 0 "-" "WordPress/6.8.3; https://deenzalifestyle.com"
57.141.2.25 - - [06/Nov/2025:12:10:00 +0000] "GET /product=4096888.html HTTP/2" 404 206892 "-" "meta-externalagent/1.1 (+https://developers.facebook.com/docs/sharing/webmasters/crawler)"
57.141.2.2 - - [06/Nov/2025:12:10:03 +0000] "GET /product=4288831.html HTTP/2" 404 206891 "-" "meta-externalagent/1.1 (+https://developers.facebook.com/docs/sharing/webmasters/crawler)"
57.141.2.2 - - [06/Nov/2025:12:10:06 +0000] "GET /product=3785927.html HTTP/2" 404 206891 "-" "meta-externalagent/1.1 (+https://developers.facebook.com/docs/sharing/webmasters/crawler)"
66.249.69.104 - - [06/Nov/2025:12:10:09 +0000] "POST /wp-json/wp-statistics/v2/hit HTTP/1.1" 200 35 "https://deenzalifestyle.com/?e=1993649992800" "Mozilla/5.0 (Linux; Android 6.0.1; Nexus 5X Build/MMB29P) AppleWebKit/537.36 (KHTML, like Gecko) Chrome/141.0.7390.122 Mobile Safari/537.36 (compatible; Googlebot/2.1; +http://www.google.com/bot.html)"
57.141.2.1 - - [06/Nov/2025:12:10:11 +0000] "GET /product=2712897.html HTTP/2" 404 206891 "-" "meta-externalagent/1.1 (+https://developers.facebook.com/docs/sharing/webmasters/crawler)"
57.141.2.73 - - [06/Nov/2025:12:10:13 +0000] "GET /product=3225861.html HTTP/2" 404 206892 "-" "meta-externalagent/1.1 (+https://developers.facebook.com/docs/sharing/webmasters/crawler)"
57.141.2.1 - - [06/Nov/2025:12:10:26 +0000] "GET /product=3397672.html HTTP/2" 404 206891 "-" "meta-externalagent/1.1 (+https://developers.facebook.com/docs/sharing/webmasters/crawler)"
66.249.69.104 - - [06/Nov/2025:12:10:35 +0000] "POST /wp-json/wp-statistics/v2/hit HTTP/1.1" 200 35 "https://deenzalifestyle.com/?e=1938233517900" "Mozilla/5.0 (Linux; Android 6.0.1; Nexus 5X Build/MMB29P) AppleWebKit/537.36 (KHTML, like Gecko) Chrome/141.0.7390.122 Mobile Safari/537.36 (compatible; Googlebot/2.1; +http://www.google.com/bot.html)"
204.197.172.10 - - [06/Nov/2025:12:10:42 +0000] "POST /wp-cron.php?doing_wp_cron=1762431042.3364028930664062500000 HTTP/1.1" 200 0 "-" "WordPress/6.8.3; https://deenzalifestyle.com"
57.141.2.16 - - [06/Nov/2025:12:10:42 +0000] "GET /product=3766351.html HTTP/2" 404 206892 "-" "meta-externalagent/1.1 (+https://developers.facebook.com/docs/sharing/webmasters/crawler)"
204.197.172.10 - - [06/Nov/2025:12:11:14 +0000] "POST /wp-cron.php?doing_wp_cron=1762431074.8875789642333984375000 HTTP/1.1" 200 0 "-" "WordPress/6.8.3; https://deenzalifestyle.com"
57.141.2.32 - - [06/Nov/2025:12:11:14 +0000] "GET /product=3476697.html HTTP/2" 404 206892 "-" "meta-externalagent/1.1 (+https://developers.facebook.com/docs/sharing/webmasters/crawler)"
66.249.69.104 - - [06/Nov/2025:12:11:17 +0000] "POST /wp-json/wp-statistics/v2/hit HTTP/1.1" 200 35 "https://deenzalifestyle.com/?e=9213378397800" "Mozilla/5.0 (Linux; Android 6.0.1; Nexus 5X Build/MMB29P) AppleWebKit/537.36 (KHTML, like Gecko) Chrome/141.0.7390.122 Mobile Safari/537.36 (compatible; Googlebot/2.1; +http://www.google.com/bot.html)"
66.249.69.105 - - [06/Nov/2025:12:11:18 +0000] "POST /wp-json/wp-statistics/v2/hit HTTP/1.1" 200 35 "https://deenzalifestyle.com/?e=6282110793905" "Mozilla/5.0 (Linux; Android 6.0.1; Nexus 5X Build/MMB29P) AppleWebKit/537.36 (KHTML, like Gecko) Chrome/141.0.7390.122 Mobile Safari/537.36 (compatible; Googlebot/2.1; +http://www.google.com/bot.html)"
57.141.2.81 - - [06/Nov/2025:12:11:24 +0000] "GET /product=4413472.html HTTP/2" 404 206892 "-" "meta-externalagent/1.1 (+https://developers.facebook.com/docs/sharing/webmasters/crawler)"
204.197.172.10 - - [06/Nov/2025:12:11:45 +0000] "POST /wp-cron.php?doing_wp_cron=1762431105.8499670028686523437500 HTTP/1.1" 200 0 "-" "WordPress/6.8.3; https://deenzalifestyle.com"
57.141.2.77 - - [06/Nov/2025:12:11:45 +0000] "GET /product=4551410.html HTTP/2" 404 206892 "-" "meta-externalagent/1.1 (+https://developers.facebook.com/docs/sharing/webmasters/crawler)"
204.197.172.10 - - [06/Nov/2025:12:12:01 +0000] "POST /wp-cron.php?doing_wp_cron=1762431121.5936570167541503906250 HTTP/1.1" 200 0 "-" "WordPress/6.8.3; https://deenzalifestyle.com"
66.249.69.104 - - [06/Nov/2025:12:12:01 +0000] "POST /wp-json/wp-statistics/v2/hit HTTP/1.1" 200 35 "https://deenzalifestyle.com/?e=11315115892406" "Mozilla/5.0 (Linux; Android 6.0.1; Nexus 5X Build/MMB29P) AppleWebKit/537.36 (KHTML, like Gecko) Chrome/141.0.7390.122 Mobile Safari/537.36 (compatible; Googlebot/2.1; +http://www.google.com/bot.html)"
66.249.69.106 - - [06/Nov/2025:12:12:02 +0000] "POST /?wc-ajax=get_refreshed_fragments HTTP/1.1" 200 1318 "https://deenzalifestyle.com/?e=11315115892406" "Mozilla/5.0 (Linux; Android 6.0.1; Nexus 5X Build/MMB29P) AppleWebKit/537.36 (KHTML, like Gecko) Chrome/141.0.7390.122 Mobile Safari/537.36 (compatible; Googlebot/2.1; +http://www.google.com/bot.html)"
66.249.69.105 - - [06/Nov/2025:12:12:02 +0000] "POST /wp-admin/admin-ajax.php HTTP/1.1" 200 1121 "https://deenzalifestyle.com/?e=11315115892406" "Mozilla/5.0 (Linux; Android 6.0.1; Nexus 5X Build/MMB29P) AppleWebKit/537.36 (KHTML, like Gecko) Chrome/141.0.7390.122 Mobile Safari/537.36 (compatible; Googlebot/2.1; +http://www.google.com/bot.html)"
66.249.69.106 - - [06/Nov/2025:12:12:02 +0000] "POST /wp-admin/admin-ajax.php HTTP/1.1" 200 1121 "https://deenzalifestyle.com/?e=11315115892406" "Mozilla/5.0 (Linux; Android 6.0.1; Nexus 5X Build/MMB29P) AppleWebKit/537.36 (KHTML, like Gecko) Chrome/141.0.7390.122 Mobile Safari/537.36 (compatible; Googlebot/2.1; +http://www.google.com/bot.html)"
66.249.69.104 - - [06/Nov/2025:12:12:24 +0000] "GET /548161290.shtml HTTP/1.1" 404 37440 "-" "Mozilla/5.0 (Linux; Android 6.0.1; Nexus 5X Build/MMB29P) AppleWebKit/537.36 (KHTML, like Gecko) Chrome/141.0.7390.122 Mobile Safari/537.36 (compatible; Googlebot/2.1; +http://www.google.com/bot.html)"
204.197.172.10 - - [06/Nov/2025:12:13:16 +0000] "POST /wp-cron.php?doing_wp_cron=1762431196.2615900039672851562500 HTTP/1.1" 200 0 "-" "WordPress/6.8.3; https://deenzalifestyle.com"
57.141.2.33 - - [06/Nov/2025:12:13:16 +0000] "GET /product=3631815.html HTTP/2" 404 206892 "-" "meta-externalagent/1.1 (+https://developers.facebook.com/docs/sharing/webmasters/crawler)"
57.141.2.13 - - [06/Nov/2025:12:13:31 +0000] "GET /product=2339319.html HTTP/2" 404 206892 "-" "meta-externalagent/1.1 (+https://developers.facebook.com/docs/sharing/webmasters/crawler)"
57.141.2.68 - - [06/Nov/2025:12:13:32 +0000] "GET /product=2074891.html HTTP/2" 404 206892 "-" "meta-externalagent/1.1 (+https://developers.facebook.com/docs/sharing/webmasters/crawler)"
57.141.2.27 - - [06/Nov/2025:12:13:40 +0000] "GET /product=3305468.html HTTP/2" 404 206892 "-" "meta-externalagent/1.1 (+https://developers.facebook.com/docs/sharing/webmasters/crawler)"
204.197.172.10 - - [06/Nov/2025:12:13:43 +0000] "POST /wp-cron.php?doing_wp_cron=1762431223.9770300388336181640625 HTTP/1.1" 200 0 "-" "WordPress/6.8.3; https://deenzalifestyle.com"
57.141.2.21 - - [06/Nov/2025:12:13:43 +0000] "GET /product=1959941.html HTTP/2" 404 206892 "-" "meta-externalagent/1.1 (+https://developers.facebook.com/docs/sharing/webmasters/crawler)"
57.141.2.9 - - [06/Nov/2025:12:13:53 +0000] "GET /product=1867105.html HTTP/2" 404 206891 "-" "meta-externalagent/1.1 (+https://developers.facebook.com/docs/sharing/webmasters/crawler)"
204.197.172.10 - - [06/Nov/2025:12:13:55 +0000] "POST /wp-cron.php?doing_wp_cron=1762431235.7255599498748779296875 HTTP/1.1" 200 0 "-" "WordPress/6.8.3; https://deenzalifestyle.com"
57.141.2.18 - - [06/Nov/2025:12:13:55 +0000] "GET /product=2398135.html HTTP/2" 404 206892 "-" "meta-externalagent/1.1 (+https://developers.facebook.com/docs/sharing/webmasters/crawler)"
57.141.2.22 - - [06/Nov/2025:12:14:03 +0000] "GET /product=2097456.html HTTP/2" 404 206892 "-" "meta-externalagent/1.1 (+https://developers.facebook.com/docs/sharing/webmasters/crawler)"
66.249.69.105 - - [06/Nov/2025:12:14:03 +0000] "POST /wp-json/wp-statistics/v2/hit HTTP/1.1" 200 35 "https://deenzalifestyle.com/?e=82112100553703" "Mozilla/5.0 (Linux; Android 6.0.1; Nexus 5X Build/MMB29P) AppleWebKit/537.36 (KHTML, like Gecko) Chrome/141.0.7390.122 Mobile Safari/537.36 (compatible; Googlebot/2.1; +http://www.google.com/bot.html)"
57.141.2.32 - - [06/Nov/2025:12:14:05 +0000] "GET /product=4561360.html HTTP/2" 404 206892 "-" "meta-externalagent/1.1 (+https://developers.facebook.com/docs/sharing/webmasters/crawler)"
57.141.2.24 - - [06/Nov/2025:12:14:30 +0000] "GET /product=1849876.html HTTP/2" 404 206892 "-" "meta-externalagent/1.1 (+https://developers.facebook.com/docs/sharing/webmasters/crawler)"
57.141.2.68 - - [06/Nov/2025:12:14:31 +0000] "GET /product=2353082.html HTTP/2" 404 206892 "-" "meta-externalagent/1.1 (+https://developers.facebook.com/docs/sharing/webmasters/crawler)"
57.141.2.8 - - [06/Nov/2025:12:14:33 +0000] "GET /product=2228419.html HTTP/2" 404 206891 "-" "meta-externalagent/1.1 (+https://developers.facebook.com/docs/sharing/webmasters/crawler)"
204.197.172.10 - - [06/Nov/2025:12:14:58 +0000] "POST /wp-cron.php?doing_wp_cron=1762431298.4047360420227050781250 HTTP/1.1" 200 0 "-" "WordPress/6.8.3; https://deenzalifestyle.com"
57.141.2.83 - - [06/Nov/2025:12:14:58 +0000] "GET /product=3467088.html HTTP/2" 404 206892 "-" "meta-externalagent/1.1 (+https://developers.facebook.com/docs/sharing/webmasters/crawler)"
66.249.69.105 - - [06/Nov/2025:12:15:14 +0000] "POST /wp-json/wp-statistics/v2/hit HTTP/1.1" 200 35 "https://deenzalifestyle.com/?e=4729162491004" "Mozilla/5.0 (Linux; Android 6.0.1; Nexus 5X Build/MMB29P) AppleWebKit/537.36 (KHTML, like Gecko) Chrome/141.0.7390.122 Mobile Safari/537.36 (compatible; Googlebot/2.1; +http://www.google.com/bot.html)"
57.141.2.19 - - [06/Nov/2025:12:15:16 +0000] "GET /product=2262371.html HTTP/2" 404 206892 "-" "meta-externalagent/1.1 (+https://developers.facebook.com/docs/sharing/webmasters/crawler)"
66.249.69.104 - - [06/Nov/2025:12:15:22 +0000] "POST /wp-json/wp-statistics/v2/hit HTTP/1.1" 200 35 "https://deenzalifestyle.com/?e=1116442607501" "Mozilla/5.0 (Linux; Android 6.0.1; Nexus 5X Build/MMB29P) AppleWebKit/537.36 (KHTML, like Gecko) Chrome/141.0.7390.122 Mobile Safari/537.36 (compatible; Googlebot/2.1; +http://www.google.com/bot.html)"
57.141.2.57 - - [06/Nov/2025:12:15:38 +0000] "GET /product=3235630.html HTTP/2" 404 206892 "-" "meta-externalagent/1.1 (+https://developers.facebook.com/docs/sharing/webmasters/crawler)"
204.197.172.10 - - [06/Nov/2025:12:15:56 +0000] "POST /wp-cron.php?doing_wp_cron=1762431356.0915238857269287109375 HTTP/1.1" 200 0 "-" "WordPress/6.8.3; https://deenzalifestyle.com"
57.141.2.21 - - [06/Nov/2025:12:15:55 +0000] "GET /product=5342332.html HTTP/2" 404 206892 "-" "meta-externalagent/1.1 (+https://developers.facebook.com/docs/sharing/webmasters/crawler)"
66.249.69.106 - - [06/Nov/2025:12:16:03 +0000] "POST /wp-json/wp-statistics/v2/hit HTTP/1.1" 200 35 "https://deenzalifestyle.com/?e=2907817611103" "Mozilla/5.0 (Linux; Android 6.0.1; Nexus 5X Build/MMB29P) AppleWebKit/537.36 (KHTML, like Gecko) Chrome/141.0.7390.122 Mobile Safari/537.36 (compatible; Googlebot/2.1; +http://www.google.com/bot.html)"
66.249.69.104 - - [06/Nov/2025:12:16:16 +0000] "GET /wp-content/plugins/duracelltomi-google-tag-manager/dist/js/gtm4wp-contact-form-7-tracker.js?ver=1.22.1 HTTP/1.1" 200 312 "https://deenzalifestyle.com/?e=4892768172000" "Mozilla/5.0 (Linux; Android 6.0.1; Nexus 5X Build/MMB29P) AppleWebKit/537.36 (KHTML, like Gecko) Chrome/141.0.7390.122 Mobile Safari/537.36 (compatible; Googlebot/2.1; +http://www.google.com/bot.html)"
66.249.69.104 - - [06/Nov/2025:12:16:17 +0000] "POST /wp-json/wp-statistics/v2/hit HTTP/1.1" 200 35 "https://deenzalifestyle.com/?e=4892768172000" "Mozilla/5.0 (Linux; Android 6.0.1; Nexus 5X Build/MMB29P) AppleWebKit/537.36 (KHTML, like Gecko) Chrome/141.0.7390.122 Mobile Safari/537.36 (compatible; Googlebot/2.1; +http://www.google.com/bot.html)"
66.249.69.105 - - [06/Nov/2025:12:16:17 +0000] "POST /wp-json/wp-statistics/v2/hit HTTP/1.1" 200 35 "https://deenzalifestyle.com/?e=9889025300000" "Mozilla/5.0 (Linux; Android 6.0.1; Nexus 5X Build/MMB29P) AppleWebKit/537.36 (KHTML, like Gecko) Chrome/141.0.7390.122 Mobile Safari/537.36 (compatible; Googlebot/2.1; +http://www.google.com/bot.html)"
66.249.69.105 - - [06/Nov/2025:12:16:18 +0000] "POST /?wc-ajax=get_refreshed_fragments HTTP/1.1" 200 1318 "https://deenzalifestyle.com/?e=4892768172000" "Mozilla/5.0 (Linux; Android 6.0.1; Nexus 5X Build/MMB29P) AppleWebKit/537.36 (KHTML, like Gecko) Chrome/141.0.7390.122 Mobile Safari/537.36 (compatible; Googlebot/2.1; +http://www.google.com/bot.html)"
204.197.172.10 - - [06/Nov/2025:12:16:44 +0000] "POST /wp-cron.php?doing_wp_cron=1762431404.6759688854217529296875 HTTP/1.1" 200 0 "-" "WordPress/6.8.3; https://deenzalifestyle.com"
57.141.2.22 - - [06/Nov/2025:12:16:44 +0000] "GET /product=3463566.html HTTP/2" 404 206892 "-" "meta-externalagent/1.1 (+https://developers.facebook.com/docs/sharing/webmasters/crawler)"
66.249.69.104 - - [06/Nov/2025:12:16:46 +0000] "POST /wp-json/wp-statistics/v2/hit HTTP/1.1" 200 35 "https://deenzalifestyle.com/?e=2396292032200" "Mozilla/5.0 (Linux; Android 6.0.1; Nexus 5X Build/MMB29P) AppleWebKit/537.36 (KHTML, like Gecko) Chrome/141.0.7390.122 Mobile Safari/537.36 (compatible; Googlebot/2.1; +http://www.google.com/bot.html)"
204.197.172.10 - - [06/Nov/2025:12:16:59 +0000] "POST /wp-cron.php?doing_wp_cron=1762431419.7256400585174560546875 HTTP/1.1" 200 0 "-" "WordPress/6.8.3; https://deenzalifestyle.com"
57.141.2.69 - - [06/Nov/2025:12:16:59 +0000] "GET /product=2959045.html HTTP/2" 404 206892 "-" "meta-externalagent/1.1 (+https://developers.facebook.com/docs/sharing/webmasters/crawler)"
57.141.2.78 - - [06/Nov/2025:12:17:01 +0000] "GET /product=4045358.html HTTP/2" 404 206892 "-" "meta-externalagent/1.1 (+https://developers.facebook.com/docs/sharing/webmasters/crawler)"
66.249.69.105 - - [06/Nov/2025:12:17:15 +0000] "POST /wp-json/wp-statistics/v2/hit HTTP/1.1" 200 35 "https://deenzalifestyle.com/?e=3908483510700" "Mozilla/5.0 (Linux; Android 6.0.1; Nexus 5X Build/MMB29P) AppleWebKit/537.36 (KHTML, like Gecko) Chrome/141.0.7390.122 Mobile Safari/537.36 (compatible; Googlebot/2.1; +http://www.google.com/bot.html)"
204.197.172.10 - - [06/Nov/2025:12:17:47 +0000] "POST /wp-cron.php?doing_wp_cron=1762431467.3302819728851318359375 HTTP/1.1" 200 0 "-" "WordPress/6.8.3; https://deenzalifestyle.com"
57.141.2.57 - - [06/Nov/2025:12:17:47 +0000] "GET /product=2045832.html HTTP/2" 404 206892 "-" "meta-externalagent/1.1 (+https://developers.facebook.com/docs/sharing/webmasters/crawler)"
57.141.2.17 - - [06/Nov/2025:12:17:49 +0000] "GET /product=4764903.html HTTP/2" 404 206892 "-" "meta-externalagent/1.1 (+https://developers.facebook.com/docs/sharing/webmasters/crawler)"
57.141.2.19 - - [06/Nov/2025:12:17:52 +0000] "GET /product=5492590.html HTTP/2" 404 206892 "-" "meta-externalagent/1.1 (+https://developers.facebook.com/docs/sharing/webmasters/crawler)"
204.197.172.10 - - [06/Nov/2025:12:18:01 +0000] "POST /wp-cron.php?doing_wp_cron=1762431481.9662809371948242187500 HTTP/1.1" 200 0 "-" "WordPress/6.8.3; https://deenzalifestyle.com"
66.249.69.104 - - [06/Nov/2025:12:18:01 +0000] "POST /wp-json/wp-statistics/v2/hit HTTP/1.1" 200 35 "https://deenzalifestyle.com/?e=3705030677403" "Mozilla/5.0 (Linux; Android 6.0.1; Nexus 5X Build/MMB29P) AppleWebKit/537.36 (KHTML, like Gecko) Chrome/141.0.7390.122 Mobile Safari/537.36 (compatible; Googlebot/2.1; +http://www.google.com/bot.html)"
57.141.2.11 - - [06/Nov/2025:12:18:03 +0000] "GET /product=4094829.html HTTP/2" 404 206892 "-" "meta-externalagent/1.1 (+https://developers.facebook.com/docs/sharing/webmasters/crawler)"
57.141.2.33 - - [06/Nov/2025:12:18:17 +0000] "GET /product=2350799.html HTTP/2" 404 206892 "-" "meta-externalagent/1.1 (+https://developers.facebook.com/docs/sharing/webmasters/crawler)"
204.197.172.10 - - [06/Nov/2025:12:19:03 +0000] "POST /wp-cron.php?doing_wp_cron=1762431543.4088289737701416015625 HTTP/1.1" 200 0 "-" "WordPress/6.8.3; https://deenzalifestyle.com"
57.141.2.29 - - [06/Nov/2025:12:19:03 +0000] "GET /product=1901403.html HTTP/2" 404 206892 "-" "meta-externalagent/1.1 (+https://developers.facebook.com/docs/sharing/webmasters/crawler)"
57.141.2.49 - - [06/Nov/2025:12:19:10 +0000] "GET /product=2824438.html HTTP/2" 404 206892 "-" "meta-externalagent/1.1 (+https://developers.facebook.com/docs/sharing/webmasters/crawler)"
66.249.69.104 - - [06/Nov/2025:12:19:28 +0000] "POST /wp-json/wp-statistics/v2/hit HTTP/1.1" 200 35 "https://deenzalifestyle.com/?e=09098109075202" "Mozilla/5.0 (Linux; Android 6.0.1; Nexus 5X Build/MMB29P) AppleWebKit/537.36 (KHTML, like Gecko) Chrome/141.0.7390.122 Mobile Safari/537.36 (compatible; Googlebot/2.1; +http://www.google.com/bot.html)"
95.181.236.150 - - [06/Nov/2025:12:19:46 +0000] "GET / HTTP/1.1" 401 53 "-" "Mozilla/5.0 (X11; Linux x86_64) AppleWebKit/537.36 (KHTML, like Gecko) Chrome/137.0.0.0 Safari/537.36"
95.181.236.150 - - [06/Nov/2025:12:19:47 +0000] "GET /favicon.ico HTTP/1.1" 401 53 "-" "Mozilla/5.0 (X11; Linux x86_64) AppleWebKit/537.36 (KHTML, like Gecko) Chrome/136.0.0.0 Safari/537.36"
204.197.172.10 - - [06/Nov/2025:12:19:48 +0000] "POST /wp-cron.php?doing_wp_cron=1762431588.0790119171142578125000 HTTP/1.1" 200 0 "-" "WordPress/6.8.3; https://deenzalifestyle.com"
57.141.2.26 - - [06/Nov/2025:12:19:47 +0000] "GET /product=3565211.html HTTP/2" 404 206892 "-" "meta-externalagent/1.1 (+https://developers.facebook.com/docs/sharing/webmasters/crawler)"
204.197.172.10 - - [06/Nov/2025:12:20:02 +0000] "POST /wp-cron.php?doing_wp_cron=1762431602.1236319541931152343750 HTTP/1.1" 200 0 "-" "WordPress/6.8.3; https://deenzalifestyle.com"
57.141.2.12 - - [06/Nov/2025:12:20:01 +0000] "GET /product=5740489.html HTTP/2" 404 206892 "-" "meta-externalagent/1.1 (+https://developers.facebook.com/docs/sharing/webmasters/crawler)"
57.141.2.73 - - [06/Nov/2025:12:20:14 +0000] "GET /product=2433299.html HTTP/2" 404 206892 "-" "meta-externalagent/1.1 (+https://developers.facebook.com/docs/sharing/webmasters/crawler)"
66.249.69.105 - - [06/Nov/2025:12:20:14 +0000] "POST /wp-json/wp-statistics/v2/hit HTTP/1.1" 200 35 "https://deenzalifestyle.com/?e=01393105098500" "Mozilla/5.0 (Linux; Android 6.0.1; Nexus 5X Build/MMB29P) AppleWebKit/537.36 (KHTML, like Gecko) Chrome/141.0.7390.122 Mobile Safari/537.36 (compatible; Googlebot/2.1; +http://www.google.com/bot.html)"
57.141.2.83 - - [06/Nov/2025:12:20:33 +0000] "GET /product=5578930.html HTTP/2" 404 206892 "-" "meta-externalagent/1.1 (+https://developers.facebook.com/docs/sharing/webmasters/crawler)"
57.141.2.82 - - [06/Nov/2025:12:20:37 +0000] "GET /product=2947433.html HTTP/2" 404 206892 "-" "meta-externalagent/1.1 (+https://developers.facebook.com/docs/sharing/webmasters/crawler)"
204.197.172.10 - - [06/Nov/2025:12:20:42 +0000] "POST /wp-cron.php?doing_wp_cron=1762431642.8659429550170898437500 HTTP/1.1" 200 0 "-" "WordPress/6.8.3; https://deenzalifestyle.com"
57.141.2.29 - - [06/Nov/2025:12:20:42 +0000] "GET /product=5226007.html HTTP/2" 404 206892 "-" "meta-externalagent/1.1 (+https://developers.facebook.com/docs/sharing/webmasters/crawler)"
66.249.69.105 - - [06/Nov/2025:12:20:44 +0000] "POST /wp-json/wp-statistics/v2/hit HTTP/1.1" 200 35 "https://deenzalifestyle.com/?e=70409141456902" "Mozilla/5.0 (Linux; Android 6.0.1; Nexus 5X Build/MMB29P) AppleWebKit/537.36 (KHTML, like Gecko) Chrome/141.0.7390.122 Mobile Safari/537.36 (compatible; Googlebot/2.1; +http://www.google.com/bot.html)"
66.249.69.105 - - [06/Nov/2025:12:20:44 +0000] "POST /?wc-ajax=get_refreshed_fragments HTTP/1.1" 200 1318 "https://deenzalifestyle.com/?e=70409141456902" "Mozilla/5.0 (Linux; Android 6.0.1; Nexus 5X Build/MMB29P) AppleWebKit/537.36 (KHTML, like Gecko) Chrome/141.0.7390.122 Mobile Safari/537.36 (compatible; Googlebot/2.1; +http://www.google.com/bot.html)"
57.141.2.12 - - [06/Nov/2025:12:20:48 +0000] "GET /product=5179501.html HTTP/2" 404 206892 "-" "meta-externalagent/1.1 (+https://developers.facebook.com/docs/sharing/webmasters/crawler)"
66.249.69.104 - - [06/Nov/2025:12:20:53 +0000] "POST /wp-json/wp-statistics/v2/hit HTTP/1.1" 200 35 "https://deenzalifestyle.com/?e=586391704300" "Mozilla/5.0 (Linux; Android 6.0.1; Nexus 5X Build/MMB29P) AppleWebKit/537.36 (KHTML, like Gecko) Chrome/141.0.7390.122 Mobile Safari/537.36 (compatible; Googlebot/2.1; +http://www.google.com/bot.html)"
204.197.172.10 - - [06/Nov/2025:12:20:55 +0000] "POST /wp-cron.php?doing_wp_cron=1762431655.1769618988037109375000 HTTP/1.1" 200 0 "-" "WordPress/6.8.3; https://deenzalifestyle.com"
66.249.69.104 - - [06/Nov/2025:12:20:55 +0000] "GET /wp-content/uploads/elementor/google-fonts/css/roboto.css?ver=1751087316 HTTP/1.1" 200 1873 "https://deenzalifestyle.com/?e=9673429900001" "Mozilla/5.0 (Linux; Android 6.0.1; Nexus 5X Build/MMB29P) AppleWebKit/537.36 (KHTML, like Gecko) Chrome/141.0.7390.122 Mobile Safari/537.36 (compatible; Googlebot/2.1; +http://www.google.com/bot.html)"
66.249.69.104 - - [06/Nov/2025:12:20:55 +0000] "POST /wp-json/wp-statistics/v2/hit HTTP/1.1" 200 35 "https://deenzalifestyle.com/?e=28087267999104" "Mozilla/5.0 (Linux; Android 6.0.1; Nexus 5X Build/MMB29P) AppleWebKit/537.36 (KHTML, like Gecko) Chrome/141.0.7390.122 Mobile Safari/537.36 (compatible; Googlebot/2.1; +http://www.google.com/bot.html)"
66.249.69.104 - - [06/Nov/2025:12:20:55 +0000] "GET /wp-content/plugins/elementor-pro/assets/js/woocommerce-menu-cart.eb61fe086245485310a4.bundle.min.js HTTP/1.1" 200 1464 "https://deenzalifestyle.com/?e=586391704300" "Mozilla/5.0 (Linux; Android 6.0.1; Nexus 5X Build/MMB29P) AppleWebKit/537.36 (KHTML, like Gecko) Chrome/141.0.7390.122 Mobile Safari/537.36 (compatible; Googlebot/2.1; +http://www.google.com/bot.html)"
66.249.69.104 - - [06/Nov/2025:12:20:56 +0000] "POST /wp-json/wp-statistics/v2/hit HTTP/1.1" 200 35 "https://deenzalifestyle.com/?e=9673429900001" "Mozilla/5.0 (Linux; Android 6.0.1; Nexus 5X Build/MMB29P) AppleWebKit/537.36 (KHTML, like Gecko) Chrome/141.0.7390.122 Mobile Safari/537.36 (compatible; Googlebot/2.1; +http://www.google.com/bot.html)"
66.249.69.104 - - [06/Nov/2025:12:20:57 +0000] "POST /?wc-ajax=get_refreshed_fragments HTTP/1.1" 200 1318 "https://deenzalifestyle.com/?e=9673429900001" "Mozilla/5.0 (Linux; Android 6.0.1; Nexus 5X Build/MMB29P) AppleWebKit/537.36 (KHTML, like Gecko) Chrome/141.0.7390.122 Mobile Safari/537.36 (compatible; Googlebot/2.1; +http://www.google.com/bot.html)"
66.249.69.106 - - [06/Nov/2025:12:21:09 +0000] "GET /wp-content/plugins/elementor/assets/js/frontend-modules.min.js?ver=3.32.5 HTTP/1.1" 200 17961 "https://deenzalifestyle.com/?e=9271222264007" "Mozilla/5.0 (Linux; Android 6.0.1; Nexus 5X Build/MMB29P) AppleWebKit/537.36 (KHTML, like Gecko) Chrome/141.0.7390.122 Mobile Safari/537.36 (compatible; Googlebot/2.1; +http://www.google.com/bot.html)"
57.141.2.80 - - [06/Nov/2025:12:21:10 +0000] "GET /product=3487681.html HTTP/2" 404 206892 "-" "meta-externalagent/1.1 (+https://developers.facebook.com/docs/sharing/webmasters/crawler)"
66.249.69.105 - - [06/Nov/2025:12:21:10 +0000] "POST /wp-json/wp-statistics/v2/hit HTTP/1.1" 200 35 "https://deenzalifestyle.com/?e=9271222264007" "Mozilla/5.0 (Linux; Android 6.0.1; Nexus 5X Build/MMB29P) AppleWebKit/537.36 (KHTML, like Gecko) Chrome/141.0.7390.122 Mobile Safari/537.36 (compatible; Googlebot/2.1; +http://www.google.com/bot.html)"
57.141.2.3 - - [06/Nov/2025:12:21:14 +0000] "GET /product=2778306.html HTTP/2" 404 206891 "-" "meta-externalagent/1.1 (+https://developers.facebook.com/docs/sharing/webmasters/crawler)"
57.141.2.58 - - [06/Nov/2025:12:21:38 +0000] "GET /product=2320100.html HTTP/2" 404 206892 "-" "meta-externalagent/1.1 (+https://developers.facebook.com/docs/sharing/webmasters/crawler)"
204.197.172.10 - - [06/Nov/2025:12:21:41 +0000] "POST /wp-cron.php?doing_wp_cron=1762431701.2271480560302734375000 HTTP/1.1" 200 0 "-" "WordPress/6.8.3; https://deenzalifestyle.com"
57.141.2.12 - - [06/Nov/2025:12:21:41 +0000] "GET /product=4105631.html HTTP/2" 404 206892 "-" "meta-externalagent/1.1 (+https://developers.facebook.com/docs/sharing/webmasters/crawler)"
66.249.69.104 - - [06/Nov/2025:12:21:53 +0000] "GET /wp-content/uploads/elementor/google-fonts/css/roboto.css?ver=1751087316 HTTP/1.1" 200 1873 "https://deenzalifestyle.com/?e=2279148212004" "Mozilla/5.0 (Linux; Android 6.0.1; Nexus 5X Build/MMB29P) AppleWebKit/537.36 (KHTML, like Gecko) Chrome/141.0.7390.122 Mobile Safari/537.36 (compatible; Googlebot/2.1; +http://www.google.com/bot.html)"
204.197.172.10 - - [06/Nov/2025:12:21:55 +0000] "POST /wp-cron.php?doing_wp_cron=1762431715.0002450942993164062500 HTTP/1.1" 200 0 "-" "WordPress/6.8.3; https://deenzalifestyle.com"
66.249.69.105 - - [06/Nov/2025:12:21:54 +0000] "POST /wp-json/wp-statistics/v2/hit HTTP/1.1" 200 35 "https://deenzalifestyle.com/?e=2279148212004" "Mozilla/5.0 (Linux; Android 6.0.1; Nexus 5X Build/MMB29P) AppleWebKit/537.36 (KHTML, like Gecko) Chrome/141.0.7390.122 Mobile Safari/537.36 (compatible; Googlebot/2.1; +http://www.google.com/bot.html)"
66.249.69.104 - - [06/Nov/2025:12:21:56 +0000] "GET /wp-content/plugins/elementor-pro/assets/js/woocommerce-menu-cart.eb61fe086245485310a4.bundle.min.js HTTP/1.1" 200 1464 "https://deenzalifestyle.com/?e=2279148212004" "Mozilla/5.0 (Linux; Android 6.0.1; Nexus 5X Build/MMB29P) AppleWebKit/537.36 (KHTML, like Gecko) Chrome/141.0.7390.122 Mobile Safari/537.36 (compatible; Googlebot/2.1; +http://www.google.com/bot.html)"
57.141.2.78 - - [06/Nov/2025:12:22:13 +0000] "GET /product=4653581.html HTTP/2" 404 206892 "-" "meta-externalagent/1.1 (+https://developers.facebook.com/docs/sharing/webmasters/crawler)"
57.141.2.17 - - [06/Nov/2025:12:22:15 +0000] "GET /product=5017134.html HTTP/2" 404 206892 "-" "meta-externalagent/1.1 (+https://developers.facebook.com/docs/sharing/webmasters/crawler)"
57.141.2.26 - - [06/Nov/2025:12:22:28 +0000] "GET /product=1848765.html HTTP/2" 404 206892 "-" "meta-externalagent/1.1 (+https://developers.facebook.com/docs/sharing/webmasters/crawler)"
66.249.69.105 - - [06/Nov/2025:12:22:36 +0000] "GET /wp-content/plugins/wp-bottom-menu/assets/css/style.css?ver=2.2.4 HTTP/1.1" 200 939 "https://deenzalifestyle.com/?e=7144544808800" "Mozilla/5.0 (Linux; Android 6.0.1; Nexus 5X Build/MMB29P) AppleWebKit/537.36 (KHTML, like Gecko) Chrome/141.0.7390.122 Mobile Safari/537.36 (compatible; Googlebot/2.1; +http://www.google.com/bot.html)"
66.249.69.106 - - [06/Nov/2025:12:22:39 +0000] "POST /wp-json/wp-statistics/v2/hit HTTP/1.1" 200 35 "https://deenzalifestyle.com/?e=7144544808800" "Mozilla/5.0 (Linux; Android 6.0.1; Nexus 5X Build/MMB29P) AppleWebKit/537.36 (KHTML, like Gecko) Chrome/141.0.7390.122 Mobile Safari/537.36 (compatible; Googlebot/2.1; +http://www.google.com/bot.html)"
66.249.69.104 - - [06/Nov/2025:12:22:41 +0000] "GET /wp-content/plugins/elementor-pro/assets/js/woocommerce-menu-cart.eb61fe086245485310a4.bundle.min.js HTTP/1.1" 200 1464 "https://deenzalifestyle.com/?e=7144544808800" "Mozilla/5.0 (Linux; Android 6.0.1; Nexus 5X Build/MMB29P) AppleWebKit/537.36 (KHTML, like Gecko) Chrome/141.0.7390.122 Mobile Safari/537.36 (compatible; Googlebot/2.1; +http://www.google.com/bot.html)"
204.197.172.10 - - [06/Nov/2025:12:23:06 +0000] "POST /wp-cron.php?doing_wp_cron=1762431786.2206308841705322265625 HTTP/1.1" 200 0 "-" "WordPress/6.8.3; https://deenzalifestyle.com"
57.141.2.64 - - [06/Nov/2025:12:23:06 +0000] "GET /product=2492829.html HTTP/2" 404 206892 "-" "meta-externalagent/1.1 (+https://developers.facebook.com/docs/sharing/webmasters/crawler)"
57.141.2.19 - - [06/Nov/2025:12:23:28 +0000] "GET /product=3620934.html HTTP/2" 404 206892 "-" "meta-externalagent/1.1 (+https://developers.facebook.com/docs/sharing/webmasters/crawler)"
57.141.2.2 - - [06/Nov/2025:12:23:31 +0000] "GET /product=3432018.html HTTP/2" 404 206891 "-" "meta-externalagent/1.1 (+https://developers.facebook.com/docs/sharing/webmasters/crawler)"
57.141.2.33 - - [06/Nov/2025:12:23:35 +0000] "GET /product=4822461.html HTTP/2" 404 206892 "-" "meta-externalagent/1.1 (+https://developers.facebook.com/docs/sharing/webmasters/crawler)"
204.197.172.10 - - [06/Nov/2025:12:23:48 +0000] "POST /wp-cron.php?doing_wp_cron=1762431828.0136399269104003906250 HTTP/1.1" 200 0 "-" "WordPress/6.8.3; https://deenzalifestyle.com"
66.249.69.104 - - [06/Nov/2025:12:23:47 +0000] "POST /wp-json/wp-statistics/v2/hit HTTP/1.1" 200 35 "https://deenzalifestyle.com/?e=89128143729305" "Mozilla/5.0 (Linux; Android 6.0.1; Nexus 5X Build/MMB29P) AppleWebKit/537.36 (KHTML, like Gecko) Chrome/141.0.7390.122 Mobile Safari/537.36 (compatible; Googlebot/2.1; +http://www.google.com/bot.html)"
204.197.172.10 - - [06/Nov/2025:12:23:54 +0000] "POST /wp-cron.php?doing_wp_cron=1762431834.3230280876159667968750 HTTP/1.1" 200 0 "-" "WordPress/6.8.3; https://deenzalifestyle.com"
57.141.2.36 - - [06/Nov/2025:12:23:54 +0000] "GET /product=3016355.html HTTP/2" 404 206892 "-" "meta-externalagent/1.1 (+https://developers.facebook.com/docs/sharing/webmasters/crawler)"
57.141.2.4 - - [06/Nov/2025:12:24:21 +0000] "GET /product=2973530.html HTTP/2" 404 206891 "-" "meta-externalagent/1.1 (+https://developers.facebook.com/docs/sharing/webmasters/crawler)"
204.197.172.10 - - [06/Nov/2025:12:24:47 +0000] "POST /wp-cron.php?doing_wp_cron=1762431887.3827021121978759765625 HTTP/1.1" 200 0 "-" "WordPress/6.8.3; https://deenzalifestyle.com"
66.249.69.105 - - [06/Nov/2025:12:24:47 +0000] "POST /wp-json/wp-statistics/v2/hit HTTP/1.1" 200 35 "https://deenzalifestyle.com/?e=9237810225800" "Mozilla/5.0 (Linux; Android 6.0.1; Nexus 5X Build/MMB29P) AppleWebKit/537.36 (KHTML, like Gecko) Chrome/141.0.7390.122 Mobile Safari/537.36 (compatible; Googlebot/2.1; +http://www.google.com/bot.html)"
204.197.172.10 - - [06/Nov/2025:12:24:58 +0000] "POST /wp-cron.php?doing_wp_cron=1762431898.0149750709533691406250 HTTP/1.1" 200 0 "-" "WordPress/6.8.3; https://deenzalifestyle.com"
57.141.2.62 - - [06/Nov/2025:12:24:57 +0000] "GET /product=2363543.html HTTP/2" 404 206892 "-" "meta-externalagent/1.1 (+https://developers.facebook.com/docs/sharing/webmasters/crawler)"
66.249.69.104 - - [06/Nov/2025:12:25:05 +0000] "POST /wp-json/wp-statistics/v2/hit HTTP/1.1" 200 35 "https://deenzalifestyle.com/?e=0104969876300" "Mozilla/5.0 (Linux; Android 6.0.1; Nexus 5X Build/MMB29P) AppleWebKit/537.36 (KHTML, like Gecko) Chrome/141.0.7390.122 Mobile Safari/537.36 (compatible; Googlebot/2.1; +http://www.google.com/bot.html)"
57.141.2.1 - - [06/Nov/2025:12:25:17 +0000] "GET /product=3694727.html HTTP/2" 404 206891 "-" "meta-externalagent/1.1 (+https://developers.facebook.com/docs/sharing/webmasters/crawler)"
57.141.2.75 - - [06/Nov/2025:12:25:19 +0000] "GET /product=2490941.html HTTP/2" 404 206892 "-" "meta-externalagent/1.1 (+https://developers.facebook.com/docs/sharing/webmasters/crawler)"
66.249.69.104 - - [06/Nov/2025:12:25:25 +0000] "POST /wp-json/wp-statistics/v2/hit HTTP/1.1" 200 35 "https://deenzalifestyle.com/?e=7199146016103" "Mozilla/5.0 (Linux; Android 6.0.1; Nexus 5X Build/MMB29P) AppleWebKit/537.36 (KHTML, like Gecko) Chrome/141.0.7390.122 Mobile Safari/537.36 (compatible; Googlebot/2.1; +http://www.google.com/bot.html)"
66.249.69.104 - - [06/Nov/2025:12:25:31 +0000] "POST /wp-json/wp-statistics/v2/hit HTTP/1.1" 200 35 "https://deenzalifestyle.com/?e=8388117043000" "Mozilla/5.0 (Linux; Android 6.0.1; Nexus 5X Build/MMB29P) AppleWebKit/537.36 (KHTML, like Gecko) Chrome/141.0.7390.122 Mobile Safari/537.36 (compatible; Googlebot/2.1; +http://www.google.com/bot.html)"
204.197.172.10 - - [06/Nov/2025:12:25:47 +0000] "POST /wp-cron.php?doing_wp_cron=1762431946.9996950626373291015625 HTTP/1.1" 200 0 "-" "WordPress/6.8.3; https://deenzalifestyle.com"
57.141.2.25 - - [06/Nov/2025:12:25:46 +0000] "GET /product=4800136.html HTTP/2" 404 206892 "-" "meta-externalagent/1.1 (+https://developers.facebook.com/docs/sharing/webmasters/crawler)"
204.197.172.10 - - [06/Nov/2025:12:25:54 +0000] "POST /wp-cron.php?doing_wp_cron=1762431954.5295910835266113281250 HTTP/1.1" 200 0 "-" "WordPress/6.8.3; https://deenzalifestyle.com"
66.249.69.104 - - [06/Nov/2025:12:25:54 +0000] "POST /wp-json/wp-statistics/v2/hit HTTP/1.1" 200 35 "https://deenzalifestyle.com/?e=2121082942604" "Mozilla/5.0 (Linux; Android 6.0.1; Nexus 5X Build/MMB29P) AppleWebKit/537.36 (KHTML, like Gecko) Chrome/141.0.7390.122 Mobile Safari/537.36 (compatible; Googlebot/2.1; +http://www.google.com/bot.html)"
66.249.69.104 - - [06/Nov/2025:12:25:55 +0000] "POST /wp-json/wp-statistics/v2/hit HTTP/1.1" 200 35 "https://deenzalifestyle.com/?e=9237810225800" "Mozilla/5.0 (Linux; Android 6.0.1; Nexus 5X Build/MMB29P) AppleWebKit/537.36 (KHTML, like Gecko) Chrome/141.0.7390.122 Mobile Safari/537.36 (compatible; Googlebot/2.1; +http://www.google.com/bot.html)"
57.141.2.78 - - [06/Nov/2025:12:26:04 +0000] "GET /product=3319610.html HTTP/2" 404 206892 "-" "meta-externalagent/1.1 (+https://developers.facebook.com/docs/sharing/webmasters/crawler)"
66.249.69.106 - - [06/Nov/2025:12:26:13 +0000] "GET /wp-content/uploads/elementor/css/post-6.css?ver=1759968000 HTTP/1.1" 200 380 "https://deenzalifestyle.com/?e=733224554000" "Mozilla/5.0 (Linux; Android 6.0.1; Nexus 5X Build/MMB29P) AppleWebKit/537.36 (KHTML, like Gecko) Chrome/141.0.7390.122 Mobile Safari/537.36 (compatible; Googlebot/2.1; +http://www.google.com/bot.html)"
66.249.69.105 - - [06/Nov/2025:12:26:15 +0000] "GET /wp-content/plugins/woo-conditional-product-fees-for-checkout/public/css/woocommerce-conditional-product-fees-for-checkout-public.css?ver=4.3.2 HTTP/1.1" 200 2066 "https://deenzalifestyle.com/?e=733224554000" "Mozilla/5.0 (Linux; Android 6.0.1; Nexus 5X Build/MMB29P) AppleWebKit/537.36 (KHTML, like Gecko) Chrome/141.0.7390.122 Mobile Safari/537.36 (compatible; Googlebot/2.1; +http://www.google.com/bot.html)"
66.249.69.104 - - [06/Nov/2025:12:26:19 +0000] "POST /?wc-ajax=get_refreshed_fragments HTTP/1.1" 200 1318 "https://deenzalifestyle.com/?e=733224554000" "Mozilla/5.0 (Linux; Android 6.0.1; Nexus 5X Build/MMB29P) AppleWebKit/537.36 (KHTML, like Gecko) Chrome/141.0.7390.122 Mobile Safari/537.36 (compatible; Googlebot/2.1; +http://www.google.com/bot.html)"
66.249.69.104 - - [06/Nov/2025:12:26:31 +0000] "GET /wp-content/plugins/woo-conditional-product-fees-for-checkout/public/css/woocommerce-conditional-product-fees-for-checkout-public.css?ver=4.3.2 HTTP/1.1" 200 2066 "https://deenzalifestyle.com/?e=9438299417500" "Mozilla/5.0 (Linux; Android 6.0.1; Nexus 5X Build/MMB29P) AppleWebKit/537.36 (KHTML, like Gecko) Chrome/141.0.7390.122 Mobile Safari/537.36 (compatible; Googlebot/2.1; +http://www.google.com/bot.html)"
66.249.69.104 - - [06/Nov/2025:12:26:34 +0000] "POST /wp-json/wp-statistics/v2/hit HTTP/1.1" 200 35 "https://deenzalifestyle.com/?e=9438299417500" "Mozilla/5.0 (Linux; Android 6.0.1; Nexus 5X Build/MMB29P) AppleWebKit/537.36 (KHTML, like Gecko) Chrome/141.0.7390.122 Mobile Safari/537.36 (compatible; Googlebot/2.1; +http://www.google.com/bot.html)"
66.249.69.104 - - [06/Nov/2025:12:26:36 +0000] "POST /wp-json/wp-statistics/v2/hit HTTP/1.1" 200 35 "https://deenzalifestyle.com/?e=9673429900001" "Mozilla/5.0 (Linux; Android 6.0.1; Nexus 5X Build/MMB29P) AppleWebKit/537.36 (KHTML, like Gecko) Chrome/141.0.7390.122 Mobile Safari/537.36 (compatible; Googlebot/2.1; +http://www.google.com/bot.html)"
204.197.172.10 - - [06/Nov/2025:12:26:46 +0000] "POST /wp-cron.php?doing_wp_cron=1762432006.8893599510192871093750 HTTP/1.1" 200 0 "-" "WordPress/6.8.3; https://deenzalifestyle.com"
66.249.69.104 - - [06/Nov/2025:12:26:46 +0000] "GET /product=5521693.html HTTP/1.1" 404 37440 "-" "Mozilla/5.0 (Linux; Android 6.0.1; Nexus 5X Build/MMB29P) AppleWebKit/537.36 (KHTML, like Gecko) Chrome/141.0.7390.122 Mobile Safari/537.36 (compatible; Googlebot/2.1; +http://www.google.com/bot.html)"
204.197.172.10 - - [06/Nov/2025:12:26:58 +0000] "POST /wp-cron.php?doing_wp_cron=1762432018.6623809337615966796875 HTTP/1.1" 200 0 "-" "WordPress/6.8.3; https://deenzalifestyle.com"
57.141.2.18 - - [06/Nov/2025:12:26:58 +0000] "GET /product=2743243.html HTTP/2" 404 206892 "-" "meta-externalagent/1.1 (+https://developers.facebook.com/docs/sharing/webmasters/crawler)"
57.141.2.28 - - [06/Nov/2025:12:27:00 +0000] "GET /product=2195237.html HTTP/2" 404 206892 "-" "meta-externalagent/1.1 (+https://developers.facebook.com/docs/sharing/webmasters/crawler)"
57.141.2.11 - - [06/Nov/2025:12:27:03 +0000] "GET /product=1852196.html HTTP/2" 404 206892 "-" "meta-externalagent/1.1 (+https://developers.facebook.com/docs/sharing/webmasters/crawler)"
66.249.69.104 - - [06/Nov/2025:12:27:24 +0000] "POST /wp-json/wp-statistics/v2/hit HTTP/1.1" 200 35 "https://deenzalifestyle.com/?e=2723126132603" "Mozilla/5.0 (Linux; Android 6.0.1; Nexus 5X Build/MMB29P) AppleWebKit/537.36 (KHTML, like Gecko) Chrome/141.0.7390.122 Mobile Safari/537.36 (compatible; Googlebot/2.1; +http://www.google.com/bot.html)"
66.249.69.105 - - [06/Nov/2025:12:27:25 +0000] "POST /wp-json/wp-statistics/v2/hit HTTP/1.1" 200 35 "https://deenzalifestyle.com/?e=86414232947103" "Mozilla/5.0 (Linux; Android 6.0.1; Nexus 5X Build/MMB29P) AppleWebKit/537.36 (KHTML, like Gecko) Chrome/141.0.7390.122 Mobile Safari/537.36 (compatible; Googlebot/2.1; +http://www.google.com/bot.html)"
66.249.69.105 - - [06/Nov/2025:12:27:32 +0000] "POST /wp-json/wp-statistics/v2/hit HTTP/1.1" 200 35 "https://deenzalifestyle.com/?e=5998495450011" "Mozilla/5.0 (Linux; Android 6.0.1; Nexus 5X Build/MMB29P) AppleWebKit/537.36 (KHTML, like Gecko) Chrome/141.0.7390.122 Mobile Safari/537.36 (compatible; Googlebot/2.1; +http://www.google.com/bot.html)"
57.141.2.12 - - [06/Nov/2025:12:27:37 +0000] "GET /product=2534607.html HTTP/2" 404 206892 "-" "meta-externalagent/1.1 (+https://developers.facebook.com/docs/sharing/webmasters/crawler)"
204.197.172.10 - - [06/Nov/2025:12:27:45 +0000] "POST /wp-cron.php?doing_wp_cron=1762432065.1091461181640625000000 HTTP/1.1" 200 0 "-" "WordPress/6.8.3; https://deenzalifestyle.com"
204.197.172.10 - - [06/Nov/2025:12:28:50 +0000] "POST /wp-cron.php?doing_wp_cron=1762432130.2792611122131347656250 HTTP/1.1" 200 0 "-" "WordPress/6.8.3; https://deenzalifestyle.com"
66.249.69.104 - - [06/Nov/2025:12:28:50 +0000] "POST /?wc-ajax=get_refreshed_fragments HTTP/1.1" 200 1318 "https://deenzalifestyle.com/?e=6896113662000" "Mozilla/5.0 (Linux; Android 6.0.1; Nexus 5X Build/MMB29P) AppleWebKit/537.36 (KHTML, like Gecko) Chrome/141.0.7390.122 Mobile Safari/537.36 (compatible; Googlebot/2.1; +http://www.google.com/bot.html)"
66.249.69.104 - - [06/Nov/2025:12:28:51 +0000] "POST /wp-json/wp-statistics/v2/hit HTTP/1.1" 200 35 "https://deenzalifestyle.com/?e=6896113662000" "Mozilla/5.0 (Linux; Android 6.0.1; Nexus 5X Build/MMB29P) AppleWebKit/537.36 (KHTML, like Gecko) Chrome/141.0.7390.122 Mobile Safari/537.36 (compatible; Googlebot/2.1; +http://www.google.com/bot.html)"
204.197.172.10 - - [06/Nov/2025:12:28:57 +0000] "POST /wp-cron.php?doing_wp_cron=1762432137.2972469329833984375000 HTTP/1.1" 200 0 "-" "WordPress/6.8.3; https://deenzalifestyle.com"
66.249.69.104 - - [06/Nov/2025:12:28:57 +0000] "POST /wp-json/wp-statistics/v2/hit HTTP/1.1" 200 35 "https://deenzalifestyle.com/?e=6858835650001" "Mozilla/5.0 (Linux; Android 6.0.1; Nexus 5X Build/MMB29P) AppleWebKit/537.36 (KHTML, like Gecko) Chrome/141.0.7390.122 Mobile Safari/537.36 (compatible; Googlebot/2.1; +http://www.google.com/bot.html)"
34.31.114.112 - - [06/Nov/2025:12:29:30 +0000] "GET /media/system/js/core.js HTTP/2" 404 44068 "http://deenzalifestyle.com/media/system/js/core.js" "Mozilla/5.0 (Macintosh; Intel Mac OS X 10_10_1) AppleWebKit/537.36 (KHTML, like Gecko) Chrome/39.0.2171.95 Safari/537.36"
66.249.69.106 - - [06/Nov/2025:12:29:38 +0000] "POST /?wc-ajax=get_refreshed_fragments HTTP/1.1" 200 1318 "https://deenzalifestyle.com/?e=3821236432001" "Mozilla/5.0 (Linux; Android 6.0.1; Nexus 5X Build/MMB29P) AppleWebKit/537.36 (KHTML, like Gecko) Chrome/141.0.7390.122 Mobile Safari/537.36 (compatible; Googlebot/2.1; +http://www.google.com/bot.html)"
204.197.172.10 - - [06/Nov/2025:12:29:48 +0000] "POST /wp-cron.php?doing_wp_cron=1762432188.3944420814514160156250 HTTP/1.1" 200 0 "-" "WordPress/6.8.3; https://deenzalifestyle.com"
57.141.2.13 - - [06/Nov/2025:12:29:48 +0000] "GET /product=3926178.html HTTP/2" 404 206892 "-" "meta-externalagent/1.1 (+https://developers.facebook.com/docs/sharing/webmasters/crawler)"
204.197.172.10 - - [06/Nov/2025:12:29:51 +0000] "POST /wp-cron.php?doing_wp_cron=1762432191.9620869159698486328125 HTTP/1.1" 200 0 "-" "WordPress/6.8.3; https://deenzalifestyle.com"
57.141.2.78 - - [06/Nov/2025:12:29:51 +0000] "GET /product=5357688.html HTTP/2" 404 206892 "-" "meta-externalagent/1.1 (+https://developers.facebook.com/docs/sharing/webmasters/crawler)"
204.197.172.10 - - [06/Nov/2025:12:30:04 +0000] "POST /wp-cron.php?doing_wp_cron=1762432204.0900509357452392578125 HTTP/1.1" 200 0 "-" "WordPress/6.8.3; https://deenzalifestyle.com"
66.249.69.104 - - [06/Nov/2025:12:30:03 +0000] "POST /wp-json/wp-statistics/v2/hit HTTP/1.1" 200 35 "https://deenzalifestyle.com/?e=758414048000" "Mozilla/5.0 (Linux; Android 6.0.1; Nexus 5X Build/MMB29P) AppleWebKit/537.36 (KHTML, like Gecko) Chrome/141.0.7390.122 Mobile Safari/537.36 (compatible; Googlebot/2.1; +http://www.google.com/bot.html)"
66.249.69.106 - - [06/Nov/2025:12:30:07 +0000] "POST /?wc-ajax=get_refreshed_fragments HTTP/1.1" 200 1318 "https://deenzalifestyle.com/?e=758414048000" "Mozilla/5.0 (Linux; Android 6.0.1; Nexus 5X Build/MMB29P) AppleWebKit/537.36 (KHTML, like Gecko) Chrome/141.0.7390.122 Mobile Safari/537.36 (compatible; Googlebot/2.1; +http://www.google.com/bot.html)"
57.141.2.69 - - [06/Nov/2025:12:30:25 +0000] "GET /product=3500325.html HTTP/2" 404 206892 "-" "meta-externalagent/1.1 (+https://developers.facebook.com/docs/sharing/webmasters/crawler)"
66.249.69.104 - - [06/Nov/2025:12:30:26 +0000] "GET /408883785.shtml HTTP/1.1" 404 37389 "-" "Mozilla/5.0 (compatible; Googlebot/2.1; +http://www.google.com/bot.html)"
66.249.69.104 - - [06/Nov/2025:12:27:44 +0000] "POST /wp-json/wp-statistics/v2/hit HTTP/1.1" 200 35 "https://deenzalifestyle.com/?e=92177119869100" "Mozilla/5.0 (Linux; Android 6.0.1; Nexus 5X Build/MMB29P) AppleWebKit/537.36 (KHTML, like Gecko) Chrome/141.0.7390.122 Mobile Safari/537.36 (compatible; Googlebot/2.1; +http://www.google.com/bot.html)"
66.249.69.104 - - [06/Nov/2025:12:27:46 +0000] "POST /?wc-ajax=get_refreshed_fragments HTTP/1.1" 200 1318 "https://deenzalifestyle.com/?e=92177119869100" "Mozilla/5.0 (Linux; Android 6.0.1; Nexus 5X Build/MMB29P) AppleWebKit/537.36 (KHTML, like Gecko) Chrome/141.0.7390.122 Mobile Safari/537.36 (compatible; Googlebot/2.1; +http://www.google.com/bot.html)"
57.141.2.78 - - [06/Nov/2025:12:27:49 +0000] "GET /product=5432959.html HTTP/2" 404 206892 "-" "meta-externalagent/1.1 (+https://developers.facebook.com/docs/sharing/webmasters/crawler)"
204.197.172.10 - - [06/Nov/2025:12:27:56 +0000] "POST /wp-cron.php?doing_wp_cron=1762432076.1898410320281982421875 HTTP/1.1" 200 0 "-" "WordPress/6.8.3; https://deenzalifestyle.com"
66.249.69.104 - - [06/Nov/2025:12:27:56 +0000] "POST /wp-json/wp-statistics/v2/hit HTTP/1.1" 200 35 "https://deenzalifestyle.com/?e=8195936938000" "Mozilla/5.0 (Linux; Android 6.0.1; Nexus 5X Build/MMB29P) AppleWebKit/537.36 (KHTML, like Gecko) Chrome/141.0.7390.122 Mobile Safari/537.36 (compatible; Googlebot/2.1; +http://www.google.com/bot.html)"
66.249.69.104 - - [06/Nov/2025:12:27:57 +0000] "POST /?wc-ajax=get_refreshed_fragments HTTP/1.1" 200 1318 "https://deenzalifestyle.com/?e=8195936938000" "Mozilla/5.0 (Linux; Android 6.0.1; Nexus 5X Build/MMB29P) AppleWebKit/537.36 (KHTML, like Gecko) Chrome/141.0.7390.122 Mobile Safari/537.36 (compatible; Googlebot/2.1; +http://www.google.com/bot.html)"
57.141.2.35 - - [06/Nov/2025:12:28:01 +0000] "GET /product=3087254.html HTTP/2" 404 206892 "-" "meta-externalagent/1.1 (+https://developers.facebook.com/docs/sharing/webmasters/crawler)"
66.249.69.104 - - [06/Nov/2025:12:28:03 +0000] "POST /wp-json/wp-statistics/v2/hit HTTP/1.1" 200 35 "https://deenzalifestyle.com/?e=2652920451600" "Mozilla/5.0 (Linux; Android 6.0.1; Nexus 5X Build/MMB29P) AppleWebKit/537.36 (KHTML, like Gecko) Chrome/141.0.7390.122 Mobile Safari/537.36 (compatible; Googlebot/2.1; +http://www.google.com/bot.html)"
66.249.69.104 - - [06/Nov/2025:12:28:07 +0000] "POST /wp-json/wp-statistics/v2/hit HTTP/1.1" 200 35 "https://deenzalifestyle.com/?e=0170521019705" "Mozilla/5.0 (Linux; Android 6.0.1; Nexus 5X Build/MMB29P) AppleWebKit/537.36 (KHTML, like Gecko) Chrome/141.0.7390.122 Mobile Safari/537.36 (compatible; Googlebot/2.1; +http://www.google.com/bot.html)"
66.249.69.105 - - [06/Nov/2025:12:28:10 +0000] "POST /wp-json/wp-statistics/v2/hit HTTP/1.1" 200 35 "https://deenzalifestyle.com/?e=1261824428305" "Mozilla/5.0 (Linux; Android 6.0.1; Nexus 5X Build/MMB29P) AppleWebKit/537.36 (KHTML, like Gecko) Chrome/141.0.7390.122 Mobile Safari/537.36 (compatible; Googlebot/2.1; +http://www.google.com/bot.html)"
66.249.69.104 - - [06/Nov/2025:12:28:12 +0000] "POST /?wc-ajax=get_refreshed_fragments HTTP/1.1" 200 1318 "https://deenzalifestyle.com/?e=1261824428305" "Mozilla/5.0 (Linux; Android 6.0.1; Nexus 5X Build/MMB29P) AppleWebKit/537.36 (KHTML, like Gecko) Chrome/141.0.7390.122 Mobile Safari/537.36 (compatible; Googlebot/2.1; +http://www.google.com/bot.html)"
204.197.172.10 - - [06/Nov/2025:12:32:47 +0000] "POST /wp-cron.php?doing_wp_cron=1762432367.4777250289916992187500 HTTP/1.1" 200 0 "-" "WordPress/6.8.3; https://deenzalifestyle.com"
66.249.69.104 - - [06/Nov/2025:12:32:47 +0000] "POST /wp-json/wp-statistics/v2/hit HTTP/1.1" 200 35 "https://deenzalifestyle.com/?e=26507106802801" "Mozilla/5.0 (Linux; Android 6.0.1; Nexus 5X Build/MMB29P) AppleWebKit/537.36 (KHTML, like Gecko) Chrome/141.0.7390.122 Mobile Safari/537.36 (compatible; Googlebot/2.1; +http://www.google.com/bot.html)"
204.197.172.10 - - [06/Nov/2025:12:32:56 +0000] "POST /wp-cron.php?doing_wp_cron=1762432376.4566700458526611328125 HTTP/1.1" 200 0 "-" "WordPress/6.8.3; https://deenzalifestyle.com"
57.141.2.2 - - [06/Nov/2025:12:32:56 +0000] "GET /product=2690493.html HTTP/2" 404 206891 "-" "meta-externalagent/1.1 (+https://developers.facebook.com/docs/sharing/webmasters/crawler)"
57.141.2.27 - - [06/Nov/2025:12:33:07 +0000] "GET /product=4942334.html HTTP/2" 404 206892 "-" "meta-externalagent/1.1 (+https://developers.facebook.com/docs/sharing/webmasters/crawler)"
57.141.2.67 - - [06/Nov/2025:12:33:12 +0000] "GET /product=5071627.html HTTP/2" 404 206892 "-" "meta-externalagent/1.1 (+https://developers.facebook.com/docs/sharing/webmasters/crawler)"
66.249.69.105 - - [06/Nov/2025:12:33:36 +0000] "GET /wp-content/themes/astra/assets/css/minified/compatibility/woocommerce/woocommerce-layout-grid.min.css?ver=4.11.13 HTTP/1.1" 200 1829 "https://deenzalifestyle.com/?e=1054328405000" "Mozilla/5.0 (Linux; Android 6.0.1; Nexus 5X Build/MMB29P) AppleWebKit/537.36 (KHTML, like Gecko) Chrome/141.0.7390.122 Mobile Safari/537.36 (compatible; Googlebot/2.1; +http://www.google.com/bot.html)"
66.249.69.106 - - [06/Nov/2025:12:33:36 +0000] "GET /wp-content/plugins/woocommerce/assets/js/frontend/order-attribution.min.js?ver=10.3.3 HTTP/1.1" 200 998 "https://deenzalifestyle.com/?e=1054328405000" "Mozilla/5.0 (Linux; Android 6.0.1; Nexus 5X Build/MMB29P) AppleWebKit/537.36 (KHTML, like Gecko) Chrome/141.0.7390.122 Mobile Safari/537.36 (compatible; Googlebot/2.1; +http://www.google.com/bot.html)"
66.249.69.104 - - [06/Nov/2025:12:33:37 +0000] "POST /wp-json/wp-statistics/v2/hit HTTP/1.1" 200 35 "https://deenzalifestyle.com/?e=1054328405000" "Mozilla/5.0 (Linux; Android 6.0.1; Nexus 5X Build/MMB29P) AppleWebKit/537.36 (KHTML, like Gecko) Chrome/141.0.7390.122 Mobile Safari/537.36 (compatible; Googlebot/2.1; +http://www.google.com/bot.html)"
204.197.172.10 - - [06/Nov/2025:12:33:49 +0000] "POST /wp-cron.php?doing_wp_cron=1762432429.7301340103149414062500 HTTP/1.1" 200 0 "-" "WordPress/6.8.3; https://deenzalifestyle.com"
66.249.69.105 - - [06/Nov/2025:12:33:49 +0000] "POST /wp-json/wp-statistics/v2/hit HTTP/1.1" 200 35 "https://deenzalifestyle.com/?e=0281066286003" "Mozilla/5.0 (Linux; Android 6.0.1; Nexus 5X Build/MMB29P) AppleWebKit/537.36 (KHTML, like Gecko) Chrome/141.0.7390.122 Mobile Safari/537.36 (compatible; Googlebot/2.1; +http://www.google.com/bot.html)"
