57.141.2.73 - - [06/Nov/2025:16:55:37 +0000] "GET /product=5466448.html HTTP/2" 404 206892 "-" "meta-externalagent/1.1 (+https://developers.facebook.com/docs/sharing/webmasters/crawler)"
204.197.172.10 - - [06/Nov/2025:16:55:54 +0000] "POST /wp-cron.php?doing_wp_cron=1762448154.4427969455718994140625 HTTP/1.1" 200 0 "-" "WordPress/6.8.3; https://deenzalifestyle.com"
57.141.2.53 - - [06/Nov/2025:16:55:54 +0000] "GET /product=4855408.html HTTP/2" 404 206892 "-" "meta-externalagent/1.1 (+https://developers.facebook.com/docs/sharing/webmasters/crawler)"
57.141.2.9 - - [06/Nov/2025:16:56:13 +0000] "GET /product=2305870.html HTTP/2" 404 206891 "-" "meta-externalagent/1.1 (+https://developers.facebook.com/docs/sharing/webmasters/crawler)"
57.141.2.30 - - [06/Nov/2025:16:56:24 +0000] "GET /product=2047974.html HTTP/2" 404 206892 "-" "meta-externalagent/1.1 (+https://developers.facebook.com/docs/sharing/webmasters/crawler)"
57.141.2.75 - - [06/Nov/2025:16:56:25 +0000] "GET /product=5649473.html HTTP/2" 404 206892 "-" "meta-externalagent/1.1 (+https://developers.facebook.com/docs/sharing/webmasters/crawler)"
57.141.2.33 - - [06/Nov/2025:16:56:31 +0000] "GET /product=4120170.html HTTP/2" 404 206892 "-" "meta-externalagent/1.1 (+https://developers.facebook.com/docs/sharing/webmasters/crawler)"
204.197.172.10 - - [06/Nov/2025:16:56:44 +0000] "POST /wp-cron.php?doing_wp_cron=1762448204.1503419876098632812500 HTTP/1.1" 200 0 "-" "WordPress/6.8.3; https://deenzalifestyle.com"
57.141.2.75 - - [06/Nov/2025:16:56:44 +0000] "GET /product=5682704.html HTTP/2" 404 206892 "-" "meta-externalagent/1.1 (+https://developers.facebook.com/docs/sharing/webmasters/crawler)"
57.141.2.24 - - [06/Nov/2025:16:56:45 +0000] "GET /product=3661296.html HTTP/2" 404 206892 "-" "meta-externalagent/1.1 (+https://developers.facebook.com/docs/sharing/webmasters/crawler)"
204.197.172.10 - - [06/Nov/2025:16:57:11 +0000] "POST /wp-cron.php?doing_wp_cron=1762448231.5361990928649902343750 HTTP/1.1" 200 0 "-" "WordPress/6.8.3; https://deenzalifestyle.com"
57.141.2.75 - - [06/Nov/2025:16:57:11 +0000] "GET /product=1892601.html HTTP/2" 404 206892 "-" "meta-externalagent/1.1 (+https://developers.facebook.com/docs/sharing/webmasters/crawler)"
57.141.2.25 - - [06/Nov/2025:16:57:26 +0000] "GET /product=3464568.html HTTP/2" 404 206892 "-" "meta-externalagent/1.1 (+https://developers.facebook.com/docs/sharing/webmasters/crawler)"
57.141.2.34 - - [06/Nov/2025:16:57:34 +0000] "GET /product=3750132.html HTTP/2" 404 206892 "-" "meta-externalagent/1.1 (+https://developers.facebook.com/docs/sharing/webmasters/crawler)"
57.141.2.7 - - [06/Nov/2025:16:57:40 +0000] "GET /product=3566996.html HTTP/2" 404 206891 "-" "meta-externalagent/1.1 (+https://developers.facebook.com/docs/sharing/webmasters/crawler)"
204.197.172.10 - - [06/Nov/2025:16:57:56 +0000] "POST /wp-cron.php?doing_wp_cron=1762448276.4212849140167236328125 HTTP/1.1" 200 0 "-" "WordPress/6.8.3; https://deenzalifestyle.com"
57.141.2.75 - - [06/Nov/2025:16:57:56 +0000] "GET /product=5600341.html HTTP/2" 404 206892 "-" "meta-externalagent/1.1 (+https://developers.facebook.com/docs/sharing/webmasters/crawler)"
57.141.2.58 - - [06/Nov/2025:16:57:59 +0000] "GET /product=4690450.html HTTP/2" 404 206892 "-" "meta-externalagent/1.1 (+https://developers.facebook.com/docs/sharing/webmasters/crawler)"
57.141.2.4 - - [06/Nov/2025:16:58:06 +0000] "GET /product=3370936.html HTTP/2" 404 206891 "-" "meta-externalagent/1.1 (+https://developers.facebook.com/docs/sharing/webmasters/crawler)"
204.197.172.10 - - [06/Nov/2025:16:58:41 +0000] "POST /wp-cron.php?doing_wp_cron=1762448321.2045528888702392578125 HTTP/1.1" 200 0 "-" "WordPress/6.8.3; https://deenzalifestyle.com"
57.141.2.29 - - [06/Nov/2025:16:58:41 +0000] "GET /product=3850849.html HTTP/2" 404 206892 "-" "meta-externalagent/1.1 (+https://developers.facebook.com/docs/sharing/webmasters/crawler)"
204.197.172.10 - - [06/Nov/2025:16:59:08 +0000] "POST /wp-cron.php?doing_wp_cron=1762448348.2399098873138427734375 HTTP/1.1" 200 0 "-" "WordPress/6.8.3; https://deenzalifestyle.com"
57.141.2.4 - - [06/Nov/2025:16:59:08 +0000] "GET /product=2104871.html HTTP/2" 404 206891 "-" "meta-externalagent/1.1 (+https://developers.facebook.com/docs/sharing/webmasters/crawler)"
66.249.69.106 - - [06/Nov/2025:16:59:17 +0000] "GET /robots.txt HTTP/1.1" 200 166 "-" "Mozilla/5.0 (compatible; Googlebot/2.1; +http://www.google.com/bot.html)"
66.249.69.106 - - [06/Nov/2025:16:59:17 +0000] "GET /wp-sitemap.xml HTTP/1.1" 200 258 "-" "Mozilla/5.0 (compatible; Googlebot/2.1; +http://www.google.com/bot.html)"
57.141.2.33 - - [06/Nov/2025:16:59:37 +0000] "GET /product=5170462.html HTTP/2" 404 206892 "-" "meta-externalagent/1.1 (+https://developers.facebook.com/docs/sharing/webmasters/crawler)"
57.141.2.75 - - [06/Nov/2025:16:59:39 +0000] "GET /product=2304348.html HTTP/2" 404 206892 "-" "meta-externalagent/1.1 (+https://developers.facebook.com/docs/sharing/webmasters/crawler)"
204.197.172.10 - - [06/Nov/2025:17:00:35 +0000] "POST /wp-cron.php?doing_wp_cron=1762448435.4875819683074951171875 HTTP/1.1" 200 0 "-" "WordPress/6.8.3; https://deenzalifestyle.com"
57.141.2.60 - - [06/Nov/2025:17:00:35 +0000] "GET /product=4189672.html HTTP/2" 404 206892 "-" "meta-externalagent/1.1 (+https://developers.facebook.com/docs/sharing/webmasters/crawler)"
204.197.172.10 - - [06/Nov/2025:17:00:41 +0000] "POST /wp-cron.php?doing_wp_cron=1762448441.2035870552062988281250 HTTP/1.1" 200 0 "-" "WordPress/6.8.3; https://deenzalifestyle.com"
57.141.2.26 - - [06/Nov/2025:17:00:41 +0000] "GET /product=2829258.html HTTP/2" 404 206892 "-" "meta-externalagent/1.1 (+https://developers.facebook.com/docs/sharing/webmasters/crawler)"
204.197.172.10 - - [06/Nov/2025:17:01:00 +0000] "POST /wp-cron.php?doing_wp_cron=1762448460.1855499744415283203125 HTTP/1.1" 200 0 "-" "WordPress/6.8.3; https://deenzalifestyle.com"
57.141.2.75 - - [06/Nov/2025:17:01:00 +0000] "GET /product=3579959.html HTTP/2" 404 206892 "-" "meta-externalagent/1.1 (+https://developers.facebook.com/docs/sharing/webmasters/crawler)"
57.141.2.61 - - [06/Nov/2025:17:01:01 +0000] "GET /product=5723993.html HTTP/2" 404 206892 "-" "meta-externalagent/1.1 (+https://developers.facebook.com/docs/sharing/webmasters/crawler)"
57.141.2.9 - - [06/Nov/2025:17:01:12 +0000] "GET /product=5319379.html HTTP/2" 404 206891 "-" "meta-externalagent/1.1 (+https://developers.facebook.com/docs/sharing/webmasters/crawler)"
204.197.172.10 - - [06/Nov/2025:17:01:42 +0000] "POST /wp-cron.php?doing_wp_cron=1762448502.7541899681091308593750 HTTP/1.1" 200 0 "-" "WordPress/6.8.3; https://deenzalifestyle.com"
57.141.2.24 - - [06/Nov/2025:17:01:42 +0000] "GET /product=2683335.html HTTP/2" 404 206892 "-" "meta-externalagent/1.1 (+https://developers.facebook.com/docs/sharing/webmasters/crawler)"
57.141.2.81 - - [06/Nov/2025:17:01:45 +0000] "GET /product=2698102.html HTTP/2" 404 206892 "-" "meta-externalagent/1.1 (+https://developers.facebook.com/docs/sharing/webmasters/crawler)"
57.141.2.73 - - [06/Nov/2025:17:01:47 +0000] "GET /product=4762718.html HTTP/2" 404 206892 "-" "meta-externalagent/1.1 (+https://developers.facebook.com/docs/sharing/webmasters/crawler)"
66.249.69.105 - - [06/Nov/2025:17:01:53 +0000] "GET /robots.txt HTTP/1.1" 200 166 "-" "Mozilla/5.0 (compatible; Googlebot/2.1; +http://www.google.com/bot.html)"
204.197.172.10 - - [06/Nov/2025:17:01:54 +0000] "POST /wp-cron.php?doing_wp_cron=1762448514.0337018966674804687500 HTTP/1.1" 200 0 "-" "WordPress/6.8.3; https://deenzalifestyle.com"
66.249.69.105 - - [06/Nov/2025:17:01:53 +0000] "GET /product=3507366.html HTTP/1.1" 404 37390 "-" "Mozilla/5.0 (compatible; Googlebot/2.1; +http://www.google.com/bot.html)"
66.249.69.106 - - [06/Nov/2025:17:02:02 +0000] "GET /product=4719325.html HTTP/1.1" 404 37440 "-" "Mozilla/5.0 (Linux; Android 6.0.1; Nexus 5X Build/MMB29P) AppleWebKit/537.36 (KHTML, like Gecko) Chrome/141.0.7390.122 Mobile Safari/537.36 (compatible; Googlebot/2.1; +http://www.google.com/bot.html)"
57.141.2.20 - - [06/Nov/2025:17:02:24 +0000] "GET /product=5332145.html HTTP/2" 404 206892 "-" "meta-externalagent/1.1 (+https://developers.facebook.com/docs/sharing/webmasters/crawler)"
57.141.2.72 - - [06/Nov/2025:17:02:25 +0000] "GET /product=5064599.html HTTP/2" 404 206892 "-" "meta-externalagent/1.1 (+https://developers.facebook.com/docs/sharing/webmasters/crawler)"
204.197.172.10 - - [06/Nov/2025:17:02:49 +0000] "POST /wp-cron.php?doing_wp_cron=1762448569.1223180294036865234375 HTTP/1.1" 200 0 "-" "WordPress/6.8.3; https://deenzalifestyle.com"
57.141.2.81 - - [06/Nov/2025:17:02:48 +0000] "GET /product=3099383.html HTTP/2" 404 206892 "-" "meta-externalagent/1.1 (+https://developers.facebook.com/docs/sharing/webmasters/crawler)"
204.197.172.10 - - [06/Nov/2025:17:03:05 +0000] "POST /wp-cron.php?doing_wp_cron=1762448585.0797259807586669921875 HTTP/1.1" 200 0 "-" "WordPress/6.8.3; https://deenzalifestyle.com"
57.141.2.76 - - [06/Nov/2025:17:03:04 +0000] "GET /product=2155676.html HTTP/2" 404 206892 "-" "meta-externalagent/1.1 (+https://developers.facebook.com/docs/sharing/webmasters/crawler)"
57.141.2.71 - - [06/Nov/2025:17:03:27 +0000] "GET /product=4177768.html HTTP/2" 404 206892 "-" "meta-externalagent/1.1 (+https://developers.facebook.com/docs/sharing/webmasters/crawler)"
57.141.2.21 - - [06/Nov/2025:17:03:30 +0000] "GET /product=5281852.html HTTP/2" 404 206892 "-" "meta-externalagent/1.1 (+https://developers.facebook.com/docs/sharing/webmasters/crawler)"
66.249.69.105 - - [06/Nov/2025:17:03:34 +0000] "GET /robots.txt HTTP/1.1" 200 166 "-" "Mozilla/5.0 (compatible; Googlebot/2.1; +http://www.google.com/bot.html)"
66.249.69.106 - - [06/Nov/2025:17:03:34 +0000] "GET /product=3474131.html HTTP/1.1" 404 37440 "-" "Mozilla/5.0 (Linux; Android 6.0.1; Nexus 5X Build/MMB29P) AppleWebKit/537.36 (KHTML, like Gecko) Chrome/141.0.7390.122 Mobile Safari/537.36 (compatible; Googlebot/2.1; +http://www.google.com/bot.html)"
204.197.172.10 - - [06/Nov/2025:17:03:43 +0000] "POST /wp-cron.php?doing_wp_cron=1762448623.5537230968475341796875 HTTP/1.1" 200 0 "-" "WordPress/6.8.3; https://deenzalifestyle.com"
57.141.2.63 - - [06/Nov/2025:17:03:43 +0000] "GET /product=3540347.html HTTP/2" 404 206892 "-" "meta-externalagent/1.1 (+https://developers.facebook.com/docs/sharing/webmasters/crawler)"
57.141.2.63 - - [06/Nov/2025:17:03:49 +0000] "GET /product=2710645.html HTTP/2" 404 206892 "-" "meta-externalagent/1.1 (+https://developers.facebook.com/docs/sharing/webmasters/crawler)"
57.141.2.73 - - [06/Nov/2025:17:03:52 +0000] "GET /product=3805487.html HTTP/2" 404 206892 "-" "meta-externalagent/1.1 (+https://developers.facebook.com/docs/sharing/webmasters/crawler)"
204.197.172.10 - - [06/Nov/2025:17:04:10 +0000] "POST /wp-cron.php?doing_wp_cron=1762448650.2375450134277343750000 HTTP/1.1" 200 0 "-" "WordPress/6.8.3; https://deenzalifestyle.com"
57.141.2.19 - - [06/Nov/2025:17:04:10 +0000] "GET /product=5321387.html HTTP/2" 404 206892 "-" "meta-externalagent/1.1 (+https://developers.facebook.com/docs/sharing/webmasters/crawler)"
69.171.234.22 - - [06/Nov/2025:17:04:55 +0000] "GET /wp-content/uploads/woo-feed/facebook/csv/deenzalifestyle.csv HTTP/1.1" 200 151806 "-" "facebookexternalhit/1.1 (+http://www.facebook.com/externalhit_uatext.php)"
204.197.172.10 - - [06/Nov/2025:17:05:12 +0000] "POST /wp-cron.php?doing_wp_cron=1762448712.7092909812927246093750 HTTP/1.1" 200 0 "-" "WordPress/6.8.3; https://deenzalifestyle.com"
57.141.2.1 - - [06/Nov/2025:17:05:12 +0000] "GET /product=2052124.html HTTP/2" 404 206891 "-" "meta-externalagent/1.1 (+https://developers.facebook.com/docs/sharing/webmasters/crawler)"
57.141.2.61 - - [06/Nov/2025:17:05:29 +0000] "GET /product=1899509.html HTTP/2" 404 206892 "-" "meta-externalagent/1.1 (+https://developers.facebook.com/docs/sharing/webmasters/crawler)"
204.197.172.10 - - [06/Nov/2025:17:05:39 +0000] "POST /wp-cron.php?doing_wp_cron=1762448739.5966091156005859375000 HTTP/1.1" 200 0 "-" "WordPress/6.8.3; https://deenzalifestyle.com"
178.156.136.36 - - [06/Nov/2025:17:05:39 +0000] "POST /wp-load.php?40a96c=57341 HTTP/1.1" 200 0 "-" "Mozilla/5.0 (Windows NT 10.0; Win64; x64) AppleWebKit/537.36 (KHTML, like Gecko) Chrome/104.0.5112.97 Safari/537.36"
204.197.172.10 - - [06/Nov/2025:17:07:29 +0000] "POST /wp-cron.php?doing_wp_cron=1762448849.1817328929901123046875 HTTP/1.1" 200 0 "-" "WordPress/6.8.3; https://deenzalifestyle.com"
57.141.2.58 - - [06/Nov/2025:17:07:28 +0000] "GET /product=3970620.html HTTP/2" 404 206892 "-" "meta-externalagent/1.1 (+https://developers.facebook.com/docs/sharing/webmasters/crawler)"
57.141.2.49 - - [06/Nov/2025:17:07:29 +0000] "GET /product=4514983.html HTTP/2" 404 206892 "-" "meta-externalagent/1.1 (+https://developers.facebook.com/docs/sharing/webmasters/crawler)"
66.249.69.104 - - [06/Nov/2025:17:07:37 +0000] "GET /robots.txt HTTP/1.1" 200 166 "-" "Mozilla/5.0 (compatible; Googlebot/2.1; +http://www.google.com/bot.html)"
66.249.69.106 - - [06/Nov/2025:17:07:37 +0000] "GET /product=3401058.html HTTP/1.1" 404 37390 "-" "Mozilla/5.0 (compatible; Googlebot/2.1; +http://www.google.com/bot.html)"
204.197.172.10 - - [06/Nov/2025:17:07:55 +0000] "POST /wp-cron.php?doing_wp_cron=1762448875.2546219825744628906250 HTTP/1.1" 200 0 "-" "WordPress/6.8.3; https://deenzalifestyle.com"
57.141.2.13 - - [06/Nov/2025:17:07:55 +0000] "GET /product=2016332.html HTTP/2" 404 206892 "-" "meta-externalagent/1.1 (+https://developers.facebook.com/docs/sharing/webmasters/crawler)"
57.141.2.75 - - [06/Nov/2025:17:08:08 +0000] "GET /product=2718734.html HTTP/2" 404 206892 "-" "meta-externalagent/1.1 (+https://developers.facebook.com/docs/sharing/webmasters/crawler)"
204.197.172.10 - - [06/Nov/2025:17:08:44 +0000] "POST /wp-cron.php?doing_wp_cron=1762448924.4352490901947021484375 HTTP/1.1" 200 0 "-" "WordPress/6.8.3; https://deenzalifestyle.com"
57.141.2.71 - - [06/Nov/2025:17:08:44 +0000] "GET /product=5589989.html HTTP/2" 404 206892 "-" "meta-externalagent/1.1 (+https://developers.facebook.com/docs/sharing/webmasters/crawler)"
204.197.172.10 - - [06/Nov/2025:17:08:50 +0000] "POST /wp-cron.php?doing_wp_cron=1762448930.2291688919067382812500 HTTP/1.1" 200 0 "-" "WordPress/6.8.3; https://deenzalifestyle.com"
57.141.2.17 - - [06/Nov/2025:17:08:50 +0000] "GET /product=3569462.html HTTP/2" 404 206892 "-" "meta-externalagent/1.1 (+https://developers.facebook.com/docs/sharing/webmasters/crawler)"
57.141.2.24 - - [06/Nov/2025:17:08:51 +0000] "GET /product=5572435.html HTTP/2" 404 206892 "-" "meta-externalagent/1.1 (+https://developers.facebook.com/docs/sharing/webmasters/crawler)"
204.197.172.10 - - [06/Nov/2025:17:09:21 +0000] "POST /wp-cron.php?doing_wp_cron=1762448961.1218800544738769531250 HTTP/1.1" 200 0 "-" "WordPress/6.8.3; https://deenzalifestyle.com"
57.141.2.36 - - [06/Nov/2025:17:09:20 +0000] "GET /product=2011163.html HTTP/2" 404 206892 "-" "meta-externalagent/1.1 (+https://developers.facebook.com/docs/sharing/webmasters/crawler)"
57.141.2.1 - - [06/Nov/2025:17:09:24 +0000] "GET /product=5309189.html HTTP/2" 404 206891 "-" "meta-externalagent/1.1 (+https://developers.facebook.com/docs/sharing/webmasters/crawler)"
204.197.172.10 - - [06/Nov/2025:17:09:52 +0000] "POST /wp-cron.php?doing_wp_cron=1762448992.2559950351715087890625 HTTP/1.1" 200 0 "-" "WordPress/6.8.3; https://deenzalifestyle.com"
57.141.2.61 - - [06/Nov/2025:17:09:52 +0000] "GET /product=4543312.html HTTP/2" 404 206892 "-" "meta-externalagent/1.1 (+https://developers.facebook.com/docs/sharing/webmasters/crawler)"
204.197.172.10 - - [06/Nov/2025:17:10:48 +0000] "POST /wp-cron.php?doing_wp_cron=1762449048.0925319194793701171875 HTTP/1.1" 200 0 "-" "WordPress/6.8.3; https://deenzalifestyle.com"
57.141.2.75 - - [06/Nov/2025:17:10:47 +0000] "GET /product=3288606.html HTTP/2" 404 206892 "-" "meta-externalagent/1.1 (+https://developers.facebook.com/docs/sharing/webmasters/crawler)"
204.197.172.10 - - [06/Nov/2025:17:10:59 +0000] "POST /wp-cron.php?doing_wp_cron=1762449059.0176520347595214843750 HTTP/1.1" 200 0 "-" "WordPress/6.8.3; https://deenzalifestyle.com"
57.141.2.71 - - [06/Nov/2025:17:10:58 +0000] "GET /product=5554625.html HTTP/2" 404 206892 "-" "meta-externalagent/1.1 (+https://developers.facebook.com/docs/sharing/webmasters/crawler)"
57.141.2.63 - - [06/Nov/2025:17:11:20 +0000] "GET /product=2356476.html HTTP/2" 404 206892 "-" "meta-externalagent/1.1 (+https://developers.facebook.com/docs/sharing/webmasters/crawler)"
57.141.2.81 - - [06/Nov/2025:17:11:22 +0000] "GET /product=2055441.html HTTP/2" 404 206892 "-" "meta-externalagent/1.1 (+https://developers.facebook.com/docs/sharing/webmasters/crawler)"
204.197.172.10 - - [06/Nov/2025:17:11:47 +0000] "POST /wp-cron.php?doing_wp_cron=1762449107.2359669208526611328125 HTTP/1.1" 200 0 "-" "WordPress/6.8.3; https://deenzalifestyle.com"
57.141.2.28 - - [06/Nov/2025:17:11:47 +0000] "GET /product=5515464.html HTTP/2" 404 206892 "-" "meta-externalagent/1.1 (+https://developers.facebook.com/docs/sharing/webmasters/crawler)"
204.197.172.10 - - [06/Nov/2025:17:11:54 +0000] "POST /wp-cron.php?doing_wp_cron=1762449114.4429891109466552734375 HTTP/1.1" 200 0 "-" "WordPress/6.8.3; https://deenzalifestyle.com"
57.141.2.30 - - [06/Nov/2025:17:11:54 +0000] "GET /product=2671900.html HTTP/2" 404 206892 "-" "meta-externalagent/1.1 (+https://developers.facebook.com/docs/sharing/webmasters/crawler)"
57.141.2.75 - - [06/Nov/2025:17:11:56 +0000] "GET /product=4614608.html HTTP/2" 404 206892 "-" "meta-externalagent/1.1 (+https://developers.facebook.com/docs/sharing/webmasters/crawler)"
204.197.172.10 - - [06/Nov/2025:17:12:45 +0000] "POST /wp-cron.php?doing_wp_cron=1762449165.7142229080200195312500 HTTP/1.1" 200 0 "-" "WordPress/6.8.3; https://deenzalifestyle.com"
57.141.2.10 - - [06/Nov/2025:17:12:45 +0000] "GET /product=4264504.html HTTP/2" 404 206892 "-" "meta-externalagent/1.1 (+https://developers.facebook.com/docs/sharing/webmasters/crawler)"
204.197.172.10 - - [06/Nov/2025:17:13:02 +0000] "POST /wp-cron.php?doing_wp_cron=1762449182.0895760059356689453125 HTTP/1.1" 200 0 "-" "WordPress/6.8.3; https://deenzalifestyle.com"
57.141.2.32 - - [06/Nov/2025:17:13:01 +0000] "GET /product=1845470.html HTTP/2" 404 206892 "-" "meta-externalagent/1.1 (+https://developers.facebook.com/docs/sharing/webmasters/crawler)"
57.141.2.11 - - [06/Nov/2025:17:13:07 +0000] "GET /product=2019783.html HTTP/2" 404 206892 "-" "meta-externalagent/1.1 (+https://developers.facebook.com/docs/sharing/webmasters/crawler)"
57.141.2.18 - - [06/Nov/2025:17:13:37 +0000] "GET /product=3283244.html HTTP/2" 404 206892 "-" "meta-externalagent/1.1 (+https://developers.facebook.com/docs/sharing/webmasters/crawler)"
204.197.172.10 - - [06/Nov/2025:17:13:57 +0000] "POST /wp-cron.php?doing_wp_cron=1762449237.2627999782562255859375 HTTP/1.1" 200 0 "-" "WordPress/6.8.3; https://deenzalifestyle.com"
57.141.2.29 - - [06/Nov/2025:17:13:57 +0000] "GET /product=4057295.html HTTP/2" 404 206892 "-" "meta-externalagent/1.1 (+https://developers.facebook.com/docs/sharing/webmasters/crawler)"
66.249.69.105 - - [06/Nov/2025:17:14:21 +0000] "GET /wp-sitemap-posts-post-1.xml HTTP/1.1" 200 460 "-" "Mozilla/5.0 (compatible; Googlebot/2.1; +http://www.google.com/bot.html)"
66.249.69.106 - - [06/Nov/2025:17:14:25 +0000] "GET /wp-sitemap-taxonomies-category-1.xml HTTP/1.1" 200 164 "-" "Mozilla/5.0 (compatible; Googlebot/2.1; +http://www.google.com/bot.html)"
66.249.69.105 - - [06/Nov/2025:17:14:26 +0000] "GET /wp-sitemap-taxonomies-post_tag-1.xml HTTP/1.1" 200 245 "-" "Mozilla/5.0 (compatible; Googlebot/2.1; +http://www.google.com/bot.html)"
66.249.69.104 - - [06/Nov/2025:17:14:27 +0000] "GET /wp-sitemap-taxonomies-product_tag-1.xml HTTP/1.1" 200 338 "-" "Mozilla/5.0 (compatible; Googlebot/2.1; +http://www.google.com/bot.html)"
57.141.2.23 - - [06/Nov/2025:17:14:32 +0000] "GET /product=4737569.html HTTP/2" 404 206892 "-" "meta-externalagent/1.1 (+https://developers.facebook.com/docs/sharing/webmasters/crawler)"
57.141.2.2 - - [06/Nov/2025:17:14:36 +0000] "GET /product=4599113.html HTTP/2" 404 206891 "-" "meta-externalagent/1.1 (+https://developers.facebook.com/docs/sharing/webmasters/crawler)"
204.197.172.10 - - [06/Nov/2025:17:15:18 +0000] "POST /wp-cron.php?doing_wp_cron=1762449318.2535328865051269531250 HTTP/1.1" 200 0 "-" "WordPress/6.8.3; https://deenzalifestyle.com"
57.141.2.1 - - [06/Nov/2025:17:15:18 +0000] "GET /product=4771193.html HTTP/2" 404 206891 "-" "meta-externalagent/1.1 (+https://developers.facebook.com/docs/sharing/webmasters/crawler)"
57.141.2.80 - - [06/Nov/2025:17:15:25 +0000] "GET /product=3243185.html HTTP/2" 404 206892 "-" "meta-externalagent/1.1 (+https://developers.facebook.com/docs/sharing/webmasters/crawler)"
204.197.172.10 - - [06/Nov/2025:17:16:10 +0000] "POST /wp-cron.php?doing_wp_cron=1762449370.4415590763092041015625 HTTP/1.1" 200 0 "-" "WordPress/6.8.3; https://deenzalifestyle.com"
57.141.2.11 - - [06/Nov/2025:17:16:10 +0000] "GET /product=5353576.html HTTP/2" 404 206892 "-" "meta-externalagent/1.1 (+https://developers.facebook.com/docs/sharing/webmasters/crawler)"
66.249.69.105 - - [06/Nov/2025:17:16:22 +0000] "GET /582019344.shtml HTTP/1.1" 404 37389 "-" "Mozilla/5.0 (compatible; Googlebot/2.1; +http://www.google.com/bot.html)"
204.197.172.10 - - [06/Nov/2025:17:17:07 +0000] "POST /wp-cron.php?doing_wp_cron=1762449427.0688149929046630859375 HTTP/1.1" 200 0 "-" "WordPress/6.8.3; https://deenzalifestyle.com"
57.141.2.18 - - [06/Nov/2025:17:17:06 +0000] "GET /product=5254998.html HTTP/2" 404 206892 "-" "meta-externalagent/1.1 (+https://developers.facebook.com/docs/sharing/webmasters/crawler)"
204.197.172.10 - - [06/Nov/2025:17:17:44 +0000] "POST /wp-cron.php?doing_wp_cron=1762449464.8639509677886962890625 HTTP/1.1" 200 0 "-" "WordPress/6.8.3; https://deenzalifestyle.com"
57.141.2.53 - - [06/Nov/2025:17:17:44 +0000] "GET /product=2190474.html HTTP/2" 404 206892 "-" "meta-externalagent/1.1 (+https://developers.facebook.com/docs/sharing/webmasters/crawler)"
204.197.172.10 - - [06/Nov/2025:17:17:54 +0000] "POST /wp-cron.php?doing_wp_cron=1762449474.8306488990783691406250 HTTP/1.1" 200 0 "-" "WordPress/6.8.3; https://deenzalifestyle.com"
57.141.2.4 - - [06/Nov/2025:17:17:54 +0000] "GET /product=3812116.html HTTP/2" 404 206891 "-" "meta-externalagent/1.1 (+https://developers.facebook.com/docs/sharing/webmasters/crawler)"
57.141.2.80 - - [06/Nov/2025:17:18:25 +0000] "GET /product=2124856.html HTTP/2" 404 206892 "-" "meta-externalagent/1.1 (+https://developers.facebook.com/docs/sharing/webmasters/crawler)"
204.197.172.10 - - [06/Nov/2025:17:18:48 +0000] "POST /wp-cron.php?doing_wp_cron=1762449528.3901669979095458984375 HTTP/1.1" 200 0 "-" "WordPress/6.8.3; https://deenzalifestyle.com"
57.141.2.64 - - [06/Nov/2025:17:18:48 +0000] "GET /product=5338550.html HTTP/2" 404 206892 "-" "meta-externalagent/1.1 (+https://developers.facebook.com/docs/sharing/webmasters/crawler)"
204.197.172.10 - - [06/Nov/2025:17:18:54 +0000] "POST /wp-cron.php?doing_wp_cron=1762449534.1214790344238281250000 HTTP/1.1" 200 0 "-" "WordPress/6.8.3; https://deenzalifestyle.com"
57.141.2.3 - - [06/Nov/2025:17:18:53 +0000] "GET /product=2410156.html HTTP/2" 404 206891 "-" "meta-externalagent/1.1 (+https://developers.facebook.com/docs/sharing/webmasters/crawler)"
66.249.69.105 - - [06/Nov/2025:17:19:31 +0000] "GET /product=4118191.html HTTP/1.1" 404 37440 "-" "Mozilla/5.0 (Linux; Android 6.0.1; Nexus 5X Build/MMB29P) AppleWebKit/537.36 (KHTML, like Gecko) Chrome/141.0.7390.122 Mobile Safari/537.36 (compatible; Googlebot/2.1; +http://www.google.com/bot.html)"
204.197.172.10 - - [06/Nov/2025:17:20:02 +0000] "POST /wp-cron.php?doing_wp_cron=1762449602.5749530792236328125000 HTTP/1.1" 200 0 "-" "WordPress/6.8.3; https://deenzalifestyle.com"
57.141.2.33 - - [06/Nov/2025:17:20:02 +0000] "GET /product=3122561.html HTTP/2" 404 206892 "-" "meta-externalagent/1.1 (+https://developers.facebook.com/docs/sharing/webmasters/crawler)"
57.141.2.62 - - [06/Nov/2025:17:20:05 +0000] "GET /product=2418520.html HTTP/2" 404 206892 "-" "meta-externalagent/1.1 (+https://developers.facebook.com/docs/sharing/webmasters/crawler)"
57.141.2.83 - - [06/Nov/2025:17:20:20 +0000] "GET /product=4976949.html HTTP/2" 404 206892 "-" "meta-externalagent/1.1 (+https://developers.facebook.com/docs/sharing/webmasters/crawler)"
204.197.172.10 - - [06/Nov/2025:17:20:59 +0000] "POST /wp-cron.php?doing_wp_cron=1762449659.7889020442962646484375 HTTP/1.1" 200 0 "-" "WordPress/6.8.3; https://deenzalifestyle.com"
57.141.2.66 - - [06/Nov/2025:17:20:59 +0000] "GET /product=2362094.html HTTP/2" 404 206892 "-" "meta-externalagent/1.1 (+https://developers.facebook.com/docs/sharing/webmasters/crawler)"
66.249.69.106 - - [06/Nov/2025:17:21:00 +0000] "GET /product=4330082.html HTTP/1.1" 404 37440 "-" "Mozilla/5.0 (Linux; Android 6.0.1; Nexus 5X Build/MMB29P) AppleWebKit/537.36 (KHTML, like Gecko) Chrome/141.0.7390.122 Mobile Safari/537.36 (compatible; Googlebot/2.1; +http://www.google.com/bot.html)"
66.249.69.106 - - [06/Nov/2025:17:21:01 +0000] "GET /product=2505561.html HTTP/1.1" 404 37389 "-" "Mozilla/5.0 (compatible; Googlebot/2.1; +http://www.google.com/bot.html)"
57.141.2.11 - - [06/Nov/2025:17:21:14 +0000] "GET /product=3892852.html HTTP/2" 404 206892 "-" "meta-externalagent/1.1 (+https://developers.facebook.com/docs/sharing/webmasters/crawler)"
57.141.2.65 - - [06/Nov/2025:17:21:19 +0000] "GET /product=3625612.html HTTP/2" 404 206892 "-" "meta-externalagent/1.1 (+https://developers.facebook.com/docs/sharing/webmasters/crawler)"
57.141.2.58 - - [06/Nov/2025:17:21:22 +0000] "GET /product=4643371.html HTTP/2" 404 206892 "-" "meta-externalagent/1.1 (+https://developers.facebook.com/docs/sharing/webmasters/crawler)"
57.141.2.68 - - [06/Nov/2025:17:21:28 +0000] "GET /product=3567167.html HTTP/2" 404 206892 "-" "meta-externalagent/1.1 (+https://developers.facebook.com/docs/sharing/webmasters/crawler)"
204.197.172.10 - - [06/Nov/2025:17:21:42 +0000] "POST /wp-cron.php?doing_wp_cron=1762449702.5553209781646728515625 HTTP/1.1" 200 0 "-" "WordPress/6.8.3; https://deenzalifestyle.com"
57.141.2.29 - - [06/Nov/2025:17:21:42 +0000] "GET /product=3052278.html HTTP/2" 404 206892 "-" "meta-externalagent/1.1 (+https://developers.facebook.com/docs/sharing/webmasters/crawler)"
57.141.2.14 - - [06/Nov/2025:17:21:46 +0000] "GET /product=5650691.html HTTP/2" 404 206892 "-" "meta-externalagent/1.1 (+https://developers.facebook.com/docs/sharing/webmasters/crawler)"
204.197.172.10 - - [06/Nov/2025:17:21:57 +0000] "POST /wp-cron.php?doing_wp_cron=1762449717.1599500179290771484375 HTTP/1.1" 200 0 "-" "WordPress/6.8.3; https://deenzalifestyle.com"
57.141.2.73 - - [06/Nov/2025:17:21:57 +0000] "GET /product=4242462.html HTTP/2" 404 206892 "-" "meta-externalagent/1.1 (+https://developers.facebook.com/docs/sharing/webmasters/crawler)"
57.141.2.14 - - [06/Nov/2025:17:22:21 +0000] "GET /product=2350331.html HTTP/2" 404 206892 "-" "meta-externalagent/1.1 (+https://developers.facebook.com/docs/sharing/webmasters/crawler)"
57.141.2.22 - - [06/Nov/2025:17:22:32 +0000] "GET /product=1975357.html HTTP/2" 404 206892 "-" "meta-externalagent/1.1 (+https://developers.facebook.com/docs/sharing/webmasters/crawler)"
204.197.172.10 - - [06/Nov/2025:17:22:52 +0000] "POST /wp-cron.php?doing_wp_cron=1762449772.1438000202178955078125 HTTP/1.1" 200 0 "-" "WordPress/6.8.3; https://deenzalifestyle.com"
57.141.2.27 - - [06/Nov/2025:17:22:51 +0000] "GET /product=5009964.html HTTP/2" 404 206892 "-" "meta-externalagent/1.1 (+https://developers.facebook.com/docs/sharing/webmasters/crawler)"
204.197.172.10 - - [06/Nov/2025:17:23:09 +0000] "POST /wp-cron.php?doing_wp_cron=1762449789.9337749481201171875000 HTTP/1.1" 200 0 "-" "WordPress/6.8.3; https://deenzalifestyle.com"
57.141.2.64 - - [06/Nov/2025:17:23:09 +0000] "GET /product=5328798.html HTTP/2" 404 206892 "-" "meta-externalagent/1.1 (+https://developers.facebook.com/docs/sharing/webmasters/crawler)"
57.141.2.24 - - [06/Nov/2025:17:23:35 +0000] "GET /product=3788772.html HTTP/2" 404 206892 "-" "meta-externalagent/1.1 (+https://developers.facebook.com/docs/sharing/webmasters/crawler)"
204.197.172.10 - - [06/Nov/2025:17:23:44 +0000] "POST /wp-cron.php?doing_wp_cron=1762449824.7095189094543457031250 HTTP/1.1" 200 0 "-" "WordPress/6.8.3; https://deenzalifestyle.com"
57.141.2.15 - - [06/Nov/2025:17:23:44 +0000] "GET /product=3596071.html HTTP/2" 404 206892 "-" "meta-externalagent/1.1 (+https://developers.facebook.com/docs/sharing/webmasters/crawler)"
204.197.172.10 - - [06/Nov/2025:17:24:13 +0000] "POST /wp-cron.php?doing_wp_cron=1762449853.9431428909301757812500 HTTP/1.1" 200 0 "-" "WordPress/6.8.3; https://deenzalifestyle.com"
57.141.2.80 - - [06/Nov/2025:17:24:13 +0000] "GET /product=2964754.html HTTP/2" 404 206892 "-" "meta-externalagent/1.1 (+https://developers.facebook.com/docs/sharing/webmasters/crawler)"
204.197.172.10 - - [06/Nov/2025:17:24:42 +0000] "POST /wp-cron.php?doing_wp_cron=1762449882.5342569351196289062500 HTTP/1.1" 200 0 "-" "WordPress/6.8.3; https://deenzalifestyle.com"
57.141.2.28 - - [06/Nov/2025:17:24:42 +0000] "GET /product=2571274.html HTTP/2" 404 206892 "-" "meta-externalagent/1.1 (+https://developers.facebook.com/docs/sharing/webmasters/crawler)"
57.141.2.12 - - [06/Nov/2025:17:24:46 +0000] "GET /product=1897503.html HTTP/2" 404 206892 "-" "meta-externalagent/1.1 (+https://developers.facebook.com/docs/sharing/webmasters/crawler)"
204.197.172.10 - - [06/Nov/2025:17:24:51 +0000] "POST /wp-cron.php?doing_wp_cron=1762449891.3962728977203369140625 HTTP/1.1" 200 0 "-" "WordPress/6.8.3; https://deenzalifestyle.com"
57.141.2.66 - - [06/Nov/2025:17:24:51 +0000] "GET /product=4133893.html HTTP/2" 404 206892 "-" "meta-externalagent/1.1 (+https://developers.facebook.com/docs/sharing/webmasters/crawler)"
204.197.172.10 - - [06/Nov/2025:17:24:55 +0000] "POST /wp-cron.php?doing_wp_cron=1762449895.4293889999389648437500 HTTP/1.1" 200 0 "-" "WordPress/6.8.3; https://deenzalifestyle.com"
57.141.2.29 - - [06/Nov/2025:17:24:55 +0000] "GET /product=5528230.html HTTP/2" 404 206892 "-" "meta-externalagent/1.1 (+https://developers.facebook.com/docs/sharing/webmasters/crawler)"
57.141.2.11 - - [06/Nov/2025:17:24:58 +0000] "GET /product=5388441.html HTTP/2" 404 206892 "-" "meta-externalagent/1.1 (+https://developers.facebook.com/docs/sharing/webmasters/crawler)"
66.249.69.106 - - [06/Nov/2025:17:25:38 +0000] "GET /12982602.shtml HTTP/1.1" 404 37389 "-" "Mozilla/5.0 (compatible; Googlebot/2.1; +http://www.google.com/bot.html)"
57.141.2.72 - - [06/Nov/2025:17:25:40 +0000] "GET /product=3794313.html HTTP/2" 404 206892 "-" "meta-externalagent/1.1 (+https://developers.facebook.com/docs/sharing/webmasters/crawler)"
204.197.172.10 - - [06/Nov/2025:17:25:45 +0000] "POST /wp-cron.php?doing_wp_cron=1762449945.6668679714202880859375 HTTP/1.1" 200 0 "-" "WordPress/6.8.3; https://deenzalifestyle.com"
57.141.2.80 - - [06/Nov/2025:17:25:45 +0000] "GET /product=2319880.html HTTP/2" 404 206892 "-" "meta-externalagent/1.1 (+https://developers.facebook.com/docs/sharing/webmasters/crawler)"
57.141.2.21 - - [06/Nov/2025:17:25:48 +0000] "GET /product=5283001.html HTTP/2" 404 206892 "-" "meta-externalagent/1.1 (+https://developers.facebook.com/docs/sharing/webmasters/crawler)"
57.141.2.7 - - [06/Nov/2025:17:25:49 +0000] "GET /product=5594317.html HTTP/2" 404 206891 "-" "meta-externalagent/1.1 (+https://developers.facebook.com/docs/sharing/webmasters/crawler)"
57.141.2.71 - - [06/Nov/2025:17:25:52 +0000] "GET /product=4951001.html HTTP/2" 404 206892 "-" "meta-externalagent/1.1 (+https://developers.facebook.com/docs/sharing/webmasters/crawler)"
204.197.172.10 - - [06/Nov/2025:17:28:29 +0000] "POST /wp-cron.php?doing_wp_cron=1762450109.4287500381469726562500 HTTP/1.1" 200 0 "-" "WordPress/6.8.3; https://deenzalifestyle.com"
66.249.69.105 - - [06/Nov/2025:17:28:28 +0000] "GET /89363976.shtml HTTP/1.1" 404 37440 "-" "Mozilla/5.0 (Linux; Android 6.0.1; Nexus 5X Build/MMB29P) AppleWebKit/537.36 (KHTML, like Gecko) Chrome/141.0.7390.122 Mobile Safari/537.36 (compatible; Googlebot/2.1; +http://www.google.com/bot.html)"
204.197.172.10 - - [06/Nov/2025:17:32:13 +0000] "POST /wp-cron.php?doing_wp_cron=1762450333.6222960948944091796875 HTTP/1.1" 200 0 "-" "WordPress/6.8.3; https://deenzalifestyle.com"
57.141.2.1 - - [06/Nov/2025:17:32:12 +0000] "GET /product=5075327.html HTTP/2" 404 206891 "-" "meta-externalagent/1.1 (+https://developers.facebook.com/docs/sharing/webmasters/crawler)"
204.197.172.10 - - [06/Nov/2025:17:35:37 +0000] "POST /wp-cron.php?doing_wp_cron=1762450537.8288800716400146484375 HTTP/1.1" 200 0 "-" "WordPress/6.8.3; https://deenzalifestyle.com"
57.141.2.31 - - [06/Nov/2025:17:35:36 +0000] "GET /product=4950916.html HTTP/2" 404 206892 "-" "meta-externalagent/1.1 (+https://developers.facebook.com/docs/sharing/webmasters/crawler)"
204.197.172.10 - - [06/Nov/2025:17:36:04 +0000] "POST /wp-cron.php?doing_wp_cron=1762450564.1771199703216552734375 HTTP/1.1" 200 0 "-" "WordPress/6.8.3; https://deenzalifestyle.com"
57.141.2.61 - - [06/Nov/2025:17:36:04 +0000] "GET /product=4413060.html HTTP/2" 404 206892 "-" "meta-externalagent/1.1 (+https://developers.facebook.com/docs/sharing/webmasters/crawler)"
204.197.172.10 - - [06/Nov/2025:17:40:57 +0000] "POST /wp-cron.php?doing_wp_cron=1762450857.9457740783691406250000 HTTP/1.1" 200 0 "-" "WordPress/6.8.3; https://deenzalifestyle.com"
204.197.172.10 - - [06/Nov/2025:17:40:57 +0000] "POST /wp-cron.php?doing_wp_cron=1762450857.9904561042785644531250 HTTP/1.1" 200 0 "-" "WordPress/6.8.3; https://deenzalifestyle.com"
66.249.69.104 - - [06/Nov/2025:17:40:56 +0000] "GET /product=3254146.html HTTP/1.1" 404 37440 "-" "Mozilla/5.0 (Linux; Android 6.0.1; Nexus 5X Build/MMB29P) AppleWebKit/537.36 (KHTML, like Gecko) Chrome/141.0.7390.122 Mobile Safari/537.36 (compatible; Googlebot/2.1; +http://www.google.com/bot.html)"
204.197.172.10 - - [06/Nov/2025:17:41:42 +0000] "POST /wp-cron.php?doing_wp_cron=1762450902.1610150337219238281250 HTTP/1.1" 200 0 "-" "WordPress/6.8.3; https://deenzalifestyle.com"
57.141.2.68 - - [06/Nov/2025:17:41:42 +0000] "GET /product=2623673.html HTTP/2" 404 206892 "-" "meta-externalagent/1.1 (+https://developers.facebook.com/docs/sharing/webmasters/crawler)"
204.197.172.10 - - [06/Nov/2025:17:42:22 +0000] "POST /wp-cron.php?doing_wp_cron=1762450942.2868280410766601562500 HTTP/1.1" 200 0 "-" "WordPress/6.8.3; https://deenzalifestyle.com"
66.249.69.104 - - [06/Nov/2025:17:42:22 +0000] "GET /product=2516544.html HTTP/1.1" 404 37440 "-" "Mozilla/5.0 (Linux; Android 6.0.1; Nexus 5X Build/MMB29P) AppleWebKit/537.36 (KHTML, like Gecko) Chrome/141.0.7390.122 Mobile Safari/537.36 (compatible; Googlebot/2.1; +http://www.google.com/bot.html)"
66.249.69.105 - - [06/Nov/2025:17:42:27 +0000] "GET /product=5368728.html HTTP/1.1" 404 37440 "-" "Mozilla/5.0 (Linux; Android 6.0.1; Nexus 5X Build/MMB29P) AppleWebKit/537.36 (KHTML, like Gecko) Chrome/141.0.7390.122 Mobile Safari/537.36 (compatible; Googlebot/2.1; +http://www.google.com/bot.html)"
204.197.172.10 - - [06/Nov/2025:17:43:21 +0000] "POST /wp-cron.php?doing_wp_cron=1762451001.0429010391235351562500 HTTP/1.1" 200 0 "-" "WordPress/6.8.3; https://deenzalifestyle.com"
57.141.2.70 - - [06/Nov/2025:17:43:20 +0000] "GET /product=3106181.html HTTP/2" 404 206892 "-" "meta-externalagent/1.1 (+https://developers.facebook.com/docs/sharing/webmasters/crawler)"
204.197.172.10 - - [06/Nov/2025:17:45:12 +0000] "POST /wp-cron.php?doing_wp_cron=1762451112.8774390220642089843750 HTTP/1.1" 200 0 "-" "WordPress/6.8.3; https://deenzalifestyle.com"
57.141.2.27 - - [06/Nov/2025:17:45:11 +0000] "GET /product=3633455.html HTTP/2" 404 206892 "-" "meta-externalagent/1.1 (+https://developers.facebook.com/docs/sharing/webmasters/crawler)"
204.197.172.10 - - [06/Nov/2025:17:46:56 +0000] "POST /wp-cron.php?doing_wp_cron=1762451216.7838790416717529296875 HTTP/1.1" 200 0 "-" "WordPress/6.8.3; https://deenzalifestyle.com"
66.249.69.105 - - [06/Nov/2025:17:46:55 +0000] "GET /product=3323252.html HTTP/1.1" 404 37440 "-" "Mozilla/5.0 (Linux; Android 6.0.1; Nexus 5X Build/MMB29P) AppleWebKit/537.36 (KHTML, like Gecko) Chrome/141.0.7390.122 Mobile Safari/537.36 (compatible; Googlebot/2.1; +http://www.google.com/bot.html)"
66.249.69.104 - - [06/Nov/2025:17:47:13 +0000] "GET /product=2553693.html HTTP/1.1" 404 37390 "-" "Mozilla/5.0 (compatible; Googlebot/2.1; +http://www.google.com/bot.html)"
57.141.2.38 - - [06/Nov/2025:17:47:22 +0000] "GET /product=3688068.html HTTP/2" 404 206892 "-" "meta-externalagent/1.1 (+https://developers.facebook.com/docs/sharing/webmasters/crawler)"
204.197.172.10 - - [06/Nov/2025:17:48:32 +0000] "POST /wp-cron.php?doing_wp_cron=1762451312.9496810436248779296875 HTTP/1.1" 200 0 "-" "WordPress/6.8.3; https://deenzalifestyle.com"
66.249.69.104 - - [06/Nov/2025:17:48:32 +0000] "GET /89363976.shtml HTTP/1.1" 404 37440 "-" "Mozilla/5.0 (Linux; Android 6.0.1; Nexus 5X Build/MMB29P) AppleWebKit/537.36 (KHTML, like Gecko) Chrome/141.0.7390.122 Mobile Safari/537.36 (compatible; Googlebot/2.1; +http://www.google.com/bot.html)"
204.197.172.10 - - [06/Nov/2025:17:52:14 +0000] "POST /wp-cron.php?doing_wp_cron=1762451534.9049038887023925781250 HTTP/1.1" 200 0 "-" "WordPress/6.8.3; https://deenzalifestyle.com"
57.141.2.62 - - [06/Nov/2025:17:52:13 +0000] "GET /product=3604226.html HTTP/2" 404 206892 "-" "meta-externalagent/1.1 (+https://developers.facebook.com/docs/sharing/webmasters/crawler)"
204.197.172.10 - - [06/Nov/2025:17:54:37 +0000] "POST /wp-cron.php?doing_wp_cron=1762451677.8178460597991943359375 HTTP/1.1" 200 0 "-" "WordPress/6.8.3; https://deenzalifestyle.com"
66.249.69.105 - - [06/Nov/2025:17:54:36 +0000] "GET /109070736.shtml HTTP/1.1" 404 37439 "-" "Mozilla/5.0 (Linux; Android 6.0.1; Nexus 5X Build/MMB29P) AppleWebKit/537.36 (KHTML, like Gecko) Chrome/141.0.7390.122 Mobile Safari/537.36 (compatible; Googlebot/2.1; +http://www.google.com/bot.html)"
204.197.172.10 - - [06/Nov/2025:17:56:14 +0000] "POST /wp-cron.php?doing_wp_cron=1762451774.1479399204254150390625 HTTP/1.1" 200 0 "-" "WordPress/6.8.3; https://deenzalifestyle.com"
57.141.2.12 - - [06/Nov/2025:17:56:13 +0000] "GET /product=2450184.html HTTP/2" 404 206892 "-" "meta-externalagent/1.1 (+https://developers.facebook.com/docs/sharing/webmasters/crawler)"
204.197.172.10 - - [06/Nov/2025:17:59:57 +0000] "POST /wp-cron.php?doing_wp_cron=1762451997.4957220554351806640625 HTTP/1.1" 200 0 "-" "WordPress/6.8.3; https://deenzalifestyle.com"
66.249.69.105 - - [06/Nov/2025:17:59:56 +0000] "GET /product=3820406.html HTTP/1.1" 404 37441 "-" "Mozilla/5.0 (Linux; Android 6.0.1; Nexus 5X Build/MMB29P) AppleWebKit/537.36 (KHTML, like Gecko) Chrome/141.0.7390.122 Mobile Safari/537.36 (compatible; Googlebot/2.1; +http://www.google.com/bot.html)"
66.249.69.105 - - [06/Nov/2025:18:00:13 +0000] "GET /product=2635319.html HTTP/1.1" 404 37439 "-" "Mozilla/5.0 (Linux; Android 6.0.1; Nexus 5X Build/MMB29P) AppleWebKit/537.36 (KHTML, like Gecko) Chrome/141.0.7390.122 Mobile Safari/537.36 (compatible; Googlebot/2.1; +http://www.google.com/bot.html)"
31.57.88.125 - - [06/Nov/2025:18:01:55 +0000] "GET / HTTP/1.1" 200 56286 "-" "Mozilla/5.0 (Linux; Android 10; SM-A102U) AppleWebKit/537.36 (KHTML, like Gecko) Chrome/93.0.4577.82 Mobile Safari/537.36"
204.197.172.10 - - [06/Nov/2025:18:02:53 +0000] "POST /wp-cron.php?doing_wp_cron=1762452173.4290540218353271484375 HTTP/1.1" 200 0 "-" "WordPress/6.8.3; https://deenzalifestyle.com"
66.249.69.106 - - [06/Nov/2025:18:02:52 +0000] "GET /449690964.shtml HTTP/1.1" 404 37440 "-" "Mozilla/5.0 (Linux; Android 6.0.1; Nexus 5X Build/MMB29P) AppleWebKit/537.36 (KHTML, like Gecko) Chrome/141.0.7390.122 Mobile Safari/537.36 (compatible; Googlebot/2.1; +http://www.google.com/bot.html)"
69.63.189.38 - - [06/Nov/2025:18:03:09 +0000] "GET /wp-content/uploads/woo-feed/facebook/csv/deenzalifestyle.csv HTTP/1.1" 200 151806 "-" "facebookexternalhit/1.1 (+http://www.facebook.com/externalhit_uatext.php)"
204.197.172.10 - - [06/Nov/2025:18:04:15 +0000] "POST /wp-cron.php?doing_wp_cron=1762452255.0154860019683837890625 HTTP/1.1" 200 0 "-" "WordPress/6.8.3; https://deenzalifestyle.com"
57.141.2.3 - - [06/Nov/2025:18:04:13 +0000] "GET /product=2385818.html HTTP/2" 404 206891 "-" "meta-externalagent/1.1 (+https://developers.facebook.com/docs/sharing/webmasters/crawler)"
66.249.69.105 - - [06/Nov/2025:18:04:52 +0000] "GET /wp-content/plugins/duracelltomi-google-tag-manager/dist/js/analytics-talk-content-tracking.js?ver=1.22.1 HTTP/1.1" 200 544 "https://deenzalifestyle.com/product/%E0%A6%B9%E0%A6%BF%E0%A6%A6%E0%A6%BE%E0%A6%AF%E0%A6%BC%E0%A6%BE%E0%A6%B9-%E0%A6%B8%E0%A7%87%E0%A6%9F-%E0%A6%AA%E0%A6%B0%E0%A6%BF%E0%A6%AA%E0%A7%82%E0%A6%B0%E0%A7%8D%E0%A6%A3-%E0%A6%AA/" "Mozilla/5.0 AppleWebKit/537.36 (KHTML, like Gecko; compatible; GoogleOther) Chrome/141.0.7390.122 Safari/537.36"
66.249.69.105 - - [06/Nov/2025:18:04:53 +0000] "GET /wp-content/plugins/elementor-pro/assets/css/widget-mega-menu.min.css?ver=3.26.2 HTTP/1.1" 200 2690 "https://deenzalifestyle.com/product/%E0%A6%B9%E0%A6%BF%E0%A6%A6%E0%A6%BE%E0%A6%AF%E0%A6%BC%E0%A6%BE%E0%A6%B9-%E0%A6%B8%E0%A7%87%E0%A6%9F-%E0%A6%AA%E0%A6%B0%E0%A6%BF%E0%A6%AA%E0%A7%82%E0%A6%B0%E0%A7%8D%E0%A6%A3-%E0%A6%AA/" "Mozilla/5.0 AppleWebKit/537.36 (KHTML, like Gecko; compatible; GoogleOther) Chrome/141.0.7390.122 Safari/537.36"
66.249.69.104 - - [06/Nov/2025:18:04:53 +0000] "GET /wp-content/plugins/woolentor-addons/woolentor-blocks/assets/css/style-index.css?ver=3.2.2 HTTP/1.1" 200 3111 "https://deenzalifestyle.com/product/%E0%A6%B9%E0%A6%BF%E0%A6%A6%E0%A6%BE%E0%A6%AF%E0%A6%BC%E0%A6%BE%E0%A6%B9-%E0%A6%B8%E0%A7%87%E0%A6%9F-%E0%A6%AA%E0%A6%B0%E0%A6%BF%E0%A6%AA%E0%A7%82%E0%A6%B0%E0%A7%8D%E0%A6%A3-%E0%A6%AA/" "Mozilla/5.0 AppleWebKit/537.36 (KHTML, like Gecko; compatible; GoogleOther) Chrome/141.0.7390.122 Safari/537.36"
66.249.69.105 - - [06/Nov/2025:18:04:53 +0000] "GET /wp-content/plugins/header-footer-elementor/inc/widgets-css/frontend.css?ver=2.5.2 HTTP/1.1" 200 8270 "https://deenzalifestyle.com/product/%E0%A6%B9%E0%A6%BF%E0%A6%A6%E0%A6%BE%E0%A6%AF%E0%A6%BC%E0%A6%BE%E0%A6%B9-%E0%A6%B8%E0%A7%87%E0%A6%9F-%E0%A6%AA%E0%A6%B0%E0%A6%BF%E0%A6%AA%E0%A7%82%E0%A6%B0%E0%A7%8D%E0%A6%A3-%E0%A6%AA/" "Mozilla/5.0 AppleWebKit/537.36 (KHTML, like Gecko; compatible; GoogleOther) Chrome/141.0.7390.122 Safari/537.36"
66.249.69.106 - - [06/Nov/2025:18:04:54 +0000] "GET /wp-content/plugins/elementor-pro/assets/css/widget-woocommerce-product-images.min.css?ver=3.31.2 HTTP/1.1" 200 187 "https://deenzalifestyle.com/product/%E0%A6%B9%E0%A6%BF%E0%A6%A6%E0%A6%BE%E0%A6%AF%E0%A6%BC%E0%A6%BE%E0%A6%B9-%E0%A6%B8%E0%A7%87%E0%A6%9F-%E0%A6%AA%E0%A6%B0%E0%A6%BF%E0%A6%AA%E0%A7%82%E0%A6%B0%E0%A7%8D%E0%A6%A3-%E0%A6%AA/" "Mozilla/5.0 AppleWebKit/537.36 (KHTML, like Gecko; compatible; GoogleOther) Chrome/141.0.7390.122 Safari/537.36"
66.249.69.105 - - [06/Nov/2025:18:04:54 +0000] "GET /wp-content/plugins/elementor/assets/lib/font-awesome/css/font-awesome.min.css?ver=4.7.0 HTTP/1.1" 200 6657 "https://deenzalifestyle.com/product/%E0%A6%B9%E0%A6%BF%E0%A6%A6%E0%A6%BE%E0%A6%AF%E0%A6%BC%E0%A6%BE%E0%A6%B9-%E0%A6%B8%E0%A7%87%E0%A6%9F-%E0%A6%AA%E0%A6%B0%E0%A6%BF%E0%A6%AA%E0%A7%82%E0%A6%B0%E0%A7%8D%E0%A6%A3-%E0%A6%AA/" "Mozilla/5.0 AppleWebKit/537.36 (KHTML, like Gecko; compatible; GoogleOther) Chrome/141.0.7390.122 Safari/537.36"
66.249.69.104 - - [06/Nov/2025:18:04:54 +0000] "GET /wp-includes/js/mediaelement/mediaelementplayer-legacy.min.css?ver=4.2.17 HTTP/1.1" 200 2394 "https://deenzalifestyle.com/product/%E0%A6%B9%E0%A6%BF%E0%A6%A6%E0%A6%BE%E0%A6%AF%E0%A6%BC%E0%A6%BE%E0%A6%B9-%E0%A6%B8%E0%A7%87%E0%A6%9F-%E0%A6%AA%E0%A6%B0%E0%A6%BF%E0%A6%AA%E0%A7%82%E0%A6%B0%E0%A7%8D%E0%A6%A3-%E0%A6%AA/" "Mozilla/5.0 AppleWebKit/537.36 (KHTML, like Gecko; compatible; GoogleOther) Chrome/141.0.7390.122 Safari/537.36"
66.249.69.104 - - [06/Nov/2025:18:04:54 +0000] "GET /wp-content/plugins/woo-variation-swatches/assets/css/frontend.min.css?ver=1757953355 HTTP/1.1" 200 4299 "https://deenzalifestyle.com/product/%E0%A6%B9%E0%A6%BF%E0%A6%A6%E0%A6%BE%E0%A6%AF%E0%A6%BC%E0%A6%BE%E0%A6%B9-%E0%A6%B8%E0%A7%87%E0%A6%9F-%E0%A6%AA%E0%A6%B0%E0%A6%BF%E0%A6%AA%E0%A7%82%E0%A6%B0%E0%A7%8D%E0%A6%A3-%E0%A6%AA/" "Mozilla/5.0 AppleWebKit/537.36 (KHTML, like Gecko; compatible; GoogleOther) Chrome/141.0.7390.122 Safari/537.36"
66.249.69.106 - - [06/Nov/2025:18:04:54 +0000] "GET /wp-includes/css/dist/block-library/style.min.css?ver=6.8.2 HTTP/1.1" 200 14360 "https://deenzalifestyle.com/product/%E0%A6%B9%E0%A6%BF%E0%A6%A6%E0%A6%BE%E0%A6%AF%E0%A6%BC%E0%A6%BE%E0%A6%B9-%E0%A6%B8%E0%A7%87%E0%A6%9F-%E0%A6%AA%E0%A6%B0%E0%A6%BF%E0%A6%AA%E0%A7%82%E0%A6%B0%E0%A7%8D%E0%A6%A3-%E0%A6%AA/" "Mozilla/5.0 AppleWebKit/537.36 (KHTML, like Gecko; compatible; GoogleOther) Chrome/141.0.7390.122 Safari/537.36"
66.249.69.106 - - [06/Nov/2025:18:04:54 +0000] "GET /wp-content/uploads/elementor/thumbs/logo-removebg-preview-r8327xj7anzrxvbmkdzxxsjrhbg8bso6026v5yylog.png HTTP/1.1" 200 5694 "https://deenzalifestyle.com/product/%E0%A6%B9%E0%A6%BF%E0%A6%A6%E0%A6%BE%E0%A6%AF%E0%A6%BC%E0%A6%BE%E0%A6%B9-%E0%A6%B8%E0%A7%87%E0%A6%9F-%E0%A6%AA%E0%A6%B0%E0%A6%BF%E0%A6%AA%E0%A7%82%E0%A6%B0%E0%A7%8D%E0%A6%A3-%E0%A6%AA/" "Mozilla/5.0 AppleWebKit/537.36 (KHTML, like Gecko; compatible; GoogleOther) Chrome/141.0.7390.122 Safari/537.36"
66.249.69.106 - - [06/Nov/2025:18:04:55 +0000] "GET /wp-content/themes/astra/assets/css/minified/compatibility/woocommerce/woocommerce-grid.min.css?ver=4.11.12 HTTP/1.1" 200 15159 "https://deenzalifestyle.com/product/%E0%A6%B9%E0%A6%BF%E0%A6%A6%E0%A6%BE%E0%A6%AF%E0%A6%BC%E0%A6%BE%E0%A6%B9-%E0%A6%B8%E0%A7%87%E0%A6%9F-%E0%A6%AA%E0%A6%B0%E0%A6%BF%E0%A6%AA%E0%A7%82%E0%A6%B0%E0%A7%8D%E0%A6%A3-%E0%A6%AA/" "Mozilla/5.0 AppleWebKit/537.36 (KHTML, like Gecko; compatible; GoogleOther) Chrome/141.0.7390.122 Safari/537.36"
66.249.69.104 - - [06/Nov/2025:18:04:55 +0000] "GET /wp-content/plugins/elementor-pro/assets/css/widget-blockquote.min.css?ver=3.25.0 HTTP/1.1" 200 970 "https://deenzalifestyle.com/product/%E0%A6%B9%E0%A6%BF%E0%A6%A6%E0%A6%BE%E0%A6%AF%E0%A6%BC%E0%A6%BE%E0%A6%B9-%E0%A6%B8%E0%A7%87%E0%A6%9F-%E0%A6%AA%E0%A6%B0%E0%A6%BF%E0%A6%AA%E0%A7%82%E0%A6%B0%E0%A7%8D%E0%A6%A3-%E0%A6%AA/" "Mozilla/5.0 AppleWebKit/537.36 (KHTML, like Gecko; compatible; GoogleOther) Chrome/141.0.7390.122 Safari/537.36"
66.249.69.105 - - [06/Nov/2025:18:04:55 +0000] "GET /wp-content/uploads/2025/06/hidaya-682x1024.jpg HTTP/1.1" 200 113026 "https://deenzalifestyle.com/product/%E0%A6%B9%E0%A6%BF%E0%A6%A6%E0%A6%BE%E0%A6%AF%E0%A6%BC%E0%A6%BE%E0%A6%B9-%E0%A6%B8%E0%A7%87%E0%A6%9F-%E0%A6%AA%E0%A6%B0%E0%A6%BF%E0%A6%AA%E0%A7%82%E0%A6%B0%E0%A7%8D%E0%A6%A3-%E0%A6%AA/" "Mozilla/5.0 AppleWebKit/537.36 (KHTML, like Gecko; compatible; GoogleOther) Chrome/141.0.7390.122 Safari/537.36"
66.249.69.106 - - [06/Nov/2025:18:04:56 +0000] "GET /wp-content/plugins/woo-conditional-product-fees-for-checkout/public/css/woocommerce-conditional-product-fees-for-checkout-public.css?ver=4.3.2 HTTP/1.1" 200 2066 "https://deenzalifestyle.com/product/%E0%A6%B9%E0%A6%BF%E0%A6%A6%E0%A6%BE%E0%A6%AF%E0%A6%BC%E0%A6%BE%E0%A6%B9-%E0%A6%B8%E0%A7%87%E0%A6%9F-%E0%A6%AA%E0%A6%B0%E0%A6%BF%E0%A6%AA%E0%A7%82%E0%A6%B0%E0%A7%8D%E0%A6%A3-%E0%A6%AA/" "Mozilla/5.0 AppleWebKit/537.36 (KHTML, like Gecko; compatible; GoogleOther) Chrome/141.0.7390.122 Safari/537.36"
66.249.69.104 - - [06/Nov/2025:18:04:56 +0000] "GET /wp-includes/js/mediaelement/wp-mediaelement.min.css?ver=6.8.2 HTTP/1.1" 200 982 "https://deenzalifestyle.com/product/%E0%A6%B9%E0%A6%BF%E0%A6%A6%E0%A6%BE%E0%A6%AF%E0%A6%BC%E0%A6%BE%E0%A6%B9-%E0%A6%B8%E0%A7%87%E0%A6%9F-%E0%A6%AA%E0%A6%B0%E0%A6%BF%E0%A6%AA%E0%A7%82%E0%A6%B0%E0%A7%8D%E0%A6%A3-%E0%A6%AA/" "Mozilla/5.0 AppleWebKit/537.36 (KHTML, like Gecko; compatible; GoogleOther) Chrome/141.0.7390.122 Safari/537.36"
66.249.69.104 - - [06/Nov/2025:18:04:56 +0000] "GET /wp-content/plugins/twist/assets/css/slick-theme.css?ver=6.8.2 HTTP/1.1" 200 625 "https://deenzalifestyle.com/product/%E0%A6%B9%E0%A6%BF%E0%A6%A6%E0%A6%BE%E0%A6%AF%E0%A6%BC%E0%A6%BE%E0%A6%B9-%E0%A6%B8%E0%A7%87%E0%A6%9F-%E0%A6%AA%E0%A6%B0%E0%A6%BF%E0%A6%AA%E0%A7%82%E0%A6%B0%E0%A7%8D%E0%A6%A3-%E0%A6%AA/" "Mozilla/5.0 AppleWebKit/537.36 (KHTML, like Gecko; compatible; GoogleOther) Chrome/141.0.7390.122 Safari/537.36"
66.249.69.104 - - [06/Nov/2025:18:04:57 +0000] "GET /wp-content/uploads/elementor/css/post-140.css?ver=1758620084 HTTP/1.1" 200 2013 "https://deenzalifestyle.com/product/%E0%A6%B9%E0%A6%BF%E0%A6%A6%E0%A6%BE%E0%A6%AF%E0%A6%BC%E0%A6%BE%E0%A6%B9-%E0%A6%B8%E0%A7%87%E0%A6%9F-%E0%A6%AA%E0%A6%B0%E0%A6%BF%E0%A6%AA%E0%A7%82%E0%A6%B0%E0%A7%8D%E0%A6%A3-%E0%A6%AA/" "Mozilla/5.0 AppleWebKit/537.36 (KHTML, like Gecko; compatible; GoogleOther) Chrome/141.0.7390.122 Safari/537.36"
66.249.69.104 - - [06/Nov/2025:18:04:57 +0000] "GET /wp-content/plugins/woolentor-addons/includes/modules/quickview/assets/css/frontend.css?ver=3.2.2 HTTP/1.1" 200 1600 "https://deenzalifestyle.com/product/%E0%A6%B9%E0%A6%BF%E0%A6%A6%E0%A6%BE%E0%A6%AF%E0%A6%BC%E0%A6%BE%E0%A6%B9-%E0%A6%B8%E0%A7%87%E0%A6%9F-%E0%A6%AA%E0%A6%B0%E0%A6%BF%E0%A6%AA%E0%A7%82%E0%A6%B0%E0%A7%8D%E0%A6%A3-%E0%A6%AA/" "Mozilla/5.0 AppleWebKit/537.36 (KHTML, like Gecko; compatible; GoogleOther) Chrome/141.0.7390.122 Safari/537.36"
66.249.69.104 - - [06/Nov/2025:18:04:57 +0000] "GET /wp-content/plugins/elementor/assets/css/widget-heading.min.css?ver=3.32.2 HTTP/1.1" 200 154 "https://deenzalifestyle.com/product/%E0%A6%B9%E0%A6%BF%E0%A6%A6%E0%A6%BE%E0%A6%AF%E0%A6%BC%E0%A6%BE%E0%A6%B9-%E0%A6%B8%E0%A7%87%E0%A6%9F-%E0%A6%AA%E0%A6%B0%E0%A6%BF%E0%A6%AA%E0%A7%82%E0%A6%B0%E0%A7%8D%E0%A6%A3-%E0%A6%AA/" "Mozilla/5.0 AppleWebKit/537.36 (KHTML, like Gecko; compatible; GoogleOther) Chrome/141.0.7390.122 Safari/537.36"
