58.145.187.207 - - [06/Nov/2025:16:06:57 +0000] "POST /wp-json/wp-statistics/v2/hit HTTP/2" 200 19 "https://deenzalifestyle.com/?fbclid=IwZXh0bgNhZW0CMTEAc3J0YwZhcHBfaWQMMzUwNjg1NTMxNzI4AAEeLPbo6JE7MTqNhQ32w_aMcR3Bepj5c3phCyqYg9nxt04xbQpEdu6wIHKNj8k_aem_lWTojR-Tixjj82nd36kz-A" "Mozilla/5.0 (Linux; Android 15; SM-A546E Build/AP3A.240905.015.A2; wv) AppleWebKit/537.36 (KHTML, like Gecko) Version/4.0 Chrome/142.0.7444.74 Mobile Safari/537.36 [FB_IAB/FB4A;FBAV/537.0.0.47.77;IABMV/1;]"
58.145.187.207 - - [06/Nov/2025:16:06:57 +0000] "GET /wp-content/uploads/2025/09/hijab-600x900.jpg HTTP/2" 200 53410 "https://deenzalifestyle.com/?fbclid=IwZXh0bgNhZW0CMTEAc3J0YwZhcHBfaWQMMzUwNjg1NTMxNzI4AAEeLPbo6JE7MTqNhQ32w_aMcR3Bepj5c3phCyqYg9nxt04xbQpEdu6wIHKNj8k_aem_lWTojR-Tixjj82nd36kz-A" "Mozilla/5.0 (Linux; Android 15; SM-A546E Build/AP3A.240905.015.A2; wv) AppleWebKit/537.36 (KHTML, like Gecko) Version/4.0 Chrome/142.0.7444.74 Mobile Safari/537.36 [FB_IAB/FB4A;FBAV/537.0.0.47.77;IABMV/1;]"
58.145.187.207 - - [06/Nov/2025:16:06:58 +0000] "GET /wp-content/uploads/2025/09/jahara-full-set-600x900.jpg HTTP/2" 200 56917 "https://deenzalifestyle.com/?fbclid=IwZXh0bgNhZW0CMTEAc3J0YwZhcHBfaWQMMzUwNjg1NTMxNzI4AAEeLPbo6JE7MTqNhQ32w_aMcR3Bepj5c3phCyqYg9nxt04xbQpEdu6wIHKNj8k_aem_lWTojR-Tixjj82nd36kz-A" "Mozilla/5.0 (Linux; Android 15; SM-A546E Build/AP3A.240905.015.A2; wv) AppleWebKit/537.36 (KHTML, like Gecko) Version/4.0 Chrome/142.0.7444.74 Mobile Safari/537.36 [FB_IAB/FB4A;FBAV/537.0.0.47.77;IABMV/1;]"
58.145.187.207 - - [06/Nov/2025:16:06:58 +0000] "POST /?wc-ajax=get_refreshed_fragments HTTP/2" 200 1318 "https://deenzalifestyle.com/?fbclid=IwZXh0bgNhZW0CMTEAc3J0YwZhcHBfaWQMMzUwNjg1NTMxNzI4AAEeLPbo6JE7MTqNhQ32w_aMcR3Bepj5c3phCyqYg9nxt04xbQpEdu6wIHKNj8k_aem_lWTojR-Tixjj82nd36kz-A" "Mozilla/5.0 (Linux; Android 15; SM-A546E Build/AP3A.240905.015.A2; wv) AppleWebKit/537.36 (KHTML, like Gecko) Version/4.0 Chrome/142.0.7444.74 Mobile Safari/537.36 [FB_IAB/FB4A;FBAV/537.0.0.47.77;IABMV/1;]"
58.145.187.207 - - [06/Nov/2025:16:06:58 +0000] "GET /wp-content/uploads/2025/06/hidaya-600x900.jpg HTTP/2" 200 93494 "https://deenzalifestyle.com/?fbclid=IwZXh0bgNhZW0CMTEAc3J0YwZhcHBfaWQMMzUwNjg1NTMxNzI4AAEeLPbo6JE7MTqNhQ32w_aMcR3Bepj5c3phCyqYg9nxt04xbQpEdu6wIHKNj8k_aem_lWTojR-Tixjj82nd36kz-A" "Mozilla/5.0 (Linux; Android 15; SM-A546E Build/AP3A.240905.015.A2; wv) AppleWebKit/537.36 (KHTML, like Gecko) Version/4.0 Chrome/142.0.7444.74 Mobile Safari/537.36 [FB_IAB/FB4A;FBAV/537.0.0.47.77;IABMV/1;]"
58.145.187.207 - - [06/Nov/2025:16:06:58 +0000] "GET /wp-content/uploads/2025/07/WhatsApp-Image-2025-07-01-at-06.21.07_5342446a-600x900.jpg HTTP/2" 200 121435 "https://deenzalifestyle.com/?fbclid=IwZXh0bgNhZW0CMTEAc3J0YwZhcHBfaWQMMzUwNjg1NTMxNzI4AAEeLPbo6JE7MTqNhQ32w_aMcR3Bepj5c3phCyqYg9nxt04xbQpEdu6wIHKNj8k_aem_lWTojR-Tixjj82nd36kz-A" "Mozilla/5.0 (Linux; Android 15; SM-A546E Build/AP3A.240905.015.A2; wv) AppleWebKit/537.36 (KHTML, like Gecko) Version/4.0 Chrome/142.0.7444.74 Mobile Safari/537.36 [FB_IAB/FB4A;FBAV/537.0.0.47.77;IABMV/1;]"
58.145.187.207 - - [06/Nov/2025:16:06:58 +0000] "GET /wp-content/uploads/2025/07/moriyam-borka-600x900.jpg HTTP/2" 200 108385 "https://deenzalifestyle.com/?fbclid=IwZXh0bgNhZW0CMTEAc3J0YwZhcHBfaWQMMzUwNjg1NTMxNzI4AAEeLPbo6JE7MTqNhQ32w_aMcR3Bepj5c3phCyqYg9nxt04xbQpEdu6wIHKNj8k_aem_lWTojR-Tixjj82nd36kz-A" "Mozilla/5.0 (Linux; Android 15; SM-A546E Build/AP3A.240905.015.A2; wv) AppleWebKit/537.36 (KHTML, like Gecko) Version/4.0 Chrome/142.0.7444.74 Mobile Safari/537.36 [FB_IAB/FB4A;FBAV/537.0.0.47.77;IABMV/1;]"
58.145.187.207 - - [06/Nov/2025:16:06:58 +0000] "GET /wp-content/uploads/2025/06/jahara-600x900.jpg HTTP/2" 200 57008 "https://deenzalifestyle.com/?fbclid=IwZXh0bgNhZW0CMTEAc3J0YwZhcHBfaWQMMzUwNjg1NTMxNzI4AAEeLPbo6JE7MTqNhQ32w_aMcR3Bepj5c3phCyqYg9nxt04xbQpEdu6wIHKNj8k_aem_lWTojR-Tixjj82nd36kz-A" "Mozilla/5.0 (Linux; Android 15; SM-A546E Build/AP3A.240905.015.A2; wv) AppleWebKit/537.36 (KHTML, like Gecko) Version/4.0 Chrome/142.0.7444.74 Mobile Safari/537.36 [FB_IAB/FB4A;FBAV/537.0.0.47.77;IABMV/1;]"
58.145.187.207 - - [06/Nov/2025:16:07:00 +0000] "GET /wp-content/uploads/2025/06/photo_2025-06-29_16-27-39-600x900.jpg HTTP/2" 200 94867 "https://deenzalifestyle.com/?fbclid=IwZXh0bgNhZW0CMTEAc3J0YwZhcHBfaWQMMzUwNjg1NTMxNzI4AAEeLPbo6JE7MTqNhQ32w_aMcR3Bepj5c3phCyqYg9nxt04xbQpEdu6wIHKNj8k_aem_lWTojR-Tixjj82nd36kz-A" "Mozilla/5.0 (Linux; Android 15; SM-A546E Build/AP3A.240905.015.A2; wv) AppleWebKit/537.36 (KHTML, like Gecko) Version/4.0 Chrome/142.0.7444.74 Mobile Safari/537.36 [FB_IAB/FB4A;FBAV/537.0.0.47.77;IABMV/1;]"
58.145.187.207 - - [06/Nov/2025:16:07:00 +0000] "GET /wp-content/uploads/2025/07/WhatsApp-Image-2025-07-01-at-06.21.28_fd3b8fa8-600x900.jpg HTTP/2" 200 100169 "https://deenzalifestyle.com/?fbclid=IwZXh0bgNhZW0CMTEAc3J0YwZhcHBfaWQMMzUwNjg1NTMxNzI4AAEeLPbo6JE7MTqNhQ32w_aMcR3Bepj5c3phCyqYg9nxt04xbQpEdu6wIHKNj8k_aem_lWTojR-Tixjj82nd36kz-A" "Mozilla/5.0 (Linux; Android 15; SM-A546E Build/AP3A.240905.015.A2; wv) AppleWebKit/537.36 (KHTML, like Gecko) Version/4.0 Chrome/142.0.7444.74 Mobile Safari/537.36 [FB_IAB/FB4A;FBAV/537.0.0.47.77;IABMV/1;]"
58.145.187.207 - - [06/Nov/2025:16:06:57 +0000] "GET /wp-content/uploads/2025/10/Picsart_25-06-28_01-50-25-029-1365x2048.jpg HTTP/2" 200 332929 "https://deenzalifestyle.com/?fbclid=IwZXh0bgNhZW0CMTEAc3J0YwZhcHBfaWQMMzUwNjg1NTMxNzI4AAEeLPbo6JE7MTqNhQ32w_aMcR3Bepj5c3phCyqYg9nxt04xbQpEdu6wIHKNj8k_aem_lWTojR-Tixjj82nd36kz-A" "Mozilla/5.0 (Linux; Android 15; SM-A546E Build/AP3A.240905.015.A2; wv) AppleWebKit/537.36 (KHTML, like Gecko) Version/4.0 Chrome/142.0.7444.74 Mobile Safari/537.36 [FB_IAB/FB4A;FBAV/537.0.0.47.77;IABMV/1;]"
58.145.187.207 - - [06/Nov/2025:16:07:01 +0000] "GET /wp-content/plugins/elementor/assets/js/shared-frontend-handlers.4c8abccc3e268b0767b2.bundle.min.js HTTP/2" 200 2542 "https://deenzalifestyle.com/?fbclid=IwZXh0bgNhZW0CMTEAc3J0YwZhcHBfaWQMMzUwNjg1NTMxNzI4AAEeLPbo6JE7MTqNhQ32w_aMcR3Bepj5c3phCyqYg9nxt04xbQpEdu6wIHKNj8k_aem_lWTojR-Tixjj82nd36kz-A" "Mozilla/5.0 (Linux; Android 15; SM-A546E Build/AP3A.240905.015.A2; wv) AppleWebKit/537.36 (KHTML, like Gecko) Version/4.0 Chrome/142.0.7444.74 Mobile Safari/537.36 [FB_IAB/FB4A;FBAV/537.0.0.47.77;IABMV/1;]"
58.145.187.207 - - [06/Nov/2025:16:07:01 +0000] "GET /wp-content/plugins/elementor/assets/js/text-editor.abc8f59c62f2820dc25a.bundle.min.js HTTP/2" 200 618 "https://deenzalifestyle.com/?fbclid=IwZXh0bgNhZW0CMTEAc3J0YwZhcHBfaWQMMzUwNjg1NTMxNzI4AAEeLPbo6JE7MTqNhQ32w_aMcR3Bepj5c3phCyqYg9nxt04xbQpEdu6wIHKNj8k_aem_lWTojR-Tixjj82nd36kz-A" "Mozilla/5.0 (Linux; Android 15; SM-A546E Build/AP3A.240905.015.A2; wv) AppleWebKit/537.36 (KHTML, like Gecko) Version/4.0 Chrome/142.0.7444.74 Mobile Safari/537.36 [FB_IAB/FB4A;FBAV/537.0.0.47.77;IABMV/1;]"
58.145.187.207 - - [06/Nov/2025:16:07:01 +0000] "GET /wp-content/plugins/elementor-pro/assets/js/woocommerce-menu-cart.eb61fe086245485310a4.bundle.min.js HTTP/2" 200 1464 "https://deenzalifestyle.com/?fbclid=IwZXh0bgNhZW0CMTEAc3J0YwZhcHBfaWQMMzUwNjg1NTMxNzI4AAEeLPbo6JE7MTqNhQ32w_aMcR3Bepj5c3phCyqYg9nxt04xbQpEdu6wIHKNj8k_aem_lWTojR-Tixjj82nd36kz-A" "Mozilla/5.0 (Linux; Android 15; SM-A546E Build/AP3A.240905.015.A2; wv) AppleWebKit/537.36 (KHTML, like Gecko) Version/4.0 Chrome/142.0.7444.74 Mobile Safari/537.36 [FB_IAB/FB4A;FBAV/537.0.0.47.77;IABMV/1;]"
58.145.187.207 - - [06/Nov/2025:16:07:01 +0000] "GET /wp-content/plugins/elementor-pro/assets/js/load-more.8b46f464e573feab5dd7.bundle.min.js HTTP/2" 200 1483 "https://deenzalifestyle.com/?fbclid=IwZXh0bgNhZW0CMTEAc3J0YwZhcHBfaWQMMzUwNjg1NTMxNzI4AAEeLPbo6JE7MTqNhQ32w_aMcR3Bepj5c3phCyqYg9nxt04xbQpEdu6wIHKNj8k_aem_lWTojR-Tixjj82nd36kz-A" "Mozilla/5.0 (Linux; Android 15; SM-A546E Build/AP3A.240905.015.A2; wv) AppleWebKit/537.36 (KHTML, like Gecko) Version/4.0 Chrome/142.0.7444.74 Mobile Safari/537.36 [FB_IAB/FB4A;FBAV/537.0.0.47.77;IABMV/1;]"
58.145.187.207 - - [06/Nov/2025:16:07:01 +0000] "GET /wp-content/plugins/elementor-pro/assets/js/loop.4a16d82b8b5e3e00f25e.bundle.min.js HTTP/2" 200 3136 "https://deenzalifestyle.com/?fbclid=IwZXh0bgNhZW0CMTEAc3J0YwZhcHBfaWQMMzUwNjg1NTMxNzI4AAEeLPbo6JE7MTqNhQ32w_aMcR3Bepj5c3phCyqYg9nxt04xbQpEdu6wIHKNj8k_aem_lWTojR-Tixjj82nd36kz-A" "Mozilla/5.0 (Linux; Android 15; SM-A546E Build/AP3A.240905.015.A2; wv) AppleWebKit/537.36 (KHTML, like Gecko) Version/4.0 Chrome/142.0.7444.74 Mobile Safari/537.36 [FB_IAB/FB4A;FBAV/537.0.0.47.77;IABMV/1;]"
58.145.187.207 - - [06/Nov/2025:16:07:02 +0000] "GET /wp-content/plugins/elementor-pro/assets/js/ajax-pagination.2090b5f4906bcda1dcc2.bundle.min.js HTTP/2" 200 1092 "https://deenzalifestyle.com/?fbclid=IwZXh0bgNhZW0CMTEAc3J0YwZhcHBfaWQMMzUwNjg1NTMxNzI4AAEeLPbo6JE7MTqNhQ32w_aMcR3Bepj5c3phCyqYg9nxt04xbQpEdu6wIHKNj8k_aem_lWTojR-Tixjj82nd36kz-A" "Mozilla/5.0 (Linux; Android 15; SM-A546E Build/AP3A.240905.015.A2; wv) AppleWebKit/537.36 (KHTML, like Gecko) Version/4.0 Chrome/142.0.7444.74 Mobile Safari/537.36 [FB_IAB/FB4A;FBAV/537.0.0.47.77;IABMV/1;]"
58.145.187.207 - - [06/Nov/2025:16:07:02 +0000] "GET /wp-content/plugins/elementor-pro/assets/js/product-add-to-cart.51a22e1fbd8f914ab3d5.bundle.min.js HTTP/2" 200 1152 "https://deenzalifestyle.com/?fbclid=IwZXh0bgNhZW0CMTEAc3J0YwZhcHBfaWQMMzUwNjg1NTMxNzI4AAEeLPbo6JE7MTqNhQ32w_aMcR3Bepj5c3phCyqYg9nxt04xbQpEdu6wIHKNj8k_aem_lWTojR-Tixjj82nd36kz-A" "Mozilla/5.0 (Linux; Android 15; SM-A546E Build/AP3A.240905.015.A2; wv) AppleWebKit/537.36 (KHTML, like Gecko) Version/4.0 Chrome/142.0.7444.74 Mobile Safari/537.36 [FB_IAB/FB4A;FBAV/537.0.0.47.77;IABMV/1;]"
57.141.2.75 - - [06/Nov/2025:16:07:02 +0000] "GET /product=5496304.html HTTP/2" 404 206892 "-" "meta-externalagent/1.1 (+https://developers.facebook.com/docs/sharing/webmasters/crawler)"
58.145.187.207 - - [06/Nov/2025:16:07:03 +0000] "GET /wp-content/uploads/2025/09/photo_2025-09-03_06-23-29-768x1152.jpg HTTP/2" 200 84726 "https://deenzalifestyle.com/?fbclid=IwZXh0bgNhZW0CMTEAc3J0YwZhcHBfaWQMMzUwNjg1NTMxNzI4AAEeLPbo6JE7MTqNhQ32w_aMcR3Bepj5c3phCyqYg9nxt04xbQpEdu6wIHKNj8k_aem_lWTojR-Tixjj82nd36kz-A" "Mozilla/5.0 (Linux; Android 15; SM-A546E Build/AP3A.240905.015.A2; wv) AppleWebKit/537.36 (KHTML, like Gecko) Version/4.0 Chrome/142.0.7444.74 Mobile Safari/537.36 [FB_IAB/FB4A;FBAV/537.0.0.47.77;IABMV/1;]"
58.145.187.207 - - [06/Nov/2025:16:07:03 +0000] "GET /wp-content/uploads/2025/06/Moriyam-1-768x1152.jpg HTTP/2" 200 149865 "https://deenzalifestyle.com/?fbclid=IwZXh0bgNhZW0CMTEAc3J0YwZhcHBfaWQMMzUwNjg1NTMxNzI4AAEeLPbo6JE7MTqNhQ32w_aMcR3Bepj5c3phCyqYg9nxt04xbQpEdu6wIHKNj8k_aem_lWTojR-Tixjj82nd36kz-A" "Mozilla/5.0 (Linux; Android 15; SM-A546E Build/AP3A.240905.015.A2; wv) AppleWebKit/537.36 (KHTML, like Gecko) Version/4.0 Chrome/142.0.7444.74 Mobile Safari/537.36 [FB_IAB/FB4A;FBAV/537.0.0.47.77;IABMV/1;]"
58.145.187.207 - - [06/Nov/2025:16:07:03 +0000] "GET /wp-content/uploads/2025/09/photo_2025-09-03_06-23-19-768x1152.jpg HTTP/2" 200 82786 "https://deenzalifestyle.com/?fbclid=IwZXh0bgNhZW0CMTEAc3J0YwZhcHBfaWQMMzUwNjg1NTMxNzI4AAEeLPbo6JE7MTqNhQ32w_aMcR3Bepj5c3phCyqYg9nxt04xbQpEdu6wIHKNj8k_aem_lWTojR-Tixjj82nd36kz-A" "Mozilla/5.0 (Linux; Android 15; SM-A546E Build/AP3A.240905.015.A2; wv) AppleWebKit/537.36 (KHTML, like Gecko) Version/4.0 Chrome/142.0.7444.74 Mobile Safari/537.36 [FB_IAB/FB4A;FBAV/537.0.0.47.77;IABMV/1;]"
58.145.187.207 - - [06/Nov/2025:16:07:04 +0000] "GET /wp-content/uploads/2025/06/photo_2025-06-29_16-42-18-768x1152.jpg HTTP/2" 200 104263 "https://deenzalifestyle.com/?fbclid=IwZXh0bgNhZW0CMTEAc3J0YwZhcHBfaWQMMzUwNjg1NTMxNzI4AAEeLPbo6JE7MTqNhQ32w_aMcR3Bepj5c3phCyqYg9nxt04xbQpEdu6wIHKNj8k_aem_lWTojR-Tixjj82nd36kz-A" "Mozilla/5.0 (Linux; Android 15; SM-A546E Build/AP3A.240905.015.A2; wv) AppleWebKit/537.36 (KHTML, like Gecko) Version/4.0 Chrome/142.0.7444.74 Mobile Safari/537.36 [FB_IAB/FB4A;FBAV/537.0.0.47.77;IABMV/1;]"
58.145.187.207 - - [06/Nov/2025:16:07:07 +0000] "GET /wp-content/uploads/2025/06/cropped-Deenza-logo-1-192x192.jpg HTTP/2" 200 5641 "https://deenzalifestyle.com/?fbclid=IwZXh0bgNhZW0CMTEAc3J0YwZhcHBfaWQMMzUwNjg1NTMxNzI4AAEeLPbo6JE7MTqNhQ32w_aMcR3Bepj5c3phCyqYg9nxt04xbQpEdu6wIHKNj8k_aem_lWTojR-Tixjj82nd36kz-A" "Mozilla/5.0 (Linux; Android 15; SM-A546E Build/AP3A.240905.015.A2; wv) AppleWebKit/537.36 (KHTML, like Gecko) Version/4.0 Chrome/142.0.7444.74 Mobile Safari/537.36 [FB_IAB/FB4A;FBAV/537.0.0.47.77;IABMV/1;]"
58.145.187.207 - - [06/Nov/2025:16:07:07 +0000] "GET /wp-content/uploads/2025/06/cropped-Deenza-logo-1-32x32.jpg HTTP/2" 200 941 "https://deenzalifestyle.com/?fbclid=IwZXh0bgNhZW0CMTEAc3J0YwZhcHBfaWQMMzUwNjg1NTMxNzI4AAEeLPbo6JE7MTqNhQ32w_aMcR3Bepj5c3phCyqYg9nxt04xbQpEdu6wIHKNj8k_aem_lWTojR-Tixjj82nd36kz-A" "Mozilla/5.0 (Linux; Android 15; SM-A546E Build/AP3A.240905.015.A2; wv) AppleWebKit/537.36 (KHTML, like Gecko) Version/4.0 Chrome/142.0.7444.74 Mobile Safari/537.36 [FB_IAB/FB4A;FBAV/537.0.0.47.77;IABMV/1;]"
57.141.2.11 - - [06/Nov/2025:16:07:12 +0000] "GET /product=2442355.html HTTP/2" 404 206892 "-" "meta-externalagent/1.1 (+https://developers.facebook.com/docs/sharing/webmasters/crawler)"
57.141.2.25 - - [06/Nov/2025:16:07:36 +0000] "GET /product=4811961.html HTTP/2" 404 206892 "-" "meta-externalagent/1.1 (+https://developers.facebook.com/docs/sharing/webmasters/crawler)"
204.197.172.10 - - [06/Nov/2025:16:07:57 +0000] "POST /wp-cron.php?doing_wp_cron=1762445277.8830919265747070312500 HTTP/1.1" 200 0 "-" "WordPress/6.8.3; https://deenzalifestyle.com"
58.145.187.207 - - [06/Nov/2025:16:07:57 +0000] "POST /wp-json/wp-statistics/v2/online HTTP/2" 200 19 "https://deenzalifestyle.com/?fbclid=IwZXh0bgNhZW0CMTEAc3J0YwZhcHBfaWQMMzUwNjg1NTMxNzI4AAEeLPbo6JE7MTqNhQ32w_aMcR3Bepj5c3phCyqYg9nxt04xbQpEdu6wIHKNj8k_aem_lWTojR-Tixjj82nd36kz-A" "Mozilla/5.0 (Linux; Android 15; SM-A546E Build/AP3A.240905.015.A2; wv) AppleWebKit/537.36 (KHTML, like Gecko) Version/4.0 Chrome/142.0.7444.74 Mobile Safari/537.36 [FB_IAB/FB4A;FBAV/537.0.0.47.77;IABMV/1;]"
57.141.2.34 - - [06/Nov/2025:16:08:29 +0000] "GET /product=4711010.html HTTP/2" 404 206892 "-" "meta-externalagent/1.1 (+https://developers.facebook.com/docs/sharing/webmasters/crawler)"
204.197.172.10 - - [06/Nov/2025:16:09:05 +0000] "POST /wp-cron.php?doing_wp_cron=1762445345.4526650905609130859375 HTTP/1.1" 200 0 "-" "WordPress/6.8.3; https://deenzalifestyle.com"
57.141.2.3 - - [06/Nov/2025:16:09:05 +0000] "GET /product=2111630.html HTTP/2" 404 206891 "-" "meta-externalagent/1.1 (+https://developers.facebook.com/docs/sharing/webmasters/crawler)"
57.141.2.26 - - [06/Nov/2025:16:09:14 +0000] "GET /product=3260427.html HTTP/2" 404 206892 "-" "meta-externalagent/1.1 (+https://developers.facebook.com/docs/sharing/webmasters/crawler)"
57.141.2.29 - - [06/Nov/2025:16:09:16 +0000] "GET /product=3032535.html HTTP/2" 404 206892 "-" "meta-externalagent/1.1 (+https://developers.facebook.com/docs/sharing/webmasters/crawler)"
58.145.187.207 - - [06/Nov/2025:16:09:26 +0000] "POST /wp-json/wp-statistics/v2/online HTTP/2" 200 19 "https://deenzalifestyle.com/?fbclid=IwZXh0bgNhZW0CMTEAc3J0YwZhcHBfaWQMMzUwNjg1NTMxNzI4AAEeLPbo6JE7MTqNhQ32w_aMcR3Bepj5c3phCyqYg9nxt04xbQpEdu6wIHKNj8k_aem_lWTojR-Tixjj82nd36kz-A" "Mozilla/5.0 (Linux; Android 15; SM-A546E Build/AP3A.240905.015.A2; wv) AppleWebKit/537.36 (KHTML, like Gecko) Version/4.0 Chrome/142.0.7444.74 Mobile Safari/537.36 [FB_IAB/FB4A;FBAV/537.0.0.47.77;IABMV/1;]"
66.249.69.106 - - [06/Nov/2025:16:09:29 +0000] "GET /257264421.shtml HTTP/1.1" 404 37439 "-" "Mozilla/5.0 (Linux; Android 6.0.1; Nexus 5X Build/MMB29P) AppleWebKit/537.36 (KHTML, like Gecko) Chrome/141.0.7390.122 Mobile Safari/537.36 (compatible; Googlebot/2.1; +http://www.google.com/bot.html)"
57.141.2.32 - - [06/Nov/2025:16:09:31 +0000] "GET /product=4309477.html HTTP/2" 404 206892 "-" "meta-externalagent/1.1 (+https://developers.facebook.com/docs/sharing/webmasters/crawler)"
57.141.2.25 - - [06/Nov/2025:16:09:40 +0000] "GET /product=4389401.html HTTP/2" 404 206892 "-" "meta-externalagent/1.1 (+https://developers.facebook.com/docs/sharing/webmasters/crawler)"
204.197.172.10 - - [06/Nov/2025:16:09:44 +0000] "POST /wp-cron.php?doing_wp_cron=1762445384.2611560821533203125000 HTTP/1.1" 200 0 "-" "WordPress/6.8.3; https://deenzalifestyle.com"
57.141.2.65 - - [06/Nov/2025:16:09:44 +0000] "GET /product=5711334.html HTTP/2" 404 206892 "-" "meta-externalagent/1.1 (+https://developers.facebook.com/docs/sharing/webmasters/crawler)"
204.197.172.10 - - [06/Nov/2025:16:09:49 +0000] "POST /wp-cron.php?doing_wp_cron=1762445389.8944120407104492187500 HTTP/1.1" 200 0 "-" "WordPress/6.8.3; https://deenzalifestyle.com"
57.141.2.22 - - [06/Nov/2025:16:09:49 +0000] "GET /product=5181546.html HTTP/2" 404 206892 "-" "meta-externalagent/1.1 (+https://developers.facebook.com/docs/sharing/webmasters/crawler)"
204.197.172.10 - - [06/Nov/2025:16:10:05 +0000] "POST /wp-cron.php?doing_wp_cron=1762445405.9201691150665283203125 HTTP/1.1" 200 0 "-" "WordPress/6.8.3; https://deenzalifestyle.com"
58.145.187.207 - - [06/Nov/2025:16:10:05 +0000] "POST /wp-json/wp-statistics/v2/online HTTP/2" 200 19 "https://deenzalifestyle.com/?fbclid=IwZXh0bgNhZW0CMTEAc3J0YwZhcHBfaWQMMzUwNjg1NTMxNzI4AAEeLPbo6JE7MTqNhQ32w_aMcR3Bepj5c3phCyqYg9nxt04xbQpEdu6wIHKNj8k_aem_lWTojR-Tixjj82nd36kz-A" "Mozilla/5.0 (Linux; Android 15; SM-A546E Build/AP3A.240905.015.A2; wv) AppleWebKit/537.36 (KHTML, like Gecko) Version/4.0 Chrome/142.0.7444.74 Mobile Safari/537.36 [FB_IAB/FB4A;FBAV/537.0.0.47.77;IABMV/1;]"
57.141.2.75 - - [06/Nov/2025:16:10:33 +0000] "GET /product=3820514.html HTTP/2" 404 206892 "-" "meta-externalagent/1.1 (+https://developers.facebook.com/docs/sharing/webmasters/crawler)"
204.197.172.10 - - [06/Nov/2025:16:11:50 +0000] "POST /wp-cron.php?doing_wp_cron=1762445510.8860421180725097656250 HTTP/1.1" 200 0 "-" "WordPress/6.8.3; https://deenzalifestyle.com"
57.141.2.5 - - [06/Nov/2025:16:11:49 +0000] "GET /product=3147157.html HTTP/2" 404 206891 "-" "meta-externalagent/1.1 (+https://developers.facebook.com/docs/sharing/webmasters/crawler)"
204.197.172.10 - - [06/Nov/2025:16:11:54 +0000] "POST /wp-cron.php?doing_wp_cron=1762445514.4193780422210693359375 HTTP/1.1" 200 0 "-" "WordPress/6.8.3; https://deenzalifestyle.com"
57.141.2.31 - - [06/Nov/2025:16:11:54 +0000] "GET /product=3602365.html HTTP/2" 404 206892 "-" "meta-externalagent/1.1 (+https://developers.facebook.com/docs/sharing/webmasters/crawler)"
57.141.2.13 - - [06/Nov/2025:16:12:20 +0000] "GET /product=2386268.html HTTP/2" 404 206892 "-" "meta-externalagent/1.1 (+https://developers.facebook.com/docs/sharing/webmasters/crawler)"
57.141.2.73 - - [06/Nov/2025:16:12:23 +0000] "GET /product=3424858.html HTTP/2" 404 206892 "-" "meta-externalagent/1.1 (+https://developers.facebook.com/docs/sharing/webmasters/crawler)"
204.197.172.10 - - [06/Nov/2025:16:13:25 +0000] "POST /wp-cron.php?doing_wp_cron=1762445605.6562008857727050781250 HTTP/1.1" 200 0 "-" "WordPress/6.8.3; https://deenzalifestyle.com"
57.141.2.60 - - [06/Nov/2025:16:13:25 +0000] "GET /product=3189732.html HTTP/2" 404 206892 "-" "meta-externalagent/1.1 (+https://developers.facebook.com/docs/sharing/webmasters/crawler)"
204.197.172.10 - - [06/Nov/2025:16:14:06 +0000] "POST /wp-cron.php?doing_wp_cron=1762445646.8230020999908447265625 HTTP/1.1" 200 0 "-" "WordPress/6.8.3; https://deenzalifestyle.com"
57.141.2.75 - - [06/Nov/2025:16:14:06 +0000] "GET /product=3100527.html HTTP/2" 404 206892 "-" "meta-externalagent/1.1 (+https://developers.facebook.com/docs/sharing/webmasters/crawler)"
57.141.2.31 - - [06/Nov/2025:16:14:08 +0000] "GET /product=5681751.html HTTP/2" 404 206892 "-" "meta-externalagent/1.1 (+https://developers.facebook.com/docs/sharing/webmasters/crawler)"
57.141.2.75 - - [06/Nov/2025:16:14:15 +0000] "GET /product=4987382.html HTTP/2" 404 206892 "-" "meta-externalagent/1.1 (+https://developers.facebook.com/docs/sharing/webmasters/crawler)"
57.141.2.61 - - [06/Nov/2025:16:14:21 +0000] "GET /product=3960314.html HTTP/2" 404 206892 "-" "meta-externalagent/1.1 (+https://developers.facebook.com/docs/sharing/webmasters/crawler)"
57.141.2.2 - - [06/Nov/2025:16:14:22 +0000] "GET /product=5194975.html HTTP/2" 404 206891 "-" "meta-externalagent/1.1 (+https://developers.facebook.com/docs/sharing/webmasters/crawler)"
40.116.89.23 - - [06/Nov/2025:16:14:27 +0000] "GET /wp-content/themes/astra/assets/css/minified/main.min.css?ver=4.11.13 HTTP/1.1" 200 45731 "-" "-"
40.116.89.23 - - [06/Nov/2025:16:14:29 +0000] "GET /wp-content/plugins/woolentor-addons/woolentor-blocks/assets/css/blocks.style.build.css?ver=3.2.5 HTTP/1.1" 200 53052 "-" "-"
40.116.89.23 - - [06/Nov/2025:16:14:30 +0000] "GET /wp-content/themes/astra/assets/css/minified/compatibility/woocommerce/woocommerce-layout-grid.min.css?ver=4.11.13 HTTP/1.1" 200 16313 "-" "-"
40.116.89.23 - - [06/Nov/2025:16:14:30 +0000] "GET /wp-content/themes/astra/assets/css/minified/compatibility/woocommerce/woocommerce-smallscreen-grid.min.css?ver=4.11.13 HTTP/1.1" 200 6005 "-" "-"
40.116.89.23 - - [06/Nov/2025:16:14:31 +0000] "GET /wp-content/themes/astra/assets/css/minified/compatibility/woocommerce/woocommerce-grid.min.css?ver=4.11.13 HTTP/1.1" 200 118174 "-" "-"
40.116.89.23 - - [06/Nov/2025:16:14:31 +0000] "GET /wp-content/plugins/woocommerce/assets/fonts/star.svg HTTP/1.1" 200 929 "-" "-"
40.116.89.23 - - [06/Nov/2025:16:14:32 +0000] "GET /wp-content/plugins/woocommerce/assets/fonts/star.ttf HTTP/1.1" 200 1512 "-" "-"
40.116.89.23 - - [06/Nov/2025:16:14:32 +0000] "GET /wp-content/plugins/woocommerce/assets/fonts/star.woff HTTP/1.1" 200 1304 "-" "-"
40.116.89.23 - - [06/Nov/2025:16:14:32 +0000] "GET /wp-content/plugins/woocommerce/assets/fonts/star.eot? HTTP/1.1" 404 206890 "-" "-"
40.116.89.23 - - [06/Nov/2025:16:14:34 +0000] "GET /wp-content/plugins/elementor-pro/assets/css/widget-loop-common.min.css?ver=3.32.3 HTTP/1.1" 200 208 "-" "-"
40.116.89.23 - - [06/Nov/2025:16:14:35 +0000] "GET /wp-content/plugins/elementor-pro/assets/css/widget-loop-grid.min.css?ver=3.32.3 HTTP/1.1" 200 13219 "-" "-"
40.116.89.23 - - [06/Nov/2025:16:14:35 +0000] "GET /wp-content/uploads/elementor/css/post-18.css?ver=1761839354 HTTP/1.1" 200 15198 "-" "-"
57.141.2.2 - - [06/Nov/2025:16:14:39 +0000] "GET /product=4646047.html HTTP/2" 404 206891 "-" "meta-externalagent/1.1 (+https://developers.facebook.com/docs/sharing/webmasters/crawler)"
40.116.89.23 - - [06/Nov/2025:16:14:39 +0000] "GET /wp-content/plugins/elementor-pro/assets/css/widget-woocommerce-menu-cart.min.css?ver=3.32.3 HTTP/1.1" 200 14381 "-" "-"
40.116.89.23 - - [06/Nov/2025:16:14:40 +0000] "GET /wp-content/plugins/elementor-pro/assets/css/widget-woocommerce-product-price.min.css?ver=3.32.3 HTTP/1.1" 200 262 "-" "-"
40.116.89.23 - - [06/Nov/2025:16:14:41 +0000] "GET /wp-content/plugins/elementor-pro/assets/css/widget-woocommerce-product-add-to-cart.min.css?ver=3.32.3 HTTP/1.1" 200 89568 "-" "-"
40.116.89.23 - - [06/Nov/2025:16:14:42 +0000] "GET /wp-content/plugins/elementor/assets/css/widget-social-icons.min.css?ver=3.32.5 HTTP/1.1" 200 5150 "-" "-"
40.116.89.23 - - [06/Nov/2025:16:14:42 +0000] "GET /wp-content/plugins/elementor/assets/css/conditionals/apple-webkit.min.css?ver=3.32.5 HTTP/1.1" 200 7025 "-" "-"
40.116.89.23 - - [06/Nov/2025:16:14:42 +0000] "GET /wp-includes/css/dist/block-library/style.min.css?ver=9fd0a3e95cfdf6f320dbf29c7b6e8933 HTTP/1.1" 200 116345 "-" "-"
204.197.172.10 - - [06/Nov/2025:16:15:09 +0000] "POST /wp-cron.php?doing_wp_cron=1762445709.6664469242095947265625 HTTP/1.1" 200 0 "-" "WordPress/6.8.3; https://deenzalifestyle.com"
57.141.2.12 - - [06/Nov/2025:16:15:09 +0000] "GET /product=5439615.html HTTP/2" 404 206892 "-" "meta-externalagent/1.1 (+https://developers.facebook.com/docs/sharing/webmasters/crawler)"
57.141.2.2 - - [06/Nov/2025:16:15:15 +0000] "GET /product=3409841.html HTTP/2" 404 206891 "-" "meta-externalagent/1.1 (+https://developers.facebook.com/docs/sharing/webmasters/crawler)"
204.197.172.10 - - [06/Nov/2025:16:15:52 +0000] "POST /wp-cron.php?doing_wp_cron=1762445752.6151471138000488281250 HTTP/1.1" 200 0 "-" "WordPress/6.8.3; https://deenzalifestyle.com"
57.141.2.36 - - [06/Nov/2025:16:15:52 +0000] "GET /product=5446315.html HTTP/2" 404 206892 "-" "meta-externalagent/1.1 (+https://developers.facebook.com/docs/sharing/webmasters/crawler)"
204.197.172.10 - - [06/Nov/2025:16:16:35 +0000] "POST /wp-cron.php?doing_wp_cron=1762445795.5112860202789306640625 HTTP/1.1" 200 0 "-" "WordPress/6.8.3; https://deenzalifestyle.com"
57.141.2.28 - - [06/Nov/2025:16:16:35 +0000] "GET /product=2736714.html HTTP/2" 404 206892 "-" "meta-externalagent/1.1 (+https://developers.facebook.com/docs/sharing/webmasters/crawler)"
204.197.172.10 - - [06/Nov/2025:16:17:14 +0000] "POST /wp-cron.php?doing_wp_cron=1762445834.1413938999176025390625 HTTP/1.1" 200 0 "-" "WordPress/6.8.3; https://deenzalifestyle.com"
57.141.2.60 - - [06/Nov/2025:16:17:13 +0000] "GET /product=5475427.html HTTP/2" 404 206892 "-" "meta-externalagent/1.1 (+https://developers.facebook.com/docs/sharing/webmasters/crawler)"
57.141.2.4 - - [06/Nov/2025:16:17:15 +0000] "GET /product=3016438.html HTTP/2" 404 206891 "-" "meta-externalagent/1.1 (+https://developers.facebook.com/docs/sharing/webmasters/crawler)"
57.141.2.82 - - [06/Nov/2025:16:17:25 +0000] "GET /product=3619298.html HTTP/2" 404 206892 "-" "meta-externalagent/1.1 (+https://developers.facebook.com/docs/sharing/webmasters/crawler)"
204.197.172.10 - - [06/Nov/2025:16:17:47 +0000] "POST /wp-cron.php?doing_wp_cron=1762445867.1658110618591308593750 HTTP/1.1" 200 0 "-" "WordPress/6.8.3; https://deenzalifestyle.com"
57.141.2.61 - - [06/Nov/2025:16:17:47 +0000] "GET /product=1865161.html HTTP/2" 404 206892 "-" "meta-externalagent/1.1 (+https://developers.facebook.com/docs/sharing/webmasters/crawler)"
204.197.172.10 - - [06/Nov/2025:16:17:59 +0000] "POST /wp-cron.php?doing_wp_cron=1762445879.4716510772705078125000 HTTP/1.1" 200 0 "-" "WordPress/6.8.3; https://deenzalifestyle.com"
57.141.2.23 - - [06/Nov/2025:16:17:59 +0000] "GET /product=4528006.html HTTP/2" 404 206892 "-" "meta-externalagent/1.1 (+https://developers.facebook.com/docs/sharing/webmasters/crawler)"
57.141.2.75 - - [06/Nov/2025:16:18:18 +0000] "GET /product=4972552.html HTTP/2" 404 206892 "-" "meta-externalagent/1.1 (+https://developers.facebook.com/docs/sharing/webmasters/crawler)"
204.197.172.10 - - [06/Nov/2025:16:18:55 +0000] "POST /wp-cron.php?doing_wp_cron=1762445935.9109170436859130859375 HTTP/1.1" 200 0 "-" "WordPress/6.8.3; https://deenzalifestyle.com"
66.249.69.106 - - [06/Nov/2025:16:18:55 +0000] "GET /536162361.shtml HTTP/1.1" 404 37439 "-" "Mozilla/5.0 (Linux; Android 6.0.1; Nexus 5X Build/MMB29P) AppleWebKit/537.36 (KHTML, like Gecko) Chrome/141.0.7390.122 Mobile Safari/537.36 (compatible; Googlebot/2.1; +http://www.google.com/bot.html)"
57.141.2.15 - - [06/Nov/2025:16:19:01 +0000] "GET /product=5071651.html HTTP/2" 404 206892 "-" "meta-externalagent/1.1 (+https://developers.facebook.com/docs/sharing/webmasters/crawler)"
57.141.2.32 - - [06/Nov/2025:16:19:11 +0000] "GET /product=4307374.html HTTP/2" 404 206892 "-" "meta-externalagent/1.1 (+https://developers.facebook.com/docs/sharing/webmasters/crawler)"
66.249.69.104 - - [06/Nov/2025:16:19:22 +0000] "GET /product=4012381.html HTTP/1.1" 404 37389 "-" "Mozilla/5.0 (compatible; Googlebot/2.1; +http://www.google.com/bot.html)"
57.141.2.75 - - [06/Nov/2025:16:19:29 +0000] "GET /product=4703901.html HTTP/2" 404 206892 "-" "meta-externalagent/1.1 (+https://developers.facebook.com/docs/sharing/webmasters/crawler)"
57.141.2.75 - - [06/Nov/2025:16:19:31 +0000] "GET /product=3507996.html HTTP/2" 404 206892 "-" "meta-externalagent/1.1 (+https://developers.facebook.com/docs/sharing/webmasters/crawler)"
57.141.2.26 - - [06/Nov/2025:16:19:33 +0000] "GET /product=3219900.html HTTP/2" 404 206892 "-" "meta-externalagent/1.1 (+https://developers.facebook.com/docs/sharing/webmasters/crawler)"
57.141.2.75 - - [06/Nov/2025:16:19:35 +0000] "GET /product=4595514.html HTTP/2" 404 206892 "-" "meta-externalagent/1.1 (+https://developers.facebook.com/docs/sharing/webmasters/crawler)"
57.141.2.71 - - [06/Nov/2025:16:19:37 +0000] "GET /product=4945775.html HTTP/2" 404 206892 "-" "meta-externalagent/1.1 (+https://developers.facebook.com/docs/sharing/webmasters/crawler)"
57.141.2.72 - - [06/Nov/2025:16:19:40 +0000] "GET /product=3695058.html HTTP/2" 404 206892 "-" "meta-externalagent/1.1 (+https://developers.facebook.com/docs/sharing/webmasters/crawler)"
204.197.172.10 - - [06/Nov/2025:16:19:56 +0000] "POST /wp-cron.php?doing_wp_cron=1762445996.1603770256042480468750 HTTP/1.1" 200 0 "-" "WordPress/6.8.3; https://deenzalifestyle.com"
57.141.2.57 - - [06/Nov/2025:16:19:56 +0000] "GET /product=3583935.html HTTP/2" 404 206892 "-" "meta-externalagent/1.1 (+https://developers.facebook.com/docs/sharing/webmasters/crawler)"
204.197.172.10 - - [06/Nov/2025:16:21:11 +0000] "POST /wp-cron.php?doing_wp_cron=1762446071.1675920486450195312500 HTTP/1.1" 200 0 "-" "WordPress/6.8.3; https://deenzalifestyle.com"
57.141.2.24 - - [06/Nov/2025:16:21:10 +0000] "GET /product=4635877.html HTTP/2" 404 206892 "-" "meta-externalagent/1.1 (+https://developers.facebook.com/docs/sharing/webmasters/crawler)"
204.197.172.10 - - [06/Nov/2025:16:22:06 +0000] "POST /wp-cron.php?doing_wp_cron=1762446126.8301830291748046875000 HTTP/1.1" 200 0 "-" "WordPress/6.8.3; https://deenzalifestyle.com"
57.141.2.1 - - [06/Nov/2025:16:22:06 +0000] "GET /product=1939609.html HTTP/2" 404 206891 "-" "meta-externalagent/1.1 (+https://developers.facebook.com/docs/sharing/webmasters/crawler)"
57.141.2.75 - - [06/Nov/2025:16:22:09 +0000] "GET /product=3842274.html HTTP/2" 404 206892 "-" "meta-externalagent/1.1 (+https://developers.facebook.com/docs/sharing/webmasters/crawler)"
57.141.2.75 - - [06/Nov/2025:16:22:11 +0000] "GET /product=5436736.html HTTP/2" 404 206892 "-" "meta-externalagent/1.1 (+https://developers.facebook.com/docs/sharing/webmasters/crawler)"
66.249.69.105 - - [06/Nov/2025:16:22:39 +0000] "GET /46320510.shtml HTTP/1.1" 404 37389 "-" "Mozilla/5.0 (compatible; Googlebot/2.1; +http://www.google.com/bot.html)"
204.197.172.10 - - [06/Nov/2025:16:23:25 +0000] "POST /wp-cron.php?doing_wp_cron=1762446205.0627520084381103515625 HTTP/1.1" 200 0 "-" "WordPress/6.8.3; https://deenzalifestyle.com"
57.141.2.6 - - [06/Nov/2025:16:23:24 +0000] "GET /product=4117164.html HTTP/2" 404 206891 "-" "meta-externalagent/1.1 (+https://developers.facebook.com/docs/sharing/webmasters/crawler)"
57.141.2.13 - - [06/Nov/2025:16:23:37 +0000] "GET /product=5363579.html HTTP/2" 404 206892 "-" "meta-externalagent/1.1 (+https://developers.facebook.com/docs/sharing/webmasters/crawler)"
204.197.172.10 - - [06/Nov/2025:16:24:00 +0000] "POST /wp-cron.php?doing_wp_cron=1762446240.7872729301452636718750 HTTP/1.1" 200 0 "-" "WordPress/6.8.3; https://deenzalifestyle.com"
57.141.2.10 - - [06/Nov/2025:16:24:00 +0000] "GET /product=4308145.html HTTP/2" 404 206892 "-" "meta-externalagent/1.1 (+https://developers.facebook.com/docs/sharing/webmasters/crawler)"
57.141.2.63 - - [06/Nov/2025:16:24:34 +0000] "GET /product=3516924.html HTTP/2" 404 206892 "-" "meta-externalagent/1.1 (+https://developers.facebook.com/docs/sharing/webmasters/crawler)"
204.197.172.10 - - [06/Nov/2025:16:25:00 +0000] "POST /wp-cron.php?doing_wp_cron=1762446300.6337089538574218750000 HTTP/1.1" 200 0 "-" "WordPress/6.8.3; https://deenzalifestyle.com"
57.141.2.72 - - [06/Nov/2025:16:25:00 +0000] "GET /product=3447693.html HTTP/2" 404 206892 "-" "meta-externalagent/1.1 (+https://developers.facebook.com/docs/sharing/webmasters/crawler)"
57.141.2.3 - - [06/Nov/2025:16:25:12 +0000] "GET /product=5228432.html HTTP/2" 404 206891 "-" "meta-externalagent/1.1 (+https://developers.facebook.com/docs/sharing/webmasters/crawler)"
57.141.2.23 - - [06/Nov/2025:16:25:33 +0000] "GET /product=2353028.html HTTP/2" 404 206892 "-" "meta-externalagent/1.1 (+https://developers.facebook.com/docs/sharing/webmasters/crawler)"
204.197.172.10 - - [06/Nov/2025:16:26:27 +0000] "POST /wp-cron.php?doing_wp_cron=1762446387.0503790378570556640625 HTTP/1.1" 200 0 "-" "WordPress/6.8.3; https://deenzalifestyle.com"
57.141.2.67 - - [06/Nov/2025:16:26:26 +0000] "GET /product=2259258.html HTTP/2" 404 206892 "-" "meta-externalagent/1.1 (+https://developers.facebook.com/docs/sharing/webmasters/crawler)"
66.249.87.41 - - [06/Nov/2025:16:26:28 +0000] "GET /product=5298566.html HTTP/1.1" 404 37430 "-" "Mozilla/5.0 (X11; Linux x86_64) AppleWebKit/537.36 (KHTML, like Gecko) Chrome/141.0.7390.122 Safari/537.36"
66.249.87.42 - - [06/Nov/2025:16:26:28 +0000] "GET /wp-content/themes/astra/assets/css/minified/main.min.css?ver=4.11.13 HTTP/1.1" 200 8486 "https://deenzalifestyle.com/product=5298566.html" "Mozilla/5.0 (X11; Linux x86_64) AppleWebKit/537.36 (KHTML, like Gecko) Chrome/141.0.7390.122 Safari/537.36"
66.249.87.41 - - [06/Nov/2025:16:26:29 +0000] "GET /wp-content/plugins/header-footer-elementor/inc/widgets-css/frontend.css?ver=2.6.1 HTTP/1.1" 200 8270 "https://deenzalifestyle.com/product=5298566.html" "Mozilla/5.0 (X11; Linux x86_64) AppleWebKit/537.36 (KHTML, like Gecko) Chrome/141.0.7390.122 Safari/537.36"
66.249.87.41 - - [06/Nov/2025:16:26:29 +0000] "GET /wp-content/plugins/header-footer-elementor/inc/widgets-css/woo-products.css?ver=2.6.1 HTTP/1.1" 200 987 "https://deenzalifestyle.com/product=5298566.html" "Mozilla/5.0 (X11; Linux x86_64) AppleWebKit/537.36 (KHTML, like Gecko) Chrome/141.0.7390.122 Safari/537.36"
66.249.87.41 - - [06/Nov/2025:16:26:29 +0000] "GET /wp-content/plugins/bkash/css/style.css?ver=6.8.3 HTTP/1.1" 200 171 "https://deenzalifestyle.com/product=5298566.html" "Mozilla/5.0 (X11; Linux x86_64) AppleWebKit/537.36 (KHTML, like Gecko) Chrome/141.0.7390.122 Safari/537.36"
66.249.87.42 - - [06/Nov/2025:16:26:30 +0000] "GET /wp-content/themes/astra/assets/css/minified/compatibility/woocommerce/woocommerce-grid.min.css?ver=4.11.13 HTTP/1.1" 200 15159 "https://deenzalifestyle.com/product=5298566.html" "Mozilla/5.0 (X11; Linux x86_64) AppleWebKit/537.36 (KHTML, like Gecko) Chrome/141.0.7390.122 Safari/537.36"
66.249.87.40 - - [06/Nov/2025:16:26:30 +0000] "GET /wp-content/plugins/th-advance-product-search/th-icon/style.css?ver=6.8.3 HTTP/1.1" 200 953 "https://deenzalifestyle.com/product=5298566.html" "Mozilla/5.0 (X11; Linux x86_64) AppleWebKit/537.36 (KHTML, like Gecko) Chrome/141.0.7390.122 Safari/537.36"
66.249.87.42 - - [06/Nov/2025:16:26:31 +0000] "GET /wp-content/plugins/woolentor-addons/woolentor-blocks/assets/css/style-index.css?ver=3.2.5 HTTP/1.1" 200 3111 "https://deenzalifestyle.com/product=5298566.html" "Mozilla/5.0 (X11; Linux x86_64) AppleWebKit/537.36 (KHTML, like Gecko) Chrome/141.0.7390.122 Safari/537.36"
66.249.87.40 - - [06/Nov/2025:16:26:31 +0000] "GET /wp-content/plugins/woo-conditional-product-fees-for-checkout/public/css/woocommerce-conditional-product-fees-for-checkout-public.css?ver=4.3.2 HTTP/1.1" 200 2066 "https://deenzalifestyle.com/product=5298566.html" "Mozilla/5.0 (X11; Linux x86_64) AppleWebKit/537.36 (KHTML, like Gecko) Chrome/141.0.7390.122 Safari/537.36"
66.249.87.42 - - [06/Nov/2025:16:26:31 +0000] "GET /wp-content/plugins/woolentor-addons/woolentor-blocks/assets/css/common-style.css?ver=3.2.5 HTTP/1.1" 200 591 "https://deenzalifestyle.com/product=5298566.html" "Mozilla/5.0 (X11; Linux x86_64) AppleWebKit/537.36 (KHTML, like Gecko) Chrome/141.0.7390.122 Safari/537.36"
66.249.87.40 - - [06/Nov/2025:16:26:31 +0000] "GET /wp-includes/css/dist/block-library/style.min.css?ver=6.8.3 HTTP/1.1" 200 14360 "https://deenzalifestyle.com/product=5298566.html" "Mozilla/5.0 (X11; Linux x86_64) AppleWebKit/537.36 (KHTML, like Gecko) Chrome/141.0.7390.122 Safari/537.36"
66.249.87.42 - - [06/Nov/2025:16:26:32 +0000] "GET /wp-content/plugins/wp-bottom-menu/assets/css/style.css?ver=2.2.4 HTTP/1.1" 200 939 "https://deenzalifestyle.com/product=5298566.html" "Mozilla/5.0 (X11; Linux x86_64) AppleWebKit/537.36 (KHTML, like Gecko) Chrome/141.0.7390.122 Safari/537.36"
66.249.87.40 - - [06/Nov/2025:16:26:32 +0000] "GET /wp-content/plugins/th-advance-product-search/build/style-th-advance-product-search.css?ver=1757999558 HTTP/1.1" 200 556 "https://deenzalifestyle.com/product=5298566.html" "Mozilla/5.0 (X11; Linux x86_64) AppleWebKit/537.36 (KHTML, like Gecko) Chrome/141.0.7390.122 Safari/537.36"
66.249.87.40 - - [06/Nov/2025:16:26:33 +0000] "GET /wp-content/themes/astra/assets/css/minified/compatibility/woocommerce/woocommerce-layout-grid.min.css?ver=4.11.13 HTTP/1.1" 200 1829 "https://deenzalifestyle.com/product=5298566.html" "Mozilla/5.0 (X11; Linux x86_64) AppleWebKit/537.36 (KHTML, like Gecko) Chrome/141.0.7390.122 Safari/537.36"
66.249.87.40 - - [06/Nov/2025:16:26:33 +0000] "GET /wp-content/plugins/elementor/assets/lib/font-awesome/css/font-awesome.min.css?ver=4.7.0 HTTP/1.1" 200 6657 "https://deenzalifestyle.com/product=5298566.html" "Mozilla/5.0 (X11; Linux x86_64) AppleWebKit/537.36 (KHTML, like Gecko) Chrome/141.0.7390.122 Safari/537.36"
66.249.87.41 - - [06/Nov/2025:16:26:34 +0000] "GET /wp-content/plugins/header-footer-elementor/assets/css/header-footer-elementor.css?ver=2.6.1 HTTP/1.1" 200 259 "https://deenzalifestyle.com/product=5298566.html" "Mozilla/5.0 (X11; Linux x86_64) AppleWebKit/537.36 (KHTML, like Gecko) Chrome/141.0.7390.122 Safari/537.36"
66.249.87.40 - - [06/Nov/2025:16:26:34 +0000] "GET /wp-content/plugins/elementor/assets/lib/font-awesome/css/v4-shims.min.css?ver=3.32.5 HTTP/1.1" 200 3987 "https://deenzalifestyle.com/product=5298566.html" "Mozilla/5.0 (X11; Linux x86_64) AppleWebKit/537.36 (KHTML, like Gecko) Chrome/141.0.7390.122 Safari/537.36"
66.249.87.40 - - [06/Nov/2025:16:26:35 +0000] "GET /wp-content/plugins/elementor/assets/lib/font-awesome/css/all.min.css?ver=3.32.5 HTTP/1.1" 200 12380 "https://deenzalifestyle.com/product=5298566.html" "Mozilla/5.0 (X11; Linux x86_64) AppleWebKit/537.36 (KHTML, like Gecko) Chrome/141.0.7390.122 Safari/537.36"
66.249.87.41 - - [06/Nov/2025:16:26:35 +0000] "GET /wp-content/plugins/elementor/assets/css/frontend.min.css?ver=3.32.5 HTTP/1.1" 200 6537 "https://deenzalifestyle.com/product=5298566.html" "Mozilla/5.0 (X11; Linux x86_64) AppleWebKit/537.36 (KHTML, like Gecko) Chrome/141.0.7390.122 Safari/537.36"
66.249.87.40 - - [06/Nov/2025:16:26:35 +0000] "GET /wp-content/plugins/woo-variation-swatches/assets/css/frontend.min.css?ver=1757953354 HTTP/1.1" 200 4299 "https://deenzalifestyle.com/product=5298566.html" "Mozilla/5.0 (X11; Linux x86_64) AppleWebKit/537.36 (KHTML, like Gecko) Chrome/141.0.7390.122 Safari/537.36"
66.249.87.41 - - [06/Nov/2025:16:26:36 +0000] "GET /wp-content/plugins/woolentor-addons/assets/css/product-grid/modern.css?ver=3.2.5 HTTP/1.1" 200 5920 "https://deenzalifestyle.com/product=5298566.html" "Mozilla/5.0 (X11; Linux x86_64) AppleWebKit/537.36 (KHTML, like Gecko) Chrome/141.0.7390.122 Safari/537.36"
66.249.87.41 - - [06/Nov/2025:16:26:36 +0000] "GET /wp-content/plugins/woolentor-addons/assets/css/htflexboxgrid.css?ver=3.2.5 HTTP/1.1" 200 1643 "https://deenzalifestyle.com/product=5298566.html" "Mozilla/5.0 (X11; Linux x86_64) AppleWebKit/537.36 (KHTML, like Gecko) Chrome/141.0.7390.122 Safari/537.36"
66.249.87.40 - - [06/Nov/2025:16:26:36 +0000] "GET /wp-content/uploads/elementor/css/post-77.css?ver=1762334317 HTTP/1.1" 200 950 "https://deenzalifestyle.com/product=5298566.html" "Mozilla/5.0 (X11; Linux x86_64) AppleWebKit/537.36 (KHTML, like Gecko) Chrome/141.0.7390.122 Safari/537.36"
66.249.87.40 - - [06/Nov/2025:16:26:36 +0000] "GET /wp-content/uploads/elementor/css/post-25.css?ver=1762334317 HTTP/1.1" 200 2226 "https://deenzalifestyle.com/product=5298566.html" "Mozilla/5.0 (X11; Linux x86_64) AppleWebKit/537.36 (KHTML, like Gecko) Chrome/141.0.7390.122 Safari/537.36"
66.249.87.40 - - [06/Nov/2025:16:26:37 +0000] "GET /wp-content/plugins/woocommerce/assets/css/brands.css?ver=10.3.3 HTTP/1.1" 200 579 "https://deenzalifestyle.com/product=5298566.html" "Mozilla/5.0 (X11; Linux x86_64) AppleWebKit/537.36 (KHTML, like Gecko) Chrome/141.0.7390.122 Safari/537.36"
66.249.87.40 - - [06/Nov/2025:16:26:37 +0000] "GET /wp-content/plugins/woolentor-addons/assets/css/woolentor-widgets.css?ver=3.2.5 HTTP/1.1" 200 20674 "https://deenzalifestyle.com/product=5298566.html" "Mozilla/5.0 (X11; Linux x86_64) AppleWebKit/537.36 (KHTML, like Gecko) Chrome/141.0.7390.122 Safari/537.36"
66.249.87.40 - - [06/Nov/2025:16:26:37 +0000] "GET /wp-content/plugins/th-advance-product-search/assets/css/thaps-front-style.css?ver=1.3.1 HTTP/1.1" 200 1531 "https://deenzalifestyle.com/product=5298566.html" "Mozilla/5.0 (X11; Linux x86_64) AppleWebKit/537.36 (KHTML, like Gecko) Chrome/141.0.7390.122 Safari/537.36"
66.249.87.40 - - [06/Nov/2025:16:26:37 +0000] "GET /wp-content/plugins/elementor/assets/lib/font-awesome/css/brands.css?ver=5.15.3 HTTP/1.1" 200 296 "https://deenzalifestyle.com/product=5298566.html" "Mozilla/5.0 (X11; Linux x86_64) AppleWebKit/537.36 (KHTML, like Gecko) Chrome/141.0.7390.122 Safari/537.36"
66.249.87.40 - - [06/Nov/2025:16:26:38 +0000] "GET /wp-content/plugins/th-advance-product-search/th-icon/style.css?ver=1.3.1 HTTP/1.1" 200 953 "https://deenzalifestyle.com/product=5298566.html" "Mozilla/5.0 (X11; Linux x86_64) AppleWebKit/537.36 (KHTML, like Gecko) Chrome/141.0.7390.122 Safari/537.36"
66.249.87.40 - - [06/Nov/2025:16:26:38 +0000] "GET /wp-content/plugins/elementor/assets/css/widget-icon-list.min.css?ver=3.24.3 HTTP/1.1" 200 961 "https://deenzalifestyle.com/product=5298566.html" "Mozilla/5.0 (X11; Linux x86_64) AppleWebKit/537.36 (KHTML, like Gecko) Chrome/141.0.7390.122 Safari/537.36"
66.249.87.40 - - [06/Nov/2025:16:26:38 +0000] "GET /wp-content/plugins/elementor/assets/lib/font-awesome/css/solid.css?ver=5.15.3 HTTP/1.1" 200 296 "https://deenzalifestyle.com/product=5298566.html" "Mozilla/5.0 (X11; Linux x86_64) AppleWebKit/537.36 (KHTML, like Gecko) Chrome/141.0.7390.122 Safari/537.36"
66.249.87.40 - - [06/Nov/2025:16:26:38 +0000] "GET /wp-content/uploads/elementor/css/post-6.css?ver=1762334317 HTTP/1.1" 200 380 "https://deenzalifestyle.com/product=5298566.html" "Mozilla/5.0 (X11; Linux x86_64) AppleWebKit/537.36 (KHTML, like Gecko) Chrome/141.0.7390.122 Safari/537.36"
66.249.87.40 - - [06/Nov/2025:16:26:39 +0000] "GET /wp-content/uploads/elementor/google-fonts/css/hindsiliguri.css?ver=1756513364 HTTP/1.1" 200 547 "https://deenzalifestyle.com/product=5298566.html" "Mozilla/5.0 (X11; Linux x86_64) AppleWebKit/537.36 (KHTML, like Gecko) Chrome/141.0.7390.122 Safari/537.36"
66.249.87.40 - - [06/Nov/2025:16:26:39 +0000] "GET /wp-content/uploads/elementor/google-fonts/css/hindmadurai.css?ver=1756513364 HTTP/1.1" 200 516 "https://deenzalifestyle.com/product=5298566.html" "Mozilla/5.0 (X11; Linux x86_64) AppleWebKit/537.36 (KHTML, like Gecko) Chrome/141.0.7390.122 Safari/537.36"
66.249.87.40 - - [06/Nov/2025:16:26:40 +0000] "GET /wp-includes/js/jquery/jquery.min.js?ver=3.7.1 HTTP/1.1" 200 29744 "https://deenzalifestyle.com/product=5298566.html" "Mozilla/5.0 (X11; Linux x86_64) AppleWebKit/537.36 (KHTML, like Gecko) Chrome/141.0.7390.122 Safari/537.36"
66.249.87.40 - - [06/Nov/2025:16:26:40 +0000] "GET /wp-content/plugins/elementor-pro/assets/css/widget-mega-menu.min.css?ver=3.26.2 HTTP/1.1" 200 2690 "https://deenzalifestyle.com/product=5298566.html" "Mozilla/5.0 (X11; Linux x86_64) AppleWebKit/537.36 (KHTML, like Gecko) Chrome/141.0.7390.122 Safari/537.36"
66.249.87.40 - - [06/Nov/2025:16:26:40 +0000] "GET /wp-includes/js/jquery/jquery-migrate.min.js?ver=3.4.1 HTTP/1.1" 200 4678 "https://deenzalifestyle.com/product=5298566.html" "Mozilla/5.0 (X11; Linux x86_64) AppleWebKit/537.36 (KHTML, like Gecko) Chrome/141.0.7390.122 Safari/537.36"
66.249.87.40 - - [06/Nov/2025:16:26:40 +0000] "GET /wp-content/plugins/elementor-pro/assets/css/widget-nav-menu.min.css?ver=3.26.0 HTTP/1.1" 200 3244 "https://deenzalifestyle.com/product=5298566.html" "Mozilla/5.0 (X11; Linux x86_64) AppleWebKit/537.36 (KHTML, like Gecko) Chrome/141.0.7390.122 Safari/537.36"
66.249.87.40 - - [06/Nov/2025:16:26:40 +0000] "GET /wp-content/plugins/woolentor-addons/includes/modules/quickview/assets/css/frontend.css?ver=3.2.5 HTTP/1.1" 200 1600 "https://deenzalifestyle.com/product=5298566.html" "Mozilla/5.0 (X11; Linux x86_64) AppleWebKit/537.36 (KHTML, like Gecko) Chrome/141.0.7390.122 Safari/537.36"
66.249.87.40 - - [06/Nov/2025:16:26:41 +0000] "GET /wp-content/plugins/woolentor-addons/assets/css/simple-line-icons.css?ver=3.2.5 HTTP/1.1" 200 1884 "https://deenzalifestyle.com/product=5298566.html" "Mozilla/5.0 (X11; Linux x86_64) AppleWebKit/537.36 (KHTML, like Gecko) Chrome/141.0.7390.122 Safari/537.36"
66.249.87.40 - - [06/Nov/2025:16:26:41 +0000] "GET /wp-content/uploads/elementor/google-fonts/css/roboto.css?ver=1751087316 HTTP/1.1" 200 1873 "https://deenzalifestyle.com/product=5298566.html" "Mozilla/5.0 (X11; Linux x86_64) AppleWebKit/537.36 (KHTML, like Gecko) Chrome/141.0.7390.122 Safari/537.36"
66.249.87.40 - - [06/Nov/2025:16:26:41 +0000] "GET /wp-content/plugins/elementor/assets/lib/eicons/css/elementor-icons.min.css?ver=5.34.0 HTTP/1.1" 200 3997 "https://deenzalifestyle.com/product=5298566.html" "Mozilla/5.0 (X11; Linux x86_64) AppleWebKit/537.36 (KHTML, like Gecko) Chrome/141.0.7390.122 Safari/537.36"
66.249.87.40 - - [06/Nov/2025:16:26:42 +0000] "GET /wp-content/plugins/duracelltomi-google-tag-manager/dist/js/analytics-talk-content-tracking.js?ver=1.22.1 HTTP/1.1" 200 544 "https://deenzalifestyle.com/product=5298566.html" "Mozilla/5.0 (X11; Linux x86_64) AppleWebKit/537.36 (KHTML, like Gecko) Chrome/141.0.7390.122 Safari/537.36"
66.249.87.40 - - [06/Nov/2025:16:26:42 +0000] "GET /wp-content/uploads/elementor/thumbs/logo-removebg-preview-r8327xj7anzrxvbmkdzxxsjrhbg8bso6026v5yylog.png HTTP/1.1" 200 5694 "https://deenzalifestyle.com/product=5298566.html" "Mozilla/5.0 (X11; Linux x86_64) AppleWebKit/537.36 (KHTML, like Gecko) Chrome/141.0.7390.122 Safari/537.36"
66.249.87.40 - - [06/Nov/2025:16:26:42 +0000] "GET /wp-content/plugins/woocommerce/assets/js/jquery-tiptip/jquery.tipTip.min.js?ver=10.3.3 HTTP/1.1" 200 1154 "https://deenzalifestyle.com/product=5298566.html" "Mozilla/5.0 (X11; Linux x86_64) AppleWebKit/537.36 (KHTML, like Gecko) Chrome/141.0.7390.122 Safari/537.36"
66.249.87.40 - - [06/Nov/2025:16:26:42 +0000] "GET /wp-includes/js/wp-util.min.js?ver=6.8.3 HTTP/1.1" 200 690 "https://deenzalifestyle.com/product=5298566.html" "Mozilla/5.0 (X11; Linux x86_64) AppleWebKit/537.36 (KHTML, like Gecko) Chrome/141.0.7390.122 Safari/537.36"
66.249.87.40 - - [06/Nov/2025:16:26:43 +0000] "GET /wp-content/uploads/2025/06/logo-removebg-preview.png HTTP/1.1" 200 53745 "https://deenzalifestyle.com/product=5298566.html" "Mozilla/5.0 (X11; Linux x86_64) AppleWebKit/537.36 (KHTML, like Gecko) Chrome/141.0.7390.122 Safari/537.36"
66.249.87.40 - - [06/Nov/2025:16:26:43 +0000] "GET /wp-content/plugins/th-advance-product-search/assets/js/thaps-search.js?ver=1 HTTP/1.1" 200 8913 "https://deenzalifestyle.com/product=5298566.html" "Mozilla/5.0 (X11; Linux x86_64) AppleWebKit/537.36 (KHTML, like Gecko) Chrome/141.0.7390.122 Safari/537.36"
66.249.87.40 - - [06/Nov/2025:16:26:44 +0000] "GET /wp-content/plugins/elementor/assets/lib/font-awesome/css/fontawesome.css?ver=5.15.3 HTTP/1.1" 200 12526 "https://deenzalifestyle.com/product=5298566.html" "Mozilla/5.0 (X11; Linux x86_64) AppleWebKit/537.36 (KHTML, like Gecko) Chrome/141.0.7390.122 Safari/537.36"
66.249.87.40 - - [06/Nov/2025:16:26:44 +0000] "GET /wp-content/plugins/woocommerce/assets/js/jquery-blockui/jquery.blockUI.min.js?ver=2.7.0-wc.10.3.3 HTTP/1.1" 200 3277 "https://deenzalifestyle.com/product=5298566.html" "Mozilla/5.0 (X11; Linux x86_64) AppleWebKit/537.36 (KHTML, like Gecko) Chrome/141.0.7390.122 Safari/537.36"
66.249.87.40 - - [06/Nov/2025:16:26:44 +0000] "GET /wp-content/plugins/woolentor-addons/assets/css/slick.css?ver=3.2.5 HTTP/1.1" 200 543 "https://deenzalifestyle.com/product=5298566.html" "Mozilla/5.0 (X11; Linux x86_64) AppleWebKit/537.36 (KHTML, like Gecko) Chrome/141.0.7390.122 Safari/537.36"
66.249.87.40 - - [06/Nov/2025:16:26:45 +0000] "GET /wp-content/uploads/elementor/thumbs/Deenza_losgo-removebg-preview-r831wyqz73c1i3cx7rk9dugumcglvwo07qsetkyx9k.png HTTP/1.1" 200 3965 "https://deenzalifestyle.com/product=5298566.html" "Mozilla/5.0 (X11; Linux x86_64) AppleWebKit/537.36 (KHTML, like Gecko) Chrome/141.0.7390.122 Safari/537.36"
66.249.87.41 - - [06/Nov/2025:16:26:45 +0000] "GET /wp-content/plugins/elementor/assets/lib/font-awesome/js/v4-shims.min.js?ver=3.32.5 HTTP/1.1" 200 4042 "https://deenzalifestyle.com/product=5298566.html" "Mozilla/5.0 (X11; Linux x86_64) AppleWebKit/537.36 (KHTML, like Gecko) Chrome/141.0.7390.122 Safari/537.36"
66.249.87.40 - - [06/Nov/2025:16:26:45 +0000] "GET /wp-content/uploads/elementor/google-fonts/css/anekbangla.css?ver=1751090741 HTTP/1.1" 200 520 "https://deenzalifestyle.com/product=5298566.html" "Mozilla/5.0 (X11; Linux x86_64) AppleWebKit/537.36 (KHTML, like Gecko) Chrome/141.0.7390.122 Safari/537.36"
66.249.87.40 - - [06/Nov/2025:16:26:45 +0000] "GET /wp-includes/js/underscore.min.js?ver=1.13.7 HTTP/1.1" 200 7185 "https://deenzalifestyle.com/product=5298566.html" "Mozilla/5.0 (X11; Linux x86_64) AppleWebKit/537.36 (KHTML, like Gecko) Chrome/141.0.7390.122 Safari/537.36"
66.249.87.40 - - [06/Nov/2025:16:26:45 +0000] "GET /wp-content/plugins/elementor-pro/assets/css/widget-blockquote.min.css?ver=3.25.0 HTTP/1.1" 200 970 "https://deenzalifestyle.com/product=5298566.html" "Mozilla/5.0 (X11; Linux x86_64) AppleWebKit/537.36 (KHTML, like Gecko) Chrome/141.0.7390.122 Safari/537.36"
66.249.87.41 - - [06/Nov/2025:16:26:46 +0000] "GET /wp-content/plugins/woo-conditional-product-fees-for-checkout/public/js/woocommerce-conditional-product-fees-for-checkout-public.js?ver=4.3.2 HTTP/1.1" 200 1000 "https://deenzalifestyle.com/product=5298566.html" "Mozilla/5.0 (X11; Linux x86_64) AppleWebKit/537.36 (KHTML, like Gecko) Chrome/141.0.7390.122 Safari/537.36"
