57.141.2.66 - - [06/Nov/2025:14:33:15 +0000] "GET /product=2163868.html HTTP/2" 404 206892 "-" "meta-externalagent/1.1 (+https://developers.facebook.com/docs/sharing/webmasters/crawler)"
57.141.2.49 - - [06/Nov/2025:14:33:24 +0000] "GET /product=2881755.html HTTP/2" 404 206892 "-" "meta-externalagent/1.1 (+https://developers.facebook.com/docs/sharing/webmasters/crawler)"
57.141.2.67 - - [06/Nov/2025:14:33:27 +0000] "GET /product=3547573.html HTTP/2" 404 206892 "-" "meta-externalagent/1.1 (+https://developers.facebook.com/docs/sharing/webmasters/crawler)"
57.141.2.34 - - [06/Nov/2025:14:33:36 +0000] "GET /product=2990994.html HTTP/2" 404 206892 "-" "meta-externalagent/1.1 (+https://developers.facebook.com/docs/sharing/webmasters/crawler)"
204.197.172.10 - - [06/Nov/2025:14:33:58 +0000] "POST /wp-cron.php?doing_wp_cron=1762439638.7183508872985839843750 HTTP/1.1" 200 0 "-" "WordPress/6.8.3; https://deenzalifestyle.com"
57.141.2.76 - - [06/Nov/2025:14:33:58 +0000] "GET /product=3805151.html HTTP/2" 404 206892 "-" "meta-externalagent/1.1 (+https://developers.facebook.com/docs/sharing/webmasters/crawler)"
57.141.2.78 - - [06/Nov/2025:14:34:17 +0000] "GET /product=3375865.html HTTP/2" 404 206892 "-" "meta-externalagent/1.1 (+https://developers.facebook.com/docs/sharing/webmasters/crawler)"
57.141.2.3 - - [06/Nov/2025:14:34:19 +0000] "GET /product=3655164.html HTTP/2" 404 206891 "-" "meta-externalagent/1.1 (+https://developers.facebook.com/docs/sharing/webmasters/crawler)"
204.197.172.10 - - [06/Nov/2025:14:35:14 +0000] "POST /wp-cron.php?doing_wp_cron=1762439714.6619129180908203125000 HTTP/1.1" 200 0 "-" "WordPress/6.8.3; https://deenzalifestyle.com"
57.141.2.68 - - [06/Nov/2025:14:35:14 +0000] "GET /product=3551336.html HTTP/2" 404 206892 "-" "meta-externalagent/1.1 (+https://developers.facebook.com/docs/sharing/webmasters/crawler)"
57.141.2.33 - - [06/Nov/2025:14:35:25 +0000] "GET /product=4123151.html HTTP/2" 404 206892 "-" "meta-externalagent/1.1 (+https://developers.facebook.com/docs/sharing/webmasters/crawler)"
204.197.172.10 - - [06/Nov/2025:14:35:59 +0000] "POST /wp-cron.php?doing_wp_cron=1762439759.5835878849029541015625 HTTP/1.1" 200 0 "-" "WordPress/6.8.3; https://deenzalifestyle.com"
57.141.2.68 - - [06/Nov/2025:14:35:59 +0000] "GET /product=4690997.html HTTP/2" 404 206892 "-" "meta-externalagent/1.1 (+https://developers.facebook.com/docs/sharing/webmasters/crawler)"
57.141.2.72 - - [06/Nov/2025:14:36:01 +0000] "GET /product=4278270.html HTTP/2" 404 206892 "-" "meta-externalagent/1.1 (+https://developers.facebook.com/docs/sharing/webmasters/crawler)"
204.197.172.10 - - [06/Nov/2025:14:36:30 +0000] "POST /wp-cron.php?doing_wp_cron=1762439790.3804099559783935546875 HTTP/1.1" 200 0 "-" "WordPress/6.8.3; https://deenzalifestyle.com"
204.197.172.10 - - [06/Nov/2025:14:36:30 +0000] "POST /wp-cron.php?doing_wp_cron=1762439790.4103140830993652343750 HTTP/1.1" 200 0 "-" "WordPress/6.8.3; https://deenzalifestyle.com"
57.141.2.72 - - [06/Nov/2025:14:36:30 +0000] "GET /product=4155710.html HTTP/2" 404 206892 "-" "meta-externalagent/1.1 (+https://developers.facebook.com/docs/sharing/webmasters/crawler)"
57.141.2.19 - - [06/Nov/2025:14:36:33 +0000] "GET /product=2415253.html HTTP/2" 404 206892 "-" "meta-externalagent/1.1 (+https://developers.facebook.com/docs/sharing/webmasters/crawler)"
57.141.2.32 - - [06/Nov/2025:14:36:35 +0000] "GET /product=3354632.html HTTP/2" 404 206892 "-" "meta-externalagent/1.1 (+https://developers.facebook.com/docs/sharing/webmasters/crawler)"
204.197.172.10 - - [06/Nov/2025:14:36:43 +0000] "POST /wp-cron.php?doing_wp_cron=1762439803.3148810863494873046875 HTTP/1.1" 200 0 "-" "WordPress/6.8.3; https://deenzalifestyle.com"
57.141.2.38 - - [06/Nov/2025:14:36:43 +0000] "GET /product=3498443.html HTTP/2" 404 206892 "-" "meta-externalagent/1.1 (+https://developers.facebook.com/docs/sharing/webmasters/crawler)"
57.141.2.8 - - [06/Nov/2025:14:36:47 +0000] "GET /product=1888307.html HTTP/2" 404 206891 "-" "meta-externalagent/1.1 (+https://developers.facebook.com/docs/sharing/webmasters/crawler)"
204.197.172.10 - - [06/Nov/2025:14:37:00 +0000] "POST /wp-cron.php?doing_wp_cron=1762439820.4449810981750488281250 HTTP/1.1" 200 0 "-" "WordPress/6.8.3; https://deenzalifestyle.com"
57.141.2.27 - - [06/Nov/2025:14:37:00 +0000] "GET /product=3588259.html HTTP/2" 404 206892 "-" "meta-externalagent/1.1 (+https://developers.facebook.com/docs/sharing/webmasters/crawler)"
57.141.2.78 - - [06/Nov/2025:14:37:16 +0000] "GET /product=2068288.html HTTP/2" 404 206892 "-" "meta-externalagent/1.1 (+https://developers.facebook.com/docs/sharing/webmasters/crawler)"
57.141.2.19 - - [06/Nov/2025:14:37:30 +0000] "GET /product=2167574.html HTTP/2" 404 206892 "-" "meta-externalagent/1.1 (+https://developers.facebook.com/docs/sharing/webmasters/crawler)"
204.197.172.10 - - [06/Nov/2025:14:37:50 +0000] "POST /wp-cron.php?doing_wp_cron=1762439870.0806689262390136718750 HTTP/1.1" 200 0 "-" "WordPress/6.8.3; https://deenzalifestyle.com"
57.141.2.83 - - [06/Nov/2025:14:37:49 +0000] "GET /product=2705809.html HTTP/2" 404 206892 "-" "meta-externalagent/1.1 (+https://developers.facebook.com/docs/sharing/webmasters/crawler)"
204.197.172.10 - - [06/Nov/2025:14:38:02 +0000] "POST /wp-cron.php?doing_wp_cron=1762439882.6189301013946533203125 HTTP/1.1" 200 0 "-" "WordPress/6.8.3; https://deenzalifestyle.com"
57.141.2.22 - - [06/Nov/2025:14:38:02 +0000] "GET /product=5266106.html HTTP/2" 404 206892 "-" "meta-externalagent/1.1 (+https://developers.facebook.com/docs/sharing/webmasters/crawler)"
57.141.2.16 - - [06/Nov/2025:14:38:03 +0000] "GET /product=2178085.html HTTP/2" 404 206892 "-" "meta-externalagent/1.1 (+https://developers.facebook.com/docs/sharing/webmasters/crawler)"
57.129.137.190 - - [06/Nov/2025:14:38:43 +0000] "GET / HTTP/1.1" 200 56286 "-" "Mozilla/5.0 (Macintosh; Intel Mac OS X 10_15_7) AppleWebKit/605.1.15 (KHTML, like Gecko) Version/14.1.1 Safari/605.1.15"
57.129.137.190 - - [06/Nov/2025:14:38:43 +0000] "GET / HTTP/1.1" 200 56286 "-" "Mozilla/5.0 (Windows NT 10.0; Win64; x64; rv:89.0) Gecko/20100101 Firefox/89.0"
57.129.137.190 - - [06/Nov/2025:14:38:43 +0000] "GET / HTTP/1.1" 200 56286 "-" "Mozilla/5.0 (X11; Linux x86_64) AppleWebKit/537.36 (KHTML, like Gecko) Chrome/92.0.4515.107 Safari/537.36"
204.197.172.10 - - [06/Nov/2025:14:38:43 +0000] "POST /wp-cron.php?doing_wp_cron=1762439923.8761940002441406250000 HTTP/1.1" 200 0 "-" "WordPress/6.8.3; https://deenzalifestyle.com"
57.129.137.190 - - [06/Nov/2025:14:38:43 +0000] "GET / HTTP/1.1" 301 0 "-" "Mozilla/5.0 (Windows NT 10.0; Win64; x64; rv:89.0) Gecko/20100101 Firefox/89.0"
57.129.137.190 - - [06/Nov/2025:14:38:44 +0000] "GET / HTTP/1.1" 301 0 "-" "Mozilla/5.0 (Macintosh; Intel Mac OS X 10_15_7) AppleWebKit/605.1.15 (KHTML, like Gecko) Version/14.1.1 Safari/605.1.15"
57.129.137.190 - - [06/Nov/2025:14:38:44 +0000] "GET / HTTP/1.1" 301 0 "-" "Mozilla/5.0 (X11; Linux x86_64) AppleWebKit/537.36 (KHTML, like Gecko) Chrome/92.0.4515.107 Safari/537.36"
57.129.137.190 - - [06/Nov/2025:14:38:44 +0000] "GET / HTTP/1.1" 200 56286 "-" "Mozilla/5.0 (Windows NT 10.0; Win64; x64; rv:89.0) Gecko/20100101 Firefox/89.0"
57.129.137.190 - - [06/Nov/2025:14:38:44 +0000] "GET / HTTP/1.1" 200 56286 "-" "Mozilla/5.0 (Macintosh; Intel Mac OS X 10_15_7) AppleWebKit/605.1.15 (KHTML, like Gecko) Version/14.1.1 Safari/605.1.15"
57.129.137.190 - - [06/Nov/2025:14:38:44 +0000] "GET / HTTP/1.1" 200 56286 "-" "Mozilla/5.0 (X11; Linux x86_64) AppleWebKit/537.36 (KHTML, like Gecko) Chrome/92.0.4515.107 Safari/537.36"
57.129.137.190 - - [06/Nov/2025:14:38:45 +0000] "GET /robots.txt HTTP/1.1" 200 178 "-" "Mozilla/5.0 (Windows NT 10.0; Win64; x64) AppleWebKit/537.36 (KHTML, like Gecko) Chrome/91.0.4472.124 Safari/537.36"
57.141.2.66 - - [06/Nov/2025:14:38:49 +0000] "GET /product=5630141.html HTTP/2" 404 206892 "-" "meta-externalagent/1.1 (+https://developers.facebook.com/docs/sharing/webmasters/crawler)"
57.141.2.11 - - [06/Nov/2025:14:38:52 +0000] "GET /product=4022274.html HTTP/2" 404 206892 "-" "meta-externalagent/1.1 (+https://developers.facebook.com/docs/sharing/webmasters/crawler)"
204.197.172.10 - - [06/Nov/2025:14:39:11 +0000] "POST /wp-cron.php?doing_wp_cron=1762439951.5928289890289306640625 HTTP/1.1" 200 0 "-" "WordPress/6.8.3; https://deenzalifestyle.com"
57.141.2.25 - - [06/Nov/2025:14:39:11 +0000] "GET /product=2505823.html HTTP/2" 404 206892 "-" "meta-externalagent/1.1 (+https://developers.facebook.com/docs/sharing/webmasters/crawler)"
204.197.172.10 - - [06/Nov/2025:14:40:56 +0000] "POST /wp-cron.php?doing_wp_cron=1762440056.1379649639129638671875 HTTP/1.1" 200 0 "-" "WordPress/6.8.3; https://deenzalifestyle.com"
57.141.2.16 - - [06/Nov/2025:14:40:55 +0000] "GET /product=3258590.html HTTP/2" 404 206892 "-" "meta-externalagent/1.1 (+https://developers.facebook.com/docs/sharing/webmasters/crawler)"
66.249.69.104 - - [06/Nov/2025:14:41:03 +0000] "GET /355843377.shtml HTTP/1.1" 404 37390 "-" "Mozilla/5.0 (compatible; Googlebot/2.1; +http://www.google.com/bot.html)"
57.141.2.14 - - [06/Nov/2025:14:41:15 +0000] "GET /product=4085839.html HTTP/2" 404 206892 "-" "meta-externalagent/1.1 (+https://developers.facebook.com/docs/sharing/webmasters/crawler)"
57.141.2.1 - - [06/Nov/2025:14:41:33 +0000] "GET /product=3324895.html HTTP/2" 404 206891 "-" "meta-externalagent/1.1 (+https://developers.facebook.com/docs/sharing/webmasters/crawler)"
204.197.172.10 - - [06/Nov/2025:14:41:47 +0000] "POST /wp-cron.php?doing_wp_cron=1762440107.2477850914001464843750 HTTP/1.1" 200 0 "-" "WordPress/6.8.3; https://deenzalifestyle.com"
66.249.69.104 - - [06/Nov/2025:14:41:47 +0000] "GET /product=3729180.html HTTP/1.1" 404 37439 "-" "Mozilla/5.0 (Linux; Android 6.0.1; Nexus 5X Build/MMB29P) AppleWebKit/537.36 (KHTML, like Gecko) Chrome/141.0.7390.122 Mobile Safari/537.36 (compatible; Googlebot/2.1; +http://www.google.com/bot.html)"
204.197.172.10 - - [06/Nov/2025:14:41:56 +0000] "POST /wp-cron.php?doing_wp_cron=1762440116.8436260223388671875000 HTTP/1.1" 200 0 "-" "WordPress/6.8.3; https://deenzalifestyle.com"
57.141.2.77 - - [06/Nov/2025:14:41:56 +0000] "GET /product=5641902.html HTTP/2" 404 206892 "-" "meta-externalagent/1.1 (+https://developers.facebook.com/docs/sharing/webmasters/crawler)"
66.249.69.106 - - [06/Nov/2025:14:42:14 +0000] "GET /560419440.shtml HTTP/1.1" 404 37440 "-" "Mozilla/5.0 (Linux; Android 6.0.1; Nexus 5X Build/MMB29P) AppleWebKit/537.36 (KHTML, like Gecko) Chrome/141.0.7390.122 Mobile Safari/537.36 (compatible; Googlebot/2.1; +http://www.google.com/bot.html)"
66.249.69.104 - - [06/Nov/2025:14:42:27 +0000] "GET /?product=2661106.html HTTP/1.1" 404 37440 "-" "Mozilla/5.0 (Linux; Android 6.0.1; Nexus 5X Build/MMB29P) AppleWebKit/537.36 (KHTML, like Gecko) Chrome/141.0.7390.122 Mobile Safari/537.36 (compatible; Googlebot/2.1; +http://www.google.com/bot.html)"
204.197.172.10 - - [06/Nov/2025:14:42:55 +0000] "POST /wp-cron.php?doing_wp_cron=1762440175.8951609134674072265625 HTTP/1.1" 200 0 "-" "WordPress/6.8.3; https://deenzalifestyle.com"
57.141.2.63 - - [06/Nov/2025:14:42:55 +0000] "GET /product=2141622.html HTTP/2" 404 206892 "-" "meta-externalagent/1.1 (+https://developers.facebook.com/docs/sharing/webmasters/crawler)"
57.141.2.21 - - [06/Nov/2025:14:43:10 +0000] "GET /product=3685816.html HTTP/2" 404 206892 "-" "meta-externalagent/1.1 (+https://developers.facebook.com/docs/sharing/webmasters/crawler)"
66.249.69.106 - - [06/Nov/2025:14:43:20 +0000] "GET /213799641.shtml HTTP/1.1" 404 37440 "-" "Mozilla/5.0 (Linux; Android 6.0.1; Nexus 5X Build/MMB29P) AppleWebKit/537.36 (KHTML, like Gecko) Chrome/141.0.7390.122 Mobile Safari/537.36 (compatible; Googlebot/2.1; +http://www.google.com/bot.html)"
204.197.172.10 - - [06/Nov/2025:14:44:06 +0000] "POST /wp-cron.php?doing_wp_cron=1762440246.4319770336151123046875 HTTP/1.1" 200 0 "-" "WordPress/6.8.3; https://deenzalifestyle.com"
57.141.2.65 - - [06/Nov/2025:14:44:06 +0000] "GET /product=4592521.html HTTP/2" 404 206892 "-" "meta-externalagent/1.1 (+https://developers.facebook.com/docs/sharing/webmasters/crawler)"
57.141.2.35 - - [06/Nov/2025:14:44:31 +0000] "GET /product=5684653.html HTTP/2" 404 206892 "-" "meta-externalagent/1.1 (+https://developers.facebook.com/docs/sharing/webmasters/crawler)"
57.141.2.2 - - [06/Nov/2025:14:44:33 +0000] "GET /product=1898588.html HTTP/2" 404 206891 "-" "meta-externalagent/1.1 (+https://developers.facebook.com/docs/sharing/webmasters/crawler)"
57.141.2.32 - - [06/Nov/2025:14:39:36 +0000] "GET /product=4993440.html HTTP/2" 404 206892 "-" "meta-externalagent/1.1 (+https://developers.facebook.com/docs/sharing/webmasters/crawler)"
204.197.172.10 - - [06/Nov/2025:14:39:48 +0000] "POST /wp-cron.php?doing_wp_cron=1762439988.4711320400238037109375 HTTP/1.1" 200 0 "-" "WordPress/6.8.3; https://deenzalifestyle.com"
57.141.2.78 - - [06/Nov/2025:14:39:48 +0000] "GET /product=3193671.html HTTP/2" 404 206892 "-" "meta-externalagent/1.1 (+https://developers.facebook.com/docs/sharing/webmasters/crawler)"
204.197.172.10 - - [06/Nov/2025:14:40:27 +0000] "POST /wp-cron.php?doing_wp_cron=1762440027.9061260223388671875000 HTTP/1.1" 200 0 "-" "WordPress/6.8.3; https://deenzalifestyle.com"
57.141.2.22 - - [06/Nov/2025:14:40:27 +0000] "GET /product=4095941.html HTTP/2" 404 206892 "-" "meta-externalagent/1.1 (+https://developers.facebook.com/docs/sharing/webmasters/crawler)"
204.197.172.10 - - [06/Nov/2025:14:44:47 +0000] "POST /wp-cron.php?doing_wp_cron=1762440287.4636490345001220703125 HTTP/1.1" 200 0 "-" "WordPress/6.8.3; https://deenzalifestyle.com"
57.141.2.6 - - [06/Nov/2025:14:44:47 +0000] "GET /product=4222436.html HTTP/2" 404 206891 "-" "meta-externalagent/1.1 (+https://developers.facebook.com/docs/sharing/webmasters/crawler)"
204.197.172.10 - - [06/Nov/2025:14:44:49 +0000] "POST /wp-cron.php?doing_wp_cron=1762440289.6314079761505126953125 HTTP/1.1" 200 0 "-" "WordPress/6.8.3; https://deenzalifestyle.com"
57.141.2.80 - - [06/Nov/2025:14:44:49 +0000] "GET /product=5706282.html HTTP/2" 404 206892 "-" "meta-externalagent/1.1 (+https://developers.facebook.com/docs/sharing/webmasters/crawler)"
2a06:98c0:3600::103 - - [06/Nov/2025:14:45:10 +0000] "GET /wp-admin/setup-config.php HTTP/1.1" 409 1041 "-" "Mozilla/5.0 (Windows NT 10.0; Win64; x64) AppleWebKit/537.36 (KHTML, like Gecko) Chrome/140.0.0.0 Safari/537.36"
204.197.172.10 - - [06/Nov/2025:14:45:11 +0000] "POST /wp-cron.php?doing_wp_cron=1762440311.2024478912353515625000 HTTP/1.1" 200 0 "-" "WordPress/6.8.3; https://deenzalifestyle.com"
2a06:98c0:3600::103 - - [06/Nov/2025:14:45:11 +0000] "GET /wordpress/wp-admin/setup-config.php HTTP/1.1" 404 37427 "-" "Mozilla/5.0 (Windows NT 10.0; Win64; x64) AppleWebKit/537.36 (KHTML, like Gecko) Chrome/140.0.0.0 Safari/537.36"
57.141.2.82 - - [06/Nov/2025:14:45:25 +0000] "GET /product=3918081.html HTTP/2" 404 206892 "-" "meta-externalagent/1.1 (+https://developers.facebook.com/docs/sharing/webmasters/crawler)"
204.197.172.10 - - [06/Nov/2025:14:45:53 +0000] "POST /wp-cron.php?doing_wp_cron=1762440353.2394900321960449218750 HTTP/1.1" 200 0 "-" "WordPress/6.8.3; https://deenzalifestyle.com"
57.141.2.7 - - [06/Nov/2025:14:45:53 +0000] "GET /product=4006548.html HTTP/2" 404 206891 "-" "meta-externalagent/1.1 (+https://developers.facebook.com/docs/sharing/webmasters/crawler)"
204.197.172.10 - - [06/Nov/2025:14:46:02 +0000] "POST /wp-cron.php?doing_wp_cron=1762440362.3981339931488037109375 HTTP/1.1" 200 0 "-" "WordPress/6.8.3; https://deenzalifestyle.com"
57.141.2.78 - - [06/Nov/2025:14:46:02 +0000] "GET /product=3588436.html HTTP/2" 404 206892 "-" "meta-externalagent/1.1 (+https://developers.facebook.com/docs/sharing/webmasters/crawler)"
66.249.69.104 - - [06/Nov/2025:14:46:06 +0000] "GET /wp-sitemap-users-1.xml HTTP/1.1" 200 169 "-" "Mozilla/5.0 (compatible; Googlebot/2.1; +http://www.google.com/bot.html)"
2a06:98c0:3600::103 - - [06/Nov/2025:14:46:17 +0000] "GET /wordpress/wp-admin/setup-config.php HTTP/1.1" 404 37427 "-" "Mozilla/5.0 (Windows NT 10.0; Win64; x64) AppleWebKit/537.36 (KHTML, like Gecko) Chrome/140.0.0.0 Safari/537.36"
66.249.69.105 - - [06/Nov/2025:14:46:28 +0000] "GET /product=5543403.html HTTP/1.1" 404 37439 "-" "Mozilla/5.0 (Linux; Android 6.0.1; Nexus 5X Build/MMB29P) AppleWebKit/537.36 (KHTML, like Gecko) Chrome/141.0.7390.122 Mobile Safari/537.36 (compatible; Googlebot/2.1; +http://www.google.com/bot.html)"
57.141.2.17 - - [06/Nov/2025:14:46:33 +0000] "GET /product=3137344.html HTTP/2" 404 206892 "-" "meta-externalagent/1.1 (+https://developers.facebook.com/docs/sharing/webmasters/crawler)"
204.197.172.10 - - [06/Nov/2025:14:50:21 +0000] "POST /wp-cron.php?doing_wp_cron=1762440621.9592299461364746093750 HTTP/1.1" 200 0 "-" "WordPress/6.8.3; https://deenzalifestyle.com"
66.249.69.106 - - [06/Nov/2025:14:50:21 +0000] "GET /318126189.shtml HTTP/1.1" 404 37389 "-" "Mozilla/5.0 (compatible; Googlebot/2.1; +http://www.google.com/bot.html)"
18.135.5.68 - - [06/Nov/2025:14:50:30 +0000] "POST /wp-admin/admin-ajax.php HTTP/1.1" 403 6989 "-" "Mozilla/5.0 (iPhone; CPU iPhone OS 18_3_2 like Mac OS X) AppleWebKit/605.1.15 (KHTML, like Gecko) Version/18.3.1 Mobile/15E148 Safari/604.1"
204.197.172.10 - - [06/Nov/2025:14:51:00 +0000] "POST /wp-cron.php?doing_wp_cron=1762440660.4696209430694580078125 HTTP/1.1" 200 0 "-" "WordPress/6.8.3; https://deenzalifestyle.com"
57.141.2.18 - - [06/Nov/2025:14:51:00 +0000] "GET /product=2233565.html HTTP/2" 404 206892 "-" "meta-externalagent/1.1 (+https://developers.facebook.com/docs/sharing/webmasters/crawler)"
57.141.2.68 - - [06/Nov/2025:14:51:21 +0000] "GET /product=3964611.html HTTP/2" 404 206892 "-" "meta-externalagent/1.1 (+https://developers.facebook.com/docs/sharing/webmasters/crawler)"
57.141.2.24 - - [06/Nov/2025:14:51:30 +0000] "GET /product=3079821.html HTTP/2" 404 206892 "-" "meta-externalagent/1.1 (+https://developers.facebook.com/docs/sharing/webmasters/crawler)"
204.197.172.10 - - [06/Nov/2025:14:51:48 +0000] "POST /wp-cron.php?doing_wp_cron=1762440708.9514379501342773437500 HTTP/1.1" 200 0 "-" "WordPress/6.8.3; https://deenzalifestyle.com"
57.141.2.19 - - [06/Nov/2025:14:51:48 +0000] "GET /product=3223675.html HTTP/2" 404 206892 "-" "meta-externalagent/1.1 (+https://developers.facebook.com/docs/sharing/webmasters/crawler)"
204.197.172.10 - - [06/Nov/2025:14:52:02 +0000] "POST /wp-cron.php?doing_wp_cron=1762440722.6164450645446777343750 HTTP/1.1" 200 0 "-" "WordPress/6.8.3; https://deenzalifestyle.com"
57.141.2.12 - - [06/Nov/2025:14:52:02 +0000] "GET /product=5573925.html HTTP/2" 404 206892 "-" "meta-externalagent/1.1 (+https://developers.facebook.com/docs/sharing/webmasters/crawler)"
204.197.172.10 - - [06/Nov/2025:14:52:59 +0000] "POST /wp-cron.php?doing_wp_cron=1762440779.0671410560607910156250 HTTP/1.1" 200 0 "-" "WordPress/6.8.3; https://deenzalifestyle.com"
57.141.2.11 - - [06/Nov/2025:14:52:58 +0000] "GET /product=2863254.html HTTP/2" 404 206892 "-" "meta-externalagent/1.1 (+https://developers.facebook.com/docs/sharing/webmasters/crawler)"
57.141.2.16 - - [06/Nov/2025:14:53:00 +0000] "GET /product=4769049.html HTTP/2" 404 206892 "-" "meta-externalagent/1.1 (+https://developers.facebook.com/docs/sharing/webmasters/crawler)"
57.141.2.4 - - [06/Nov/2025:14:53:13 +0000] "GET /product=3969435.html HTTP/2" 404 206891 "-" "meta-externalagent/1.1 (+https://developers.facebook.com/docs/sharing/webmasters/crawler)"
57.141.2.63 - - [06/Nov/2025:14:53:27 +0000] "GET /product=5641528.html HTTP/2" 404 206892 "-" "meta-externalagent/1.1 (+https://developers.facebook.com/docs/sharing/webmasters/crawler)"
57.141.2.16 - - [06/Nov/2025:14:53:33 +0000] "GET /product=5289808.html HTTP/2" 404 206892 "-" "meta-externalagent/1.1 (+https://developers.facebook.com/docs/sharing/webmasters/crawler)"
204.197.172.10 - - [06/Nov/2025:14:54:08 +0000] "POST /wp-cron.php?doing_wp_cron=1762440848.8095500469207763671875 HTTP/1.1" 200 0 "-" "WordPress/6.8.3; https://deenzalifestyle.com"
57.141.2.60 - - [06/Nov/2025:14:54:08 +0000] "GET /product=5692028.html HTTP/2" 404 206892 "-" "meta-externalagent/1.1 (+https://developers.facebook.com/docs/sharing/webmasters/crawler)"
66.249.69.106 - - [06/Nov/2025:14:54:16 +0000] "GET /264928161.shtml HTTP/1.1" 404 37439 "-" "Mozilla/5.0 (Linux; Android 6.0.1; Nexus 5X Build/MMB29P) AppleWebKit/537.36 (KHTML, like Gecko) Chrome/141.0.7390.122 Mobile Safari/537.36 (compatible; Googlebot/2.1; +http://www.google.com/bot.html)"
204.197.172.10 - - [06/Nov/2025:14:54:45 +0000] "POST /wp-cron.php?doing_wp_cron=1762440885.9771409034729003906250 HTTP/1.1" 200 0 "-" "WordPress/6.8.3; https://deenzalifestyle.com"
2a06:98c0:3600::103 - - [06/Nov/2025:14:46:49 +0000] "GET /wp-admin/setup-config.php HTTP/1.1" 409 1041 "-" "Mozilla/5.0 (Windows NT 10.0; Win64; x64) AppleWebKit/537.36 (KHTML, like Gecko) Chrome/140.0.0.0 Safari/537.36"
204.197.172.10 - - [06/Nov/2025:14:46:54 +0000] "POST /wp-cron.php?doing_wp_cron=1762440414.5773770809173583984375 HTTP/1.1" 200 0 "-" "WordPress/6.8.3; https://deenzalifestyle.com"
57.141.2.67 - - [06/Nov/2025:14:46:54 +0000] "GET /product=2581190.html HTTP/2" 404 206892 "-" "meta-externalagent/1.1 (+https://developers.facebook.com/docs/sharing/webmasters/crawler)"
57.141.2.7 - - [06/Nov/2025:14:46:58 +0000] "GET /product=4710434.html HTTP/2" 404 206891 "-" "meta-externalagent/1.1 (+https://developers.facebook.com/docs/sharing/webmasters/crawler)"
57.141.2.25 - - [06/Nov/2025:14:47:11 +0000] "GET /product=4099842.html HTTP/2" 404 206892 "-" "meta-externalagent/1.1 (+https://developers.facebook.com/docs/sharing/webmasters/crawler)"
204.197.172.10 - - [06/Nov/2025:14:47:48 +0000] "POST /wp-cron.php?doing_wp_cron=1762440468.9228160381317138671875 HTTP/1.1" 200 0 "-" "WordPress/6.8.3; https://deenzalifestyle.com"
57.141.2.69 - - [06/Nov/2025:14:47:48 +0000] "GET /product=4896319.html HTTP/2" 404 206892 "-" "meta-externalagent/1.1 (+https://developers.facebook.com/docs/sharing/webmasters/crawler)"
204.197.172.10 - - [06/Nov/2025:14:47:58 +0000] "POST /wp-cron.php?doing_wp_cron=1762440478.9131269454956054687500 HTTP/1.1" 200 0 "-" "WordPress/6.8.3; https://deenzalifestyle.com"
57.141.2.78 - - [06/Nov/2025:14:47:58 +0000] "GET /product=3833335.html HTTP/2" 404 206892 "-" "meta-externalagent/1.1 (+https://developers.facebook.com/docs/sharing/webmasters/crawler)"
57.141.2.58 - - [06/Nov/2025:14:48:24 +0000] "GET /product=3590495.html HTTP/2" 404 206892 "-" "meta-externalagent/1.1 (+https://developers.facebook.com/docs/sharing/webmasters/crawler)"
57.141.2.21 - - [06/Nov/2025:14:48:27 +0000] "GET /product=3115856.html HTTP/2" 404 206892 "-" "meta-externalagent/1.1 (+https://developers.facebook.com/docs/sharing/webmasters/crawler)"
204.197.172.10 - - [06/Nov/2025:14:48:45 +0000] "POST /wp-cron.php?doing_wp_cron=1762440525.0621170997619628906250 HTTP/1.1" 200 0 "-" "WordPress/6.8.3; https://deenzalifestyle.com"
57.141.2.76 - - [06/Nov/2025:14:48:44 +0000] "GET /product=4472721.html HTTP/2" 404 206892 "-" "meta-externalagent/1.1 (+https://developers.facebook.com/docs/sharing/webmasters/crawler)"
204.197.172.10 - - [06/Nov/2025:14:49:03 +0000] "POST /wp-cron.php?doing_wp_cron=1762440543.7874600887298583984375 HTTP/1.1" 200 0 "-" "WordPress/6.8.3; https://deenzalifestyle.com"
57.141.2.35 - - [06/Nov/2025:14:49:03 +0000] "GET /product=3541182.html HTTP/2" 404 206892 "-" "meta-externalagent/1.1 (+https://developers.facebook.com/docs/sharing/webmasters/crawler)"
57.141.2.62 - - [06/Nov/2025:14:49:09 +0000] "GET /product=4654126.html HTTP/2" 404 206892 "-" "meta-externalagent/1.1 (+https://developers.facebook.com/docs/sharing/webmasters/crawler)"
57.141.2.53 - - [06/Nov/2025:14:49:19 +0000] "GET /product=4529125.html HTTP/2" 404 206892 "-" "meta-externalagent/1.1 (+https://developers.facebook.com/docs/sharing/webmasters/crawler)"
57.141.2.1 - - [06/Nov/2025:14:54:45 +0000] "GET /product=5484293.html HTTP/2" 404 206891 "-" "meta-externalagent/1.1 (+https://developers.facebook.com/docs/sharing/webmasters/crawler)"
204.197.172.10 - - [06/Nov/2025:14:55:37 +0000] "POST /wp-cron.php?doing_wp_cron=1762440937.6569020748138427734375 HTTP/1.1" 200 0 "-" "WordPress/6.8.3; https://deenzalifestyle.com"
57.141.2.64 - - [06/Nov/2025:14:55:37 +0000] "GET /product=3595644.html HTTP/2" 404 206892 "-" "meta-externalagent/1.1 (+https://developers.facebook.com/docs/sharing/webmasters/crawler)"
204.197.172.10 - - [06/Nov/2025:14:55:50 +0000] "POST /wp-cron.php?doing_wp_cron=1762440950.2994170188903808593750 HTTP/1.1" 200 0 "-" "WordPress/6.8.3; https://deenzalifestyle.com"
57.141.2.61 - - [06/Nov/2025:14:55:50 +0000] "GET /product=5053200.html HTTP/2" 404 206892 "-" "meta-externalagent/1.1 (+https://developers.facebook.com/docs/sharing/webmasters/crawler)"
57.141.2.77 - - [06/Nov/2025:14:55:52 +0000] "GET /product=2453424.html HTTP/2" 404 206892 "-" "meta-externalagent/1.1 (+https://developers.facebook.com/docs/sharing/webmasters/crawler)"
204.197.172.10 - - [06/Nov/2025:14:55:55 +0000] "POST /wp-cron.php?doing_wp_cron=1762440955.1526699066162109375000 HTTP/1.1" 200 0 "-" "WordPress/6.8.3; https://deenzalifestyle.com"
57.141.2.80 - - [06/Nov/2025:14:55:55 +0000] "GET /product=3923874.html HTTP/2" 404 206892 "-" "meta-externalagent/1.1 (+https://developers.facebook.com/docs/sharing/webmasters/crawler)"
57.141.2.61 - - [06/Nov/2025:14:56:14 +0000] "GET /product=2008059.html HTTP/2" 404 206892 "-" "meta-externalagent/1.1 (+https://developers.facebook.com/docs/sharing/webmasters/crawler)"
57.141.2.65 - - [06/Nov/2025:14:56:16 +0000] "GET /product=4442337.html HTTP/2" 404 206892 "-" "meta-externalagent/1.1 (+https://developers.facebook.com/docs/sharing/webmasters/crawler)"
57.141.2.36 - - [06/Nov/2025:14:56:36 +0000] "GET /product=5439074.html HTTP/2" 404 206892 "-" "meta-externalagent/1.1 (+https://developers.facebook.com/docs/sharing/webmasters/crawler)"
204.197.172.10 - - [06/Nov/2025:14:57:48 +0000] "POST /wp-cron.php?doing_wp_cron=1762441068.8329570293426513671875 HTTP/1.1" 200 0 "-" "WordPress/6.8.3; https://deenzalifestyle.com"
57.141.2.18 - - [06/Nov/2025:14:57:48 +0000] "GET /product=2549799.html HTTP/2" 404 206892 "-" "meta-externalagent/1.1 (+https://developers.facebook.com/docs/sharing/webmasters/crawler)"
57.141.2.81 - - [06/Nov/2025:14:57:50 +0000] "GET /product=1943414.html HTTP/2" 404 206892 "-" "meta-externalagent/1.1 (+https://developers.facebook.com/docs/sharing/webmasters/crawler)"
204.197.172.10 - - [06/Nov/2025:14:58:24 +0000] "POST /wp-cron.php?doing_wp_cron=1762441104.8957769870758056640625 HTTP/1.1" 200 0 "-" "WordPress/6.8.3; https://deenzalifestyle.com"
57.141.2.73 - - [06/Nov/2025:14:58:24 +0000] "GET /product=4386052.html HTTP/2" 404 206892 "-" "meta-externalagent/1.1 (+https://developers.facebook.com/docs/sharing/webmasters/crawler)"
204.197.172.10 - - [06/Nov/2025:14:59:09 +0000] "POST /wp-cron.php?doing_wp_cron=1762441149.7211201190948486328125 HTTP/1.1" 200 0 "-" "WordPress/6.8.3; https://deenzalifestyle.com"
57.141.2.20 - - [06/Nov/2025:14:59:09 +0000] "GET /product=5428530.html HTTP/2" 404 206892 "-" "meta-externalagent/1.1 (+https://developers.facebook.com/docs/sharing/webmasters/crawler)"
204.197.172.10 - - [06/Nov/2025:15:00:03 +0000] "POST /wp-cron.php?doing_wp_cron=1762441203.7920839786529541015625 HTTP/1.1" 200 0 "-" "WordPress/6.8.3; https://deenzalifestyle.com"
57.141.2.13 - - [06/Nov/2025:15:00:03 +0000] "GET /product=3860006.html HTTP/2" 404 206892 "-" "meta-externalagent/1.1 (+https://developers.facebook.com/docs/sharing/webmasters/crawler)"
57.141.2.32 - - [06/Nov/2025:15:00:19 +0000] "GET /product=4171302.html HTTP/2" 404 206892 "-" "meta-externalagent/1.1 (+https://developers.facebook.com/docs/sharing/webmasters/crawler)"
57.141.2.20 - - [06/Nov/2025:15:00:20 +0000] "GET /product=3516768.html HTTP/2" 404 206892 "-" "meta-externalagent/1.1 (+https://developers.facebook.com/docs/sharing/webmasters/crawler)"
204.197.172.10 - - [06/Nov/2025:15:01:07 +0000] "POST /wp-cron.php?doing_wp_cron=1762441267.4690699577331542968750 HTTP/1.1" 200 0 "-" "WordPress/6.8.3; https://deenzalifestyle.com"
57.141.2.1 - - [06/Nov/2025:15:01:07 +0000] "GET /product=2388687.html HTTP/2" 404 206891 "-" "meta-externalagent/1.1 (+https://developers.facebook.com/docs/sharing/webmasters/crawler)"
57.141.2.18 - - [06/Nov/2025:15:01:35 +0000] "GET /product=3979123.html HTTP/2" 404 206892 "-" "meta-externalagent/1.1 (+https://developers.facebook.com/docs/sharing/webmasters/crawler)"
204.197.172.10 - - [06/Nov/2025:15:02:13 +0000] "POST /wp-cron.php?doing_wp_cron=1762441333.9914500713348388671875 HTTP/1.1" 200 0 "-" "WordPress/6.8.3; https://deenzalifestyle.com"
57.141.2.82 - - [06/Nov/2025:15:02:13 +0000] "GET /product=5340346.html HTTP/2" 404 206892 "-" "meta-externalagent/1.1 (+https://developers.facebook.com/docs/sharing/webmasters/crawler)"
204.197.172.10 - - [06/Nov/2025:15:03:15 +0000] "POST /wp-cron.php?doing_wp_cron=1762441395.6338789463043212890625 HTTP/1.1" 200 0 "-" "WordPress/6.8.3; https://deenzalifestyle.com"
57.141.2.17 - - [06/Nov/2025:15:03:15 +0000] "GET /product=2900884.html HTTP/2" 404 206892 "-" "meta-externalagent/1.1 (+https://developers.facebook.com/docs/sharing/webmasters/crawler)"
57.141.2.58 - - [06/Nov/2025:15:03:27 +0000] "GET /product=2344988.html HTTP/2" 404 206892 "-" "meta-externalagent/1.1 (+https://developers.facebook.com/docs/sharing/webmasters/crawler)"
57.141.2.58 - - [06/Nov/2025:15:03:34 +0000] "GET /product=3638074.html HTTP/2" 404 206892 "-" "meta-externalagent/1.1 (+https://developers.facebook.com/docs/sharing/webmasters/crawler)"
66.249.69.106 - - [06/Nov/2025:15:03:39 +0000] "GET /158703144.shtml HTTP/1.1" 404 37389 "-" "Mozilla/5.0 (compatible; Googlebot/2.1; +http://www.google.com/bot.html)"
204.197.172.10 - - [06/Nov/2025:15:03:43 +0000] "POST /wp-cron.php?doing_wp_cron=1762441423.2253029346466064453125 HTTP/1.1" 200 0 "-" "WordPress/6.8.3; https://deenzalifestyle.com"
57.141.2.38 - - [06/Nov/2025:15:03:43 +0000] "GET /product=5044314.html HTTP/2" 404 206892 "-" "meta-externalagent/1.1 (+https://developers.facebook.com/docs/sharing/webmasters/crawler)"
204.197.172.10 - - [06/Nov/2025:15:03:54 +0000] "POST /wp-cron.php?doing_wp_cron=1762441434.3329560756683349609375 HTTP/1.1" 200 0 "-" "WordPress/6.8.3; https://deenzalifestyle.com"
57.141.2.21 - - [06/Nov/2025:15:03:54 +0000] "GET /product=2265880.html HTTP/2" 404 206892 "-" "meta-externalagent/1.1 (+https://developers.facebook.com/docs/sharing/webmasters/crawler)"
69.171.249.6 - - [06/Nov/2025:15:04:41 +0000] "GET /wp-content/uploads/woo-feed/facebook/csv/deenzalifestyle.csv HTTP/1.1" 200 151806 "-" "facebookexternalhit/1.1 (+http://www.facebook.com/externalhit_uatext.php)"
204.197.172.10 - - [06/Nov/2025:15:05:24 +0000] "POST /wp-cron.php?doing_wp_cron=1762441524.2776489257812500000000 HTTP/1.1" 200 0 "-" "WordPress/6.8.3; https://deenzalifestyle.com"
57.141.2.57 - - [06/Nov/2025:15:05:23 +0000] "GET /product=2431814.html HTTP/2" 404 206892 "-" "meta-externalagent/1.1 (+https://developers.facebook.com/docs/sharing/webmasters/crawler)"
57.141.2.9 - - [06/Nov/2025:15:05:24 +0000] "GET /product=5564705.html HTTP/2" 404 206891 "-" "meta-externalagent/1.1 (+https://developers.facebook.com/docs/sharing/webmasters/crawler)"
5.161.106.94 - - [06/Nov/2025:15:05:27 +0000] "POST /wp-load.php?d2b8e1=73847 HTTP/1.1" 200 0 "-" "Mozilla/5.0 (Windows NT 10.0; Win64; x64) AppleWebKit/537.36 (KHTML, like Gecko) Chrome/104.0.5112.97 Safari/537.36"
204.197.172.10 - - [06/Nov/2025:15:06:00 +0000] "POST /wp-cron.php?doing_wp_cron=1762441560.2596719264984130859375 HTTP/1.1" 200 0 "-" "WordPress/6.8.3; https://deenzalifestyle.com"
57.141.2.71 - - [06/Nov/2025:15:06:00 +0000] "GET /product=4041192.html HTTP/2" 404 206892 "-" "meta-externalagent/1.1 (+https://developers.facebook.com/docs/sharing/webmasters/crawler)"
57.141.2.62 - - [06/Nov/2025:15:06:23 +0000] "GET /product=3385180.html HTTP/2" 404 206892 "-" "meta-externalagent/1.1 (+https://developers.facebook.com/docs/sharing/webmasters/crawler)"
204.197.172.10 - - [06/Nov/2025:15:06:44 +0000] "POST /wp-cron.php?doing_wp_cron=1762441604.4927310943603515625000 HTTP/1.1" 200 0 "-" "WordPress/6.8.3; https://deenzalifestyle.com"
57.141.2.20 - - [06/Nov/2025:15:06:44 +0000] "GET /product=4419898.html HTTP/2" 404 206892 "-" "meta-externalagent/1.1 (+https://developers.facebook.com/docs/sharing/webmasters/crawler)"
204.197.172.10 - - [06/Nov/2025:15:07:29 +0000] "POST /wp-cron.php?doing_wp_cron=1762441649.1517360210418701171875 HTTP/1.1" 200 0 "-" "WordPress/6.8.3; https://deenzalifestyle.com"
57.141.2.67 - - [06/Nov/2025:15:07:29 +0000] "GET /product=5707814.html HTTP/2" 404 206892 "-" "meta-externalagent/1.1 (+https://developers.facebook.com/docs/sharing/webmasters/crawler)"
57.141.2.49 - - [06/Nov/2025:15:07:39 +0000] "GET /product=5123862.html HTTP/2" 404 206892 "-" "meta-externalagent/1.1 (+https://developers.facebook.com/docs/sharing/webmasters/crawler)"
204.197.172.10 - - [06/Nov/2025:15:07:48 +0000] "POST /wp-cron.php?doing_wp_cron=1762441668.6119980812072753906250 HTTP/1.1" 200 0 "-" "WordPress/6.8.3; https://deenzalifestyle.com"
57.141.2.73 - - [06/Nov/2025:15:07:48 +0000] "GET /product=4654909.html HTTP/2" 404 206892 "-" "meta-externalagent/1.1 (+https://developers.facebook.com/docs/sharing/webmasters/crawler)"
57.141.2.73 - - [06/Nov/2025:15:07:51 +0000] "GET /product=3705302.html HTTP/2" 404 206892 "-" "meta-externalagent/1.1 (+https://developers.facebook.com/docs/sharing/webmasters/crawler)"
204.197.172.10 - - [06/Nov/2025:15:08:19 +0000] "POST /wp-cron.php?doing_wp_cron=1762441699.0360550880432128906250 HTTP/1.1" 200 0 "-" "WordPress/6.8.3; https://deenzalifestyle.com"
57.141.2.80 - - [06/Nov/2025:15:08:18 +0000] "GET /product=5356647.html HTTP/2" 404 206892 "-" "meta-externalagent/1.1 (+https://developers.facebook.com/docs/sharing/webmasters/crawler)"
57.141.2.65 - - [06/Nov/2025:15:08:24 +0000] "GET /product=2575042.html HTTP/2" 404 206892 "-" "meta-externalagent/1.1 (+https://developers.facebook.com/docs/sharing/webmasters/crawler)"
204.197.172.10 - - [06/Nov/2025:15:08:43 +0000] "POST /wp-cron.php?doing_wp_cron=1762441723.7093360424041748046875 HTTP/1.1" 200 0 "-" "WordPress/6.8.3; https://deenzalifestyle.com"
57.141.2.73 - - [06/Nov/2025:15:08:43 +0000] "GET /product=4380680.html HTTP/2" 404 206892 "-" "meta-externalagent/1.1 (+https://developers.facebook.com/docs/sharing/webmasters/crawler)"
204.197.172.10 - - [06/Nov/2025:15:09:05 +0000] "POST /wp-cron.php?doing_wp_cron=1762441745.2025170326232910156250 HTTP/1.1" 200 0 "-" "WordPress/6.8.3; https://deenzalifestyle.com"
57.141.2.66 - - [06/Nov/2025:15:09:05 +0000] "GET /product=3571154.html HTTP/2" 404 206892 "-" "meta-externalagent/1.1 (+https://developers.facebook.com/docs/sharing/webmasters/crawler)"
57.141.2.1 - - [06/Nov/2025:15:09:24 +0000] "GET /product=3212455.html HTTP/2" 404 206891 "-" "meta-externalagent/1.1 (+https://developers.facebook.com/docs/sharing/webmasters/crawler)"
57.141.2.62 - - [06/Nov/2025:15:09:25 +0000] "GET /product=5688734.html HTTP/2" 404 206892 "-" "meta-externalagent/1.1 (+https://developers.facebook.com/docs/sharing/webmasters/crawler)"
204.197.172.10 - - [06/Nov/2025:15:09:45 +0000] "POST /wp-cron.php?doing_wp_cron=1762441785.1350619792938232421875 HTTP/1.1" 200 0 "-" "WordPress/6.8.3; https://deenzalifestyle.com"
57.141.2.12 - - [06/Nov/2025:15:09:44 +0000] "GET /product=5442957.html HTTP/2" 404 206892 "-" "meta-externalagent/1.1 (+https://developers.facebook.com/docs/sharing/webmasters/crawler)"
204.197.172.10 - - [06/Nov/2025:15:09:55 +0000] "POST /wp-cron.php?doing_wp_cron=1762441795.5084519386291503906250 HTTP/1.1" 200 0 "-" "WordPress/6.8.3; https://deenzalifestyle.com"
57.141.2.35 - - [06/Nov/2025:15:09:55 +0000] "GET /product=4665321.html HTTP/2" 404 206892 "-" "meta-externalagent/1.1 (+https://developers.facebook.com/docs/sharing/webmasters/crawler)"
57.141.2.31 - - [06/Nov/2025:15:09:58 +0000] "GET /product=4073005.html HTTP/2" 404 206892 "-" "meta-externalagent/1.1 (+https://developers.facebook.com/docs/sharing/webmasters/crawler)"
57.141.2.73 - - [06/Nov/2025:15:10:02 +0000] "GET /product=3523226.html HTTP/2" 404 206892 "-" "meta-externalagent/1.1 (+https://developers.facebook.com/docs/sharing/webmasters/crawler)"
57.141.2.2 - - [06/Nov/2025:15:10:34 +0000] "GET /product=5697069.html HTTP/2" 404 206891 "-" "meta-externalagent/1.1 (+https://developers.facebook.com/docs/sharing/webmasters/crawler)"
204.197.172.10 - - [06/Nov/2025:15:11:40 +0000] "POST /wp-cron.php?doing_wp_cron=1762441900.4838600158691406250000 HTTP/1.1" 200 0 "-" "WordPress/6.8.3; https://deenzalifestyle.com"
57.141.2.12 - - [06/Nov/2025:15:11:40 +0000] "GET /product=5051343.html HTTP/2" 404 206892 "-" "meta-externalagent/1.1 (+https://developers.facebook.com/docs/sharing/webmasters/crawler)"
204.197.172.10 - - [06/Nov/2025:15:11:44 +0000] "POST /wp-cron.php?doing_wp_cron=1762441904.6895689964294433593750 HTTP/1.1" 200 0 "-" "WordPress/6.8.3; https://deenzalifestyle.com"
57.141.2.32 - - [06/Nov/2025:15:11:44 +0000] "GET /product=1954083.html HTTP/2" 404 206892 "-" "meta-externalagent/1.1 (+https://developers.facebook.com/docs/sharing/webmasters/crawler)"
57.141.2.75 - - [06/Nov/2025:15:11:53 +0000] "GET /product=5070220.html HTTP/2" 404 206892 "-" "meta-externalagent/1.1 (+https://developers.facebook.com/docs/sharing/webmasters/crawler)"
204.197.172.10 - - [06/Nov/2025:15:11:56 +0000] "POST /wp-cron.php?doing_wp_cron=1762441916.1368570327758789062500 HTTP/1.1" 200 0 "-" "WordPress/6.8.3; https://deenzalifestyle.com"
57.141.2.14 - - [06/Nov/2025:15:11:56 +0000] "GET /product=3267051.html HTTP/2" 404 206892 "-" "meta-externalagent/1.1 (+https://developers.facebook.com/docs/sharing/webmasters/crawler)"
57.141.2.57 - - [06/Nov/2025:15:12:33 +0000] "GET /product=1975706.html HTTP/2" 404 206892 "-" "meta-externalagent/1.1 (+https://developers.facebook.com/docs/sharing/webmasters/crawler)"
57.141.2.4 - - [06/Nov/2025:15:12:35 +0000] "GET /product=5319511.html HTTP/2" 404 206891 "-" "meta-externalagent/1.1 (+https://developers.facebook.com/docs/sharing/webmasters/crawler)"
204.197.172.10 - - [06/Nov/2025:15:12:50 +0000] "POST /wp-cron.php?doing_wp_cron=1762441970.8143799304962158203125 HTTP/1.1" 200 0 "-" "WordPress/6.8.3; https://deenzalifestyle.com"
66.249.69.106 - - [06/Nov/2025:15:12:50 +0000] "GET /?e=267218942200 HTTP/1.1" 200 46718 "-" "Mozilla/5.0 (Linux; Android 6.0.1; Nexus 5X Build/MMB29P) AppleWebKit/537.36 (KHTML, like Gecko) Chrome/141.0.7390.122 Mobile Safari/537.36 (compatible; Googlebot/2.1; +http://www.google.com/bot.html)"
204.197.172.10 - - [06/Nov/2025:15:12:55 +0000] "POST /wp-cron.php?doing_wp_cron=1762441975.2730479240417480468750 HTTP/1.1" 200 0 "-" "WordPress/6.8.3; https://deenzalifestyle.com"
66.249.69.105 - - [06/Nov/2025:15:12:55 +0000] "POST /wp-json/wp-statistics/v2/hit HTTP/1.1" 200 35 "https://deenzalifestyle.com/?e=267218942200" "Mozilla/5.0 (Linux; Android 6.0.1; Nexus 5X Build/MMB29P) AppleWebKit/537.36 (KHTML, like Gecko) Chrome/141.0.7390.122 Mobile Safari/537.36 (compatible; Googlebot/2.1; +http://www.google.com/bot.html)"
204.197.172.10 - - [06/Nov/2025:15:14:29 +0000] "POST /wp-cron.php?doing_wp_cron=1762442069.3149130344390869140625 HTTP/1.1" 200 0 "-" "WordPress/6.8.3; https://deenzalifestyle.com"
57.141.2.82 - - [06/Nov/2025:15:14:28 +0000] "GET /product=4411556.html HTTP/2" 404 206892 "-" "meta-externalagent/1.1 (+https://developers.facebook.com/docs/sharing/webmasters/crawler)"
66.249.69.104 - - [06/Nov/2025:15:14:30 +0000] "GET /?e=7795254537603 HTTP/1.1" 200 46739 "-" "Mozilla/5.0 (Linux; Android 6.0.1; Nexus 5X Build/MMB29P) AppleWebKit/537.36 (KHTML, like Gecko) Chrome/141.0.7390.122 Mobile Safari/537.36 (compatible; Googlebot/2.1; +http://www.google.com/bot.html)"
66.249.69.106 - - [06/Nov/2025:15:14:33 +0000] "POST /wp-json/wp-statistics/v2/hit HTTP/1.1" 200 35 "https://deenzalifestyle.com/?e=7795254537603" "Mozilla/5.0 (Linux; Android 6.0.1; Nexus 5X Build/MMB29P) AppleWebKit/537.36 (KHTML, like Gecko) Chrome/141.0.7390.122 Mobile Safari/537.36 (compatible; Googlebot/2.1; +http://www.google.com/bot.html)"
204.197.172.10 - - [06/Nov/2025:15:15:16 +0000] "POST /wp-cron.php?doing_wp_cron=1762442116.2878220081329345703125 HTTP/1.1" 200 0 "-" "WordPress/6.8.3; https://deenzalifestyle.com"
57.141.2.32 - - [06/Nov/2025:15:15:16 +0000] "GET /product=4179880.html HTTP/2" 404 206892 "-" "meta-externalagent/1.1 (+https://developers.facebook.com/docs/sharing/webmasters/crawler)"
204.197.172.10 - - [06/Nov/2025:15:16:03 +0000] "POST /wp-cron.php?doing_wp_cron=1762442163.3843569755554199218750 HTTP/1.1" 200 0 "-" "WordPress/6.8.3; https://deenzalifestyle.com"
66.249.69.106 - - [06/Nov/2025:15:16:03 +0000] "GET /product=4727826.html HTTP/1.1" 404 37389 "-" "Mozilla/5.0 (compatible; Googlebot/2.1; +http://www.google.com/bot.html)"
57.141.2.36 - - [06/Nov/2025:15:16:09 +0000] "GET /product=5164284.html HTTP/2" 404 206892 "-" "meta-externalagent/1.1 (+https://developers.facebook.com/docs/sharing/webmasters/crawler)"
57.141.2.2 - - [06/Nov/2025:15:16:11 +0000] "GET /product=3144322.html HTTP/2" 404 206891 "-" "meta-externalagent/1.1 (+https://developers.facebook.com/docs/sharing/webmasters/crawler)"
66.249.69.105 - - [06/Nov/2025:15:16:11 +0000] "GET /184782225.shtml HTTP/1.1" 404 37440 "-" "Mozilla/5.0 (Linux; Android 6.0.1; Nexus 5X Build/MMB29P) AppleWebKit/537.36 (KHTML, like Gecko) Chrome/141.0.7390.122 Mobile Safari/537.36 (compatible; Googlebot/2.1; +http://www.google.com/bot.html)"
57.141.2.61 - - [06/Nov/2025:15:16:13 +0000] "GET /product=5180291.html HTTP/2" 404 206892 "-" "meta-externalagent/1.1 (+https://developers.facebook.com/docs/sharing/webmasters/crawler)"
204.197.172.10 - - [06/Nov/2025:15:16:48 +0000] "POST /wp-cron.php?doing_wp_cron=1762442208.5966169834136962890625 HTTP/1.1" 200 0 "-" "WordPress/6.8.3; https://deenzalifestyle.com"
57.141.2.21 - - [06/Nov/2025:15:16:48 +0000] "GET /product=2915504.html HTTP/2" 404 206892 "-" "meta-externalagent/1.1 (+https://developers.facebook.com/docs/sharing/webmasters/crawler)"
204.197.172.10 - - [06/Nov/2025:15:16:57 +0000] "POST /wp-cron.php?doing_wp_cron=1762442217.8784499168395996093750 HTTP/1.1" 200 0 "-" "WordPress/6.8.3; https://deenzalifestyle.com"
57.141.2.49 - - [06/Nov/2025:15:16:57 +0000] "GET /product=3293374.html HTTP/2" 404 206892 "-" "meta-externalagent/1.1 (+https://developers.facebook.com/docs/sharing/webmasters/crawler)"
57.141.2.53 - - [06/Nov/2025:15:16:59 +0000] "GET /product=5005417.html HTTP/2" 404 206892 "-" "meta-externalagent/1.1 (+https://developers.facebook.com/docs/sharing/webmasters/crawler)"
204.197.172.10 - - [06/Nov/2025:15:19:06 +0000] "POST /wp-cron.php?doing_wp_cron=1762442346.4400670528411865234375 HTTP/1.1" 200 0 "-" "WordPress/6.8.3; https://deenzalifestyle.com"
57.141.2.71 - - [06/Nov/2025:15:19:05 +0000] "GET /product=3298757.html HTTP/2" 404 206892 "-" "meta-externalagent/1.1 (+https://developers.facebook.com/docs/sharing/webmasters/crawler)"
57.141.2.8 - - [06/Nov/2025:15:19:07 +0000] "GET /product=4510271.html HTTP/2" 404 206891 "-" "meta-externalagent/1.1 (+https://developers.facebook.com/docs/sharing/webmasters/crawler)"
57.141.2.68 - - [06/Nov/2025:15:19:21 +0000] "GET /product=4464792.html HTTP/2" 404 206892 "-" "meta-externalagent/1.1 (+https://developers.facebook.com/docs/sharing/webmasters/crawler)"
66.249.69.105 - - [06/Nov/2025:15:19:38 +0000] "GET /145282440.shtml HTTP/1.1" 404 37440 "-" "Mozilla/5.0 (Linux; Android 6.0.1; Nexus 5X Build/MMB29P) AppleWebKit/537.36 (KHTML, like Gecko) Chrome/141.0.7390.122 Mobile Safari/537.36 (compatible; Googlebot/2.1; +http://www.google.com/bot.html)"
204.197.172.10 - - [06/Nov/2025:15:19:43 +0000] "POST /wp-cron.php?doing_wp_cron=1762442383.2458169460296630859375 HTTP/1.1" 200 0 "-" "WordPress/6.8.3; https://deenzalifestyle.com"
57.141.2.75 - - [06/Nov/2025:15:19:43 +0000] "GET /product=2242962.html HTTP/2" 404 206892 "-" "meta-externalagent/1.1 (+https://developers.facebook.com/docs/sharing/webmasters/crawler)"
204.197.172.10 - - [06/Nov/2025:15:19:53 +0000] "POST /wp-cron.php?doing_wp_cron=1762442393.2988829612731933593750 HTTP/1.1" 200 0 "-" "WordPress/6.8.3; https://deenzalifestyle.com"
57.141.2.5 - - [06/Nov/2025:15:19:53 +0000] "GET /product=5669579.html HTTP/2" 404 206891 "-" "meta-externalagent/1.1 (+https://developers.facebook.com/docs/sharing/webmasters/crawler)"
204.197.172.10 - - [06/Nov/2025:15:19:58 +0000] "POST /wp-cron.php?doing_wp_cron=1762442398.7491540908813476562500 HTTP/1.1" 200 0 "-" "WordPress/6.8.3; https://deenzalifestyle.com"
57.141.2.22 - - [06/Nov/2025:15:19:58 +0000] "GET /product=4522983.html HTTP/2" 404 206892 "-" "meta-externalagent/1.1 (+https://developers.facebook.com/docs/sharing/webmasters/crawler)"
57.141.2.66 - - [06/Nov/2025:15:20:00 +0000] "GET /product=2134633.html HTTP/2" 404 206892 "-" "meta-externalagent/1.1 (+https://developers.facebook.com/docs/sharing/webmasters/crawler)"
57.141.2.24 - - [06/Nov/2025:15:20:10 +0000] "GET /product=2028266.html HTTP/2" 404 206892 "-" "meta-externalagent/1.1 (+https://developers.facebook.com/docs/sharing/webmasters/crawler)"
57.141.2.63 - - [06/Nov/2025:15:20:31 +0000] "GET /product=2400889.html HTTP/2" 404 206892 "-" "meta-externalagent/1.1 (+https://developers.facebook.com/docs/sharing/webmasters/crawler)"
204.197.172.10 - - [06/Nov/2025:15:20:57 +0000] "POST /wp-cron.php?doing_wp_cron=1762442457.8773829936981201171875 HTTP/1.1" 200 0 "-" "WordPress/6.8.3; https://deenzalifestyle.com"
57.141.2.26 - - [06/Nov/2025:15:20:57 +0000] "GET /product=3667971.html HTTP/2" 404 206892 "-" "meta-externalagent/1.1 (+https://developers.facebook.com/docs/sharing/webmasters/crawler)"
204.197.172.10 - - [06/Nov/2025:15:21:53 +0000] "POST /wp-cron.php?doing_wp_cron=1762442513.5317950248718261718750 HTTP/1.1" 200 0 "-" "WordPress/6.8.3; https://deenzalifestyle.com"
57.141.2.13 - - [06/Nov/2025:15:21:53 +0000] "GET /product=5482680.html HTTP/2" 404 206892 "-" "meta-externalagent/1.1 (+https://developers.facebook.com/docs/sharing/webmasters/crawler)"
204.197.172.10 - - [06/Nov/2025:15:22:06 +0000] "POST /wp-cron.php?doing_wp_cron=1762442526.0019080638885498046875 HTTP/1.1" 200 0 "-" "WordPress/6.8.3; https://deenzalifestyle.com"
57.141.2.33 - - [06/Nov/2025:15:22:05 +0000] "GET /product=4437108.html HTTP/2" 404 206892 "-" "meta-externalagent/1.1 (+https://developers.facebook.com/docs/sharing/webmasters/crawler)"
57.141.2.5 - - [06/Nov/2025:15:22:07 +0000] "GET /product=1958791.html HTTP/2" 404 206891 "-" "meta-externalagent/1.1 (+https://developers.facebook.com/docs/sharing/webmasters/crawler)"
204.197.172.10 - - [06/Nov/2025:15:22:41 +0000] "POST /wp-cron.php?doing_wp_cron=1762442561.8679389953613281250000 HTTP/1.1" 200 0 "-" "WordPress/6.8.3; https://deenzalifestyle.com"
57.141.2.83 - - [06/Nov/2025:15:22:41 +0000] "GET /product=4260829.html HTTP/2" 404 206892 "-" "meta-externalagent/1.1 (+https://developers.facebook.com/docs/sharing/webmasters/crawler)"
204.197.172.10 - - [06/Nov/2025:15:22:54 +0000] "POST /wp-cron.php?doing_wp_cron=1762442574.1068980693817138671875 HTTP/1.1" 200 0 "-" "WordPress/6.8.3; https://deenzalifestyle.com"
57.141.2.12 - - [06/Nov/2025:15:22:53 +0000] "GET /product=5317164.html HTTP/2" 404 206892 "-" "meta-externalagent/1.1 (+https://developers.facebook.com/docs/sharing/webmasters/crawler)"
66.249.69.105 - - [06/Nov/2025:15:23:13 +0000] "GET /611136231.shtml HTTP/1.1" 404 37388 "-" "Mozilla/5.0 (compatible; Googlebot/2.1; +http://www.google.com/bot.html)"
57.141.2.9 - - [06/Nov/2025:15:23:25 +0000] "GET /product=5170833.html HTTP/2" 404 206891 "-" "meta-externalagent/1.1 (+https://developers.facebook.com/docs/sharing/webmasters/crawler)"
204.197.172.10 - - [06/Nov/2025:15:24:05 +0000] "POST /wp-cron.php?doing_wp_cron=1762442645.8554959297180175781250 HTTP/1.1" 200 0 "-" "WordPress/6.8.3; https://deenzalifestyle.com"
57.141.2.49 - - [06/Nov/2025:15:24:05 +0000] "GET /product=3410654.html HTTP/2" 404 206892 "-" "meta-externalagent/1.1 (+https://developers.facebook.com/docs/sharing/webmasters/crawler)"
66.249.69.106 - - [06/Nov/2025:15:24:36 +0000] "GET /product=2813979.html HTTP/1.1" 404 37389 "-" "Mozilla/5.0 (compatible; Googlebot/2.1; +http://www.google.com/bot.html)"
204.197.172.10 - - [06/Nov/2025:15:24:43 +0000] "POST /wp-cron.php?doing_wp_cron=1762442683.6824529170989990234375 HTTP/1.1" 200 0 "-" "WordPress/6.8.3; https://deenzalifestyle.com"
57.141.2.6 - - [06/Nov/2025:15:24:43 +0000] "GET /product=3169086.html HTTP/2" 404 206891 "-" "meta-externalagent/1.1 (+https://developers.facebook.com/docs/sharing/webmasters/crawler)"
57.141.2.29 - - [06/Nov/2025:15:24:47 +0000] "GET /product=3859852.html HTTP/2" 404 206892 "-" "meta-externalagent/1.1 (+https://developers.facebook.com/docs/sharing/webmasters/crawler)"
204.197.172.10 - - [06/Nov/2025:15:24:49 +0000] "POST /wp-cron.php?doing_wp_cron=1762442689.8316519260406494140625 HTTP/1.1" 200 0 "-" "WordPress/6.8.3; https://deenzalifestyle.com"
57.141.2.34 - - [06/Nov/2025:15:24:49 +0000] "GET /product=4077464.html HTTP/2" 404 206892 "-" "meta-externalagent/1.1 (+https://developers.facebook.com/docs/sharing/webmasters/crawler)"
204.197.172.10 - - [06/Nov/2025:15:25:21 +0000] "POST /wp-cron.php?doing_wp_cron=1762442721.9195549488067626953125 HTTP/1.1" 200 0 "-" "WordPress/6.8.3; https://deenzalifestyle.com"
57.141.2.31 - - [06/Nov/2025:15:25:21 +0000] "GET /product=4340482.html HTTP/2" 404 206892 "-" "meta-externalagent/1.1 (+https://developers.facebook.com/docs/sharing/webmasters/crawler)"
66.249.69.104 - - [06/Nov/2025:15:25:40 +0000] "GET /product=2980431.html HTTP/1.1" 404 37389 "-" "Mozilla/5.0 (compatible; Googlebot/2.1; +http://www.google.com/bot.html)"
204.197.172.10 - - [06/Nov/2025:15:26:20 +0000] "POST /wp-cron.php?doing_wp_cron=1762442780.1392719745635986328125 HTTP/1.1" 200 0 "-" "WordPress/6.8.3; https://deenzalifestyle.com"
