66.249.87.40 - - [06/Nov/2025:18:34:12 +0000] "GET /wp-content/uploads/elementor/google-fonts/css/hindmadurai.css?ver=1756513364 HTTP/1.1" 200 516 "https://deenzalifestyle.com/496568004.shtml" "Mozilla/5.0 (X11; Linux x86_64) AppleWebKit/537.36 (KHTML, like Gecko) Chrome/141.0.7390.122 Safari/537.36"
66.249.87.40 - - [06/Nov/2025:18:34:12 +0000] "GET /wp-content/plugins/th-advance-product-search/assets/css/thaps-front-style.css?ver=1.3.1 HTTP/1.1" 200 1531 "https://deenzalifestyle.com/496568004.shtml" "Mozilla/5.0 (X11; Linux x86_64) AppleWebKit/537.36 (KHTML, like Gecko) Chrome/141.0.7390.122 Safari/537.36"
66.249.87.40 - - [06/Nov/2025:18:34:13 +0000] "GET /wp-content/plugins/elementor-pro/assets/css/widget-nav-menu.min.css?ver=3.26.0 HTTP/1.1" 200 3244 "https://deenzalifestyle.com/496568004.shtml" "Mozilla/5.0 (X11; Linux x86_64) AppleWebKit/537.36 (KHTML, like Gecko) Chrome/141.0.7390.122 Safari/537.36"
66.249.87.40 - - [06/Nov/2025:18:34:13 +0000] "GET /wp-content/plugins/wp-bottom-menu/assets/css/style.css?ver=2.2.4 HTTP/1.1" 200 939 "https://deenzalifestyle.com/496568004.shtml" "Mozilla/5.0 (X11; Linux x86_64) AppleWebKit/537.36 (KHTML, like Gecko) Chrome/141.0.7390.122 Safari/537.36"
66.249.87.40 - - [06/Nov/2025:18:34:14 +0000] "GET /wp-content/uploads/2025/06/logo-removebg-preview.png HTTP/1.1" 200 53745 "https://deenzalifestyle.com/496568004.shtml" "Mozilla/5.0 (X11; Linux x86_64) AppleWebKit/537.36 (KHTML, like Gecko) Chrome/141.0.7390.122 Safari/537.36"
66.249.87.40 - - [06/Nov/2025:18:34:14 +0000] "GET /wp-content/plugins/elementor/assets/css/widget-icon-list.min.css?ver=3.24.3 HTTP/1.1" 200 961 "https://deenzalifestyle.com/496568004.shtml" "Mozilla/5.0 (X11; Linux x86_64) AppleWebKit/537.36 (KHTML, like Gecko) Chrome/141.0.7390.122 Safari/537.36"
66.249.87.40 - - [06/Nov/2025:18:34:15 +0000] "GET /wp-content/plugins/elementor-pro/assets/css/widget-blockquote.min.css?ver=3.25.0 HTTP/1.1" 200 970 "https://deenzalifestyle.com/496568004.shtml" "Mozilla/5.0 (X11; Linux x86_64) AppleWebKit/537.36 (KHTML, like Gecko) Chrome/141.0.7390.122 Safari/537.36"
66.249.87.40 - - [06/Nov/2025:18:34:15 +0000] "GET /wp-content/plugins/th-advance-product-search/th-icon/style.css?ver=1.3.1 HTTP/1.1" 200 953 "https://deenzalifestyle.com/496568004.shtml" "Mozilla/5.0 (X11; Linux x86_64) AppleWebKit/537.36 (KHTML, like Gecko) Chrome/141.0.7390.122 Safari/537.36"
66.249.87.40 - - [06/Nov/2025:18:34:15 +0000] "GET /wp-content/plugins/woolentor-addons/woolentor-blocks/assets/css/common-style.css?ver=3.2.5 HTTP/1.1" 200 591 "https://deenzalifestyle.com/496568004.shtml" "Mozilla/5.0 (X11; Linux x86_64) AppleWebKit/537.36 (KHTML, like Gecko) Chrome/141.0.7390.122 Safari/537.36"
66.249.87.40 - - [06/Nov/2025:18:34:15 +0000] "GET /wp-content/uploads/elementor/google-fonts/css/roboto.css?ver=1751087316 HTTP/1.1" 200 1873 "https://deenzalifestyle.com/496568004.shtml" "Mozilla/5.0 (X11; Linux x86_64) AppleWebKit/537.36 (KHTML, like Gecko) Chrome/141.0.7390.122 Safari/537.36"
66.249.87.40 - - [06/Nov/2025:18:34:16 +0000] "GET /wp-content/plugins/elementor-pro/assets/css/widget-mega-menu.min.css?ver=3.26.2 HTTP/1.1" 200 2690 "https://deenzalifestyle.com/496568004.shtml" "Mozilla/5.0 (X11; Linux x86_64) AppleWebKit/537.36 (KHTML, like Gecko) Chrome/141.0.7390.122 Safari/537.36"
66.249.87.40 - - [06/Nov/2025:18:34:16 +0000] "GET /wp-content/plugins/elementor/assets/lib/font-awesome/css/all.min.css?ver=3.32.5 HTTP/1.1" 200 12380 "https://deenzalifestyle.com/496568004.shtml" "Mozilla/5.0 (X11; Linux x86_64) AppleWebKit/537.36 (KHTML, like Gecko) Chrome/141.0.7390.122 Safari/537.36"
66.249.87.40 - - [06/Nov/2025:18:34:16 +0000] "GET /wp-content/plugins/elementor/assets/lib/font-awesome/css/solid.css?ver=5.15.3 HTTP/1.1" 200 296 "https://deenzalifestyle.com/496568004.shtml" "Mozilla/5.0 (X11; Linux x86_64) AppleWebKit/537.36 (KHTML, like Gecko) Chrome/141.0.7390.122 Safari/537.36"
66.249.87.40 - - [06/Nov/2025:18:34:17 +0000] "GET /wp-content/plugins/woolentor-addons/assets/css/htflexboxgrid.css?ver=3.2.5 HTTP/1.1" 200 1643 "https://deenzalifestyle.com/496568004.shtml" "Mozilla/5.0 (X11; Linux x86_64) AppleWebKit/537.36 (KHTML, like Gecko) Chrome/141.0.7390.122 Safari/537.36"
66.249.87.40 - - [06/Nov/2025:18:34:17 +0000] "GET /wp-content/plugins/elementor/assets/lib/eicons/css/elementor-icons.min.css?ver=5.34.0 HTTP/1.1" 200 3997 "https://deenzalifestyle.com/496568004.shtml" "Mozilla/5.0 (X11; Linux x86_64) AppleWebKit/537.36 (KHTML, like Gecko) Chrome/141.0.7390.122 Safari/537.36"
66.249.87.40 - - [06/Nov/2025:18:34:17 +0000] "GET /wp-content/plugins/duracelltomi-google-tag-manager/dist/js/analytics-talk-content-tracking.js?ver=1.22.1 HTTP/1.1" 200 544 "https://deenzalifestyle.com/496568004.shtml" "Mozilla/5.0 (X11; Linux x86_64) AppleWebKit/537.36 (KHTML, like Gecko) Chrome/141.0.7390.122 Safari/537.36"
66.249.87.40 - - [06/Nov/2025:18:34:17 +0000] "GET /wp-includes/js/underscore.min.js?ver=1.13.7 HTTP/1.1" 200 7185 "https://deenzalifestyle.com/496568004.shtml" "Mozilla/5.0 (X11; Linux x86_64) AppleWebKit/537.36 (KHTML, like Gecko) Chrome/141.0.7390.122 Safari/537.36"
66.249.87.40 - - [06/Nov/2025:18:34:17 +0000] "GET /wp-content/plugins/header-footer-elementor/inc/widgets-css/frontend.css?ver=2.6.1 HTTP/1.1" 200 8270 "https://deenzalifestyle.com/496568004.shtml" "Mozilla/5.0 (X11; Linux x86_64) AppleWebKit/537.36 (KHTML, like Gecko) Chrome/141.0.7390.122 Safari/537.36"
66.249.87.40 - - [06/Nov/2025:18:34:18 +0000] "GET /wp-content/uploads/elementor/google-fonts/css/hindsiliguri.css?ver=1756513364 HTTP/1.1" 200 547 "https://deenzalifestyle.com/496568004.shtml" "Mozilla/5.0 (X11; Linux x86_64) AppleWebKit/537.36 (KHTML, like Gecko) Chrome/141.0.7390.122 Safari/537.36"
66.249.87.40 - - [06/Nov/2025:18:34:18 +0000] "GET /wp-includes/js/jquery/jquery.min.js?ver=3.7.1 HTTP/1.1" 200 29744 "https://deenzalifestyle.com/496568004.shtml" "Mozilla/5.0 (X11; Linux x86_64) AppleWebKit/537.36 (KHTML, like Gecko) Chrome/141.0.7390.122 Safari/537.36"
66.249.87.40 - - [06/Nov/2025:18:34:18 +0000] "GET /wp-content/uploads/elementor/thumbs/logo-removebg-preview-r8327xj7anzrxvbmkdzxxsjrhbg8bso6026v5yylog.png HTTP/1.1" 200 5694 "https://deenzalifestyle.com/496568004.shtml" "Mozilla/5.0 (X11; Linux x86_64) AppleWebKit/537.36 (KHTML, like Gecko) Chrome/141.0.7390.122 Safari/537.36"
66.249.87.40 - - [06/Nov/2025:18:34:18 +0000] "GET /wp-content/plugins/woolentor-addons/woolentor-blocks/assets/css/style-index.css?ver=3.2.5 HTTP/1.1" 200 3111 "https://deenzalifestyle.com/496568004.shtml" "Mozilla/5.0 (X11; Linux x86_64) AppleWebKit/537.36 (KHTML, like Gecko) Chrome/141.0.7390.122 Safari/537.36"
66.249.87.40 - - [06/Nov/2025:18:34:19 +0000] "GET /wp-content/plugins/elementor/assets/lib/font-awesome/css/brands.css?ver=5.15.3 HTTP/1.1" 200 296 "https://deenzalifestyle.com/496568004.shtml" "Mozilla/5.0 (X11; Linux x86_64) AppleWebKit/537.36 (KHTML, like Gecko) Chrome/141.0.7390.122 Safari/537.36"
66.249.87.40 - - [06/Nov/2025:18:34:19 +0000] "GET /wp-content/plugins/woocommerce/assets/js/jquery-blockui/jquery.blockUI.min.js?ver=2.7.0-wc.10.3.3 HTTP/1.1" 200 3277 "https://deenzalifestyle.com/496568004.shtml" "Mozilla/5.0 (X11; Linux x86_64) AppleWebKit/537.36 (KHTML, like Gecko) Chrome/141.0.7390.122 Safari/537.36"
66.249.87.40 - - [06/Nov/2025:18:34:19 +0000] "GET /wp-content/plugins/th-advance-product-search/th-icon/style.css?ver=6.8.3 HTTP/1.1" 200 953 "https://deenzalifestyle.com/496568004.shtml" "Mozilla/5.0 (X11; Linux x86_64) AppleWebKit/537.36 (KHTML, like Gecko) Chrome/141.0.7390.122 Safari/537.36"
66.249.87.40 - - [06/Nov/2025:18:34:19 +0000] "GET /wp-content/plugins/woocommerce/assets/client/blocks/wc-blocks.css?ver=wc-10.3.3 HTTP/1.1" 200 2391 "https://deenzalifestyle.com/496568004.shtml" "Mozilla/5.0 (X11; Linux x86_64) AppleWebKit/537.36 (KHTML, like Gecko) Chrome/141.0.7390.122 Safari/537.36"
66.249.87.40 - - [06/Nov/2025:18:34:19 +0000] "GET /wp-content/plugins/elementor/assets/css/widget-image.min.css?ver=3.32.5 HTTP/1.1" 200 119 "https://deenzalifestyle.com/496568004.shtml" "Mozilla/5.0 (X11; Linux x86_64) AppleWebKit/537.36 (KHTML, like Gecko) Chrome/141.0.7390.122 Safari/537.36"
66.249.87.40 - - [06/Nov/2025:18:34:20 +0000] "GET /wp-content/plugins/elementor/assets/css/widget-heading.min.css?ver=3.32.5 HTTP/1.1" 200 154 "https://deenzalifestyle.com/496568004.shtml" "Mozilla/5.0 (X11; Linux x86_64) AppleWebKit/537.36 (KHTML, like Gecko) Chrome/141.0.7390.122 Safari/537.36"
66.249.87.40 - - [06/Nov/2025:18:34:20 +0000] "GET /wp-content/plugins/elementor/assets/css/widget-social-icons.min.css?ver=3.32.5 HTTP/1.1" 200 1069 "https://deenzalifestyle.com/496568004.shtml" "Mozilla/5.0 (X11; Linux x86_64) AppleWebKit/537.36 (KHTML, like Gecko) Chrome/141.0.7390.122 Safari/537.36"
66.249.87.40 - - [06/Nov/2025:18:34:20 +0000] "GET /wp-content/plugins/elementor/assets/css/conditionals/apple-webkit.min.css?ver=3.32.5 HTTP/1.1" 200 472 "https://deenzalifestyle.com/496568004.shtml" "Mozilla/5.0 (X11; Linux x86_64) AppleWebKit/537.36 (KHTML, like Gecko) Chrome/141.0.7390.122 Safari/537.36"
66.249.87.40 - - [06/Nov/2025:18:34:20 +0000] "GET /wp-content/plugins/woolentor-addons/woolentor-blocks/assets/js/script.js?ver=3.2.5 HTTP/1.1" 200 3342 "https://deenzalifestyle.com/496568004.shtml" "Mozilla/5.0 (X11; Linux x86_64) AppleWebKit/537.36 (KHTML, like Gecko) Chrome/141.0.7390.122 Safari/537.36"
66.249.87.40 - - [06/Nov/2025:18:34:21 +0000] "GET /wp-content/themes/astra/assets/js/minified/frontend.min.js?ver=4.11.13 HTTP/1.1" 200 5927 "https://deenzalifestyle.com/496568004.shtml" "Mozilla/5.0 (X11; Linux x86_64) AppleWebKit/537.36 (KHTML, like Gecko) Chrome/141.0.7390.122 Safari/537.36"
66.249.87.40 - - [06/Nov/2025:18:34:21 +0000] "GET /wp-content/plugins/wp-bottom-menu/assets/js/main.js?ver=2.2.4 HTTP/1.1" 200 602 "https://deenzalifestyle.com/496568004.shtml" "Mozilla/5.0 (X11; Linux x86_64) AppleWebKit/537.36 (KHTML, like Gecko) Chrome/141.0.7390.122 Safari/537.36"
66.249.87.40 - - [06/Nov/2025:18:34:22 +0000] "GET /wp-content/plugins/bkash/js/scripts.js?ver=1.0 HTTP/1.1" 200 179 "https://deenzalifestyle.com/496568004.shtml" "Mozilla/5.0 (X11; Linux x86_64) AppleWebKit/537.36 (KHTML, like Gecko) Chrome/141.0.7390.122 Safari/537.36"
66.249.87.41 - - [06/Nov/2025:18:34:23 +0000] "GET /wp-content/plugins/duracelltomi-google-tag-manager/dist/js/gtm4wp-woocommerce.js?ver=1.22.1 HTTP/1.1" 200 2630 "https://deenzalifestyle.com/496568004.shtml" "Mozilla/5.0 (X11; Linux x86_64) AppleWebKit/537.36 (KHTML, like Gecko) Chrome/141.0.7390.122 Safari/537.36"
66.249.87.40 - - [06/Nov/2025:18:34:23 +0000] "GET /wp-content/plugins/woocommerce/assets/js/frontend/add-to-cart-variation.min.js?ver=10.3.3 HTTP/1.1" 200 3712 "https://deenzalifestyle.com/496568004.shtml" "Mozilla/5.0 (X11; Linux x86_64) AppleWebKit/537.36 (KHTML, like Gecko) Chrome/141.0.7390.122 Safari/537.36"
66.249.87.41 - - [06/Nov/2025:18:34:23 +0000] "GET /wp-includes/js/dist/i18n.min.js?ver=5e580eb46a90c2b997e6 HTTP/1.1" 200 3542 "https://deenzalifestyle.com/496568004.shtml" "Mozilla/5.0 (X11; Linux x86_64) AppleWebKit/537.36 (KHTML, like Gecko) Chrome/141.0.7390.122 Safari/537.36"
66.249.87.40 - - [06/Nov/2025:18:34:24 +0000] "GET /wp-content/plugins/duracelltomi-google-tag-manager/dist/js/gtm4wp-contact-form-7-tracker.js?ver=1.22.1 HTTP/1.1" 200 312 "https://deenzalifestyle.com/496568004.shtml" "Mozilla/5.0 (X11; Linux x86_64) AppleWebKit/537.36 (KHTML, like Gecko) Chrome/141.0.7390.122 Safari/537.36"
66.249.87.40 - - [06/Nov/2025:18:34:24 +0000] "GET /wp-includes/js/dist/url.min.js?ver=c2964167dfe2477c14ea HTTP/1.1" 200 3643 "https://deenzalifestyle.com/496568004.shtml" "Mozilla/5.0 (X11; Linux x86_64) AppleWebKit/537.36 (KHTML, like Gecko) Chrome/141.0.7390.122 Safari/537.36"
66.249.87.40 - - [06/Nov/2025:18:34:24 +0000] "GET /wp-includes/js/dist/vendor/wp-polyfill.min.js?ver=3.15.0 HTTP/1.1" 200 14134 "https://deenzalifestyle.com/496568004.shtml" "Mozilla/5.0 (X11; Linux x86_64) AppleWebKit/537.36 (KHTML, like Gecko) Chrome/141.0.7390.122 Safari/537.36"
66.249.87.40 - - [06/Nov/2025:18:34:24 +0000] "GET /wp-content/plugins/woocommerce/assets/js/sourcebuster/sourcebuster.min.js?ver=10.3.3 HTTP/1.1" 200 4609 "https://deenzalifestyle.com/496568004.shtml" "Mozilla/5.0 (X11; Linux x86_64) AppleWebKit/537.36 (KHTML, like Gecko) Chrome/141.0.7390.122 Safari/537.36"
66.249.87.40 - - [06/Nov/2025:18:34:25 +0000] "GET /wp-includes/js/api-request.min.js?ver=6.8.3 HTTP/1.1" 200 530 "https://deenzalifestyle.com/496568004.shtml" "Mozilla/5.0 (X11; Linux x86_64) AppleWebKit/537.36 (KHTML, like Gecko) Chrome/141.0.7390.122 Safari/537.36"
66.249.87.41 - - [06/Nov/2025:18:34:25 +0000] "GET /wp-content/plugins/duracelltomi-google-tag-manager/dist/js/gtm4wp-ecommerce-generic.js?ver=1.22.1 HTTP/1.1" 200 497 "https://deenzalifestyle.com/496568004.shtml" "Mozilla/5.0 (X11; Linux x86_64) AppleWebKit/537.36 (KHTML, like Gecko) Chrome/141.0.7390.122 Safari/537.36"
66.249.87.41 - - [06/Nov/2025:18:34:25 +0000] "GET /wp-content/plugins/woolentor-addons/assets/js/accordion.min.js?ver=3.2.5 HTTP/1.1" 200 1393 "https://deenzalifestyle.com/496568004.shtml" "Mozilla/5.0 (X11; Linux x86_64) AppleWebKit/537.36 (KHTML, like Gecko) Chrome/141.0.7390.122 Safari/537.36"
66.249.87.41 - - [06/Nov/2025:18:34:26 +0000] "GET /wp-content/plugins/elementor/assets/js/webpack.runtime.min.js?ver=3.32.5 HTTP/1.1" 200 2321 "https://deenzalifestyle.com/496568004.shtml" "Mozilla/5.0 (X11; Linux x86_64) AppleWebKit/537.36 (KHTML, like Gecko) Chrome/141.0.7390.122 Safari/537.36"
66.249.87.41 - - [06/Nov/2025:18:34:26 +0000] "GET /wp-content/plugins/elementor/assets/js/frontend-modules.min.js?ver=3.32.5 HTTP/1.1" 200 17961 "https://deenzalifestyle.com/496568004.shtml" "Mozilla/5.0 (X11; Linux x86_64) AppleWebKit/537.36 (KHTML, like Gecko) Chrome/141.0.7390.122 Safari/537.36"
66.249.87.40 - - [06/Nov/2025:18:34:26 +0000] "GET /wp-includes/js/dist/hooks.min.js?ver=4d63a3d491d11ffd8ac6 HTTP/1.1" 200 1571 "https://deenzalifestyle.com/496568004.shtml" "Mozilla/5.0 (X11; Linux x86_64) AppleWebKit/537.36 (KHTML, like Gecko) Chrome/141.0.7390.122 Safari/537.36"
66.249.87.40 - - [06/Nov/2025:18:34:27 +0000] "GET /wp-content/plugins/woo-variation-swatches/assets/js/frontend.min.js?ver=1757953354 HTTP/1.1" 200 4557 "https://deenzalifestyle.com/496568004.shtml" "Mozilla/5.0 (X11; Linux x86_64) AppleWebKit/537.36 (KHTML, like Gecko) Chrome/141.0.7390.122 Safari/537.36"
66.249.87.41 - - [06/Nov/2025:18:34:27 +0000] "GET /wp-content/plugins/duracelltomi-google-tag-manager/dist/js/gtm4wp-form-move-tracker.js?ver=1.22.1 HTTP/1.1" 200 251 "https://deenzalifestyle.com/496568004.shtml" "Mozilla/5.0 (X11; Linux x86_64) AppleWebKit/537.36 (KHTML, like Gecko) Chrome/141.0.7390.122 Safari/537.36"
66.249.87.40 - - [06/Nov/2025:18:34:28 +0000] "GET /wp-content/plugins/woocommerce/assets/js/frontend/order-attribution.min.js?ver=10.3.3 HTTP/1.1" 200 998 "https://deenzalifestyle.com/496568004.shtml" "Mozilla/5.0 (X11; Linux x86_64) AppleWebKit/537.36 (KHTML, like Gecko) Chrome/141.0.7390.122 Safari/537.36"
66.249.87.41 - - [06/Nov/2025:18:34:28 +0000] "GET /wp-includes/js/dist/api-fetch.min.js?ver=3623a576c78df404ff20 HTTP/1.1" 200 2294 "https://deenzalifestyle.com/496568004.shtml" "Mozilla/5.0 (X11; Linux x86_64) AppleWebKit/537.36 (KHTML, like Gecko) Chrome/141.0.7390.122 Safari/537.36"
66.249.87.40 - - [06/Nov/2025:18:34:28 +0000] "GET /wp-content/plugins/elementor-pro/assets/js/frontend.min.js?ver=3.31.2 HTTP/1.1" 200 6281 "https://deenzalifestyle.com/496568004.shtml" "Mozilla/5.0 (X11; Linux x86_64) AppleWebKit/537.36 (KHTML, like Gecko) Chrome/141.0.7390.122 Safari/537.36"
66.249.87.40 - - [06/Nov/2025:18:34:29 +0000] "GET /wp-content/plugins/header-footer-elementor/inc/js/frontend.js?ver=2.6.1 HTTP/1.1" 200 4642 "https://deenzalifestyle.com/496568004.shtml" "Mozilla/5.0 (X11; Linux x86_64) AppleWebKit/537.36 (KHTML, like Gecko) Chrome/141.0.7390.122 Safari/537.36"
66.249.87.40 - - [06/Nov/2025:18:34:29 +0000] "GET /wp-includes/js/jquery/ui/core.min.js?ver=1.13.3 HTTP/1.1" 200 6812 "https://deenzalifestyle.com/496568004.shtml" "Mozilla/5.0 (X11; Linux x86_64) AppleWebKit/537.36 (KHTML, like Gecko) Chrome/141.0.7390.122 Safari/537.36"
66.249.87.41 - - [06/Nov/2025:18:34:29 +0000] "GET /wp-content/plugins/woocommerce/assets/js/frontend/cart-fragments.min.js?ver=10.3.3 HTTP/1.1" 200 943 "https://deenzalifestyle.com/496568004.shtml" "Mozilla/5.0 (X11; Linux x86_64) AppleWebKit/537.36 (KHTML, like Gecko) Chrome/141.0.7390.122 Safari/537.36"
66.249.87.40 - - [06/Nov/2025:18:34:29 +0000] "GET /wp-content/themes/astra/assets/css/minified/compatibility/woocommerce/woocommerce-smallscreen-grid.min.css?ver=4.11.13 HTTP/1.1" 200 796 "https://deenzalifestyle.com/496568004.shtml" "Mozilla/5.0 (X11; Linux x86_64) AppleWebKit/537.36 (KHTML, like Gecko) Chrome/141.0.7390.122 Safari/537.36"
66.249.87.40 - - [06/Nov/2025:18:34:29 +0000] "GET /wp-content/plugins/woocommerce/assets/js/frontend/woocommerce.min.js?ver=10.3.3 HTTP/1.1" 200 1275 "https://deenzalifestyle.com/496568004.shtml" "Mozilla/5.0 (X11; Linux x86_64) AppleWebKit/537.36 (KHTML, like Gecko) Chrome/141.0.7390.122 Safari/537.36"
66.249.87.41 - - [06/Nov/2025:18:34:30 +0000] "GET /wp-content/plugins/elementor-pro/assets/css/widget-woocommerce-menu-cart.min.css?ver=3.31.2 HTTP/1.1" 200 2334 "https://deenzalifestyle.com/496568004.shtml" "Mozilla/5.0 (X11; Linux x86_64) AppleWebKit/537.36 (KHTML, like Gecko) Chrome/141.0.7390.122 Safari/537.36"
66.249.87.41 - - [06/Nov/2025:18:34:30 +0000] "GET /wp-content/plugins/elementor-pro/assets/js/elements-handlers.min.js?ver=3.31.2 HTTP/1.1" 200 10180 "https://deenzalifestyle.com/496568004.shtml" "Mozilla/5.0 (X11; Linux x86_64) AppleWebKit/537.36 (KHTML, like Gecko) Chrome/141.0.7390.122 Safari/537.36"
66.249.87.40 - - [06/Nov/2025:18:34:30 +0000] "GET /wp-content/plugins/elementor-pro/assets/js/webpack-pro.runtime.min.js?ver=3.31.2 HTTP/1.1" 200 2621 "https://deenzalifestyle.com/496568004.shtml" "Mozilla/5.0 (X11; Linux x86_64) AppleWebKit/537.36 (KHTML, like Gecko) Chrome/141.0.7390.122 Safari/537.36"
66.249.87.40 - - [06/Nov/2025:18:34:31 +0000] "GET /wp-content/plugins/elementor/assets/js/frontend.min.js?ver=3.32.5 HTTP/1.1" 200 10164 "https://deenzalifestyle.com/496568004.shtml" "Mozilla/5.0 (X11; Linux x86_64) AppleWebKit/537.36 (KHTML, like Gecko) Chrome/141.0.7390.122 Safari/537.36"
66.249.87.41 - - [06/Nov/2025:18:34:31 +0000] "GET /wp-content/plugins/woocommerce/assets/js/js-cookie/js.cookie.min.js?ver=2.1.4-wc.10.3.3 HTTP/1.1" 200 760 "https://deenzalifestyle.com/496568004.shtml" "Mozilla/5.0 (X11; Linux x86_64) AppleWebKit/537.36 (KHTML, like Gecko) Chrome/141.0.7390.122 Safari/537.36"
66.249.87.41 - - [06/Nov/2025:18:34:31 +0000] "GET /wp-content/plugins/woocommerce/assets/js/frontend/single-product.min.js?ver=10.3.3 HTTP/1.1" 200 2677 "https://deenzalifestyle.com/496568004.shtml" "Mozilla/5.0 (X11; Linux x86_64) AppleWebKit/537.36 (KHTML, like Gecko) Chrome/141.0.7390.122 Safari/537.36"
66.249.87.40 - - [06/Nov/2025:18:34:32 +0000] "GET /wp-content/plugins/woolentor-addons/assets/js/slick.min.js?ver=3.2.5 HTTP/1.1" 200 10104 "https://deenzalifestyle.com/496568004.shtml" "Mozilla/5.0 (X11; Linux x86_64) AppleWebKit/537.36 (KHTML, like Gecko) Chrome/141.0.7390.122 Safari/537.36"
66.249.87.41 - - [06/Nov/2025:18:34:32 +0000] "GET /wp-content/plugins/wp-statistics/assets/js/tracker.js?ver=14.15.5 HTTP/1.1" 200 2658 "https://deenzalifestyle.com/496568004.shtml" "Mozilla/5.0 (X11; Linux x86_64) AppleWebKit/537.36 (KHTML, like Gecko) Chrome/141.0.7390.122 Safari/537.36"
66.249.87.40 - - [06/Nov/2025:18:34:32 +0000] "GET /wp-content/plugins/woolentor-addons/includes/modules/quickview/assets/js/frontend.js?ver=3.2.5 HTTP/1.1" 200 2120 "https://deenzalifestyle.com/496568004.shtml" "Mozilla/5.0 (X11; Linux x86_64) AppleWebKit/537.36 (KHTML, like Gecko) Chrome/141.0.7390.122 Safari/537.36"
66.249.87.41 - - [06/Nov/2025:18:34:32 +0000] "GET /wp-content/plugins/woocommerce/assets/js/frontend/add-to-cart.min.js?ver=10.3.3 HTTP/1.1" 200 1225 "https://deenzalifestyle.com/496568004.shtml" "Mozilla/5.0 (X11; Linux x86_64) AppleWebKit/537.36 (KHTML, like Gecko) Chrome/141.0.7390.122 Safari/537.36"
66.249.87.40 - - [06/Nov/2025:18:34:32 +0000] "GET /wp-content/uploads/elementor/google-fonts/fonts/hindsiliguri-8c050c8d.woff2 HTTP/1.1" 200 74784 "https://deenzalifestyle.com/wp-content/uploads/elementor/google-fonts/css/hindsiliguri.css?ver=1756513364" "Mozilla/5.0 (X11; Linux x86_64) AppleWebKit/537.36 (KHTML, like Gecko) Chrome/141.0.7390.122 Safari/537.36"
66.249.87.41 - - [06/Nov/2025:18:34:33 +0000] "GET /wp-content/plugins/elementor/assets/lib/font-awesome/webfonts/fa-solid-900.woff2 HTTP/1.1" 200 78196 "https://deenzalifestyle.com/wp-content/plugins/elementor/assets/lib/font-awesome/css/all.min.css?ver=3.32.5" "Mozilla/5.0 (X11; Linux x86_64) AppleWebKit/537.36 (KHTML, like Gecko) Chrome/141.0.7390.122 Safari/537.36"
66.249.87.41 - - [06/Nov/2025:18:34:33 +0000] "GET /wp-content/uploads/elementor/google-fonts/fonts/roboto-kfo7cnqeu92fr1me7ksn66agldtyluama3yuba.woff2 HTTP/1.1" 200 40128 "https://deenzalifestyle.com/wp-content/uploads/elementor/google-fonts/css/roboto.css?ver=1751087316" "Mozilla/5.0 (X11; Linux x86_64) AppleWebKit/537.36 (KHTML, like Gecko) Chrome/141.0.7390.122 Safari/537.36"
66.249.87.40 - - [06/Nov/2025:18:34:33 +0000] "GET /wp-content/uploads/elementor/google-fonts/fonts/anekbangla-gpr1r38qtexhg-17bhm6n66qhabmyb0fbkonthlsqrl.woff2 HTTP/1.1" 200 42772 "https://deenzalifestyle.com/wp-content/uploads/elementor/google-fonts/css/anekbangla.css?ver=1751090741" "Mozilla/5.0 (X11; Linux x86_64) AppleWebKit/537.36 (KHTML, like Gecko) Chrome/141.0.7390.122 Safari/537.36"
66.249.87.41 - - [06/Nov/2025:18:34:34 +0000] "GET /wp-content/plugins/th-advance-product-search/th-icon/fonts/th-icon.ttf?stlo25 HTTP/1.1" 200 12836 "https://deenzalifestyle.com/wp-content/plugins/th-advance-product-search/th-icon/style.css?ver=6.8.3" "Mozilla/5.0 (X11; Linux x86_64) AppleWebKit/537.36 (KHTML, like Gecko) Chrome/141.0.7390.122 Safari/537.36"
66.249.87.41 - - [06/Nov/2025:18:34:34 +0000] "GET /wp-content/uploads/elementor/google-fonts/fonts/hindmadurai-081ade2a.woff2 HTTP/1.1" 200 14608 "https://deenzalifestyle.com/wp-content/uploads/elementor/google-fonts/css/hindmadurai.css?ver=1756513364" "Mozilla/5.0 (X11; Linux x86_64) AppleWebKit/537.36 (KHTML, like Gecko) Chrome/141.0.7390.122 Safari/537.36"
66.249.87.41 - - [06/Nov/2025:18:34:34 +0000] "GET /wp-content/plugins/elementor/assets/lib/font-awesome/fonts/fontawesome-webfont.woff2?v=4.7.0 HTTP/1.1" 200 77160 "https://deenzalifestyle.com/wp-content/plugins/elementor/assets/lib/font-awesome/css/font-awesome.min.css?ver=4.7.0" "Mozilla/5.0 (X11; Linux x86_64) AppleWebKit/537.36 (KHTML, like Gecko) Chrome/141.0.7390.122 Safari/537.36"
66.249.87.40 - - [06/Nov/2025:18:34:34 +0000] "GET /wp-content/uploads/elementor/google-fonts/fonts/hindsiliguri-c899a402.woff2 HTTP/1.1" 200 14472 "https://deenzalifestyle.com/wp-content/uploads/elementor/google-fonts/css/hindsiliguri.css?ver=1756513364" "Mozilla/5.0 (X11; Linux x86_64) AppleWebKit/537.36 (KHTML, like Gecko) Chrome/141.0.7390.122 Safari/537.36"
66.249.87.40 - - [06/Nov/2025:18:34:35 +0000] "GET /wp-content/uploads/elementor/google-fonts/fonts/hindsiliguri-66832dfa.woff2 HTTP/1.1" 200 14724 "https://deenzalifestyle.com/wp-content/uploads/elementor/google-fonts/css/hindsiliguri.css?ver=1756513364" "Mozilla/5.0 (X11; Linux x86_64) AppleWebKit/537.36 (KHTML, like Gecko) Chrome/141.0.7390.122 Safari/537.36"
66.249.87.40 - - [06/Nov/2025:18:34:35 +0000] "GET /wp-content/uploads/elementor/google-fonts/fonts/anekbangla-gpr1r38qtexhg-17bhm6n66qhabmyb0fbkonthlwwrlyis.woff2 HTTP/1.1" 200 155676 "https://deenzalifestyle.com/wp-content/uploads/elementor/google-fonts/css/anekbangla.css?ver=1751090741" "Mozilla/5.0 (X11; Linux x86_64) AppleWebKit/537.36 (KHTML, like Gecko) Chrome/141.0.7390.122 Safari/537.36"
66.249.87.41 - - [06/Nov/2025:18:34:35 +0000] "GET /wp-content/plugins/elementor/assets/lib/eicons/fonts/eicons.woff2?5.44.0 HTTP/1.1" 200 103532 "https://deenzalifestyle.com/wp-content/plugins/elementor/assets/lib/eicons/css/elementor-icons.min.css?ver=5.34.0" "Mozilla/5.0 (X11; Linux x86_64) AppleWebKit/537.36 (KHTML, like Gecko) Chrome/141.0.7390.122 Safari/537.36"
66.249.87.41 - - [06/Nov/2025:18:34:36 +0000] "GET /wp-includes/js/wp-emoji-release.min.js?ver=6.8.3 HTTP/1.1" 200 4769 "https://deenzalifestyle.com/496568004.shtml" "Mozilla/5.0 (X11; Linux x86_64) AppleWebKit/537.36 (KHTML, like Gecko) Chrome/141.0.7390.122 Safari/537.36"
66.249.87.40 - - [06/Nov/2025:18:34:35 +0000] "POST /wp-json/wp-statistics/v2/hit HTTP/1.1" 200 19 "https://deenzalifestyle.com/496568004.shtml" "Mozilla/5.0 (X11; Linux x86_64) AppleWebKit/537.36 (KHTML, like Gecko) Chrome/141.0.7390.122 Safari/537.36"
66.249.87.41 - - [06/Nov/2025:18:34:36 +0000] "POST /?wc-ajax=get_refreshed_fragments HTTP/1.1" 200 1318 "https://deenzalifestyle.com/496568004.shtml" "Mozilla/5.0 (X11; Linux x86_64) AppleWebKit/537.36 (KHTML, like Gecko) Chrome/141.0.7390.122 Safari/537.36"
66.249.87.40 - - [06/Nov/2025:18:34:43 +0000] "GET /wp-content/plugins/elementor/assets/js/shared-frontend-handlers.4c8abccc3e268b0767b2.bundle.min.js HTTP/1.1" 200 2542 "https://deenzalifestyle.com/496568004.shtml" "Mozilla/5.0 (X11; Linux x86_64) AppleWebKit/537.36 (KHTML, like Gecko) Chrome/141.0.7390.122 Safari/537.36"
66.249.87.40 - - [06/Nov/2025:18:34:43 +0000] "GET /wp-content/plugins/elementor/assets/js/text-editor.abc8f59c62f2820dc25a.bundle.min.js HTTP/1.1" 200 618 "https://deenzalifestyle.com/496568004.shtml" "Mozilla/5.0 (X11; Linux x86_64) AppleWebKit/537.36 (KHTML, like Gecko) Chrome/141.0.7390.122 Safari/537.36"
66.249.87.41 - - [06/Nov/2025:18:34:43 +0000] "GET /wp-content/plugins/elementor-pro/assets/js/woocommerce-menu-cart.eb61fe086245485310a4.bundle.min.js HTTP/1.1" 200 1464 "https://deenzalifestyle.com/496568004.shtml" "Mozilla/5.0 (X11; Linux x86_64) AppleWebKit/537.36 (KHTML, like Gecko) Chrome/141.0.7390.122 Safari/537.36"
204.197.172.10 - - [06/Nov/2025:18:35:34 +0000] "POST /wp-cron.php?doing_wp_cron=1762454134.3775680065155029296875 HTTP/1.1" 200 0 "-" "WordPress/6.8.3; https://deenzalifestyle.com"
57.141.2.53 - - [06/Nov/2025:18:35:34 +0000] "GET /product=2172682.html HTTP/2" 404 206892 "-" "meta-externalagent/1.1 (+https://developers.facebook.com/docs/sharing/webmasters/crawler)"
204.197.172.10 - - [06/Nov/2025:18:37:38 +0000] "POST /wp-cron.php?doing_wp_cron=1762454258.6254069805145263671875 HTTP/1.1" 200 0 "-" "WordPress/6.8.3; https://deenzalifestyle.com"
66.249.69.105 - - [06/Nov/2025:18:37:37 +0000] "GET /product=5590475.html HTTP/1.1" 404 37440 "-" "Mozilla/5.0 (Linux; Android 6.0.1; Nexus 5X Build/MMB29P) AppleWebKit/537.36 (KHTML, like Gecko) Chrome/141.0.7390.122 Mobile Safari/537.36 (compatible; Googlebot/2.1; +http://www.google.com/bot.html)"
204.197.172.10 - - [06/Nov/2025:18:40:06 +0000] "POST /wp-cron.php?doing_wp_cron=1762454406.8322300910949707031250 HTTP/1.1" 200 0 "-" "WordPress/6.8.3; https://deenzalifestyle.com"
66.249.69.105 - - [06/Nov/2025:18:40:05 +0000] "GET /product=4432844.html HTTP/1.1" 404 37390 "-" "Mozilla/5.0 (compatible; Googlebot/2.1; +http://www.google.com/bot.html)"
57.141.2.15 - - [06/Nov/2025:18:40:27 +0000] "GET /product=2985151.html HTTP/2" 404 206892 "-" "meta-externalagent/1.1 (+https://developers.facebook.com/docs/sharing/webmasters/crawler)"
204.197.172.10 - - [06/Nov/2025:18:42:16 +0000] "POST /wp-cron.php?doing_wp_cron=1762454536.7610518932342529296875 HTTP/1.1" 200 0 "-" "WordPress/6.8.3; https://deenzalifestyle.com"
204.197.172.10 - - [06/Nov/2025:18:42:16 +0000] "POST /wp-cron.php?doing_wp_cron=1762454536.8003230094909667968750 HTTP/1.1" 200 0 "-" "WordPress/6.8.3; https://deenzalifestyle.com"
57.141.2.73 - - [06/Nov/2025:18:42:15 +0000] "GET /product=5124263.html HTTP/2" 404 206892 "-" "meta-externalagent/1.1 (+https://developers.facebook.com/docs/sharing/webmasters/crawler)"
66.249.69.104 - - [06/Nov/2025:18:43:32 +0000] "GET /product=2224031.html HTTP/1.1" 404 37440 "-" "Mozilla/5.0 (Linux; Android 6.0.1; Nexus 5X Build/MMB29P) AppleWebKit/537.36 (KHTML, like Gecko) Chrome/141.0.7390.122 Mobile Safari/537.36 (compatible; Googlebot/2.1; +http://www.google.com/bot.html)"
204.197.172.10 - - [06/Nov/2025:18:44:49 +0000] "POST /wp-cron.php?doing_wp_cron=1762454689.0324299335479736328125 HTTP/1.1" 200 0 "-" "WordPress/6.8.3; https://deenzalifestyle.com"
66.249.69.104 - - [06/Nov/2025:18:44:47 +0000] "GET /product=3865682.html HTTP/1.1" 404 37390 "-" "Mozilla/5.0 (compatible; Googlebot/2.1; +http://www.google.com/bot.html)"
66.249.69.104 - - [06/Nov/2025:18:44:47 +0000] "GET /product=3865682.html HTTP/1.1" 404 37440 "-" "Mozilla/5.0 (Linux; Android 6.0.1; Nexus 5X Build/MMB29P) AppleWebKit/537.36 (KHTML, like Gecko) Chrome/141.0.7390.122 Mobile Safari/537.36 (compatible; Googlebot/2.1; +http://www.google.com/bot.html)"
204.197.172.10 - - [06/Nov/2025:18:43:03 +0000] "POST /wp-cron.php?doing_wp_cron=1762454583.5562090873718261718750 HTTP/1.1" 200 0 "-" "WordPress/6.8.3; https://deenzalifestyle.com"
66.249.69.104 - - [06/Nov/2025:18:43:03 +0000] "GET /product=2308348.html HTTP/1.1" 404 37440 "-" "Mozilla/5.0 (Linux; Android 6.0.1; Nexus 5X Build/MMB29P) AppleWebKit/537.36 (KHTML, like Gecko) Chrome/141.0.7390.122 Mobile Safari/537.36 (compatible; Googlebot/2.1; +http://www.google.com/bot.html)"
204.197.172.10 - - [06/Nov/2025:18:46:30 +0000] "POST /wp-cron.php?doing_wp_cron=1762454790.0534889698028564453125 HTTP/1.1" 200 0 "-" "WordPress/6.8.3; https://deenzalifestyle.com"
57.141.2.17 - - [06/Nov/2025:18:46:28 +0000] "GET /product=5030885.html HTTP/2" 404 206892 "-" "meta-externalagent/1.1 (+https://developers.facebook.com/docs/sharing/webmasters/crawler)"
57.141.2.2 - - [06/Nov/2025:18:46:33 +0000] "GET /product=4479112.html HTTP/2" 404 206891 "-" "meta-externalagent/1.1 (+https://developers.facebook.com/docs/sharing/webmasters/crawler)"
204.197.172.10 - - [06/Nov/2025:18:47:32 +0000] "POST /wp-cron.php?doing_wp_cron=1762454852.8539299964904785156250 HTTP/1.1" 200 0 "-" "WordPress/6.8.3; https://deenzalifestyle.com"
66.249.69.106 - - [06/Nov/2025:18:47:32 +0000] "GET /189844170.shtml HTTP/1.1" 404 37440 "-" "Mozilla/5.0 (Linux; Android 6.0.1; Nexus 5X Build/MMB29P) AppleWebKit/537.36 (KHTML, like Gecko) Chrome/141.0.7390.122 Mobile Safari/537.36 (compatible; Googlebot/2.1; +http://www.google.com/bot.html)"
204.197.172.10 - - [06/Nov/2025:18:52:07 +0000] "POST /wp-cron.php?doing_wp_cron=1762455127.6884160041809082031250 HTTP/1.1" 200 0 "-" "WordPress/6.8.3; https://deenzalifestyle.com"
57.141.2.3 - - [06/Nov/2025:18:52:06 +0000] "GET /product=2902213.html HTTP/2" 404 206891 "-" "meta-externalagent/1.1 (+https://developers.facebook.com/docs/sharing/webmasters/crawler)"
66.249.69.106 - - [06/Nov/2025:18:52:23 +0000] "GET /?product=2382212.html HTTP/1.1" 404 37389 "-" "Mozilla/5.0 (compatible; Googlebot/2.1; +http://www.google.com/bot.html)"
204.197.172.10 - - [06/Nov/2025:18:53:07 +0000] "POST /wp-cron.php?doing_wp_cron=1762455187.1455318927764892578125 HTTP/1.1" 200 0 "-" "WordPress/6.8.3; https://deenzalifestyle.com"
57.141.2.14 - - [06/Nov/2025:18:53:06 +0000] "GET /product=4927982.html HTTP/2" 404 206892 "-" "meta-externalagent/1.1 (+https://developers.facebook.com/docs/sharing/webmasters/crawler)"
57.141.2.34 - - [06/Nov/2025:18:53:23 +0000] "GET /product=5697078.html HTTP/2" 404 206892 "-" "meta-externalagent/1.1 (+https://developers.facebook.com/docs/sharing/webmasters/crawler)"
204.197.172.10 - - [06/Nov/2025:18:55:31 +0000] "POST /wp-cron.php?doing_wp_cron=1762455331.0016279220581054687500 HTTP/1.1" 200 0 "-" "WordPress/6.8.3; https://deenzalifestyle.com"
57.141.2.83 - - [06/Nov/2025:18:55:29 +0000] "GET /product=4434011.html HTTP/2" 404 206892 "-" "meta-externalagent/1.1 (+https://developers.facebook.com/docs/sharing/webmasters/crawler)"
40.77.167.203 - - [06/Nov/2025:18:55:33 +0000] "GET /robots.txt HTTP/2" 200 166 "-" "Mozilla/5.0 AppleWebKit/537.36 (KHTML, like Gecko; compatible; bingbot/2.0; +http://www.bing.com/bingbot.htm) Chrome/116.0.1938.76 Safari/537.36"
66.249.69.106 - - [06/Nov/2025:18:55:33 +0000] "GET /product=3385748.html HTTP/1.1" 404 37389 "-" "Mozilla/5.0 (compatible; Googlebot/2.1; +http://www.google.com/bot.html)"
40.77.167.58 - - [06/Nov/2025:18:55:42 +0000] "GET /wp-content/uploads/2025/06/photo_2025-06-29_16-42-27-200x300.jpg HTTP/2" 200 15947 "-" "Mozilla/5.0 AppleWebKit/537.36 (KHTML, like Gecko; compatible; bingbot/2.0; +http://www.bing.com/bingbot.htm) Chrome/116.0.1938.76 Safari/537.36"
204.197.172.10 - - [06/Nov/2025:18:56:38 +0000] "POST /wp-cron.php?doing_wp_cron=1762455398.9114758968353271484375 HTTP/1.1" 200 0 "-" "WordPress/6.8.3; https://deenzalifestyle.com"
57.141.2.3 - - [06/Nov/2025:18:56:38 +0000] "GET /product=5157185.html HTTP/2" 404 206891 "-" "meta-externalagent/1.1 (+https://developers.facebook.com/docs/sharing/webmasters/crawler)"
204.197.172.10 - - [06/Nov/2025:18:56:59 +0000] "POST /wp-cron.php?doing_wp_cron=1762455419.0273430347442626953125 HTTP/1.1" 200 0 "-" "WordPress/6.8.3; https://deenzalifestyle.com"
57.141.2.49 - - [06/Nov/2025:18:56:58 +0000] "GET /product=1921250.html HTTP/2" 404 206892 "-" "meta-externalagent/1.1 (+https://developers.facebook.com/docs/sharing/webmasters/crawler)"
204.197.172.10 - - [06/Nov/2025:18:57:58 +0000] "POST /wp-cron.php?doing_wp_cron=1762455478.8978350162506103515625 HTTP/1.1" 200 0 "-" "WordPress/6.8.3; https://deenzalifestyle.com"
66.249.69.104 - - [06/Nov/2025:18:57:58 +0000] "GET /295025274.shtml HTTP/1.1" 404 37441 "-" "Mozilla/5.0 (Linux; Android 6.0.1; Nexus 5X Build/MMB29P) AppleWebKit/537.36 (KHTML, like Gecko) Chrome/141.0.7390.122 Mobile Safari/537.36 (compatible; Googlebot/2.1; +http://www.google.com/bot.html)"
66.249.69.104 - - [06/Nov/2025:18:58:39 +0000] "GET /492899931.shtml HTTP/1.1" 404 37439 "-" "Mozilla/5.0 (Linux; Android 6.0.1; Nexus 5X Build/MMB29P) AppleWebKit/537.36 (KHTML, like Gecko) Chrome/141.0.7390.122 Mobile Safari/537.36 (compatible; Googlebot/2.1; +http://www.google.com/bot.html)"
66.249.69.105 - - [06/Nov/2025:18:58:39 +0000] "GET /492899931.shtml HTTP/1.1" 404 37390 "-" "Mozilla/5.0 (compatible; Googlebot/2.1; +http://www.google.com/bot.html)"
204.197.172.10 - - [06/Nov/2025:19:00:19 +0000] "POST /wp-cron.php?doing_wp_cron=1762455619.4098589420318603515625 HTTP/1.1" 200 0 "-" "WordPress/6.8.3; https://deenzalifestyle.com"
57.141.2.49 - - [06/Nov/2025:19:00:18 +0000] "GET /product=5181735.html HTTP/2" 404 206892 "-" "meta-externalagent/1.1 (+https://developers.facebook.com/docs/sharing/webmasters/crawler)"
204.197.172.10 - - [06/Nov/2025:19:01:28 +0000] "POST /wp-cron.php?doing_wp_cron=1762455688.6155629158020019531250 HTTP/1.1" 200 0 "-" "WordPress/6.8.3; https://deenzalifestyle.com"
47.82.11.13 - - [06/Nov/2025:19:01:28 +0000] "GET /step/%E0%A6%9C%E0%A6%BE%E0%A6%B9%E0%A6%BE%E0%A6%B0%E0%A6%BE-%E0%A6%AB%E0%A7%81%E0%A6%B2-%E0%A6%B8%E0%A7%87%E0%A6%9F HTTP/1.1" 301 0 "https://deenzalifestyle.com/" "Mozilla/5.0 (Windows NT 10.0; Win64; x64) AppleWebKit/537.36 (KHTML, like Gecko) Chrome/124.0.0.0 Safari/537.36"
47.82.11.13 - - [06/Nov/2025:19:01:28 +0000] "GET /step/%E0%A6%9C%E0%A6%BE%E0%A6%B9%E0%A6%BE%E0%A6%B0%E0%A6%BE-%E0%A6%AB%E0%A7%81%E0%A6%B2-%E0%A6%B8%E0%A7%87%E0%A6%9F/ HTTP/1.1" 200 50401 "https://deenzalifestyle.com/" "Mozilla/5.0 (Windows NT 10.0; Win64; x64) AppleWebKit/537.36 (KHTML, like Gecko) Chrome/124.0.0.0 Safari/537.36"
204.197.172.10 - - [06/Nov/2025:19:03:52 +0000] "POST /wp-cron.php?doing_wp_cron=1762455832.0487380027770996093750 HTTP/1.1" 200 0 "-" "WordPress/6.8.3; https://deenzalifestyle.com"
57.141.2.25 - - [06/Nov/2025:19:03:50 +0000] "GET /product=2087503.html HTTP/2" 404 206892 "-" "meta-externalagent/1.1 (+https://developers.facebook.com/docs/sharing/webmasters/crawler)"
173.252.107.7 - - [06/Nov/2025:19:04:14 +0000] "GET /wp-content/uploads/woo-feed/facebook/csv/deenzalifestyle.csv HTTP/1.1" 200 151806 "-" "facebookexternalhit/1.1 (+http://www.facebook.com/externalhit_uatext.php)"
204.197.172.10 - - [06/Nov/2025:19:05:51 +0000] "POST /wp-cron.php?doing_wp_cron=1762455951.5546588897705078125000 HTTP/1.1" 200 0 "-" "WordPress/6.8.3; https://deenzalifestyle.com"
66.249.69.104 - - [06/Nov/2025:19:05:50 +0000] "GET /product=5668112.html HTTP/1.1" 404 37441 "-" "Mozilla/5.0 (Linux; Android 6.0.1; Nexus 5X Build/MMB29P) AppleWebKit/537.36 (KHTML, like Gecko) Chrome/141.0.7390.122 Mobile Safari/537.36 (compatible; Googlebot/2.1; +http://www.google.com/bot.html)"
204.197.172.10 - - [06/Nov/2025:19:05:56 +0000] "POST /wp-cron.php?doing_wp_cron=1762455956.8959798812866210937500 HTTP/1.1" 200 0 "-" "WordPress/6.8.3; https://deenzalifestyle.com"
5.161.69.178 - - [06/Nov/2025:19:05:56 +0000] "POST /wp-load.php?42b604=46135 HTTP/1.1" 200 0 "-" "Mozilla/5.0 (Windows NT 10.0; Win64; x64) AppleWebKit/537.36 (KHTML, like Gecko) Chrome/104.0.5112.97 Safari/537.36"
67.207.81.25 - - [06/Nov/2025:19:07:36 +0000] "GET / HTTP/1.1" 401 53 "-" "Mozilla/5.0 (X11; Linux x86_64) AppleWebKit/537.36 (KHTML, like Gecko) Chrome/139.0.0.0 Safari/537.36"
67.207.81.25 - - [06/Nov/2025:19:07:38 +0000] "GET /favicon.ico HTTP/1.1" 401 53 "https://cpcontacts.deenzalifestyle.com/" "Mozilla/5.0 (X11; Linux x86_64) AppleWebKit/537.36 (KHTML, like Gecko) Chrome/139.0.0.0 Safari/537.36"
204.197.172.10 - - [06/Nov/2025:19:08:11 +0000] "POST /wp-cron.php?doing_wp_cron=1762456091.5378620624542236328125 HTTP/1.1" 200 0 "-" "WordPress/6.8.3; https://deenzalifestyle.com"
204.197.172.10 - - [06/Nov/2025:19:08:11 +0000] "POST /wp-cron.php?doing_wp_cron=1762456091.5378620624542236328125 HTTP/1.1" 200 0 "-" "WordPress/6.8.3; https://deenzalifestyle.com"
66.249.69.104 - - [06/Nov/2025:19:08:09 +0000] "GET /product=2396558.html HTTP/1.1" 404 37390 "-" "Mozilla/5.0 (compatible; Googlebot/2.1; +http://www.google.com/bot.html)"
66.249.69.104 - - [06/Nov/2025:19:08:09 +0000] "GET /product=2396558.html HTTP/1.1" 404 37440 "-" "Mozilla/5.0 (Linux; Android 6.0.1; Nexus 5X Build/MMB29P) AppleWebKit/537.36 (KHTML, like Gecko) Chrome/141.0.7390.122 Mobile Safari/537.36 (compatible; Googlebot/2.1; +http://www.google.com/bot.html)"
57.141.2.25 - - [06/Nov/2025:19:08:12 +0000] "GET /product=3848505.html HTTP/2" 404 206892 "-" "meta-externalagent/1.1 (+https://developers.facebook.com/docs/sharing/webmasters/crawler)"
204.197.172.10 - - [06/Nov/2025:19:09:01 +0000] "POST /wp-cron.php?doing_wp_cron=1762456141.5115270614624023437500 HTTP/1.1" 200 0 "-" "WordPress/6.8.3; https://deenzalifestyle.com"
57.141.2.76 - - [06/Nov/2025:19:09:01 +0000] "GET /product=3536409.html HTTP/2" 404 206892 "-" "meta-externalagent/1.1 (+https://developers.facebook.com/docs/sharing/webmasters/crawler)"
57.141.2.83 - - [06/Nov/2025:19:09:31 +0000] "GET /product=2532779.html HTTP/2" 404 206892 "-" "meta-externalagent/1.1 (+https://developers.facebook.com/docs/sharing/webmasters/crawler)"
66.249.69.105 - - [06/Nov/2025:19:09:40 +0000] "GET /product=2805119.html HTTP/1.1" 404 37390 "-" "Mozilla/5.0 (compatible; Googlebot/2.1; +http://www.google.com/bot.html)"
216.73.216.188 - - [06/Nov/2025:19:09:56 +0000] "GET /robots.txt HTTP/2" 200 166 "-" "Mozilla/5.0 AppleWebKit/537.36 (KHTML, like Gecko; compatible; ClaudeBot/1.0; +claudebot@anthropic.com)"
204.197.172.10 - - [06/Nov/2025:19:09:56 +0000] "POST /wp-cron.php?doing_wp_cron=1762456196.9931099414825439453125 HTTP/1.1" 200 0 "-" "WordPress/6.8.3; https://deenzalifestyle.com"
216.73.216.188 - - [06/Nov/2025:19:09:56 +0000] "GET /green HTTP/2" 404 37396 "-" "Mozilla/5.0 AppleWebKit/537.36 (KHTML, like Gecko; compatible; ClaudeBot/1.0; +claudebot@anthropic.com)"
66.249.69.106 - - [06/Nov/2025:19:10:07 +0000] "GET /product=5088590.html HTTP/1.1" 404 37439 "-" "Mozilla/5.0 (Linux; Android 6.0.1; Nexus 5X Build/MMB29P) AppleWebKit/537.36 (KHTML, like Gecko) Chrome/141.0.7390.122 Mobile Safari/537.36 (compatible; Googlebot/2.1; +http://www.google.com/bot.html)"
47.82.11.15 - - [06/Nov/2025:19:10:37 +0000] "GET /my-account HTTP/1.1" 301 0 "https://deenzalifestyle.com/" "Mozilla/5.0 (X11; Linux x86_64) AppleWebKit/537.36 (KHTML, like Gecko) Chrome/133.0.0.0 Safari/537.36"
47.82.11.15 - - [06/Nov/2025:19:10:38 +0000] "GET /my-account/ HTTP/1.1" 200 38909 "https://deenzalifestyle.com/" "Mozilla/5.0 (X11; Linux x86_64) AppleWebKit/537.36 (KHTML, like Gecko) Chrome/133.0.0.0 Safari/537.36"
204.197.172.10 - - [06/Nov/2025:19:15:47 +0000] "POST /wp-cron.php?doing_wp_cron=1762456547.2691729068756103515625 HTTP/1.1" 200 0 "-" "WordPress/6.8.3; https://deenzalifestyle.com"
66.249.69.106 - - [06/Nov/2025:19:15:46 +0000] "GET /wp-sitemap-posts-elementor-hf-1.xml HTTP/1.1" 200 214 "-" "Mozilla/5.0 (compatible; Googlebot/2.1; +http://www.google.com/bot.html)"
204.197.172.10 - - [06/Nov/2025:19:16:09 +0000] "POST /wp-cron.php?doing_wp_cron=1762456569.6149740219116210937500 HTTP/1.1" 200 0 "-" "WordPress/6.8.3; https://deenzalifestyle.com"
66.249.69.104 - - [06/Nov/2025:19:16:09 +0000] "GET /product=4991011.html HTTP/1.1" 404 37390 "-" "Mozilla/5.0 (compatible; Googlebot/2.1; +http://www.google.com/bot.html)"
57.141.2.81 - - [06/Nov/2025:19:16:22 +0000] "GET /product=4074459.html HTTP/2" 404 206892 "-" "meta-externalagent/1.1 (+https://developers.facebook.com/docs/sharing/webmasters/crawler)"
66.249.69.104 - - [06/Nov/2025:19:16:40 +0000] "GET /152782596.shtml HTTP/1.1" 404 37390 "-" "Mozilla/5.0 (compatible; Googlebot/2.1; +http://www.google.com/bot.html)"
204.197.172.10 - - [06/Nov/2025:19:17:13 +0000] "POST /wp-cron.php?doing_wp_cron=1762456633.6518130302429199218750 HTTP/1.1" 200 0 "-" "WordPress/6.8.3; https://deenzalifestyle.com"
66.249.69.104 - - [06/Nov/2025:19:17:13 +0000] "GET /product=5468979.html HTTP/1.1" 404 37440 "-" "Mozilla/5.0 (Linux; Android 6.0.1; Nexus 5X Build/MMB29P) AppleWebKit/537.36 (KHTML, like Gecko) Chrome/141.0.7390.122 Mobile Safari/537.36 (compatible; Googlebot/2.1; +http://www.google.com/bot.html)"
204.197.172.10 - - [06/Nov/2025:19:19:54 +0000] "POST /wp-cron.php?doing_wp_cron=1762456794.4896180629730224609375 HTTP/1.1" 200 0 "-" "WordPress/6.8.3; https://deenzalifestyle.com"
57.141.2.13 - - [06/Nov/2025:19:19:53 +0000] "GET /product=5266994.html HTTP/2" 404 206892 "-" "meta-externalagent/1.1 (+https://developers.facebook.com/docs/sharing/webmasters/crawler)"
66.249.69.106 - - [06/Nov/2025:19:20:01 +0000] "GET /354458025.shtml HTTP/1.1" 404 37440 "-" "Mozilla/5.0 (Linux; Android 6.0.1; Nexus 5X Build/MMB29P) AppleWebKit/537.36 (KHTML, like Gecko) Chrome/141.0.7390.122 Mobile Safari/537.36 (compatible; Googlebot/2.1; +http://www.google.com/bot.html)"
204.197.172.10 - - [06/Nov/2025:19:21:48 +0000] "POST /wp-cron.php?doing_wp_cron=1762456908.0391840934753417968750 HTTP/1.1" 200 0 "-" "WordPress/6.8.3; https://deenzalifestyle.com"
66.249.69.105 - - [06/Nov/2025:19:21:46 +0000] "GET /317283135.shtml HTTP/1.1" 404 37440 "-" "Mozilla/5.0 (Linux; Android 6.0.1; Nexus 5X Build/MMB29P) AppleWebKit/537.36 (KHTML, like Gecko) Chrome/141.0.7390.122 Mobile Safari/537.36 (compatible; Googlebot/2.1; +http://www.google.com/bot.html)"
204.197.172.10 - - [06/Nov/2025:19:22:00 +0000] "POST /wp-cron.php?doing_wp_cron=1762456920.9168350696563720703125 HTTP/1.1" 200 0 "-" "WordPress/6.8.3; https://deenzalifestyle.com"
57.141.2.53 - - [06/Nov/2025:19:22:00 +0000] "GET /product=2287576.html HTTP/2" 404 206892 "-" "meta-externalagent/1.1 (+https://developers.facebook.com/docs/sharing/webmasters/crawler)"
66.249.69.105 - - [06/Nov/2025:19:22:06 +0000] "GET /164817522.shtml HTTP/1.1" 404 37440 "-" "Mozilla/5.0 (Linux; Android 6.0.1; Nexus 5X Build/MMB29P) AppleWebKit/537.36 (KHTML, like Gecko) Chrome/141.0.7390.122 Mobile Safari/537.36 (compatible; Googlebot/2.1; +http://www.google.com/bot.html)"
57.141.2.29 - - [06/Nov/2025:19:22:31 +0000] "GET /product=4573276.html HTTP/2" 404 206892 "-" "meta-externalagent/1.1 (+https://developers.facebook.com/docs/sharing/webmasters/crawler)"
204.197.172.10 - - [06/Nov/2025:19:23:08 +0000] "POST /wp-cron.php?doing_wp_cron=1762456988.1331570148468017578125 HTTP/1.1" 200 0 "-" "WordPress/6.8.3; https://deenzalifestyle.com"
66.249.69.105 - - [06/Nov/2025:19:23:07 +0000] "GET /363141822.shtml HTTP/1.1" 404 37390 "-" "Mozilla/5.0 (compatible; Googlebot/2.1; +http://www.google.com/bot.html)"
57.141.2.31 - - [06/Nov/2025:19:23:13 +0000] "GET /product=2106884.html HTTP/2" 404 206892 "-" "meta-externalagent/1.1 (+https://developers.facebook.com/docs/sharing/webmasters/crawler)"
66.249.69.105 - - [06/Nov/2025:19:23:17 +0000] "GET /386418462.shtml HTTP/1.1" 404 37440 "-" "Mozilla/5.0 (Linux; Android 6.0.1; Nexus 5X Build/MMB29P) AppleWebKit/537.36 (KHTML, like Gecko) Chrome/141.0.7390.122 Mobile Safari/537.36 (compatible; Googlebot/2.1; +http://www.google.com/bot.html)"
66.249.69.104 - - [06/Nov/2025:19:23:17 +0000] "GET /386418462.shtml HTTP/1.1" 404 37389 "-" "Mozilla/5.0 (compatible; Googlebot/2.1; +http://www.google.com/bot.html)"
204.197.172.10 - - [06/Nov/2025:19:23:44 +0000] "POST /wp-cron.php?doing_wp_cron=1762457024.9059450626373291015625 HTTP/1.1" 200 0 "-" "WordPress/6.8.3; https://deenzalifestyle.com"
66.249.69.104 - - [06/Nov/2025:19:23:44 +0000] "GET /product=2505561.html HTTP/1.1" 404 37440 "-" "Mozilla/5.0 (Linux; Android 6.0.1; Nexus 5X Build/MMB29P) AppleWebKit/537.36 (KHTML, like Gecko) Chrome/141.0.7390.122 Mobile Safari/537.36 (compatible; Googlebot/2.1; +http://www.google.com/bot.html)"
178.156.195.190 - - [06/Nov/2025:19:25:39 +0000] "GET /shop/ HTTP/1.1" 200 47619 "-" "Mozilla/5.0 (Windows NT 10.0; Win64; x64) AppleWebKit/537.36 (KHTML, like Gecko) Chrome/84.0.4147.105 Safari/537.36"
204.197.172.10 - - [06/Nov/2025:19:25:44 +0000] "POST /wp-cron.php?doing_wp_cron=1762457144.9308309555053710937500 HTTP/1.1" 200 0 "-" "WordPress/6.8.3; https://deenzalifestyle.com"
204.197.172.10 - - [06/Nov/2025:19:25:44 +0000] "POST /wp-cron.php?doing_wp_cron=1762457144.9308280944824218750000 HTTP/1.1" 200 0 "-" "WordPress/6.8.3; https://deenzalifestyle.com"
204.197.172.10 - - [06/Nov/2025:19:25:44 +0000] "POST /wp-cron.php?doing_wp_cron=1762457144.9308190345764160156250 HTTP/1.1" 200 0 "-" "WordPress/6.8.3; https://deenzalifestyle.com"
204.197.172.10 - - [06/Nov/2025:19:25:44 +0000] "POST /wp-cron.php?doing_wp_cron=1762457144.9308280944824218750000 HTTP/1.1" 200 0 "-" "WordPress/6.8.3; https://deenzalifestyle.com"
204.197.172.10 - - [06/Nov/2025:19:25:44 +0000] "POST /wp-cron.php?doing_wp_cron=1762457144.9308280944824218750000 HTTP/1.1" 200 0 "-" "WordPress/6.8.3; https://deenzalifestyle.com"
204.197.172.10 - - [06/Nov/2025:19:25:44 +0000] "POST /wp-cron.php?doing_wp_cron=1762457144.9308190345764160156250 HTTP/1.1" 200 0 "-" "WordPress/6.8.3; https://deenzalifestyle.com"
178.156.195.194 - - [06/Nov/2025:19:25:39 +0000] "GET /green/ HTTP/1.1" 404 37431 "-" "Mozilla/5.0 (Windows NT 10.0; Win64; x64) AppleWebKit/537.36 (KHTML, like Gecko) Chrome/84.0.4147.105 Safari/537.36"
178.156.195.190 - - [06/Nov/2025:19:25:39 +0000] "GET /385209687.shtml HTTP/1.1" 404 37431 "-" "Mozilla/5.0 (Windows NT 10.0; Win64; x64) AppleWebKit/537.36 (KHTML, like Gecko) Chrome/84.0.4147.105 Safari/537.36"
5.161.235.104 - - [06/Nov/2025:19:25:39 +0000] "GET /598864023.shtml HTTP/1.1" 404 37400 "-" "Mozilla/5.0 (Windows NT 10.0; Win64; x64) AppleWebKit/537.36 (KHTML, like Gecko) Chrome/84.0.4147.105 Safari/537.36"
5.161.235.104 - - [06/Nov/2025:19:25:39 +0000] "GET /556889391.shtml HTTP/1.1" 404 37400 "-" "Mozilla/5.0 (Windows NT 10.0; Win64; x64) AppleWebKit/537.36 (KHTML, like Gecko) Chrome/84.0.4147.105 Safari/537.36"
5.161.235.104 - - [06/Nov/2025:19:25:39 +0000] "GET /404839341.shtml HTTP/1.1" 404 37400 "-" "Mozilla/5.0 (Windows NT 10.0; Win64; x64) AppleWebKit/537.36 (KHTML, like Gecko) Chrome/84.0.4147.105 Safari/537.36"
178.156.195.184 - - [06/Nov/2025:19:25:39 +0000] "GET /6164259.shtml HTTP/1.1" 404 37431 "-" "Mozilla/5.0 (Windows NT 10.0; Win64; x64) AppleWebKit/537.36 (KHTML, like Gecko) Chrome/84.0.4147.105 Safari/537.36"
204.197.172.10 - - [06/Nov/2025:19:26:26 +0000] "POST /wp-cron.php?doing_wp_cron=1762457186.6414330005645751953125 HTTP/1.1" 200 0 "-" "WordPress/6.8.3; https://deenzalifestyle.com"
66.249.69.104 - - [06/Nov/2025:19:26:26 +0000] "GET /product=4613915.html HTTP/1.1" 404 37440 "-" "Mozilla/5.0 (Linux; Android 6.0.1; Nexus 5X Build/MMB29P) AppleWebKit/537.36 (KHTML, like Gecko) Chrome/141.0.7390.122 Mobile Safari/537.36 (compatible; Googlebot/2.1; +http://www.google.com/bot.html)"
204.197.172.10 - - [06/Nov/2025:19:28:00 +0000] "POST /wp-cron.php?doing_wp_cron=1762457280.7193911075592041015625 HTTP/1.1" 200 0 "-" "WordPress/6.8.3; https://deenzalifestyle.com"
57.141.2.64 - - [06/Nov/2025:19:27:59 +0000] "GET /product=5217024.html HTTP/2" 404 206892 "-" "meta-externalagent/1.1 (+https://developers.facebook.com/docs/sharing/webmasters/crawler)"
204.197.172.10 - - [06/Nov/2025:19:29:48 +0000] "POST /wp-cron.php?doing_wp_cron=1762457388.1875250339508056640625 HTTP/1.1" 200 0 "-" "WordPress/6.8.3; https://deenzalifestyle.com"
57.141.2.60 - - [06/Nov/2025:19:29:47 +0000] "GET /product=5505149.html HTTP/2" 404 206892 "-" "meta-externalagent/1.1 (+https://developers.facebook.com/docs/sharing/webmasters/crawler)"
173.252.82.9 - - [06/Nov/2025:19:30:54 +0000] "GET /robots.txt HTTP/2" 200 322 "-" "facebookexternalhit/1.1 (+http://www.facebook.com/externalhit_uatext.php)"
204.197.172.10 - - [06/Nov/2025:19:31:46 +0000] "POST /wp-cron.php?doing_wp_cron=1762457506.1658220291137695312500 HTTP/1.1" 200 0 "-" "WordPress/6.8.3; https://deenzalifestyle.com"
66.249.69.106 - - [06/Nov/2025:19:31:45 +0000] "GET /241858131.shtml HTTP/1.1" 404 37390 "-" "Mozilla/5.0 (compatible; Googlebot/2.1; +http://www.google.com/bot.html)"
