114.130.71.172 - - [06/Nov/2025:21:08:04 +0000] "GET /wp-content/plugins/duracelltomi-google-tag-manager/dist/js/analytics-talk-content-tracking.js?ver=1.22.1 HTTP/2" 304 0 "https://deenzalifestyle.com/step/2-2-2-2/" "Mozilla/5.0 (Linux; Android 10; K) AppleWebKit/537.36 (KHTML, like Gecko) SamsungBrowser/29.0 Chrome/136.0.0.0 Mobile Safari/537.36"
114.130.71.172 - - [06/Nov/2025:21:08:04 +0000] "GET /wp-content/plugins/woocommerce/assets/js/jquery-tiptip/jquery.tipTip.min.js?ver=10.3.3 HTTP/2" 304 0 "https://deenzalifestyle.com/step/2-2-2-2/" "Mozilla/5.0 (Linux; Android 10; K) AppleWebKit/537.36 (KHTML, like Gecko) SamsungBrowser/29.0 Chrome/136.0.0.0 Mobile Safari/537.36"
114.130.71.172 - - [06/Nov/2025:21:08:04 +0000] "GET /wp-content/plugins/elementor/assets/lib/font-awesome/js/v4-shims.min.js?ver=3.32.5 HTTP/2" 304 0 "https://deenzalifestyle.com/step/2-2-2-2/" "Mozilla/5.0 (Linux; Android 10; K) AppleWebKit/537.36 (KHTML, like Gecko) SamsungBrowser/29.0 Chrome/136.0.0.0 Mobile Safari/537.36"
114.130.71.172 - - [06/Nov/2025:21:08:04 +0000] "GET /wp-content/plugins/woocommerce/assets/js/jquery-blockui/jquery.blockUI.min.js?ver=2.7.0-wc.10.3.3 HTTP/2" 304 0 "https://deenzalifestyle.com/step/2-2-2-2/" "Mozilla/5.0 (Linux; Android 10; K) AppleWebKit/537.36 (KHTML, like Gecko) SamsungBrowser/29.0 Chrome/136.0.0.0 Mobile Safari/537.36"
114.130.71.172 - - [06/Nov/2025:21:08:04 +0000] "GET /wp-content/plugins/woocommerce/assets/css/brands.css?ver=10.3.3 HTTP/2" 304 0 "https://deenzalifestyle.com/step/2-2-2-2/" "Mozilla/5.0 (Linux; Android 10; K) AppleWebKit/537.36 (KHTML, like Gecko) SamsungBrowser/29.0 Chrome/136.0.0.0 Mobile Safari/537.36"
114.130.71.172 - - [06/Nov/2025:21:08:04 +0000] "GET /wp-content/plugins/woolentor-addons/includes/modules/quickview/assets/css/frontend.css?ver=3.2.5 HTTP/2" 304 0 "https://deenzalifestyle.com/step/2-2-2-2/" "Mozilla/5.0 (Linux; Android 10; K) AppleWebKit/537.36 (KHTML, like Gecko) SamsungBrowser/29.0 Chrome/136.0.0.0 Mobile Safari/537.36"
114.130.71.172 - - [06/Nov/2025:21:08:04 +0000] "GET /wp-content/plugins/woo-conditional-product-fees-for-checkout/public/js/woocommerce-conditional-product-fees-for-checkout-public.js?ver=4.3.2 HTTP/2" 304 0 "https://deenzalifestyle.com/step/2-2-2-2/" "Mozilla/5.0 (Linux; Android 10; K) AppleWebKit/537.36 (KHTML, like Gecko) SamsungBrowser/29.0 Chrome/136.0.0.0 Mobile Safari/537.36"
114.130.71.172 - - [06/Nov/2025:21:08:04 +0000] "GET /wp-content/uploads/2025/06/logo-removebg-preview.png HTTP/2" 304 0 "https://deenzalifestyle.com/step/2-2-2-2/" "Mozilla/5.0 (Linux; Android 10; K) AppleWebKit/537.36 (KHTML, like Gecko) SamsungBrowser/29.0 Chrome/136.0.0.0 Mobile Safari/537.36"
114.130.71.172 - - [06/Nov/2025:21:08:04 +0000] "GET /wp-content/uploads/elementor/thumbs/logo-removebg-preview-r8327xj7anzrxvbmkdzxxsjrhbg8bso6026v5yylog.png HTTP/2" 304 0 "https://deenzalifestyle.com/step/2-2-2-2/" "Mozilla/5.0 (Linux; Android 10; K) AppleWebKit/537.36 (KHTML, like Gecko) SamsungBrowser/29.0 Chrome/136.0.0.0 Mobile Safari/537.36"
114.130.71.172 - - [06/Nov/2025:21:08:04 +0000] "GET /wp-content/uploads/elementor/thumbs/Deenza_losgo-removebg-preview-r831wyqz73c1i3cx7rk9dugumcglvwo07qsetkyx9k.png HTTP/2" 200 3965 "https://deenzalifestyle.com/step/2-2-2-2/" "Mozilla/5.0 (Linux; Android 10; K) AppleWebKit/537.36 (KHTML, like Gecko) SamsungBrowser/29.0 Chrome/136.0.0.0 Mobile Safari/537.36"
114.130.71.172 - - [06/Nov/2025:21:08:04 +0000] "GET /wp-content/plugins/elementor-pro/assets/css/widget-woocommerce-menu-cart.min.css?ver=3.31.2 HTTP/2" 200 2334 "https://deenzalifestyle.com/step/2-2-2-2/" "Mozilla/5.0 (Linux; Android 10; K) AppleWebKit/537.36 (KHTML, like Gecko) SamsungBrowser/29.0 Chrome/136.0.0.0 Mobile Safari/537.36"
114.130.71.172 - - [06/Nov/2025:21:08:04 +0000] "GET /wp-content/plugins/elementor/assets/css/widget-social-icons.min.css?ver=3.32.5 HTTP/2" 200 1069 "https://deenzalifestyle.com/step/2-2-2-2/" "Mozilla/5.0 (Linux; Android 10; K) AppleWebKit/537.36 (KHTML, like Gecko) SamsungBrowser/29.0 Chrome/136.0.0.0 Mobile Safari/537.36"
114.130.71.172 - - [06/Nov/2025:21:08:04 +0000] "GET /wp-content/plugins/elementor/assets/css/widget-heading.min.css?ver=3.32.5 HTTP/2" 304 0 "https://deenzalifestyle.com/step/2-2-2-2/" "Mozilla/5.0 (Linux; Android 10; K) AppleWebKit/537.36 (KHTML, like Gecko) SamsungBrowser/29.0 Chrome/136.0.0.0 Mobile Safari/537.36"
114.130.71.172 - - [06/Nov/2025:21:08:04 +0000] "GET /wp-content/themes/astra/assets/js/minified/frontend.min.js?ver=4.11.13 HTTP/2" 304 0 "https://deenzalifestyle.com/step/2-2-2-2/" "Mozilla/5.0 (Linux; Android 10; K) AppleWebKit/537.36 (KHTML, like Gecko) SamsungBrowser/29.0 Chrome/136.0.0.0 Mobile Safari/537.36"
114.130.71.172 - - [06/Nov/2025:21:08:04 +0000] "GET /wp-content/plugins/elementor/assets/css/conditionals/apple-webkit.min.css?ver=3.32.5 HTTP/2" 304 0 "https://deenzalifestyle.com/step/2-2-2-2/" "Mozilla/5.0 (Linux; Android 10; K) AppleWebKit/537.36 (KHTML, like Gecko) SamsungBrowser/29.0 Chrome/136.0.0.0 Mobile Safari/537.36"
114.130.71.172 - - [06/Nov/2025:21:08:04 +0000] "GET /wp-content/plugins/elementor/assets/css/widget-image.min.css?ver=3.32.5 HTTP/2" 304 0 "https://deenzalifestyle.com/step/2-2-2-2/" "Mozilla/5.0 (Linux; Android 10; K) AppleWebKit/537.36 (KHTML, like Gecko) SamsungBrowser/29.0 Chrome/136.0.0.0 Mobile Safari/537.36"
114.130.71.172 - - [06/Nov/2025:21:08:04 +0000] "GET /wp-content/plugins/th-advance-product-search/th-icon/fonts/th-icon.ttf?stlo25 HTTP/2" 200 12836 "https://deenzalifestyle.com/wp-content/plugins/th-advance-product-search/th-icon/style.css?ver=6.8.3" "Mozilla/5.0 (Linux; Android 10; K) AppleWebKit/537.36 (KHTML, like Gecko) SamsungBrowser/29.0 Chrome/136.0.0.0 Mobile Safari/537.36"
114.130.71.172 - - [06/Nov/2025:21:08:04 +0000] "GET /wp-content/uploads/elementor/google-fonts/fonts/anekbangla-gpr1r38qtexhg-17bhm6n66qhabmyb0fbkonthlsqrl.woff2 HTTP/2" 304 0 "https://deenzalifestyle.com/wp-content/uploads/elementor/google-fonts/css/anekbangla.css?ver=1751090741" "Mozilla/5.0 (Linux; Android 10; K) AppleWebKit/537.36 (KHTML, like Gecko) SamsungBrowser/29.0 Chrome/136.0.0.0 Mobile Safari/537.36"
114.130.71.172 - - [06/Nov/2025:21:08:04 +0000] "GET /wp-content/uploads/elementor/google-fonts/fonts/hindmadurai-081ade2a.woff2 HTTP/2" 304 0 "https://deenzalifestyle.com/wp-content/uploads/elementor/google-fonts/css/hindmadurai.css?ver=1756513364" "Mozilla/5.0 (Linux; Android 10; K) AppleWebKit/537.36 (KHTML, like Gecko) SamsungBrowser/29.0 Chrome/136.0.0.0 Mobile Safari/537.36"
114.130.71.172 - - [06/Nov/2025:21:08:04 +0000] "GET /wp-content/plugins/elementor/assets/lib/eicons/fonts/eicons.woff2?5.44.0 HTTP/2" 304 0 "https://deenzalifestyle.com/wp-content/plugins/elementor/assets/lib/eicons/css/elementor-icons.min.css?ver=5.34.0" "Mozilla/5.0 (Linux; Android 10; K) AppleWebKit/537.36 (KHTML, like Gecko) SamsungBrowser/29.0 Chrome/136.0.0.0 Mobile Safari/537.36"
114.130.71.172 - - [06/Nov/2025:21:08:04 +0000] "GET /wp-content/plugins/woolentor-addons/woolentor-blocks/assets/js/script.js?ver=3.2.5 HTTP/2" 304 0 "https://deenzalifestyle.com/step/2-2-2-2/" "Mozilla/5.0 (Linux; Android 10; K) AppleWebKit/537.36 (KHTML, like Gecko) SamsungBrowser/29.0 Chrome/136.0.0.0 Mobile Safari/537.36"
114.130.71.172 - - [06/Nov/2025:21:08:05 +0000] "GET /wp-content/plugins/duracelltomi-google-tag-manager/dist/js/gtm4wp-form-move-tracker.js?ver=1.22.1 HTTP/2" 304 0 "https://deenzalifestyle.com/step/2-2-2-2/" "Mozilla/5.0 (Linux; Android 10; K) AppleWebKit/537.36 (KHTML, like Gecko) SamsungBrowser/29.0 Chrome/136.0.0.0 Mobile Safari/537.36"
114.130.71.172 - - [06/Nov/2025:21:08:05 +0000] "GET /wp-content/plugins/duracelltomi-google-tag-manager/dist/js/gtm4wp-contact-form-7-tracker.js?ver=1.22.1 HTTP/2" 304 0 "https://deenzalifestyle.com/step/2-2-2-2/" "Mozilla/5.0 (Linux; Android 10; K) AppleWebKit/537.36 (KHTML, like Gecko) SamsungBrowser/29.0 Chrome/136.0.0.0 Mobile Safari/537.36"
114.130.71.172 - - [06/Nov/2025:21:08:05 +0000] "GET /wp-content/plugins/duracelltomi-google-tag-manager/dist/js/gtm4wp-ecommerce-generic.js?ver=1.22.1 HTTP/2" 304 0 "https://deenzalifestyle.com/step/2-2-2-2/" "Mozilla/5.0 (Linux; Android 10; K) AppleWebKit/537.36 (KHTML, like Gecko) SamsungBrowser/29.0 Chrome/136.0.0.0 Mobile Safari/537.36"
114.130.71.172 - - [06/Nov/2025:21:08:05 +0000] "GET /wp-content/plugins/duracelltomi-google-tag-manager/dist/js/gtm4wp-woocommerce.js?ver=1.22.1 HTTP/2" 304 0 "https://deenzalifestyle.com/step/2-2-2-2/" "Mozilla/5.0 (Linux; Android 10; K) AppleWebKit/537.36 (KHTML, like Gecko) SamsungBrowser/29.0 Chrome/136.0.0.0 Mobile Safari/537.36"
114.130.71.172 - - [06/Nov/2025:21:08:05 +0000] "GET /wp-content/plugins/woo-variation-swatches/assets/js/frontend.min.js?ver=1757953354 HTTP/2" 304 0 "https://deenzalifestyle.com/step/2-2-2-2/" "Mozilla/5.0 (Linux; Android 10; K) AppleWebKit/537.36 (KHTML, like Gecko) SamsungBrowser/29.0 Chrome/136.0.0.0 Mobile Safari/537.36"
114.130.71.172 - - [06/Nov/2025:21:08:05 +0000] "GET /wp-content/plugins/woocommerce/assets/js/frontend/add-to-cart-variation.min.js?ver=10.3.3 HTTP/2" 304 0 "https://deenzalifestyle.com/step/2-2-2-2/" "Mozilla/5.0 (Linux; Android 10; K) AppleWebKit/537.36 (KHTML, like Gecko) SamsungBrowser/29.0 Chrome/136.0.0.0 Mobile Safari/537.36"
114.130.71.172 - - [06/Nov/2025:21:08:05 +0000] "GET /wp-content/plugins/woolentor-addons/assets/js/accordion.min.js?ver=3.2.5 HTTP/2" 304 0 "https://deenzalifestyle.com/step/2-2-2-2/" "Mozilla/5.0 (Linux; Android 10; K) AppleWebKit/537.36 (KHTML, like Gecko) SamsungBrowser/29.0 Chrome/136.0.0.0 Mobile Safari/537.36"
114.130.71.172 - - [06/Nov/2025:21:08:05 +0000] "GET /wp-content/plugins/woolentor-addons/assets/js/slick.min.js?ver=3.2.5 HTTP/2" 304 0 "https://deenzalifestyle.com/step/2-2-2-2/" "Mozilla/5.0 (Linux; Android 10; K) AppleWebKit/537.36 (KHTML, like Gecko) SamsungBrowser/29.0 Chrome/136.0.0.0 Mobile Safari/537.36"
114.130.71.172 - - [06/Nov/2025:21:08:05 +0000] "GET /wp-content/plugins/woolentor-addons/includes/modules/quickview/assets/js/frontend.js?ver=3.2.5 HTTP/2" 304 0 "https://deenzalifestyle.com/step/2-2-2-2/" "Mozilla/5.0 (Linux; Android 10; K) AppleWebKit/537.36 (KHTML, like Gecko) SamsungBrowser/29.0 Chrome/136.0.0.0 Mobile Safari/537.36"
114.130.71.172 - - [06/Nov/2025:21:08:05 +0000] "GET /wp-content/plugins/woocommerce/assets/js/frontend/single-product.min.js?ver=10.3.3 HTTP/2" 304 0 "https://deenzalifestyle.com/step/2-2-2-2/" "Mozilla/5.0 (Linux; Android 10; K) AppleWebKit/537.36 (KHTML, like Gecko) SamsungBrowser/29.0 Chrome/136.0.0.0 Mobile Safari/537.36"
114.130.71.172 - - [06/Nov/2025:21:08:05 +0000] "GET /wp-content/plugins/woocommerce/assets/js/sourcebuster/sourcebuster.min.js?ver=10.3.3 HTTP/2" 304 0 "https://deenzalifestyle.com/step/2-2-2-2/" "Mozilla/5.0 (Linux; Android 10; K) AppleWebKit/537.36 (KHTML, like Gecko) SamsungBrowser/29.0 Chrome/136.0.0.0 Mobile Safari/537.36"
114.130.71.172 - - [06/Nov/2025:21:08:05 +0000] "GET /wp-content/plugins/woocommerce/assets/js/frontend/order-attribution.min.js?ver=10.3.3 HTTP/2" 304 0 "https://deenzalifestyle.com/step/2-2-2-2/" "Mozilla/5.0 (Linux; Android 10; K) AppleWebKit/537.36 (KHTML, like Gecko) SamsungBrowser/29.0 Chrome/136.0.0.0 Mobile Safari/537.36"
114.130.71.172 - - [06/Nov/2025:21:08:05 +0000] "GET /wp-content/plugins/elementor/assets/js/frontend-modules.min.js?ver=3.32.5 HTTP/2" 304 0 "https://deenzalifestyle.com/step/2-2-2-2/" "Mozilla/5.0 (Linux; Android 10; K) AppleWebKit/537.36 (KHTML, like Gecko) SamsungBrowser/29.0 Chrome/136.0.0.0 Mobile Safari/537.36"
114.130.71.172 - - [06/Nov/2025:21:08:05 +0000] "GET /wp-content/plugins/elementor/assets/js/webpack.runtime.min.js?ver=3.32.5 HTTP/2" 304 0 "https://deenzalifestyle.com/step/2-2-2-2/" "Mozilla/5.0 (Linux; Android 10; K) AppleWebKit/537.36 (KHTML, like Gecko) SamsungBrowser/29.0 Chrome/136.0.0.0 Mobile Safari/537.36"
114.130.71.172 - - [06/Nov/2025:21:08:05 +0000] "GET /wp-content/plugins/wp-statistics/assets/js/tracker.js?ver=14.15.5 HTTP/2" 304 0 "https://deenzalifestyle.com/step/2-2-2-2/" "Mozilla/5.0 (Linux; Android 10; K) AppleWebKit/537.36 (KHTML, like Gecko) SamsungBrowser/29.0 Chrome/136.0.0.0 Mobile Safari/537.36"
114.130.71.172 - - [06/Nov/2025:21:08:05 +0000] "GET /wp-content/plugins/elementor/assets/js/frontend.min.js?ver=3.32.5 HTTP/2" 304 0 "https://deenzalifestyle.com/step/2-2-2-2/" "Mozilla/5.0 (Linux; Android 10; K) AppleWebKit/537.36 (KHTML, like Gecko) SamsungBrowser/29.0 Chrome/136.0.0.0 Mobile Safari/537.36"
114.130.71.172 - - [06/Nov/2025:21:08:05 +0000] "GET /wp-content/plugins/elementor-pro/assets/js/webpack-pro.runtime.min.js?ver=3.31.2 HTTP/2" 200 2621 "https://deenzalifestyle.com/step/2-2-2-2/" "Mozilla/5.0 (Linux; Android 10; K) AppleWebKit/537.36 (KHTML, like Gecko) SamsungBrowser/29.0 Chrome/136.0.0.0 Mobile Safari/537.36"
114.130.71.172 - - [06/Nov/2025:21:08:05 +0000] "GET /wp-content/plugins/header-footer-elementor/inc/js/frontend.js?ver=2.6.1 HTTP/2" 304 0 "https://deenzalifestyle.com/step/2-2-2-2/" "Mozilla/5.0 (Linux; Android 10; K) AppleWebKit/537.36 (KHTML, like Gecko) SamsungBrowser/29.0 Chrome/136.0.0.0 Mobile Safari/537.36"
114.130.71.172 - - [06/Nov/2025:21:08:05 +0000] "GET /wp-content/plugins/elementor-pro/assets/js/frontend.min.js?ver=3.31.2 HTTP/2" 200 6281 "https://deenzalifestyle.com/step/2-2-2-2/" "Mozilla/5.0 (Linux; Android 10; K) AppleWebKit/537.36 (KHTML, like Gecko) SamsungBrowser/29.0 Chrome/136.0.0.0 Mobile Safari/537.36"
114.130.71.172 - - [06/Nov/2025:21:08:05 +0000] "GET /wp-content/plugins/elementor-pro/assets/js/elements-handlers.min.js?ver=3.31.2 HTTP/2" 200 10180 "https://deenzalifestyle.com/step/2-2-2-2/" "Mozilla/5.0 (Linux; Android 10; K) AppleWebKit/537.36 (KHTML, like Gecko) SamsungBrowser/29.0 Chrome/136.0.0.0 Mobile Safari/537.36"
114.130.71.172 - - [06/Nov/2025:21:08:05 +0000] "GET /wp-content/plugins/woocommerce/assets/js/frontend/woocommerce.min.js?ver=10.3.3 HTTP/2" 304 0 "https://deenzalifestyle.com/step/2-2-2-2/" "Mozilla/5.0 (Linux; Android 10; K) AppleWebKit/537.36 (KHTML, like Gecko) SamsungBrowser/29.0 Chrome/136.0.0.0 Mobile Safari/537.36"
114.130.71.172 - - [06/Nov/2025:21:08:05 +0000] "GET /wp-content/plugins/woocommerce/assets/js/js-cookie/js.cookie.min.js?ver=2.1.4-wc.10.3.3 HTTP/2" 304 0 "https://deenzalifestyle.com/step/2-2-2-2/" "Mozilla/5.0 (Linux; Android 10; K) AppleWebKit/537.36 (KHTML, like Gecko) SamsungBrowser/29.0 Chrome/136.0.0.0 Mobile Safari/537.36"
114.130.71.172 - - [06/Nov/2025:21:08:05 +0000] "GET /wp-content/plugins/woocommerce/assets/js/frontend/add-to-cart.min.js?ver=10.3.3 HTTP/2" 304 0 "https://deenzalifestyle.com/step/2-2-2-2/" "Mozilla/5.0 (Linux; Android 10; K) AppleWebKit/537.36 (KHTML, like Gecko) SamsungBrowser/29.0 Chrome/136.0.0.0 Mobile Safari/537.36"
114.130.71.172 - - [06/Nov/2025:21:08:05 +0000] "GET /wp-content/plugins/woocommerce/assets/js/frontend/cart-fragments.min.js?ver=10.3.3 HTTP/2" 304 0 "https://deenzalifestyle.com/step/2-2-2-2/" "Mozilla/5.0 (Linux; Android 10; K) AppleWebKit/537.36 (KHTML, like Gecko) SamsungBrowser/29.0 Chrome/136.0.0.0 Mobile Safari/537.36"
114.130.71.172 - - [06/Nov/2025:21:08:06 +0000] "GET /wp-content/plugins/elementor/assets/js/shared-frontend-handlers.4c8abccc3e268b0767b2.bundle.min.js HTTP/2" 304 0 "https://deenzalifestyle.com/step/2-2-2-2/" "Mozilla/5.0 (Linux; Android 10; K) AppleWebKit/537.36 (KHTML, like Gecko) SamsungBrowser/29.0 Chrome/136.0.0.0 Mobile Safari/537.36"
114.130.71.172 - - [06/Nov/2025:21:08:06 +0000] "GET /step/2-2-2-2/ HTTP/2" 404 37406 "-" "Mozilla/5.0 (Linux; Android 10; K) AppleWebKit/537.36 (KHTML, like Gecko) SamsungBrowser/29.0 Chrome/136.0.0.0 Mobile Safari/537.36"
114.130.71.172 - - [06/Nov/2025:21:08:06 +0000] "GET /wp-content/plugins/elementor/assets/js/text-editor.abc8f59c62f2820dc25a.bundle.min.js HTTP/2" 304 0 "https://deenzalifestyle.com/step/2-2-2-2/" "Mozilla/5.0 (Linux; Android 10; K) AppleWebKit/537.36 (KHTML, like Gecko) SamsungBrowser/29.0 Chrome/136.0.0.0 Mobile Safari/537.36"
114.130.71.172 - - [06/Nov/2025:21:08:06 +0000] "GET /wp-content/plugins/elementor-pro/assets/js/woocommerce-menu-cart.eb61fe086245485310a4.bundle.min.js HTTP/2" 304 0 "https://deenzalifestyle.com/step/2-2-2-2/" "Mozilla/5.0 (Linux; Android 10; K) AppleWebKit/537.36 (KHTML, like Gecko) SamsungBrowser/29.0 Chrome/136.0.0.0 Mobile Safari/537.36"
114.130.71.172 - - [06/Nov/2025:21:08:06 +0000] "POST /?wc-ajax=get_refreshed_fragments HTTP/2" 200 1318 "https://deenzalifestyle.com/step/2-2-2-2/" "Mozilla/5.0 (Linux; Android 10; K) AppleWebKit/537.36 (KHTML, like Gecko) SamsungBrowser/29.0 Chrome/136.0.0.0 Mobile Safari/537.36"
114.130.71.172 - - [06/Nov/2025:21:08:06 +0000] "POST /wp-json/wp-statistics/v2/hit HTTP/2" 200 19 "https://deenzalifestyle.com/step/2-2-2-2/" "Mozilla/5.0 (Linux; Android 10; K) AppleWebKit/537.36 (KHTML, like Gecko) SamsungBrowser/29.0 Chrome/136.0.0.0 Mobile Safari/537.36"
114.130.71.172 - - [06/Nov/2025:21:08:07 +0000] "POST /?wc-ajax=get_refreshed_fragments HTTP/2" 200 1318 "https://deenzalifestyle.com/step/2-2-2-2/" "Mozilla/5.0 (Linux; Android 10; K) AppleWebKit/537.36 (KHTML, like Gecko) SamsungBrowser/29.0 Chrome/136.0.0.0 Mobile Safari/537.36"
114.130.71.172 - - [06/Nov/2025:21:08:07 +0000] "POST /wp-json/wp-statistics/v2/hit HTTP/2" 200 19 "https://deenzalifestyle.com/step/2-2-2-2/" "Mozilla/5.0 (Linux; Android 10; K) AppleWebKit/537.36 (KHTML, like Gecko) SamsungBrowser/29.0 Chrome/136.0.0.0 Mobile Safari/537.36"
114.130.71.172 - - [06/Nov/2025:21:08:08 +0000] "GET /wp-content/uploads/2025/06/cropped-Deenza-logo-1-192x192.jpg HTTP/2" 200 5641 "https://deenzalifestyle.com/step/2-2-2-2/" "Mozilla/5.0 (Linux; Android 10; K) AppleWebKit/537.36 (KHTML, like Gecko) SamsungBrowser/29.0 Chrome/136.0.0.0 Mobile Safari/537.36"
114.130.71.172 - - [06/Nov/2025:21:08:08 +0000] "GET /wp-content/uploads/2025/06/cropped-Deenza-logo-1-180x180.jpg HTTP/2" 200 5237 "https://deenzalifestyle.com/step/2-2-2-2/" "Mozilla/5.0 (Linux; Android 10; K) AppleWebKit/537.36 (KHTML, like Gecko) SamsungBrowser/29.0 Chrome/136.0.0.0 Mobile Safari/537.36"
66.249.69.106 - - [06/Nov/2025:21:08:20 +0000] "GET /?e=1438032890000 HTTP/1.1" 200 46804 "-" "Mozilla/5.0 (Linux; Android 6.0.1; Nexus 5X Build/MMB29P) AppleWebKit/537.36 (KHTML, like Gecko) Chrome/141.0.7390.122 Mobile Safari/537.36 (compatible; GoogleOther)"
66.249.69.104 - - [06/Nov/2025:21:08:24 +0000] "GET /wp-content/plugins/elementor/assets/lib/font-awesome/css/fontawesome.css?ver=5.15.3 HTTP/1.1" 200 12526 "https://deenzalifestyle.com/?e=1438032890000" "Mozilla/5.0 (Linux; Android 6.0.1; Nexus 5X Build/MMB29P) AppleWebKit/537.36 (KHTML, like Gecko) Chrome/141.0.7390.122 Mobile Safari/537.36 (compatible; Googlebot/2.1; +http://www.google.com/bot.html)"
66.249.69.104 - - [06/Nov/2025:21:08:24 +0000] "GET /wp-content/plugins/elementor/assets/lib/font-awesome/css/brands.css?ver=5.15.3 HTTP/1.1" 200 296 "https://deenzalifestyle.com/?e=1438032890000" "Mozilla/5.0 (Linux; Android 6.0.1; Nexus 5X Build/MMB29P) AppleWebKit/537.36 (KHTML, like Gecko) Chrome/141.0.7390.122 Mobile Safari/537.36 (compatible; Googlebot/2.1; +http://www.google.com/bot.html)"
66.249.69.105 - - [06/Nov/2025:21:08:26 +0000] "GET /wp-content/plugins/woocommerce/assets/js/frontend/add-to-cart.min.js?ver=10.3.3 HTTP/1.1" 200 1225 "https://deenzalifestyle.com/?e=1438032890000" "Mozilla/5.0 (Linux; Android 6.0.1; Nexus 5X Build/MMB29P) AppleWebKit/537.36 (KHTML, like Gecko) Chrome/141.0.7390.122 Mobile Safari/537.36 (compatible; Googlebot/2.1; +http://www.google.com/bot.html)"
66.249.69.105 - - [06/Nov/2025:21:08:26 +0000] "POST /?wc-ajax=get_refreshed_fragments HTTP/1.1" 200 1318 "https://deenzalifestyle.com/?e=1438032890000" "Mozilla/5.0 (Linux; Android 6.0.1; Nexus 5X Build/MMB29P) AppleWebKit/537.36 (KHTML, like Gecko) Chrome/141.0.7390.122 Mobile Safari/537.36 (compatible; Googlebot/2.1; +http://www.google.com/bot.html)"
57.141.2.35 - - [06/Nov/2025:21:08:36 +0000] "GET /product=5478104.html HTTP/2" 404 206892 "-" "meta-externalagent/1.1 (+https://developers.facebook.com/docs/sharing/webmasters/crawler)"
204.197.172.10 - - [06/Nov/2025:21:08:48 +0000] "POST /wp-cron.php?doing_wp_cron=1762463328.5072200298309326171875 HTTP/1.1" 200 0 "-" "WordPress/6.8.3; https://deenzalifestyle.com"
57.141.2.32 - - [06/Nov/2025:21:08:48 +0000] "GET /product=3121542.html HTTP/2" 404 206892 "-" "meta-externalagent/1.1 (+https://developers.facebook.com/docs/sharing/webmasters/crawler)"
204.197.172.10 - - [06/Nov/2025:21:09:05 +0000] "POST /wp-cron.php?doing_wp_cron=1762463345.4719998836517333984375 HTTP/1.1" 200 0 "-" "WordPress/6.8.3; https://deenzalifestyle.com"
66.249.69.104 - - [06/Nov/2025:21:09:05 +0000] "GET /?e=6910924794006 HTTP/1.1" 200 46804 "-" "Mozilla/5.0 (Linux; Android 6.0.1; Nexus 5X Build/MMB29P) AppleWebKit/537.36 (KHTML, like Gecko) Chrome/141.0.7390.122 Mobile Safari/537.36 (compatible; GoogleOther)"
114.130.71.172 - - [06/Nov/2025:21:09:08 +0000] "POST /wp-json/wp-statistics/v2/online HTTP/2" 200 19 "https://deenzalifestyle.com/?fbclid=IwZXh0bgNhZW0CMTEAc3J0YwZhcHBfaWQMMzUwNjg1NTMxNzI4AAEeJB-aemDu_bThK45YOmRBfLmBnxAHISNtv3RZS3Lfw0YE_S5Y5YrbFhqGKVM_aem_IwX6Qh8PURhN1JhnKr5Crg" "Mozilla/5.0 (Linux; Android 15; SM-A546E Build/AP3A.240905.015.A2; wv) AppleWebKit/537.36 (KHTML, like Gecko) Version/4.0 Chrome/142.0.7444.74 Mobile Safari/537.36 [FB_IAB/FB4A;FBAV/537.0.0.47.77;IABMV/1;]"
66.249.69.105 - - [06/Nov/2025:21:09:11 +0000] "GET /wp-content/plugins/elementor/assets/lib/font-awesome/css/fontawesome.css?ver=5.15.3 HTTP/1.1" 200 12526 "https://deenzalifestyle.com/?e=6910924794006" "Mozilla/5.0 (Linux; Android 6.0.1; Nexus 5X Build/MMB29P) AppleWebKit/537.36 (KHTML, like Gecko) Chrome/141.0.7390.122 Mobile Safari/537.36 (compatible; Googlebot/2.1; +http://www.google.com/bot.html)"
66.249.69.105 - - [06/Nov/2025:21:09:11 +0000] "POST /?wc-ajax=get_refreshed_fragments HTTP/1.1" 200 1318 "https://deenzalifestyle.com/?e=6910924794006" "Mozilla/5.0 (Linux; Android 6.0.1; Nexus 5X Build/MMB29P) AppleWebKit/537.36 (KHTML, like Gecko) Chrome/141.0.7390.122 Mobile Safari/537.36 (compatible; Googlebot/2.1; +http://www.google.com/bot.html)"
66.249.69.104 - - [06/Nov/2025:21:09:14 +0000] "POST /wp-admin/admin-ajax.php HTTP/1.1" 200 1121 "https://deenzalifestyle.com/?e=6910924794006" "Mozilla/5.0 (Linux; Android 6.0.1; Nexus 5X Build/MMB29P) AppleWebKit/537.36 (KHTML, like Gecko) Chrome/141.0.7390.122 Mobile Safari/537.36 (compatible; Googlebot/2.1; +http://www.google.com/bot.html)"
66.249.69.104 - - [06/Nov/2025:21:09:15 +0000] "POST /wp-admin/admin-ajax.php HTTP/1.1" 200 1121 "https://deenzalifestyle.com/?e=6910924794006" "Mozilla/5.0 (Linux; Android 6.0.1; Nexus 5X Build/MMB29P) AppleWebKit/537.36 (KHTML, like Gecko) Chrome/141.0.7390.122 Mobile Safari/537.36 (compatible; Googlebot/2.1; +http://www.google.com/bot.html)"
204.197.172.10 - - [06/Nov/2025:21:10:14 +0000] "POST /wp-cron.php?doing_wp_cron=1762463414.6244909763336181640625 HTTP/1.1" 200 0 "-" "WordPress/6.8.3; https://deenzalifestyle.com"
66.249.69.106 - - [06/Nov/2025:21:10:14 +0000] "GET /product=5511920.html HTTP/1.1" 404 37389 "-" "Mozilla/5.0 (compatible; Googlebot/2.1; +http://www.google.com/bot.html)"
66.249.69.104 - - [06/Nov/2025:21:10:25 +0000] "GET /440883627.shtml HTTP/1.1" 404 37389 "-" "Mozilla/5.0 (compatible; Googlebot/2.1; +http://www.google.com/bot.html)"
204.197.172.10 - - [06/Nov/2025:21:10:42 +0000] "POST /wp-cron.php?doing_wp_cron=1762463442.5578789710998535156250 HTTP/1.1" 200 0 "-" "WordPress/6.8.3; https://deenzalifestyle.com"
57.141.2.25 - - [06/Nov/2025:21:10:42 +0000] "GET /product=2565935.html HTTP/2" 404 206892 "-" "meta-externalagent/1.1 (+https://developers.facebook.com/docs/sharing/webmasters/crawler)"
204.197.172.10 - - [06/Nov/2025:21:13:47 +0000] "POST /wp-cron.php?doing_wp_cron=1762463627.9523270130157470703125 HTTP/1.1" 200 0 "-" "WordPress/6.8.3; https://deenzalifestyle.com"
66.249.69.106 - - [06/Nov/2025:21:13:46 +0000] "GET /145282440.shtml HTTP/1.1" 404 37389 "-" "Mozilla/5.0 (compatible; Googlebot/2.1; +http://www.google.com/bot.html)"
66.249.69.104 - - [06/Nov/2025:21:14:54 +0000] "GET /shop/ HTTP/1.1" 200 47619 "-" "Mozilla/5.0 (Linux; Android 6.0.1; Nexus 5X Build/MMB29P) AppleWebKit/537.36 (KHTML, like Gecko) Chrome/141.0.7390.122 Mobile Safari/537.36 (compatible; Googlebot/2.1; +http://www.google.com/bot.html)"
66.249.69.104 - - [06/Nov/2025:21:14:58 +0000] "GET /wp-content/plugins/woolentor-addons/assets/css/select2.min.css?ver=3.2.5 HTTP/1.1" 200 1848 "https://deenzalifestyle.com/shop/" "Mozilla/5.0 (Linux; Android 6.0.1; Nexus 5X Build/MMB29P) AppleWebKit/537.36 (KHTML, like Gecko) Chrome/141.0.7390.122 Mobile Safari/537.36 (compatible; Googlebot/2.1; +http://www.google.com/bot.html)"
204.197.172.10 - - [06/Nov/2025:21:15:02 +0000] "POST /wp-cron.php?doing_wp_cron=1762463702.4597868919372558593750 HTTP/1.1" 200 0 "-" "WordPress/6.8.3; https://deenzalifestyle.com"
66.249.69.104 - - [06/Nov/2025:21:15:01 +0000] "POST /wp-json/wp-statistics/v2/hit HTTP/1.1" 200 35 "https://deenzalifestyle.com/shop/" "Mozilla/5.0 (Linux; Android 6.0.1; Nexus 5X Build/MMB29P) AppleWebKit/537.36 (KHTML, like Gecko) Chrome/141.0.7390.122 Mobile Safari/537.36 (compatible; Googlebot/2.1; +http://www.google.com/bot.html)"
57.141.2.78 - - [06/Nov/2025:21:15:04 +0000] "GET /product=4606612.html HTTP/2" 404 206892 "-" "meta-externalagent/1.1 (+https://developers.facebook.com/docs/sharing/webmasters/crawler)"
66.249.69.104 - - [06/Nov/2025:21:15:04 +0000] "POST /?wc-ajax=get_refreshed_fragments HTTP/1.1" 200 1318 "https://deenzalifestyle.com/shop/" "Mozilla/5.0 (Linux; Android 6.0.1; Nexus 5X Build/MMB29P) AppleWebKit/537.36 (KHTML, like Gecko) Chrome/141.0.7390.122 Mobile Safari/537.36 (compatible; Googlebot/2.1; +http://www.google.com/bot.html)"
66.249.69.104 - - [06/Nov/2025:21:15:06 +0000] "POST /wp-admin/admin-ajax.php HTTP/1.1" 200 6 "https://deenzalifestyle.com/shop/" "Mozilla/5.0 (Linux; Android 6.0.1; Nexus 5X Build/MMB29P) AppleWebKit/537.36 (KHTML, like Gecko) Chrome/141.0.7390.122 Mobile Safari/537.36 (compatible; Googlebot/2.1; +http://www.google.com/bot.html)"
66.249.69.104 - - [06/Nov/2025:21:15:05 +0000] "POST /wp-admin/admin-ajax.php HTTP/1.1" 200 6 "https://deenzalifestyle.com/shop/" "Mozilla/5.0 (Linux; Android 6.0.1; Nexus 5X Build/MMB29P) AppleWebKit/537.36 (KHTML, like Gecko) Chrome/141.0.7390.122 Mobile Safari/537.36 (compatible; Googlebot/2.1; +http://www.google.com/bot.html)"
204.197.172.10 - - [06/Nov/2025:21:15:05 +0000] "POST /wp-admin/admin-ajax.php?action=as_async_request_queue_runner&nonce=b0d1577967 HTTP/1.1" 200 0 "-" "WordPress/6.8.3; https://deenzalifestyle.com"
204.197.172.10 - - [06/Nov/2025:21:15:50 +0000] "POST /wp-cron.php?doing_wp_cron=1762463750.2236380577087402343750 HTTP/1.1" 200 0 "-" "WordPress/6.8.3; https://deenzalifestyle.com"
66.249.69.104 - - [06/Nov/2025:21:15:50 +0000] "GET /609819252.shtml HTTP/1.1" 404 37389 "-" "Mozilla/5.0 (compatible; Googlebot/2.1; +http://www.google.com/bot.html)"
204.197.172.10 - - [06/Nov/2025:21:23:18 +0000] "POST /wp-cron.php?doing_wp_cron=1762464198.4834730625152587890625 HTTP/1.1" 200 0 "-" "WordPress/6.8.3; https://deenzalifestyle.com"
57.141.2.8 - - [06/Nov/2025:21:23:17 +0000] "GET /product=5176868.html HTTP/2" 404 206891 "-" "meta-externalagent/1.1 (+https://developers.facebook.com/docs/sharing/webmasters/crawler)"
204.197.172.10 - - [06/Nov/2025:21:24:05 +0000] "POST /wp-cron.php?doing_wp_cron=1762464245.2966470718383789062500 HTTP/1.1" 200 0 "-" "WordPress/6.8.3; https://deenzalifestyle.com"
57.141.2.28 - - [06/Nov/2025:21:24:05 +0000] "GET /product=2521895.html HTTP/2" 404 206892 "-" "meta-externalagent/1.1 (+https://developers.facebook.com/docs/sharing/webmasters/crawler)"
204.197.172.10 - - [06/Nov/2025:21:28:50 +0000] "POST /wp-cron.php?doing_wp_cron=1762464530.6044180393218994140625 HTTP/1.1" 200 0 "-" "WordPress/6.8.3; https://deenzalifestyle.com"
66.249.69.106 - - [06/Nov/2025:21:28:49 +0000] "GET /?e=8599873370000 HTTP/1.1" 200 46805 "-" "Mozilla/5.0 (Linux; Android 6.0.1; Nexus 5X Build/MMB29P) AppleWebKit/537.36 (KHTML, like Gecko) Chrome/141.0.7390.122 Mobile Safari/537.36 (compatible; GoogleOther)"
204.197.172.10 - - [06/Nov/2025:21:28:55 +0000] "POST /wp-cron.php?doing_wp_cron=1762464535.5571420192718505859375 HTTP/1.1" 200 0 "-" "WordPress/6.8.3; https://deenzalifestyle.com"
66.249.69.104 - - [06/Nov/2025:21:28:55 +0000] "POST /wp-json/wp-statistics/v2/hit HTTP/1.1" 200 35 "https://deenzalifestyle.com/?e=8599873370000" "Mozilla/5.0 (Linux; Android 6.0.1; Nexus 5X Build/MMB29P) AppleWebKit/537.36 (KHTML, like Gecko) Chrome/141.0.7390.122 Mobile Safari/537.36 (compatible; Googlebot/2.1; +http://www.google.com/bot.html)"
66.249.69.105 - - [06/Nov/2025:21:28:56 +0000] "POST /?wc-ajax=get_refreshed_fragments HTTP/1.1" 200 1318 "https://deenzalifestyle.com/?e=8599873370000" "Mozilla/5.0 (Linux; Android 6.0.1; Nexus 5X Build/MMB29P) AppleWebKit/537.36 (KHTML, like Gecko) Chrome/141.0.7390.122 Mobile Safari/537.36 (compatible; Googlebot/2.1; +http://www.google.com/bot.html)"
57.141.2.25 - - [06/Nov/2025:21:24:35 +0000] "GET /product=4461467.html HTTP/2" 404 206892 "-" "meta-externalagent/1.1 (+https://developers.facebook.com/docs/sharing/webmasters/crawler)"
204.197.172.10 - - [06/Nov/2025:21:25:31 +0000] "POST /wp-cron.php?doing_wp_cron=1762464331.8960158824920654296875 HTTP/1.1" 200 0 "-" "WordPress/6.8.3; https://deenzalifestyle.com"
57.141.2.65 - - [06/Nov/2025:21:25:31 +0000] "GET /product=4823431.html HTTP/2" 404 206892 "-" "meta-externalagent/1.1 (+https://developers.facebook.com/docs/sharing/webmasters/crawler)"
204.197.172.10 - - [06/Nov/2025:21:25:46 +0000] "POST /wp-cron.php?doing_wp_cron=1762464346.6935629844665527343750 HTTP/1.1" 200 0 "-" "WordPress/6.8.3; https://deenzalifestyle.com"
66.249.69.104 - - [06/Nov/2025:21:25:46 +0000] "GET /?e=3699945540001 HTTP/1.1" 200 46804 "-" "Mozilla/5.0 (Linux; Android 6.0.1; Nexus 5X Build/MMB29P) AppleWebKit/537.36 (KHTML, like Gecko) Chrome/141.0.7390.122 Mobile Safari/537.36 (compatible; GoogleOther)"
57.141.2.62 - - [06/Nov/2025:21:25:48 +0000] "GET /product=2468225.html HTTP/2" 404 206892 "-" "meta-externalagent/1.1 (+https://developers.facebook.com/docs/sharing/webmasters/crawler)"
66.249.69.104 - - [06/Nov/2025:21:25:51 +0000] "POST /?wc-ajax=get_refreshed_fragments HTTP/1.1" 200 1318 "https://deenzalifestyle.com/?e=3699945540001" "Mozilla/5.0 (Linux; Android 6.0.1; Nexus 5X Build/MMB29P) AppleWebKit/537.36 (KHTML, like Gecko) Chrome/141.0.7390.122 Mobile Safari/537.36 (compatible; Googlebot/2.1; +http://www.google.com/bot.html)"
66.249.69.104 - - [06/Nov/2025:21:25:53 +0000] "POST /wp-json/wp-statistics/v2/hit HTTP/1.1" 200 35 "https://deenzalifestyle.com/?e=3699945540001" "Mozilla/5.0 (Linux; Android 6.0.1; Nexus 5X Build/MMB29P) AppleWebKit/537.36 (KHTML, like Gecko) Chrome/141.0.7390.122 Mobile Safari/537.36 (compatible; Googlebot/2.1; +http://www.google.com/bot.html)"
204.197.172.10 - - [06/Nov/2025:21:30:36 +0000] "POST /wp-cron.php?doing_wp_cron=1762464636.2655000686645507812500 HTTP/1.1" 200 0 "-" "WordPress/6.8.3; https://deenzalifestyle.com"
66.249.69.104 - - [06/Nov/2025:21:30:35 +0000] "GET /product=3192706.html HTTP/1.1" 404 37389 "-" "Mozilla/5.0 (compatible; Googlebot/2.1; +http://www.google.com/bot.html)"
142.93.156.145 - - [06/Nov/2025:21:30:46 +0000] "GET / HTTP/1.1" 401 53 "-" "Mozilla/5.0 (X11; Linux x86_64) AppleWebKit/537.36 (KHTML, like Gecko) Chrome/139.0.0.0 Safari/537.36"
142.93.156.145 - - [06/Nov/2025:21:30:48 +0000] "GET /favicon.ico HTTP/1.1" 401 53 "https://webdisk.deenzalifestyle.com/" "Mozilla/5.0 (X11; Linux x86_64) AppleWebKit/537.36 (KHTML, like Gecko) Chrome/139.0.0.0 Safari/537.36"
204.197.172.10 - - [06/Nov/2025:21:31:02 +0000] "POST /wp-cron.php?doing_wp_cron=1762464662.3043808937072753906250 HTTP/1.1" 200 0 "-" "WordPress/6.8.3; https://deenzalifestyle.com"
66.249.69.106 - - [06/Nov/2025:21:31:02 +0000] "GET /product=4039298.html HTTP/1.1" 404 37389 "-" "Mozilla/5.0 (compatible; Googlebot/2.1; +http://www.google.com/bot.html)"
66.220.149.114 - - [06/Nov/2025:21:31:25 +0000] "GET /robots.txt HTTP/2" 200 322 "-" "facebookexternalhit/1.1 (+http://www.facebook.com/externalhit_uatext.php)"
66.220.149.9 - - [06/Nov/2025:21:31:26 +0000] "GET /wp-sitemap.xml HTTP/1.1" 200 292 "-" "facebookexternalhit/1.1 (+http://www.facebook.com/externalhit_uatext.php)"
173.252.83.116 - - [06/Nov/2025:21:31:27 +0000] "GET /wp-sitemap-posts-post-1.xml HTTP/1.1" 200 514 "-" "facebookexternalhit/1.1 (+http://www.facebook.com/externalhit_uatext.php)"
31.13.127.10 - - [06/Nov/2025:21:31:29 +0000] "GET /wp-sitemap-posts-page-1.xml HTTP/1.1" 200 351 "-" "facebookexternalhit/1.1 (+http://www.facebook.com/externalhit_uatext.php)"
69.171.230.116 - - [06/Nov/2025:21:31:31 +0000] "GET /wp-sitemap-posts-product-1.xml HTTP/1.1" 200 637 "-" "facebookexternalhit/1.1 (+http://www.facebook.com/externalhit_uatext.php)"
31.13.127.32 - - [06/Nov/2025:21:31:32 +0000] "GET /wp-sitemap-posts-woolentor-template-1.xml HTTP/1.1" 200 241 "-" "facebookexternalhit/1.1 (+http://www.facebook.com/externalhit_uatext.php)"
173.252.83.5 - - [06/Nov/2025:21:31:35 +0000] "GET /wp-sitemap-posts-elementor-hf-1.xml HTTP/1.1" 200 241 "-" "facebookexternalhit/1.1 (+http://www.facebook.com/externalhit_uatext.php)"
31.13.115.7 - - [06/Nov/2025:21:31:37 +0000] "GET /wp-sitemap-posts-cartflows_step-1.xml HTTP/1.1" 200 340 "-" "facebookexternalhit/1.1 (+http://www.facebook.com/externalhit_uatext.php)"
173.252.83.116 - - [06/Nov/2025:21:31:39 +0000] "GET /wp-sitemap-taxonomies-category-1.xml HTTP/1.1" 200 196 "-" "facebookexternalhit/1.1 (+http://www.facebook.com/externalhit_uatext.php)"
204.197.172.10 - - [06/Nov/2025:21:31:41 +0000] "POST /wp-cron.php?doing_wp_cron=1762464701.0546491146087646484375 HTTP/1.1" 200 0 "-" "WordPress/6.8.3; https://deenzalifestyle.com"
31.13.115.9 - - [06/Nov/2025:21:31:40 +0000] "GET /wp-sitemap-taxonomies-post_tag-1.xml HTTP/1.1" 200 271 "-" "facebookexternalhit/1.1 (+http://www.facebook.com/externalhit_uatext.php)"
173.252.95.114 - - [06/Nov/2025:21:31:43 +0000] "GET /wp-sitemap-taxonomies-product_cat-1.xml HTTP/1.1" 200 361 "-" "facebookexternalhit/1.1 (+http://www.facebook.com/externalhit_uatext.php)"
173.252.87.4 - - [06/Nov/2025:21:31:44 +0000] "GET /wp-sitemap-taxonomies-product_tag-1.xml HTTP/1.1" 200 389 "-" "facebookexternalhit/1.1 (+http://www.facebook.com/externalhit_uatext.php)"
173.252.95.113 - - [06/Nov/2025:21:31:46 +0000] "GET /wp-sitemap-users-1.xml HTTP/1.1" 200 198 "-" "facebookexternalhit/1.1 (+http://www.facebook.com/externalhit_uatext.php)"
204.197.172.10 - - [06/Nov/2025:21:32:00 +0000] "POST /wp-cron.php?doing_wp_cron=1762464720.9787700176239013671875 HTTP/1.1" 200 0 "-" "WordPress/6.8.3; https://deenzalifestyle.com"
57.141.2.62 - - [06/Nov/2025:21:32:00 +0000] "GET /product=3054111.html HTTP/2" 404 206892 "-" "meta-externalagent/1.1 (+https://developers.facebook.com/docs/sharing/webmasters/crawler)"
204.197.172.10 - - [06/Nov/2025:21:32:48 +0000] "POST /wp-cron.php?doing_wp_cron=1762464768.3856298923492431640625 HTTP/1.1" 200 0 "-" "WordPress/6.8.3; https://deenzalifestyle.com"
66.249.69.105 - - [06/Nov/2025:21:32:48 +0000] "GET /?product=5095406.html HTTP/1.1" 404 37389 "-" "Mozilla/5.0 (compatible; Googlebot/2.1; +http://www.google.com/bot.html)"
204.197.172.10 - - [06/Nov/2025:21:36:20 +0000] "POST /wp-cron.php?doing_wp_cron=1762464980.4713459014892578125000 HTTP/1.1" 200 0 "-" "WordPress/6.8.3; https://deenzalifestyle.com"
66.249.77.100 - - [06/Nov/2025:21:36:19 +0000] "GET /product=5239886.html HTTP/1.1" 404 37440 "-" "Mozilla/5.0 (Linux; Android 6.0.1; Nexus 5X Build/MMB29P) AppleWebKit/537.36 (KHTML, like Gecko) Chrome/141.0.7390.122 Mobile Safari/537.36 (compatible; Googlebot/2.1; +http://www.google.com/bot.html)"
204.197.172.10 - - [06/Nov/2025:21:36:55 +0000] "POST /wp-cron.php?doing_wp_cron=1762465015.2427129745483398437500 HTTP/1.1" 200 0 "-" "WordPress/6.8.3; https://deenzalifestyle.com"
66.249.77.101 - - [06/Nov/2025:21:36:55 +0000] "GET /product=5296474.html HTTP/1.1" 404 37437 "-" "Mozilla/5.0 (Linux; Android 6.0.1; Nexus 5X Build/MMB29P) AppleWebKit/537.36 (KHTML, like Gecko) Chrome/141.0.7390.122 Mobile Safari/537.36 (compatible; Googlebot/2.1; +http://www.google.com/bot.html)"
204.197.172.10 - - [06/Nov/2025:21:37:52 +0000] "POST /wp-cron.php?doing_wp_cron=1762465072.2699820995330810546875 HTTP/1.1" 200 0 "-" "WordPress/6.8.3; https://deenzalifestyle.com"
66.249.77.100 - - [06/Nov/2025:21:37:52 +0000] "GET /product=4444436.html HTTP/1.1" 404 37440 "-" "Mozilla/5.0 (Linux; Android 6.0.1; Nexus 5X Build/MMB29P) AppleWebKit/537.36 (KHTML, like Gecko) Chrome/141.0.7390.122 Mobile Safari/537.36 (compatible; Googlebot/2.1; +http://www.google.com/bot.html)"
204.197.172.10 - - [06/Nov/2025:21:38:09 +0000] "POST /wp-cron.php?doing_wp_cron=1762465089.6326379776000976562500 HTTP/1.1" 200 0 "-" "WordPress/6.8.3; https://deenzalifestyle.com"
66.249.77.101 - - [06/Nov/2025:21:38:09 +0000] "GET /412438116.shtml HTTP/1.1" 404 37389 "-" "Mozilla/5.0 (compatible; Googlebot/2.1; +http://www.google.com/bot.html)"
204.197.172.10 - - [06/Nov/2025:21:39:05 +0000] "POST /wp-cron.php?doing_wp_cron=1762465145.4721748828887939453125 HTTP/1.1" 200 0 "-" "WordPress/6.8.3; https://deenzalifestyle.com"
57.141.2.9 - - [06/Nov/2025:21:39:05 +0000] "GET /product=3420641.html HTTP/2" 404 206891 "-" "meta-externalagent/1.1 (+https://developers.facebook.com/docs/sharing/webmasters/crawler)"
66.249.77.102 - - [06/Nov/2025:21:39:35 +0000] "GET /product=3747138.html HTTP/1.1" 404 37440 "-" "Mozilla/5.0 (Linux; Android 6.0.1; Nexus 5X Build/MMB29P) AppleWebKit/537.36 (KHTML, like Gecko) Chrome/141.0.7390.122 Mobile Safari/537.36 (compatible; Googlebot/2.1; +http://www.google.com/bot.html)"
204.197.172.10 - - [06/Nov/2025:21:39:57 +0000] "POST /wp-cron.php?doing_wp_cron=1762465197.6975290775299072265625 HTTP/1.1" 200 0 "-" "WordPress/6.8.3; https://deenzalifestyle.com"
66.249.77.101 - - [06/Nov/2025:21:39:57 +0000] "GET /sitemap-7.xml HTTP/1.1" 404 37388 "-" "Mozilla/5.0 (compatible; Googlebot/2.1; +http://www.google.com/bot.html)"
57.141.2.34 - - [06/Nov/2025:21:40:02 +0000] "GET /product=5313657.html HTTP/2" 404 206892 "-" "meta-externalagent/1.1 (+https://developers.facebook.com/docs/sharing/webmasters/crawler)"
204.197.172.10 - - [06/Nov/2025:21:41:06 +0000] "POST /wp-cron.php?doing_wp_cron=1762465266.3483009338378906250000 HTTP/1.1" 200 0 "-" "WordPress/6.8.3; https://deenzalifestyle.com"
57.141.2.67 - - [06/Nov/2025:21:41:06 +0000] "GET /product=5565204.html HTTP/2" 404 206892 "-" "meta-externalagent/1.1 (+https://developers.facebook.com/docs/sharing/webmasters/crawler)"
204.197.172.10 - - [06/Nov/2025:21:42:10 +0000] "POST /wp-cron.php?doing_wp_cron=1762465330.7642281055450439453125 HTTP/1.1" 200 0 "-" "WordPress/6.8.3; https://deenzalifestyle.com"
57.141.2.12 - - [06/Nov/2025:21:42:10 +0000] "GET /product=5010096.html HTTP/2" 404 206892 "-" "meta-externalagent/1.1 (+https://developers.facebook.com/docs/sharing/webmasters/crawler)"
57.141.2.17 - - [06/Nov/2025:21:42:16 +0000] "GET /product=3425180.html HTTP/2" 404 206892 "-" "meta-externalagent/1.1 (+https://developers.facebook.com/docs/sharing/webmasters/crawler)"
57.141.2.26 - - [06/Nov/2025:21:42:33 +0000] "GET /product=2348052.html HTTP/2" 404 206892 "-" "meta-externalagent/1.1 (+https://developers.facebook.com/docs/sharing/webmasters/crawler)"
204.197.172.10 - - [06/Nov/2025:21:42:58 +0000] "POST /wp-cron.php?doing_wp_cron=1762465378.6693079471588134765625 HTTP/1.1" 200 0 "-" "WordPress/6.8.3; https://deenzalifestyle.com"
57.141.2.23 - - [06/Nov/2025:21:42:58 +0000] "GET /product=3427794.html HTTP/2" 404 206892 "-" "meta-externalagent/1.1 (+https://developers.facebook.com/docs/sharing/webmasters/crawler)"
204.197.172.10 - - [06/Nov/2025:21:43:42 +0000] "POST /wp-cron.php?doing_wp_cron=1762465422.7113769054412841796875 HTTP/1.1" 200 0 "-" "WordPress/6.8.3; https://deenzalifestyle.com"
204.197.172.10 - - [06/Nov/2025:21:43:42 +0000] "POST /wp-cron.php?doing_wp_cron=1762465422.7431049346923828125000 HTTP/1.1" 200 0 "-" "WordPress/6.8.3; https://deenzalifestyle.com"
57.141.2.81 - - [06/Nov/2025:21:43:42 +0000] "GET /product=2156705.html HTTP/2" 404 206892 "-" "meta-externalagent/1.1 (+https://developers.facebook.com/docs/sharing/webmasters/crawler)"
204.197.172.10 - - [06/Nov/2025:21:45:24 +0000] "POST /wp-cron.php?doing_wp_cron=1762465524.3379349708557128906250 HTTP/1.1" 200 0 "-" "WordPress/6.8.3; https://deenzalifestyle.com"
173.252.95.3 - - [06/Nov/2025:21:45:23 +0000] "GET /step/%E0%A6%9C%E0%A6%BE%E0%A6%B9%E0%A6%BE%E0%A6%B0%E0%A6%BE-%E0%A6%AB%E0%A7%81%E0%A6%B2-%E0%A6%B8%E0%A7%87%E0%A6%9F/ HTTP/2" 200 50569 "-" "Mozilla/5.0 (iPhone; CPU iPhone OS 13_2_3 like Mac OS X) AppleWebKit/605.1.15 (KHTML, like Gecko) Version/13.0.3 Mobile/15E148 Safari/604.1 (compatible; meta-externalads/1.1 (+https://developers.facebook.com/docs/sharing/webmasters/crawler))"
173.252.95.3 - - [06/Nov/2025:21:45:24 +0000] "GET /wp-content/plugins/header-footer-elementor/inc/widgets-css/frontend.css?ver=2.6.1 HTTP/2" 200 8270 "https://deenzalifestyle.com/step/%E0%A6%9C%E0%A6%BE%E0%A6%B9%E0%A6%BE%E0%A6%B0%E0%A6%BE-%E0%A6%AB%E0%A7%81%E0%A6%B2-%E0%A6%B8%E0%A7%87%E0%A6%9F/" "Mozilla/5.0 (iPhone; CPU iPhone OS 13_2_3 like Mac OS X) AppleWebKit/605.1.15 (KHTML, like Gecko) Version/13.0.3 Mobile/15E148 Safari/604.1 (compatible; meta-externalads/1.1 (+https://developers.facebook.com/docs/sharing/webmasters/crawler))"
173.252.95.3 - - [06/Nov/2025:21:45:24 +0000] "GET /wp-content/plugins/th-advance-product-search/build/style-th-advance-product-search.css?ver=1757999558 HTTP/2" 200 556 "https://deenzalifestyle.com/step/%E0%A6%9C%E0%A6%BE%E0%A6%B9%E0%A6%BE%E0%A6%B0%E0%A6%BE-%E0%A6%AB%E0%A7%81%E0%A6%B2-%E0%A6%B8%E0%A7%87%E0%A6%9F/" "Mozilla/5.0 (iPhone; CPU iPhone OS 13_2_3 like Mac OS X) AppleWebKit/605.1.15 (KHTML, like Gecko) Version/13.0.3 Mobile/15E148 Safari/604.1 (compatible; meta-externalads/1.1 (+https://developers.facebook.com/docs/sharing/webmasters/crawler))"
173.252.95.3 - - [06/Nov/2025:21:45:24 +0000] "GET /wp-content/plugins/woo-conditional-product-fees-for-checkout/admin/css/font-awesome.min.css?ver=4.3.2 HTTP/2" 200 6281 "https://deenzalifestyle.com/step/%E0%A6%9C%E0%A6%BE%E0%A6%B9%E0%A6%BE%E0%A6%B0%E0%A6%BE-%E0%A6%AB%E0%A7%81%E0%A6%B2-%E0%A6%B8%E0%A7%87%E0%A6%9F/" "Mozilla/5.0 (iPhone; CPU iPhone OS 13_2_3 like Mac OS X) AppleWebKit/605.1.15 (KHTML, like Gecko) Version/13.0.3 Mobile/15E148 Safari/604.1 (compatible; meta-externalads/1.1 (+https://developers.facebook.com/docs/sharing/webmasters/crawler))"
173.252.95.3 - - [06/Nov/2025:21:45:24 +0000] "GET /wp-content/plugins/th-advance-product-search/th-icon/style.css?ver=6.8.3 HTTP/2" 200 953 "https://deenzalifestyle.com/step/%E0%A6%9C%E0%A6%BE%E0%A6%B9%E0%A6%BE%E0%A6%B0%E0%A6%BE-%E0%A6%AB%E0%A7%81%E0%A6%B2-%E0%A6%B8%E0%A7%87%E0%A6%9F/" "Mozilla/5.0 (iPhone; CPU iPhone OS 13_2_3 like Mac OS X) AppleWebKit/605.1.15 (KHTML, like Gecko) Version/13.0.3 Mobile/15E148 Safari/604.1 (compatible; meta-externalads/1.1 (+https://developers.facebook.com/docs/sharing/webmasters/crawler))"
173.252.95.3 - - [06/Nov/2025:21:45:24 +0000] "GET /wp-content/plugins/header-footer-elementor/inc/widgets-css/woo-products.css?ver=2.6.1 HTTP/2" 200 987 "https://deenzalifestyle.com/step/%E0%A6%9C%E0%A6%BE%E0%A6%B9%E0%A6%BE%E0%A6%B0%E0%A6%BE-%E0%A6%AB%E0%A7%81%E0%A6%B2-%E0%A6%B8%E0%A7%87%E0%A6%9F/" "Mozilla/5.0 (iPhone; CPU iPhone OS 13_2_3 like Mac OS X) AppleWebKit/605.1.15 (KHTML, like Gecko) Version/13.0.3 Mobile/15E148 Safari/604.1 (compatible; meta-externalads/1.1 (+https://developers.facebook.com/docs/sharing/webmasters/crawler))"
173.252.95.3 - - [06/Nov/2025:21:45:24 +0000] "GET /wp-content/plugins/wp-bottom-menu/assets/css/style.css?ver=2.2.4 HTTP/2" 200 939 "https://deenzalifestyle.com/step/%E0%A6%9C%E0%A6%BE%E0%A6%B9%E0%A6%BE%E0%A6%B0%E0%A6%BE-%E0%A6%AB%E0%A7%81%E0%A6%B2-%E0%A6%B8%E0%A7%87%E0%A6%9F/" "Mozilla/5.0 (iPhone; CPU iPhone OS 13_2_3 like Mac OS X) AppleWebKit/605.1.15 (KHTML, like Gecko) Version/13.0.3 Mobile/15E148 Safari/604.1 (compatible; meta-externalads/1.1 (+https://developers.facebook.com/docs/sharing/webmasters/crawler))"
173.252.95.3 - - [06/Nov/2025:21:45:24 +0000] "GET /wp-content/plugins/woolentor-addons/woolentor-blocks/assets/css/style-index.css?ver=3.2.5 HTTP/2" 200 3111 "https://deenzalifestyle.com/step/%E0%A6%9C%E0%A6%BE%E0%A6%B9%E0%A6%BE%E0%A6%B0%E0%A6%BE-%E0%A6%AB%E0%A7%81%E0%A6%B2-%E0%A6%B8%E0%A7%87%E0%A6%9F/" "Mozilla/5.0 (iPhone; CPU iPhone OS 13_2_3 like Mac OS X) AppleWebKit/605.1.15 (KHTML, like Gecko) Version/13.0.3 Mobile/15E148 Safari/604.1 (compatible; meta-externalads/1.1 (+https://developers.facebook.com/docs/sharing/webmasters/crawler))"
173.252.95.3 - - [06/Nov/2025:21:45:24 +0000] "GET /wp-content/plugins/woocommerce/assets/css/woocommerce.css?ver=10.3.3 HTTP/2" 200 10314 "https://deenzalifestyle.com/step/%E0%A6%9C%E0%A6%BE%E0%A6%B9%E0%A6%BE%E0%A6%B0%E0%A6%BE-%E0%A6%AB%E0%A7%81%E0%A6%B2-%E0%A6%B8%E0%A7%87%E0%A6%9F/" "Mozilla/5.0 (iPhone; CPU iPhone OS 13_2_3 like Mac OS X) AppleWebKit/605.1.15 (KHTML, like Gecko) Version/13.0.3 Mobile/15E148 Safari/604.1 (compatible; meta-externalads/1.1 (+https://developers.facebook.com/docs/sharing/webmasters/crawler))"
173.252.95.3 - - [06/Nov/2025:21:45:24 +0000] "GET /wp-content/plugins/bkash/css/style.css?ver=6.8.3 HTTP/2" 200 171 "https://deenzalifestyle.com/step/%E0%A6%9C%E0%A6%BE%E0%A6%B9%E0%A6%BE%E0%A6%B0%E0%A6%BE-%E0%A6%AB%E0%A7%81%E0%A6%B2-%E0%A6%B8%E0%A7%87%E0%A6%9F/" "Mozilla/5.0 (iPhone; CPU iPhone OS 13_2_3 like Mac OS X) AppleWebKit/605.1.15 (KHTML, like Gecko) Version/13.0.3 Mobile/15E148 Safari/604.1 (compatible; meta-externalads/1.1 (+https://developers.facebook.com/docs/sharing/webmasters/crawler))"
173.252.95.3 - - [06/Nov/2025:21:45:24 +0000] "GET /wp-content/plugins/woocommerce/assets/css/woocommerce-layout.css?ver=10.3.3 HTTP/2" 200 3160 "https://deenzalifestyle.com/step/%E0%A6%9C%E0%A6%BE%E0%A6%B9%E0%A6%BE%E0%A6%B0%E0%A6%BE-%E0%A6%AB%E0%A7%81%E0%A6%B2-%E0%A6%B8%E0%A7%87%E0%A6%9F/" "Mozilla/5.0 (iPhone; CPU iPhone OS 13_2_3 like Mac OS X) AppleWebKit/605.1.15 (KHTML, like Gecko) Version/13.0.3 Mobile/15E148 Safari/604.1 (compatible; meta-externalads/1.1 (+https://developers.facebook.com/docs/sharing/webmasters/crawler))"
173.252.95.3 - - [06/Nov/2025:21:45:24 +0000] "GET /wp-content/plugins/woocommerce/assets/css/woocommerce-smallscreen.css?ver=10.3.3 HTTP/2" 200 1165 "https://deenzalifestyle.com/step/%E0%A6%9C%E0%A6%BE%E0%A6%B9%E0%A6%BE%E0%A6%B0%E0%A6%BE-%E0%A6%AB%E0%A7%81%E0%A6%B2-%E0%A6%B8%E0%A7%87%E0%A6%9F/" "Mozilla/5.0 (iPhone; CPU iPhone OS 13_2_3 like Mac OS X) AppleWebKit/605.1.15 (KHTML, like Gecko) Version/13.0.3 Mobile/15E148 Safari/604.1 (compatible; meta-externalads/1.1 (+https://developers.facebook.com/docs/sharing/webmasters/crawler))"
173.252.95.3 - - [06/Nov/2025:21:45:24 +0000] "GET /wp-content/plugins/cartflows/modules/gutenberg/build/style-blocks.css?ver=2.1.16 HTTP/2" 200 295 "https://deenzalifestyle.com/step/%E0%A6%9C%E0%A6%BE%E0%A6%B9%E0%A6%BE%E0%A6%B0%E0%A6%BE-%E0%A6%AB%E0%A7%81%E0%A6%B2-%E0%A6%B8%E0%A7%87%E0%A6%9F/" "Mozilla/5.0 (iPhone; CPU iPhone OS 13_2_3 like Mac OS X) AppleWebKit/605.1.15 (KHTML, like Gecko) Version/13.0.3 Mobile/15E148 Safari/604.1 (compatible; meta-externalads/1.1 (+https://developers.facebook.com/docs/sharing/webmasters/crawler))"
173.252.95.3 - - [06/Nov/2025:21:45:24 +0000] "GET /wp-content/plugins/elementor/assets/css/frontend.min.css?ver=3.32.5 HTTP/2" 200 6537 "https://deenzalifestyle.com/step/%E0%A6%9C%E0%A6%BE%E0%A6%B9%E0%A6%BE%E0%A6%B0%E0%A6%BE-%E0%A6%AB%E0%A7%81%E0%A6%B2-%E0%A6%B8%E0%A7%87%E0%A6%9F/" "Mozilla/5.0 (iPhone; CPU iPhone OS 13_2_3 like Mac OS X) AppleWebKit/605.1.15 (KHTML, like Gecko) Version/13.0.3 Mobile/15E148 Safari/604.1 (compatible; meta-externalads/1.1 (+https://developers.facebook.com/docs/sharing/webmasters/crawler))"
173.252.95.3 - - [06/Nov/2025:21:45:24 +0000] "GET /wp-content/uploads/elementor/css/post-6.css?ver=1762334317 HTTP/2" 200 380 "https://deenzalifestyle.com/step/%E0%A6%9C%E0%A6%BE%E0%A6%B9%E0%A6%BE%E0%A6%B0%E0%A6%BE-%E0%A6%AB%E0%A7%81%E0%A6%B2-%E0%A6%B8%E0%A7%87%E0%A6%9F/" "Mozilla/5.0 (iPhone; CPU iPhone OS 13_2_3 like Mac OS X) AppleWebKit/605.1.15 (KHTML, like Gecko) Version/13.0.3 Mobile/15E148 Safari/604.1 (compatible; meta-externalads/1.1 (+https://developers.facebook.com/docs/sharing/webmasters/crawler))"
173.252.95.3 - - [06/Nov/2025:21:45:24 +0000] "GET /wp-content/plugins/woolentor-addons/woolentor-blocks/assets/css/common-style.css?ver=3.2.5 HTTP/2" 200 591 "https://deenzalifestyle.com/step/%E0%A6%9C%E0%A6%BE%E0%A6%B9%E0%A6%BE%E0%A6%B0%E0%A6%BE-%E0%A6%AB%E0%A7%81%E0%A6%B2-%E0%A6%B8%E0%A7%87%E0%A6%9F/" "Mozilla/5.0 (iPhone; CPU iPhone OS 13_2_3 like Mac OS X) AppleWebKit/605.1.15 (KHTML, like Gecko) Version/13.0.3 Mobile/15E148 Safari/604.1 (compatible; meta-externalads/1.1 (+https://developers.facebook.com/docs/sharing/webmasters/crawler))"
173.252.95.3 - - [06/Nov/2025:21:45:24 +0000] "GET /wp-content/plugins/elementor/assets/css/widget-image.min.css?ver=3.32.5 HTTP/2" 200 119 "https://deenzalifestyle.com/step/%E0%A6%9C%E0%A6%BE%E0%A6%B9%E0%A6%BE%E0%A6%B0%E0%A6%BE-%E0%A6%AB%E0%A7%81%E0%A6%B2-%E0%A6%B8%E0%A7%87%E0%A6%9F/" "Mozilla/5.0 (iPhone; CPU iPhone OS 13_2_3 like Mac OS X) AppleWebKit/605.1.15 (KHTML, like Gecko) Version/13.0.3 Mobile/15E148 Safari/604.1 (compatible; meta-externalads/1.1 (+https://developers.facebook.com/docs/sharing/webmasters/crawler))"
