173.252.87.26 - - [07/Nov/2025:00:32:00 +0000] "GET /wp-content/plugins/woocommerce/assets/js/frontend/single-product.min.js?ver=10.3.3 HTTP/2" 200 2677 "https://deenzalifestyle.com/2025/09/23/%E0%A6%B9%E0%A6%BF%E0%A6%A6%E0%A6%BE%E0%A6%AF%E0%A6%BC%E0%A6%BE-%E0%A6%AB%E0%A7%81%E0%A6%B2-%E0%A6%B8%E0%A7%87%E0%A6%9F-%E0%A6%86%E0%A6%A7%E0%A7%81%E0%A6%A8%E0%A6%BF%E0%A6%95-%E0%A6%AE%E0%A7%81/" "meta-externalads/1.1 (+https://developers.facebook.com/docs/sharing/webmasters/crawler)"
173.252.87.26 - - [07/Nov/2025:00:32:00 +0000] "GET /wp-content/plugins/woocommerce/assets/js/sourcebuster/sourcebuster.min.js?ver=10.3.3 HTTP/2" 200 4609 "https://deenzalifestyle.com/2025/09/23/%E0%A6%B9%E0%A6%BF%E0%A6%A6%E0%A6%BE%E0%A6%AF%E0%A6%BC%E0%A6%BE-%E0%A6%AB%E0%A7%81%E0%A6%B2-%E0%A6%B8%E0%A7%87%E0%A6%9F-%E0%A6%86%E0%A6%A7%E0%A7%81%E0%A6%A8%E0%A6%BF%E0%A6%95-%E0%A6%AE%E0%A7%81/" "meta-externalads/1.1 (+https://developers.facebook.com/docs/sharing/webmasters/crawler)"
173.252.87.26 - - [07/Nov/2025:00:32:00 +0000] "GET /wp-content/plugins/woo-variation-swatches/assets/js/frontend.min.js?ver=1757953354 HTTP/2" 200 4557 "https://deenzalifestyle.com/2025/09/23/%E0%A6%B9%E0%A6%BF%E0%A6%A6%E0%A6%BE%E0%A6%AF%E0%A6%BC%E0%A6%BE-%E0%A6%AB%E0%A7%81%E0%A6%B2-%E0%A6%B8%E0%A7%87%E0%A6%9F-%E0%A6%86%E0%A6%A7%E0%A7%81%E0%A6%A8%E0%A6%BF%E0%A6%95-%E0%A6%AE%E0%A7%81/" "meta-externalads/1.1 (+https://developers.facebook.com/docs/sharing/webmasters/crawler)"
173.252.87.26 - - [07/Nov/2025:00:32:00 +0000] "GET /wp-content/plugins/woocommerce/assets/js/frontend/order-attribution.min.js?ver=10.3.3 HTTP/2" 200 998 "https://deenzalifestyle.com/2025/09/23/%E0%A6%B9%E0%A6%BF%E0%A6%A6%E0%A6%BE%E0%A6%AF%E0%A6%BC%E0%A6%BE-%E0%A6%AB%E0%A7%81%E0%A6%B2-%E0%A6%B8%E0%A7%87%E0%A6%9F-%E0%A6%86%E0%A6%A7%E0%A7%81%E0%A6%A8%E0%A6%BF%E0%A6%95-%E0%A6%AE%E0%A7%81/" "meta-externalads/1.1 (+https://developers.facebook.com/docs/sharing/webmasters/crawler)"
173.252.87.26 - - [07/Nov/2025:00:32:00 +0000] "GET /wp-content/plugins/elementor/assets/js/frontend-modules.min.js?ver=3.32.5 HTTP/2" 200 17961 "https://deenzalifestyle.com/2025/09/23/%E0%A6%B9%E0%A6%BF%E0%A6%A6%E0%A6%BE%E0%A6%AF%E0%A6%BC%E0%A6%BE-%E0%A6%AB%E0%A7%81%E0%A6%B2-%E0%A6%B8%E0%A7%87%E0%A6%9F-%E0%A6%86%E0%A6%A7%E0%A7%81%E0%A6%A8%E0%A6%BF%E0%A6%95-%E0%A6%AE%E0%A7%81/" "meta-externalads/1.1 (+https://developers.facebook.com/docs/sharing/webmasters/crawler)"
173.252.87.26 - - [07/Nov/2025:00:32:00 +0000] "GET /wp-content/plugins/elementor/assets/js/webpack.runtime.min.js?ver=3.32.5 HTTP/2" 200 2321 "https://deenzalifestyle.com/2025/09/23/%E0%A6%B9%E0%A6%BF%E0%A6%A6%E0%A6%BE%E0%A6%AF%E0%A6%BC%E0%A6%BE-%E0%A6%AB%E0%A7%81%E0%A6%B2-%E0%A6%B8%E0%A7%87%E0%A6%9F-%E0%A6%86%E0%A6%A7%E0%A7%81%E0%A6%A8%E0%A6%BF%E0%A6%95-%E0%A6%AE%E0%A7%81/" "meta-externalads/1.1 (+https://developers.facebook.com/docs/sharing/webmasters/crawler)"
173.252.87.26 - - [07/Nov/2025:00:32:00 +0000] "GET /wp-content/plugins/woocommerce/assets/js/frontend/add-to-cart.min.js?ver=10.3.3 HTTP/2" 200 1225 "https://deenzalifestyle.com/2025/09/23/%E0%A6%B9%E0%A6%BF%E0%A6%A6%E0%A6%BE%E0%A6%AF%E0%A6%BC%E0%A6%BE-%E0%A6%AB%E0%A7%81%E0%A6%B2-%E0%A6%B8%E0%A7%87%E0%A6%9F-%E0%A6%86%E0%A6%A7%E0%A7%81%E0%A6%A8%E0%A6%BF%E0%A6%95-%E0%A6%AE%E0%A7%81/" "meta-externalads/1.1 (+https://developers.facebook.com/docs/sharing/webmasters/crawler)"
173.252.87.26 - - [07/Nov/2025:00:32:00 +0000] "GET /wp-content/plugins/header-footer-elementor/inc/js/frontend.js?ver=2.6.1 HTTP/2" 200 4642 "https://deenzalifestyle.com/2025/09/23/%E0%A6%B9%E0%A6%BF%E0%A6%A6%E0%A6%BE%E0%A6%AF%E0%A6%BC%E0%A6%BE-%E0%A6%AB%E0%A7%81%E0%A6%B2-%E0%A6%B8%E0%A7%87%E0%A6%9F-%E0%A6%86%E0%A6%A7%E0%A7%81%E0%A6%A8%E0%A6%BF%E0%A6%95-%E0%A6%AE%E0%A7%81/" "meta-externalads/1.1 (+https://developers.facebook.com/docs/sharing/webmasters/crawler)"
173.252.87.26 - - [07/Nov/2025:00:32:00 +0000] "GET /wp-content/plugins/elementor-pro/assets/js/webpack-pro.runtime.min.js?ver=3.31.2 HTTP/2" 200 2621 "https://deenzalifestyle.com/2025/09/23/%E0%A6%B9%E0%A6%BF%E0%A6%A6%E0%A6%BE%E0%A6%AF%E0%A6%BC%E0%A6%BE-%E0%A6%AB%E0%A7%81%E0%A6%B2-%E0%A6%B8%E0%A7%87%E0%A6%9F-%E0%A6%86%E0%A6%A7%E0%A7%81%E0%A6%A8%E0%A6%BF%E0%A6%95-%E0%A6%AE%E0%A7%81/" "meta-externalads/1.1 (+https://developers.facebook.com/docs/sharing/webmasters/crawler)"
173.252.87.26 - - [07/Nov/2025:00:32:00 +0000] "GET /wp-includes/js/jquery/ui/core.min.js?ver=1.13.3 HTTP/2" 200 6812 "https://deenzalifestyle.com/2025/09/23/%E0%A6%B9%E0%A6%BF%E0%A6%A6%E0%A6%BE%E0%A6%AF%E0%A6%BC%E0%A6%BE-%E0%A6%AB%E0%A7%81%E0%A6%B2-%E0%A6%B8%E0%A7%87%E0%A6%9F-%E0%A6%86%E0%A6%A7%E0%A7%81%E0%A6%A8%E0%A6%BF%E0%A6%95-%E0%A6%AE%E0%A7%81/" "meta-externalads/1.1 (+https://developers.facebook.com/docs/sharing/webmasters/crawler)"
173.252.87.26 - - [07/Nov/2025:00:32:00 +0000] "GET /wp-content/plugins/elementor/assets/js/frontend.min.js?ver=3.32.5 HTTP/2" 200 10164 "https://deenzalifestyle.com/2025/09/23/%E0%A6%B9%E0%A6%BF%E0%A6%A6%E0%A6%BE%E0%A6%AF%E0%A6%BC%E0%A6%BE-%E0%A6%AB%E0%A7%81%E0%A6%B2-%E0%A6%B8%E0%A7%87%E0%A6%9F-%E0%A6%86%E0%A6%A7%E0%A7%81%E0%A6%A8%E0%A6%BF%E0%A6%95-%E0%A6%AE%E0%A7%81/" "meta-externalads/1.1 (+https://developers.facebook.com/docs/sharing/webmasters/crawler)"
173.252.87.26 - - [07/Nov/2025:00:32:00 +0000] "GET /wp-content/plugins/elementor-pro/assets/js/frontend.min.js?ver=3.31.2 HTTP/2" 200 6281 "https://deenzalifestyle.com/2025/09/23/%E0%A6%B9%E0%A6%BF%E0%A6%A6%E0%A6%BE%E0%A6%AF%E0%A6%BC%E0%A6%BE-%E0%A6%AB%E0%A7%81%E0%A6%B2-%E0%A6%B8%E0%A7%87%E0%A6%9F-%E0%A6%86%E0%A6%A7%E0%A7%81%E0%A6%A8%E0%A6%BF%E0%A6%95-%E0%A6%AE%E0%A7%81/" "meta-externalads/1.1 (+https://developers.facebook.com/docs/sharing/webmasters/crawler)"
173.252.87.26 - - [07/Nov/2025:00:32:00 +0000] "GET /wp-content/plugins/woocommerce/assets/js/frontend/woocommerce.min.js?ver=10.3.3 HTTP/2" 200 1275 "https://deenzalifestyle.com/2025/09/23/%E0%A6%B9%E0%A6%BF%E0%A6%A6%E0%A6%BE%E0%A6%AF%E0%A6%BC%E0%A6%BE-%E0%A6%AB%E0%A7%81%E0%A6%B2-%E0%A6%B8%E0%A7%87%E0%A6%9F-%E0%A6%86%E0%A6%A7%E0%A7%81%E0%A6%A8%E0%A6%BF%E0%A6%95-%E0%A6%AE%E0%A7%81/" "meta-externalads/1.1 (+https://developers.facebook.com/docs/sharing/webmasters/crawler)"
173.252.87.26 - - [07/Nov/2025:00:32:00 +0000] "GET /wp-content/plugins/woocommerce/assets/js/frontend/cart-fragments.min.js?ver=10.3.3 HTTP/2" 200 943 "https://deenzalifestyle.com/2025/09/23/%E0%A6%B9%E0%A6%BF%E0%A6%A6%E0%A6%BE%E0%A6%AF%E0%A6%BC%E0%A6%BE-%E0%A6%AB%E0%A7%81%E0%A6%B2-%E0%A6%B8%E0%A7%87%E0%A6%9F-%E0%A6%86%E0%A6%A7%E0%A7%81%E0%A6%A8%E0%A6%BF%E0%A6%95-%E0%A6%AE%E0%A7%81/" "meta-externalads/1.1 (+https://developers.facebook.com/docs/sharing/webmasters/crawler)"
173.252.87.26 - - [07/Nov/2025:00:32:00 +0000] "GET /wp-content/themes/astra/assets/css/minified/compatibility/woocommerce/woocommerce-smallscreen-grid.min.css?ver=4.11.13 HTTP/2" 200 796 "https://deenzalifestyle.com/2025/09/23/%E0%A6%B9%E0%A6%BF%E0%A6%A6%E0%A6%BE%E0%A6%AF%E0%A6%BC%E0%A6%BE-%E0%A6%AB%E0%A7%81%E0%A6%B2-%E0%A6%B8%E0%A7%87%E0%A6%9F-%E0%A6%86%E0%A6%A7%E0%A7%81%E0%A6%A8%E0%A6%BF%E0%A6%95-%E0%A6%AE%E0%A7%81/" "meta-externalads/1.1 (+https://developers.facebook.com/docs/sharing/webmasters/crawler)"
173.252.87.26 - - [07/Nov/2025:00:32:00 +0000] "GET /wp-includes/js/comment-reply.min.js?ver=6.8.3 HTTP/2" 200 1247 "https://deenzalifestyle.com/2025/09/23/%E0%A6%B9%E0%A6%BF%E0%A6%A6%E0%A6%BE%E0%A6%AF%E0%A6%BC%E0%A6%BE-%E0%A6%AB%E0%A7%81%E0%A6%B2-%E0%A6%B8%E0%A7%87%E0%A6%9F-%E0%A6%86%E0%A6%A7%E0%A7%81%E0%A6%A8%E0%A6%BF%E0%A6%95-%E0%A6%AE%E0%A7%81/" "meta-externalads/1.1 (+https://developers.facebook.com/docs/sharing/webmasters/crawler)"
173.252.87.26 - - [07/Nov/2025:00:32:00 +0000] "GET /wp-content/plugins/elementor-pro/assets/js/elements-handlers.min.js?ver=3.31.2 HTTP/2" 200 10180 "https://deenzalifestyle.com/2025/09/23/%E0%A6%B9%E0%A6%BF%E0%A6%A6%E0%A6%BE%E0%A6%AF%E0%A6%BC%E0%A6%BE-%E0%A6%AB%E0%A7%81%E0%A6%B2-%E0%A6%B8%E0%A7%87%E0%A6%9F-%E0%A6%86%E0%A6%A7%E0%A7%81%E0%A6%A8%E0%A6%BF%E0%A6%95-%E0%A6%AE%E0%A7%81/" "meta-externalads/1.1 (+https://developers.facebook.com/docs/sharing/webmasters/crawler)"
173.252.87.26 - - [07/Nov/2025:00:32:00 +0000] "GET /wp-content/plugins/woocommerce/assets/js/js-cookie/js.cookie.min.js?ver=2.1.4-wc.10.3.3 HTTP/2" 200 760 "https://deenzalifestyle.com/2025/09/23/%E0%A6%B9%E0%A6%BF%E0%A6%A6%E0%A6%BE%E0%A6%AF%E0%A6%BC%E0%A6%BE-%E0%A6%AB%E0%A7%81%E0%A6%B2-%E0%A6%B8%E0%A7%87%E0%A6%9F-%E0%A6%86%E0%A6%A7%E0%A7%81%E0%A6%A8%E0%A6%BF%E0%A6%95-%E0%A6%AE%E0%A7%81/" "meta-externalads/1.1 (+https://developers.facebook.com/docs/sharing/webmasters/crawler)"
173.252.87.26 - - [07/Nov/2025:00:32:00 +0000] "GET /wp-content/uploads/elementor/google-fonts/fonts/roboto-kfo7cnqeu92fr1me7ksn66agldtyluama3yuba.woff2 HTTP/2" 200 40128 "https://deenzalifestyle.com/wp-content/uploads/elementor/google-fonts/css/roboto.css?ver=1751087316" "meta-externalads/1.1 (+https://developers.facebook.com/docs/sharing/webmasters/crawler)"
173.252.87.26 - - [07/Nov/2025:00:32:00 +0000] "GET /wp-content/uploads/elementor/google-fonts/fonts/anekbangla-gpr1r38qtexhg-17bhm6n66qhabmyb0fbkonthlsqrl.woff2 HTTP/2" 200 42772 "https://deenzalifestyle.com/wp-content/uploads/elementor/google-fonts/css/anekbangla.css?ver=1751090741" "meta-externalads/1.1 (+https://developers.facebook.com/docs/sharing/webmasters/crawler)"
173.252.87.26 - - [07/Nov/2025:00:32:00 +0000] "GET /wp-content/uploads/elementor/google-fonts/fonts/hindsiliguri-8c050c8d.woff2 HTTP/2" 200 74784 "https://deenzalifestyle.com/wp-content/uploads/elementor/google-fonts/css/hindsiliguri.css?ver=1756513364" "meta-externalads/1.1 (+https://developers.facebook.com/docs/sharing/webmasters/crawler)"
173.252.87.26 - - [07/Nov/2025:00:32:00 +0000] "GET /wp-content/plugins/elementor/assets/lib/font-awesome/webfonts/fa-solid-900.woff2 HTTP/2" 200 78196 "https://deenzalifestyle.com/wp-content/plugins/elementor/assets/lib/font-awesome/css/all.min.css?ver=3.32.5" "meta-externalads/1.1 (+https://developers.facebook.com/docs/sharing/webmasters/crawler)"
173.252.87.26 - - [07/Nov/2025:00:32:00 +0000] "GET /wp-content/uploads/elementor/google-fonts/fonts/hindmadurai-081ade2a.woff2 HTTP/2" 200 14608 "https://deenzalifestyle.com/wp-content/uploads/elementor/google-fonts/css/hindmadurai.css?ver=1756513364" "meta-externalads/1.1 (+https://developers.facebook.com/docs/sharing/webmasters/crawler)"
173.252.87.26 - - [07/Nov/2025:00:32:00 +0000] "GET /wp-content/plugins/th-advance-product-search/th-icon/fonts/th-icon.ttf?stlo25 HTTP/2" 200 12836 "https://deenzalifestyle.com/wp-content/plugins/th-advance-product-search/th-icon/style.css?ver=6.8.3" "meta-externalads/1.1 (+https://developers.facebook.com/docs/sharing/webmasters/crawler)"
173.252.87.26 - - [07/Nov/2025:00:32:00 +0000] "GET /wp-content/uploads/elementor/google-fonts/fonts/hindsiliguri-c899a402.woff2 HTTP/2" 200 14472 "https://deenzalifestyle.com/wp-content/uploads/elementor/google-fonts/css/hindsiliguri.css?ver=1756513364" "meta-externalads/1.1 (+https://developers.facebook.com/docs/sharing/webmasters/crawler)"
173.252.87.26 - - [07/Nov/2025:00:32:00 +0000] "GET /wp-content/uploads/elementor/google-fonts/fonts/hindsiliguri-66832dfa.woff2 HTTP/2" 200 14724 "https://deenzalifestyle.com/wp-content/uploads/elementor/google-fonts/css/hindsiliguri.css?ver=1756513364" "meta-externalads/1.1 (+https://developers.facebook.com/docs/sharing/webmasters/crawler)"
173.252.87.26 - - [07/Nov/2025:00:32:00 +0000] "GET /wp-content/uploads/elementor/google-fonts/fonts/anekbangla-gpr1r38qtexhg-17bhm6n66qhabmyb0fbkonthlwwrlyis.woff2 HTTP/2" 200 155676 "https://deenzalifestyle.com/wp-content/uploads/elementor/google-fonts/css/anekbangla.css?ver=1751090741" "meta-externalads/1.1 (+https://developers.facebook.com/docs/sharing/webmasters/crawler)"
173.252.87.26 - - [07/Nov/2025:00:32:00 +0000] "GET /wp-content/plugins/elementor/assets/lib/eicons/fonts/eicons.woff2?5.44.0 HTTP/2" 200 103532 "https://deenzalifestyle.com/wp-content/plugins/elementor/assets/lib/eicons/css/elementor-icons.min.css?ver=5.34.0" "meta-externalads/1.1 (+https://developers.facebook.com/docs/sharing/webmasters/crawler)"
173.252.87.26 - - [07/Nov/2025:00:32:00 +0000] "GET /wp-includes/js/wp-emoji-release.min.js?ver=6.8.3 HTTP/2" 200 4769 "https://deenzalifestyle.com/2025/09/23/%E0%A6%B9%E0%A6%BF%E0%A6%A6%E0%A6%BE%E0%A6%AF%E0%A6%BC%E0%A6%BE-%E0%A6%AB%E0%A7%81%E0%A6%B2-%E0%A6%B8%E0%A7%87%E0%A6%9F-%E0%A6%86%E0%A6%A7%E0%A7%81%E0%A6%A8%E0%A6%BF%E0%A6%95-%E0%A6%AE%E0%A7%81/" "meta-externalads/1.1 (+https://developers.facebook.com/docs/sharing/webmasters/crawler)"
173.252.87.26 - - [07/Nov/2025:00:32:01 +0000] "GET /wp-content/plugins/elementor/assets/js/text-editor.abc8f59c62f2820dc25a.bundle.min.js HTTP/2" 200 618 "https://deenzalifestyle.com/2025/09/23/%E0%A6%B9%E0%A6%BF%E0%A6%A6%E0%A6%BE%E0%A6%AF%E0%A6%BC%E0%A6%BE-%E0%A6%AB%E0%A7%81%E0%A6%B2-%E0%A6%B8%E0%A7%87%E0%A6%9F-%E0%A6%86%E0%A6%A7%E0%A7%81%E0%A6%A8%E0%A6%BF%E0%A6%95-%E0%A6%AE%E0%A7%81/" "meta-externalads/1.1 (+https://developers.facebook.com/docs/sharing/webmasters/crawler)"
173.252.87.26 - - [07/Nov/2025:00:32:01 +0000] "GET /wp-content/plugins/elementor/assets/js/shared-frontend-handlers.4c8abccc3e268b0767b2.bundle.min.js HTTP/2" 200 2542 "https://deenzalifestyle.com/2025/09/23/%E0%A6%B9%E0%A6%BF%E0%A6%A6%E0%A6%BE%E0%A6%AF%E0%A6%BC%E0%A6%BE-%E0%A6%AB%E0%A7%81%E0%A6%B2-%E0%A6%B8%E0%A7%87%E0%A6%9F-%E0%A6%86%E0%A6%A7%E0%A7%81%E0%A6%A8%E0%A6%BF%E0%A6%95-%E0%A6%AE%E0%A7%81/" "meta-externalads/1.1 (+https://developers.facebook.com/docs/sharing/webmasters/crawler)"
173.252.87.26 - - [07/Nov/2025:00:32:01 +0000] "GET /wp-content/plugins/elementor-pro/assets/js/woocommerce-menu-cart.eb61fe086245485310a4.bundle.min.js HTTP/2" 200 1464 "https://deenzalifestyle.com/2025/09/23/%E0%A6%B9%E0%A6%BF%E0%A6%A6%E0%A6%BE%E0%A6%AF%E0%A6%BC%E0%A6%BE-%E0%A6%AB%E0%A7%81%E0%A6%B2-%E0%A6%B8%E0%A7%87%E0%A6%9F-%E0%A6%86%E0%A6%A7%E0%A7%81%E0%A6%A8%E0%A6%BF%E0%A6%95-%E0%A6%AE%E0%A7%81/" "meta-externalads/1.1 (+https://developers.facebook.com/docs/sharing/webmasters/crawler)"
173.252.87.26 - - [07/Nov/2025:00:32:01 +0000] "POST /?wc-ajax=get_refreshed_fragments HTTP/2" 200 1318 "https://deenzalifestyle.com/2025/09/23/%E0%A6%B9%E0%A6%BF%E0%A6%A6%E0%A6%BE%E0%A6%AF%E0%A6%BC%E0%A6%BE-%E0%A6%AB%E0%A7%81%E0%A6%B2-%E0%A6%B8%E0%A7%87%E0%A6%9F-%E0%A6%86%E0%A6%A7%E0%A7%81%E0%A6%A8%E0%A6%BF%E0%A6%95-%E0%A6%AE%E0%A7%81/" "meta-externalads/1.1 (+https://developers.facebook.com/docs/sharing/webmasters/crawler)"
173.252.87.26 - - [07/Nov/2025:00:32:01 +0000] "POST /wp-json/wp-statistics/v2/hit HTTP/2" 200 35 "https://deenzalifestyle.com/2025/09/23/%E0%A6%B9%E0%A6%BF%E0%A6%A6%E0%A6%BE%E0%A6%AF%E0%A6%BC%E0%A6%BE-%E0%A6%AB%E0%A7%81%E0%A6%B2-%E0%A6%B8%E0%A7%87%E0%A6%9F-%E0%A6%86%E0%A6%A7%E0%A7%81%E0%A6%A8%E0%A6%BF%E0%A6%95-%E0%A6%AE%E0%A7%81/" "meta-externalads/1.1 (+https://developers.facebook.com/docs/sharing/webmasters/crawler)"
173.252.87.26 - - [07/Nov/2025:00:32:01 +0000] "POST /wp-admin/admin-ajax.php HTTP/2" 200 1121 "https://deenzalifestyle.com/2025/09/23/%E0%A6%B9%E0%A6%BF%E0%A6%A6%E0%A6%BE%E0%A6%AF%E0%A6%BC%E0%A6%BE-%E0%A6%AB%E0%A7%81%E0%A6%B2-%E0%A6%B8%E0%A7%87%E0%A6%9F-%E0%A6%86%E0%A6%A7%E0%A7%81%E0%A6%A8%E0%A6%BF%E0%A6%95-%E0%A6%AE%E0%A7%81/" "meta-externalads/1.1 (+https://developers.facebook.com/docs/sharing/webmasters/crawler)"
173.252.87.26 - - [07/Nov/2025:00:32:01 +0000] "POST /wp-admin/admin-ajax.php HTTP/2" 200 1121 "https://deenzalifestyle.com/2025/09/23/%E0%A6%B9%E0%A6%BF%E0%A6%A6%E0%A6%BE%E0%A6%AF%E0%A6%BC%E0%A6%BE-%E0%A6%AB%E0%A7%81%E0%A6%B2-%E0%A6%B8%E0%A7%87%E0%A6%9F-%E0%A6%86%E0%A6%A7%E0%A7%81%E0%A6%A8%E0%A6%BF%E0%A6%95-%E0%A6%AE%E0%A7%81/" "meta-externalads/1.1 (+https://developers.facebook.com/docs/sharing/webmasters/crawler)"
173.252.87.26 - - [07/Nov/2025:00:32:03 +0000] "GET /wp-content/uploads/2025/06/cropped-Deenza-logo-1-32x32.jpg HTTP/2" 200 941 "https://deenzalifestyle.com/2025/09/23/%E0%A6%B9%E0%A6%BF%E0%A6%A6%E0%A6%BE%E0%A6%AF%E0%A6%BC%E0%A6%BE-%E0%A6%AB%E0%A7%81%E0%A6%B2-%E0%A6%B8%E0%A7%87%E0%A6%9F-%E0%A6%86%E0%A6%A7%E0%A7%81%E0%A6%A8%E0%A6%BF%E0%A6%95-%E0%A6%AE%E0%A7%81/" "meta-externalads/1.1 (+https://developers.facebook.com/docs/sharing/webmasters/crawler)"
66.249.77.101 - - [07/Nov/2025:00:32:16 +0000] "GET /wp-content/plugins/elementor/assets/lib/font-awesome/css/font-awesome.min.css?ver=4.7.0 HTTP/1.1" 200 6657 "https://deenzalifestyle.com/?e=91970120437200" "Mozilla/5.0 (Linux; Android 6.0.1; Nexus 5X Build/MMB29P) AppleWebKit/537.36 (KHTML, like Gecko) Chrome/141.0.7390.122 Mobile Safari/537.36 (compatible; Googlebot/2.1; +http://www.google.com/bot.html)"
66.249.77.100 - - [07/Nov/2025:00:32:16 +0000] "GET /wp-content/plugins/elementor/assets/css/widget-heading.min.css?ver=3.32.5 HTTP/1.1" 200 154 "https://deenzalifestyle.com/?e=91970120437200" "Mozilla/5.0 (Linux; Android 6.0.1; Nexus 5X Build/MMB29P) AppleWebKit/537.36 (KHTML, like Gecko) Chrome/141.0.7390.122 Mobile Safari/537.36 (compatible; Googlebot/2.1; +http://www.google.com/bot.html)"
204.197.172.10 - - [07/Nov/2025:00:28:52 +0000] "POST /wp-cron.php?doing_wp_cron=1762475332.1181991100311279296875 HTTP/1.1" 200 0 "-" "WordPress/6.8.3; https://deenzalifestyle.com"
66.249.77.100 - - [07/Nov/2025:00:28:51 +0000] "GET /621846084.shtml HTTP/1.1" 404 37441 "-" "Mozilla/5.0 (Linux; Android 6.0.1; Nexus 5X Build/MMB29P) AppleWebKit/537.36 (KHTML, like Gecko) Chrome/141.0.7390.122 Mobile Safari/537.36 (compatible; Googlebot/2.1; +http://www.google.com/bot.html)"
204.197.172.10 - - [07/Nov/2025:00:28:59 +0000] "POST /wp-cron.php?doing_wp_cron=1762475339.3503079414367675781250 HTTP/1.1" 200 0 "-" "WordPress/6.8.3; https://deenzalifestyle.com"
66.249.77.100 - - [07/Nov/2025:00:28:59 +0000] "GET /product=4097246.html HTTP/1.1" 404 37441 "-" "Mozilla/5.0 (Linux; Android 6.0.1; Nexus 5X Build/MMB29P) AppleWebKit/537.36 (KHTML, like Gecko) Chrome/141.0.7390.122 Mobile Safari/537.36 (compatible; Googlebot/2.1; +http://www.google.com/bot.html)"
57.141.2.60 - - [07/Nov/2025:00:29:19 +0000] "GET /product=4535356.html HTTP/2" 404 206892 "-" "meta-externalagent/1.1 (+https://developers.facebook.com/docs/sharing/webmasters/crawler)"
204.197.172.10 - - [07/Nov/2025:00:29:54 +0000] "POST /wp-cron.php?doing_wp_cron=1762475394.9600958824157714843750 HTTP/1.1" 200 0 "-" "WordPress/6.8.3; https://deenzalifestyle.com"
57.141.2.72 - - [07/Nov/2025:00:29:54 +0000] "GET /product=4632038.html HTTP/2" 404 206892 "-" "meta-externalagent/1.1 (+https://developers.facebook.com/docs/sharing/webmasters/crawler)"
57.141.2.73 - - [07/Nov/2025:00:25:59 +0000] "GET /product=3533143.html HTTP/2" 404 206892 "-" "meta-externalagent/1.1 (+https://developers.facebook.com/docs/sharing/webmasters/crawler)"
57.141.2.49 - - [07/Nov/2025:00:26:16 +0000] "GET /product=4334130.html HTTP/2" 404 206892 "-" "meta-externalagent/1.1 (+https://developers.facebook.com/docs/sharing/webmasters/crawler)"
204.197.172.10 - - [07/Nov/2025:00:26:35 +0000] "POST /wp-cron.php?doing_wp_cron=1762475195.4921240806579589843750 HTTP/1.1" 200 0 "-" "WordPress/6.8.3; https://deenzalifestyle.com"
66.249.77.101 - - [07/Nov/2025:00:26:35 +0000] "GET /?e=8024335790300 HTTP/1.1" 200 46738 "-" "Mozilla/5.0 (Linux; Android 6.0.1; Nexus 5X Build/MMB29P) AppleWebKit/537.36 (KHTML, like Gecko) Chrome/141.0.7390.122 Mobile Safari/537.36 (compatible; Googlebot/2.1; +http://www.google.com/bot.html)"
66.249.77.102 - - [07/Nov/2025:00:26:38 +0000] "POST /wp-json/wp-statistics/v2/hit HTTP/1.1" 200 35 "https://deenzalifestyle.com/?e=8024335790300" "Mozilla/5.0 (Linux; Android 6.0.1; Nexus 5X Build/MMB29P) AppleWebKit/537.36 (KHTML, like Gecko) Chrome/141.0.7390.122 Mobile Safari/537.36 (compatible; Googlebot/2.1; +http://www.google.com/bot.html)"
66.249.77.100 - - [07/Nov/2025:00:26:39 +0000] "POST /?wc-ajax=get_refreshed_fragments HTTP/1.1" 200 1318 "https://deenzalifestyle.com/?e=8024335790300" "Mozilla/5.0 (Linux; Android 6.0.1; Nexus 5X Build/MMB29P) AppleWebKit/537.36 (KHTML, like Gecko) Chrome/141.0.7390.122 Mobile Safari/537.36 (compatible; Googlebot/2.1; +http://www.google.com/bot.html)"
66.249.77.100 - - [07/Nov/2025:00:26:39 +0000] "POST /wp-admin/admin-ajax.php HTTP/1.1" 200 1121 "https://deenzalifestyle.com/?e=8024335790300" "Mozilla/5.0 (Linux; Android 6.0.1; Nexus 5X Build/MMB29P) AppleWebKit/537.36 (KHTML, like Gecko) Chrome/141.0.7390.122 Mobile Safari/537.36 (compatible; Googlebot/2.1; +http://www.google.com/bot.html)"
66.249.77.100 - - [07/Nov/2025:00:26:39 +0000] "POST /wp-admin/admin-ajax.php HTTP/1.1" 200 1121 "https://deenzalifestyle.com/?e=8024335790300" "Mozilla/5.0 (Linux; Android 6.0.1; Nexus 5X Build/MMB29P) AppleWebKit/537.36 (KHTML, like Gecko) Chrome/141.0.7390.122 Mobile Safari/537.36 (compatible; Googlebot/2.1; +http://www.google.com/bot.html)"
204.197.172.10 - - [07/Nov/2025:00:27:19 +0000] "POST /wp-cron.php?doing_wp_cron=1762475239.9511148929595947265625 HTTP/1.1" 200 0 "-" "WordPress/6.8.3; https://deenzalifestyle.com"
66.249.77.102 - - [07/Nov/2025:00:27:19 +0000] "GET /product=5197785.html HTTP/1.1" 404 37441 "-" "Mozilla/5.0 (Linux; Android 6.0.1; Nexus 5X Build/MMB29P) AppleWebKit/537.36 (KHTML, like Gecko) Chrome/141.0.7390.122 Mobile Safari/537.36 (compatible; Googlebot/2.1; +http://www.google.com/bot.html)"
204.197.172.10 - - [07/Nov/2025:00:27:52 +0000] "POST /wp-cron.php?doing_wp_cron=1762475272.3305120468139648437500 HTTP/1.1" 200 0 "-" "WordPress/6.8.3; https://deenzalifestyle.com"
57.141.2.27 - - [07/Nov/2025:00:27:52 +0000] "GET /product=3822605.html HTTP/2" 404 206892 "-" "meta-externalagent/1.1 (+https://developers.facebook.com/docs/sharing/webmasters/crawler)"
66.249.77.101 - - [07/Nov/2025:00:32:16 +0000] "GET /wp-content/plugins/woocommerce/assets/js/jquery-blockui/jquery.blockUI.min.js?ver=2.7.0-wc.10.3.3 HTTP/1.1" 200 3277 "https://deenzalifestyle.com/?e=91970120437200" "Mozilla/5.0 (Linux; Android 6.0.1; Nexus 5X Build/MMB29P) AppleWebKit/537.36 (KHTML, like Gecko) Chrome/141.0.7390.122 Mobile Safari/537.36 (compatible; Googlebot/2.1; +http://www.google.com/bot.html)"
66.249.77.100 - - [07/Nov/2025:00:32:16 +0000] "GET /wp-content/plugins/header-footer-elementor/inc/widgets-css/frontend.css?ver=2.6.1 HTTP/1.1" 200 8270 "https://deenzalifestyle.com/?e=91970120437200" "Mozilla/5.0 (Linux; Android 6.0.1; Nexus 5X Build/MMB29P) AppleWebKit/537.36 (KHTML, like Gecko) Chrome/141.0.7390.122 Mobile Safari/537.36 (compatible; Googlebot/2.1; +http://www.google.com/bot.html)"
66.249.77.101 - - [07/Nov/2025:00:32:17 +0000] "GET /wp-content/plugins/woocommerce/assets/js/frontend/single-product.min.js?ver=10.3.3 HTTP/1.1" 200 2677 "https://deenzalifestyle.com/?e=91970120437200" "Mozilla/5.0 (Linux; Android 6.0.1; Nexus 5X Build/MMB29P) AppleWebKit/537.36 (KHTML, like Gecko) Chrome/141.0.7390.122 Mobile Safari/537.36 (compatible; Googlebot/2.1; +http://www.google.com/bot.html)"
66.249.77.100 - - [07/Nov/2025:00:32:17 +0000] "GET /wp-content/plugins/woocommerce/assets/js/sourcebuster/sourcebuster.min.js?ver=10.3.3 HTTP/1.1" 200 4609 "https://deenzalifestyle.com/?e=91970120437200" "Mozilla/5.0 (Linux; Android 6.0.1; Nexus 5X Build/MMB29P) AppleWebKit/537.36 (KHTML, like Gecko) Chrome/141.0.7390.122 Mobile Safari/537.36 (compatible; Googlebot/2.1; +http://www.google.com/bot.html)"
66.249.77.101 - - [07/Nov/2025:00:32:17 +0000] "GET /wp-content/plugins/woocommerce/assets/js/frontend/cart-fragments.min.js?ver=10.3.3 HTTP/1.1" 200 943 "https://deenzalifestyle.com/?e=91970120437200" "Mozilla/5.0 (Linux; Android 6.0.1; Nexus 5X Build/MMB29P) AppleWebKit/537.36 (KHTML, like Gecko) Chrome/141.0.7390.122 Mobile Safari/537.36 (compatible; Googlebot/2.1; +http://www.google.com/bot.html)"
66.249.77.101 - - [07/Nov/2025:00:32:19 +0000] "POST /wp-json/wp-statistics/v2/hit HTTP/1.1" 200 35 "https://deenzalifestyle.com/?e=91970120437200" "Mozilla/5.0 (Linux; Android 6.0.1; Nexus 5X Build/MMB29P) AppleWebKit/537.36 (KHTML, like Gecko) Chrome/141.0.7390.122 Mobile Safari/537.36 (compatible; Googlebot/2.1; +http://www.google.com/bot.html)"
66.249.77.100 - - [07/Nov/2025:00:32:19 +0000] "POST /?wc-ajax=get_refreshed_fragments HTTP/1.1" 200 1318 "https://deenzalifestyle.com/?e=91970120437200" "Mozilla/5.0 (Linux; Android 6.0.1; Nexus 5X Build/MMB29P) AppleWebKit/537.36 (KHTML, like Gecko) Chrome/141.0.7390.122 Mobile Safari/537.36 (compatible; Googlebot/2.1; +http://www.google.com/bot.html)"
173.252.70.5 - - [07/Nov/2025:00:32:26 +0000] "GET /wp-content/uploads/2025/06/photo_2025-06-29_16-42-18.jpg HTTP/2" 200 131193 "-" "meta-externalads/1.1 (+https://developers.facebook.com/docs/sharing/webmasters/crawler)"
173.252.70.14 - - [07/Nov/2025:00:32:31 +0000] "GET /wp-content/uploads/2025/06/photo_2025-06-29_16-42-18.jpg HTTP/2" 200 131193 "-" "facebookexternalhit/1.1 (+http://www.facebook.com/externalhit_uatext.php)"
173.252.70.5 - - [07/Nov/2025:00:32:33 +0000] "GET /wp-content/uploads/2025/06/photo_2025-06-29_16-42-18-682x1024.jpg HTTP/2" 200 87763 "-" "facebookexternalhit/1.1 (+http://www.facebook.com/externalhit_uatext.php)"
204.197.172.10 - - [07/Nov/2025:00:34:38 +0000] "POST /wp-cron.php?doing_wp_cron=1762475678.1289579868316650390625 HTTP/1.1" 200 0 "-" "WordPress/6.8.3; https://deenzalifestyle.com"
66.249.77.101 - - [07/Nov/2025:00:34:37 +0000] "GET /?e=1018079534004 HTTP/1.1" 200 46738 "-" "Mozilla/5.0 (Linux; Android 6.0.1; Nexus 5X Build/MMB29P) AppleWebKit/537.36 (KHTML, like Gecko) Chrome/141.0.7390.122 Mobile Safari/537.36 (compatible; Googlebot/2.1; +http://www.google.com/bot.html)"
204.197.172.10 - - [07/Nov/2025:00:35:42 +0000] "POST /wp-cron.php?doing_wp_cron=1762475742.6586699485778808593750 HTTP/1.1" 200 0 "-" "WordPress/6.8.3; https://deenzalifestyle.com"
57.141.2.75 - - [07/Nov/2025:00:35:42 +0000] "GET /product=2796944.html HTTP/2" 404 206892 "-" "meta-externalagent/1.1 (+https://developers.facebook.com/docs/sharing/webmasters/crawler)"
173.252.95.9 - - [07/Nov/2025:00:37:22 +0000] "GET / HTTP/2" 200 310747 "-" "facebookexternalhit/1.1 (+http://www.facebook.com/externalhit_uatext.php)"
173.252.95.114 - - [07/Nov/2025:00:37:22 +0000] "GET / HTTP/2" 200 310747 "-" "facebookexternalhit/1.1 (+http://www.facebook.com/externalhit_uatext.php)"
204.197.172.10 - - [07/Nov/2025:00:37:23 +0000] "POST /wp-cron.php?doing_wp_cron=1762475843.4085049629211425781250 HTTP/1.1" 200 0 "-" "WordPress/6.8.3; https://deenzalifestyle.com"
173.252.95.112 - - [07/Nov/2025:00:37:22 +0000] "GET /meta.json HTTP/2" 404 206954 "-" "facebookexternalhit/1.1 (+http://www.facebook.com/externalhit_uatext.php)"
204.197.172.10 - - [07/Nov/2025:00:37:57 +0000] "POST /wp-cron.php?doing_wp_cron=1762475877.8291509151458740234375 HTTP/1.1" 200 0 "-" "WordPress/6.8.3; https://deenzalifestyle.com"
66.249.77.100 - - [07/Nov/2025:00:37:57 +0000] "POST /wp-json/wp-statistics/v2/hit HTTP/1.1" 200 35 "https://deenzalifestyle.com/?e=1018079534004" "Mozilla/5.0 (Linux; Android 6.0.1; Nexus 5X Build/MMB29P) AppleWebKit/537.36 (KHTML, like Gecko) Chrome/141.0.7390.122 Mobile Safari/537.36 (compatible; Googlebot/2.1; +http://www.google.com/bot.html)"
66.249.77.102 - - [07/Nov/2025:00:37:58 +0000] "POST /?wc-ajax=get_refreshed_fragments HTTP/1.1" 200 1318 "https://deenzalifestyle.com/?e=1018079534004" "Mozilla/5.0 (Linux; Android 6.0.1; Nexus 5X Build/MMB29P) AppleWebKit/537.36 (KHTML, like Gecko) Chrome/141.0.7390.122 Mobile Safari/537.36 (compatible; Googlebot/2.1; +http://www.google.com/bot.html)"
204.197.172.10 - - [07/Nov/2025:00:38:41 +0000] "POST /wp-cron.php?doing_wp_cron=1762475921.1990139484405517578125 HTTP/1.1" 200 0 "-" "WordPress/6.8.3; https://deenzalifestyle.com"
57.141.2.60 - - [07/Nov/2025:00:38:41 +0000] "GET /product=5182124.html HTTP/2" 404 206892 "-" "meta-externalagent/1.1 (+https://developers.facebook.com/docs/sharing/webmasters/crawler)"
5.161.44.164 - - [07/Nov/2025:00:38:56 +0000] "GET / HTTP/1.1" 200 56286 "-" "Mozilla/5.0 (Windows NT 10.0; Win64; x64) AppleWebKit/537.36 (KHTML, like Gecko) Chrome/104.0.5112.97 Safari/537.36"
204.197.172.10 - - [07/Nov/2025:00:40:10 +0000] "POST /wp-cron.php?doing_wp_cron=1762476010.9875729084014892578125 HTTP/1.1" 200 0 "-" "WordPress/6.8.3; https://deenzalifestyle.com"
57.141.2.23 - - [07/Nov/2025:00:40:09 +0000] "GET /product=2842415.html HTTP/2" 404 206892 "-" "meta-externalagent/1.1 (+https://developers.facebook.com/docs/sharing/webmasters/crawler)"
66.249.77.100 - - [07/Nov/2025:00:40:12 +0000] "GET /205930995.shtml HTTP/1.1" 404 37441 "-" "Mozilla/5.0 (Linux; Android 6.0.1; Nexus 5X Build/MMB29P) AppleWebKit/537.36 (KHTML, like Gecko) Chrome/141.0.7390.122 Mobile Safari/537.36 (compatible; Googlebot/2.1; +http://www.google.com/bot.html)"
204.197.172.10 - - [07/Nov/2025:00:41:05 +0000] "POST /wp-cron.php?doing_wp_cron=1762476065.5345790386199951171875 HTTP/1.1" 200 0 "-" "WordPress/6.8.3; https://deenzalifestyle.com"
66.249.77.100 - - [07/Nov/2025:00:41:05 +0000] "GET /73605384.shtml HTTP/1.1" 404 37386 "-" "Mozilla/5.0 (compatible; Googlebot/2.1; +http://www.google.com/bot.html)"
204.197.172.10 - - [07/Nov/2025:00:41:39 +0000] "POST /wp-cron.php?doing_wp_cron=1762476099.8976430892944335937500 HTTP/1.1" 200 0 "-" "WordPress/6.8.3; https://deenzalifestyle.com"
57.141.2.8 - - [07/Nov/2025:00:41:39 +0000] "GET /product=3009502.html HTTP/2" 404 206891 "-" "meta-externalagent/1.1 (+https://developers.facebook.com/docs/sharing/webmasters/crawler)"
204.197.172.10 - - [07/Nov/2025:00:42:57 +0000] "POST /wp-cron.php?doing_wp_cron=1762476177.6363470554351806640625 HTTP/1.1" 200 0 "-" "WordPress/6.8.3; https://deenzalifestyle.com"
57.141.2.28 - - [07/Nov/2025:00:42:56 +0000] "GET /product=4150966.html HTTP/2" 404 206892 "-" "meta-externalagent/1.1 (+https://developers.facebook.com/docs/sharing/webmasters/crawler)"
204.197.172.10 - - [07/Nov/2025:00:44:15 +0000] "POST /wp-cron.php?doing_wp_cron=1762476255.5827319622039794921875 HTTP/1.1" 200 0 "-" "WordPress/6.8.3; https://deenzalifestyle.com"
66.249.77.101 - - [07/Nov/2025:00:44:14 +0000] "GET /product=2980431.html HTTP/1.1" 404 37386 "-" "Mozilla/5.0 (compatible; Googlebot/2.1; +http://www.google.com/bot.html)"
204.197.172.10 - - [07/Nov/2025:00:45:01 +0000] "POST /wp-cron.php?doing_wp_cron=1762476301.7718169689178466796875 HTTP/1.1" 200 0 "-" "WordPress/6.8.3; https://deenzalifestyle.com"
204.197.172.10 - - [07/Nov/2025:00:45:01 +0000] "POST /wp-cron.php?doing_wp_cron=1762476301.8173680305480957031250 HTTP/1.1" 200 0 "-" "WordPress/6.8.3; https://deenzalifestyle.com"
66.249.77.100 - - [07/Nov/2025:00:45:01 +0000] "GET /143120703.shtml HTTP/1.1" 404 37441 "-" "Mozilla/5.0 (Linux; Android 6.0.1; Nexus 5X Build/MMB29P) AppleWebKit/537.36 (KHTML, like Gecko) Chrome/141.0.7390.122 Mobile Safari/537.36 (compatible; Googlebot/2.1; +http://www.google.com/bot.html)"
204.197.172.10 - - [07/Nov/2025:00:47:40 +0000] "POST /wp-cron.php?doing_wp_cron=1762476460.6417698860168457031250 HTTP/1.1" 200 0 "-" "WordPress/6.8.3; https://deenzalifestyle.com"
57.141.2.53 - - [07/Nov/2025:00:47:39 +0000] "GET /product=3360398.html HTTP/2" 404 206892 "-" "meta-externalagent/1.1 (+https://developers.facebook.com/docs/sharing/webmasters/crawler)"
57.141.2.19 - - [07/Nov/2025:00:47:46 +0000] "GET /product=2671084.html HTTP/2" 404 206892 "-" "meta-externalagent/1.1 (+https://developers.facebook.com/docs/sharing/webmasters/crawler)"
204.197.172.10 - - [07/Nov/2025:00:47:57 +0000] "POST /wp-cron.php?doing_wp_cron=1762476477.0915830135345458984375 HTTP/1.1" 200 0 "-" "WordPress/6.8.3; https://deenzalifestyle.com"
57.141.2.33 - - [07/Nov/2025:00:47:56 +0000] "GET /product=4733920.html HTTP/2" 404 206892 "-" "meta-externalagent/1.1 (+https://developers.facebook.com/docs/sharing/webmasters/crawler)"
204.197.172.10 - - [07/Nov/2025:00:48:45 +0000] "POST /wp-cron.php?doing_wp_cron=1762476525.2214620113372802734375 HTTP/1.1" 200 0 "-" "WordPress/6.8.3; https://deenzalifestyle.com"
66.249.77.102 - - [07/Nov/2025:00:48:45 +0000] "GET /360479535.shtml HTTP/1.1" 404 37441 "-" "Mozilla/5.0 (Linux; Android 6.0.1; Nexus 5X Build/MMB29P) AppleWebKit/537.36 (KHTML, like Gecko) Chrome/141.0.7390.122 Mobile Safari/537.36 (compatible; Googlebot/2.1; +http://www.google.com/bot.html)"
204.197.172.10 - - [07/Nov/2025:00:49:38 +0000] "POST /wp-cron.php?doing_wp_cron=1762476578.6775069236755371093750 HTTP/1.1" 200 0 "-" "WordPress/6.8.3; https://deenzalifestyle.com"
66.249.77.102 - - [07/Nov/2025:00:49:38 +0000] "GET /product=2156620.html HTTP/1.1" 404 37386 "-" "Mozilla/5.0 (compatible; Googlebot/2.1; +http://www.google.com/bot.html)"
57.141.2.5 - - [07/Nov/2025:00:49:46 +0000] "GET /product=2708870.html HTTP/2" 404 206891 "-" "meta-externalagent/1.1 (+https://developers.facebook.com/docs/sharing/webmasters/crawler)"
204.197.172.10 - - [07/Nov/2025:00:50:55 +0000] "POST /wp-cron.php?doing_wp_cron=1762476655.3282089233398437500000 HTTP/1.1" 200 0 "-" "WordPress/6.8.3; https://deenzalifestyle.com"
57.141.2.25 - - [07/Nov/2025:00:50:55 +0000] "GET /product=3105377.html HTTP/2" 404 206892 "-" "meta-externalagent/1.1 (+https://developers.facebook.com/docs/sharing/webmasters/crawler)"
57.141.2.2 - - [07/Nov/2025:00:51:15 +0000] "GET /product=2555948.html HTTP/2" 404 206891 "-" "meta-externalagent/1.1 (+https://developers.facebook.com/docs/sharing/webmasters/crawler)"
204.197.172.10 - - [07/Nov/2025:00:51:51 +0000] "POST /wp-cron.php?doing_wp_cron=1762476711.4431059360504150390625 HTTP/1.1" 200 0 "-" "WordPress/6.8.3; https://deenzalifestyle.com"
66.249.77.101 - - [07/Nov/2025:00:51:51 +0000] "GET /318126189.shtml HTTP/1.1" 404 37387 "-" "Mozilla/5.0 (compatible; Googlebot/2.1; +http://www.google.com/bot.html)"
204.197.172.10 - - [07/Nov/2025:00:52:53 +0000] "POST /wp-cron.php?doing_wp_cron=1762476773.7157280445098876953125 HTTP/1.1" 200 0 "-" "WordPress/6.8.3; https://deenzalifestyle.com"
66.249.77.102 - - [07/Nov/2025:00:52:53 +0000] "GET /product=3361045.html HTTP/1.1" 404 37441 "-" "Mozilla/5.0 (Linux; Android 6.0.1; Nexus 5X Build/MMB29P) AppleWebKit/537.36 (KHTML, like Gecko) Chrome/141.0.7390.122 Mobile Safari/537.36 (compatible; Googlebot/2.1; +http://www.google.com/bot.html)"
204.197.172.10 - - [07/Nov/2025:00:53:52 +0000] "POST /wp-cron.php?doing_wp_cron=1762476832.5407969951629638671875 HTTP/1.1" 200 0 "-" "WordPress/6.8.3; https://deenzalifestyle.com"
66.249.77.102 - - [07/Nov/2025:00:53:52 +0000] "GET /46017411.shtml HTTP/1.1" 404 37441 "-" "Mozilla/5.0 (Linux; Android 6.0.1; Nexus 5X Build/MMB29P) AppleWebKit/537.36 (KHTML, like Gecko) Chrome/141.0.7390.122 Mobile Safari/537.36 (compatible; Googlebot/2.1; +http://www.google.com/bot.html)"
204.197.172.10 - - [07/Nov/2025:00:55:01 +0000] "POST /wp-cron.php?doing_wp_cron=1762476901.3145160675048828125000 HTTP/1.1" 200 0 "-" "WordPress/6.8.3; https://deenzalifestyle.com"
57.141.2.7 - - [07/Nov/2025:00:55:01 +0000] "GET /product=5736335.html HTTP/2" 404 206891 "-" "meta-externalagent/1.1 (+https://developers.facebook.com/docs/sharing/webmasters/crawler)"
204.197.172.10 - - [07/Nov/2025:00:56:07 +0000] "POST /wp-cron.php?doing_wp_cron=1762476967.2939450740814208984375 HTTP/1.1" 200 0 "-" "WordPress/6.8.3; https://deenzalifestyle.com"
66.249.77.101 - - [07/Nov/2025:00:56:07 +0000] "GET /224557632.shtml HTTP/1.1" 404 37387 "-" "Mozilla/5.0 (compatible; Googlebot/2.1; +http://www.google.com/bot.html)"
204.197.172.10 - - [07/Nov/2025:00:56:56 +0000] "POST /wp-cron.php?doing_wp_cron=1762477016.9667520523071289062500 HTTP/1.1" 200 0 "-" "WordPress/6.8.3; https://deenzalifestyle.com"
66.249.77.101 - - [07/Nov/2025:00:56:56 +0000] "GET /product=4151515.html HTTP/1.1" 404 37387 "-" "Mozilla/5.0 (compatible; Googlebot/2.1; +http://www.google.com/bot.html)"
57.141.2.75 - - [07/Nov/2025:00:57:20 +0000] "GET /product=3037355.html HTTP/2" 404 206892 "-" "meta-externalagent/1.1 (+https://developers.facebook.com/docs/sharing/webmasters/crawler)"
204.197.172.10 - - [07/Nov/2025:00:57:52 +0000] "POST /wp-cron.php?doing_wp_cron=1762477072.9660019874572753906250 HTTP/1.1" 200 0 "-" "WordPress/6.8.3; https://deenzalifestyle.com"
66.249.77.101 - - [07/Nov/2025:00:57:52 +0000] "GET /443352723.shtml HTTP/1.1" 404 37441 "-" "Mozilla/5.0 (Linux; Android 6.0.1; Nexus 5X Build/MMB29P) AppleWebKit/537.36 (KHTML, like Gecko) Chrome/141.0.7390.122 Mobile Safari/537.36 (compatible; Googlebot/2.1; +http://www.google.com/bot.html)"
66.249.77.100 - - [07/Nov/2025:00:57:53 +0000] "GET /product=2211341.html HTTP/1.1" 404 37441 "-" "Mozilla/5.0 (Linux; Android 6.0.1; Nexus 5X Build/MMB29P) AppleWebKit/537.36 (KHTML, like Gecko) Chrome/141.0.7390.122 Mobile Safari/537.36 (compatible; Googlebot/2.1; +http://www.google.com/bot.html)"
204.197.172.10 - - [07/Nov/2025:01:04:04 +0000] "POST /wp-cron.php?doing_wp_cron=1762477444.0585780143737792968750 HTTP/1.1" 200 0 "-" "WordPress/6.8.3; https://deenzalifestyle.com"
57.141.2.63 - - [07/Nov/2025:01:04:02 +0000] "GET /product=5535507.html HTTP/2" 404 206892 "-" "meta-externalagent/1.1 (+https://developers.facebook.com/docs/sharing/webmasters/crawler)"
31.13.127.7 - - [07/Nov/2025:01:04:27 +0000] "GET /wp-content/uploads/woo-feed/facebook/csv/deenzalifestyle.csv HTTP/1.1" 200 151806 "-" "facebookexternalhit/1.1 (+http://www.facebook.com/externalhit_uatext.php)"
204.197.172.10 - - [07/Nov/2025:01:04:50 +0000] "POST /wp-cron.php?doing_wp_cron=1762477490.4062089920043945312500 HTTP/1.1" 200 0 "-" "WordPress/6.8.3; https://deenzalifestyle.com"
57.141.2.72 - - [07/Nov/2025:01:04:50 +0000] "GET /product=5058933.html HTTP/2" 404 206892 "-" "meta-externalagent/1.1 (+https://developers.facebook.com/docs/sharing/webmasters/crawler)"
204.197.172.10 - - [07/Nov/2025:01:06:07 +0000] "POST /wp-cron.php?doing_wp_cron=1762477567.3978350162506103515625 HTTP/1.1" 200 0 "-" "WordPress/6.8.3; https://deenzalifestyle.com"
66.249.77.101 - - [07/Nov/2025:01:06:06 +0000] "GET /396957702.shtml HTTP/1.1" 404 37441 "-" "Mozilla/5.0 (Linux; Android 6.0.1; Nexus 5X Build/MMB29P) AppleWebKit/537.36 (KHTML, like Gecko) Chrome/141.0.7390.122 Mobile Safari/537.36 (compatible; Googlebot/2.1; +http://www.google.com/bot.html)"
204.197.172.10 - - [07/Nov/2025:01:06:36 +0000] "POST /wp-cron.php?doing_wp_cron=1762477596.3643400669097900390625 HTTP/1.1" 200 0 "-" "WordPress/6.8.3; https://deenzalifestyle.com"
5.161.44.164 - - [07/Nov/2025:01:06:36 +0000] "POST /wp-load.php?547bb6=5830 HTTP/1.1" 200 0 "-" "Mozilla/5.0 (Windows NT 10.0; Win64; x64) AppleWebKit/537.36 (KHTML, like Gecko) Chrome/104.0.5112.97 Safari/537.36"
204.197.172.10 - - [07/Nov/2025:01:06:58 +0000] "POST /wp-cron.php?doing_wp_cron=1762477618.1137850284576416015625 HTTP/1.1" 200 0 "-" "WordPress/6.8.3; https://deenzalifestyle.com"
57.141.2.1 - - [07/Nov/2025:01:06:57 +0000] "GET /product=4067045.html HTTP/2" 404 206891 "-" "meta-externalagent/1.1 (+https://developers.facebook.com/docs/sharing/webmasters/crawler)"
66.249.77.100 - - [07/Nov/2025:01:06:59 +0000] "GET /product=3507366.html HTTP/1.1" 404 37386 "-" "Mozilla/5.0 (compatible; Googlebot/2.1; +http://www.google.com/bot.html)"
66.249.77.100 - - [07/Nov/2025:01:07:00 +0000] "GET /product=3507366.html HTTP/1.1" 404 37441 "-" "Mozilla/5.0 (Linux; Android 6.0.1; Nexus 5X Build/MMB29P) AppleWebKit/537.36 (KHTML, like Gecko) Chrome/141.0.7390.122 Mobile Safari/537.36 (compatible; Googlebot/2.1; +http://www.google.com/bot.html)"
204.197.172.10 - - [07/Nov/2025:01:08:15 +0000] "POST /wp-cron.php?doing_wp_cron=1762477695.1094350814819335937500 HTTP/1.1" 200 0 "-" "WordPress/6.8.3; https://deenzalifestyle.com"
57.141.2.69 - - [07/Nov/2025:01:08:14 +0000] "GET /product=4385580.html HTTP/2" 404 206892 "-" "meta-externalagent/1.1 (+https://developers.facebook.com/docs/sharing/webmasters/crawler)"
204.197.172.10 - - [07/Nov/2025:01:08:52 +0000] "POST /wp-cron.php?doing_wp_cron=1762477732.9914999008178710937500 HTTP/1.1" 200 0 "-" "WordPress/6.8.3; https://deenzalifestyle.com"
66.249.77.102 - - [07/Nov/2025:01:08:52 +0000] "GET /product=3756100.html HTTP/1.1" 404 37387 "-" "Mozilla/5.0 (compatible; Googlebot/2.1; +http://www.google.com/bot.html)"
204.197.172.10 - - [07/Nov/2025:01:09:25 +0000] "POST /wp-cron.php?doing_wp_cron=1762477765.9269111156463623046875 HTTP/1.1" 200 0 "-" "WordPress/6.8.3; https://deenzalifestyle.com"
57.141.2.13 - - [07/Nov/2025:01:09:25 +0000] "GET /product=4797631.html HTTP/2" 404 206892 "-" "meta-externalagent/1.1 (+https://developers.facebook.com/docs/sharing/webmasters/crawler)"
216.73.216.188 - - [07/Nov/2025:01:10:26 +0000] "GET /robots.txt HTTP/2" 200 166 "-" "Mozilla/5.0 AppleWebKit/537.36 (KHTML, like Gecko; compatible; ClaudeBot/1.0; +claudebot@anthropic.com)"
204.197.172.10 - - [07/Nov/2025:01:10:26 +0000] "POST /wp-cron.php?doing_wp_cron=1762477826.7936410903930664062500 HTTP/1.1" 200 0 "-" "WordPress/6.8.3; https://deenzalifestyle.com"
216.73.216.188 - - [07/Nov/2025:01:10:26 +0000] "GET /wp-sitemap.xml HTTP/2" 200 258 "-" "Mozilla/5.0 AppleWebKit/537.36 (KHTML, like Gecko; compatible; ClaudeBot/1.0; +claudebot@anthropic.com)"
204.197.172.10 - - [07/Nov/2025:01:11:35 +0000] "POST /wp-cron.php?doing_wp_cron=1762477895.5044260025024414062500 HTTP/1.1" 200 0 "-" "WordPress/6.8.3; https://deenzalifestyle.com"
66.249.77.100 - - [07/Nov/2025:01:11:35 +0000] "GET /product=5304901.html HTTP/1.1" 404 37387 "-" "Mozilla/5.0 (compatible; Googlebot/2.1; +http://www.google.com/bot.html)"
204.197.172.10 - - [07/Nov/2025:01:13:34 +0000] "POST /wp-cron.php?doing_wp_cron=1762478014.5186719894409179687500 HTTP/1.1" 200 0 "-" "WordPress/6.8.3; https://deenzalifestyle.com"
57.141.2.38 - - [07/Nov/2025:01:13:33 +0000] "GET /product=2250124.html HTTP/2" 404 206892 "-" "meta-externalagent/1.1 (+https://developers.facebook.com/docs/sharing/webmasters/crawler)"
204.197.172.10 - - [07/Nov/2025:01:15:09 +0000] "POST /wp-cron.php?doing_wp_cron=1762478109.9793500900268554687500 HTTP/1.1" 200 0 "-" "WordPress/6.8.3; https://deenzalifestyle.com"
57.141.2.9 - - [07/Nov/2025:01:15:08 +0000] "GET /product=3200505.html HTTP/2" 404 206891 "-" "meta-externalagent/1.1 (+https://developers.facebook.com/docs/sharing/webmasters/crawler)"
204.197.172.10 - - [07/Nov/2025:01:15:39 +0000] "POST /wp-cron.php?doing_wp_cron=1762478139.2399380207061767578125 HTTP/1.1" 200 0 "-" "WordPress/6.8.3; https://deenzalifestyle.com"
57.141.2.73 - - [07/Nov/2025:01:15:39 +0000] "GET /product=5631344.html HTTP/2" 404 206892 "-" "meta-externalagent/1.1 (+https://developers.facebook.com/docs/sharing/webmasters/crawler)"
204.197.172.10 - - [07/Nov/2025:01:17:49 +0000] "POST /wp-cron.php?doing_wp_cron=1762478269.3425300121307373046875 HTTP/1.1" 200 0 "-" "WordPress/6.8.3; https://deenzalifestyle.com"
57.141.2.12 - - [07/Nov/2025:01:17:48 +0000] "GET /product=5658208.html HTTP/2" 404 206892 "-" "meta-externalagent/1.1 (+https://developers.facebook.com/docs/sharing/webmasters/crawler)"
57.141.2.5 - - [07/Nov/2025:01:17:53 +0000] "GET /product=5468383.html HTTP/2" 404 206891 "-" "meta-externalagent/1.1 (+https://developers.facebook.com/docs/sharing/webmasters/crawler)"
204.197.172.10 - - [07/Nov/2025:01:18:32 +0000] "POST /wp-cron.php?doing_wp_cron=1762478312.5991408824920654296875 HTTP/1.1" 200 0 "-" "WordPress/6.8.3; https://deenzalifestyle.com"
57.141.2.4 - - [07/Nov/2025:01:18:32 +0000] "GET /product=4452206.html HTTP/2" 404 206891 "-" "meta-externalagent/1.1 (+https://developers.facebook.com/docs/sharing/webmasters/crawler)"
204.197.172.10 - - [07/Nov/2025:01:18:51 +0000] "POST /wp-cron.php?doing_wp_cron=1762478331.7298710346221923828125 HTTP/1.1" 200 0 "-" "WordPress/6.8.3; https://deenzalifestyle.com"
66.249.77.100 - - [07/Nov/2025:01:18:51 +0000] "GET /product=3661151.html HTTP/1.1" 404 37387 "-" "Mozilla/5.0 (compatible; Googlebot/2.1; +http://www.google.com/bot.html)"
204.197.172.10 - - [07/Nov/2025:01:19:22 +0000] "POST /wp-cron.php?doing_wp_cron=1762478362.4698090553283691406250 HTTP/1.1" 200 0 "-" "WordPress/6.8.3; https://deenzalifestyle.com"
57.141.2.64 - - [07/Nov/2025:01:19:22 +0000] "GET /product=4425307.html HTTP/2" 404 206892 "-" "meta-externalagent/1.1 (+https://developers.facebook.com/docs/sharing/webmasters/crawler)"
204.197.172.10 - - [07/Nov/2025:01:23:38 +0000] "POST /wp-cron.php?doing_wp_cron=1762478618.5770199298858642578125 HTTP/1.1" 200 0 "-" "WordPress/6.8.3; https://deenzalifestyle.com"
66.249.77.102 - - [07/Nov/2025:01:23:37 +0000] "GET /product=2598330.html HTTP/1.1" 404 37440 "-" "Mozilla/5.0 (Linux; Android 6.0.1; Nexus 5X Build/MMB29P) AppleWebKit/537.36 (KHTML, like Gecko) Chrome/141.0.7390.122 Mobile Safari/537.36 (compatible; Googlebot/2.1; +http://www.google.com/bot.html)"
57.141.2.71 - - [07/Nov/2025:01:23:41 +0000] "GET /product=2048861.html HTTP/2" 404 206892 "-" "meta-externalagent/1.1 (+https://developers.facebook.com/docs/sharing/webmasters/crawler)"
204.197.172.10 - - [07/Nov/2025:01:24:50 +0000] "POST /wp-cron.php?doing_wp_cron=1762478690.6622700691223144531250 HTTP/1.1" 200 0 "-" "WordPress/6.8.3; https://deenzalifestyle.com"
66.249.77.101 - - [07/Nov/2025:01:24:50 +0000] "GET /product=5674222.html HTTP/1.1" 404 37441 "-" "Mozilla/5.0 (Linux; Android 6.0.1; Nexus 5X Build/MMB29P) AppleWebKit/537.36 (KHTML, like Gecko) Chrome/141.0.7390.122 Mobile Safari/537.36 (compatible; Googlebot/2.1; +http://www.google.com/bot.html)"
204.197.172.10 - - [07/Nov/2025:01:26:30 +0000] "POST /wp-cron.php?doing_wp_cron=1762478790.8899779319763183593750 HTTP/1.1" 200 0 "-" "WordPress/6.8.3; https://deenzalifestyle.com"
66.249.77.102 - - [07/Nov/2025:01:26:29 +0000] "GET /217654941.shtml HTTP/1.1" 404 37440 "-" "Mozilla/5.0 (Linux; Android 6.0.1; Nexus 5X Build/MMB29P) AppleWebKit/537.36 (KHTML, like Gecko) Chrome/141.0.7390.122 Mobile Safari/537.36 (compatible; Googlebot/2.1; +http://www.google.com/bot.html)"
204.197.172.10 - - [07/Nov/2025:01:30:28 +0000] "POST /wp-cron.php?doing_wp_cron=1762479028.4028561115264892578125 HTTP/1.1" 200 0 "-" "WordPress/6.8.3; https://deenzalifestyle.com"
66.249.77.102 - - [07/Nov/2025:01:30:27 +0000] "GET /549582000.shtml HTTP/1.1" 404 37387 "-" "Mozilla/5.0 (compatible; Googlebot/2.1; +http://www.google.com/bot.html)"
66.249.77.100 - - [07/Nov/2025:01:30:28 +0000] "GET /549582000.shtml HTTP/1.1" 404 37441 "-" "Mozilla/5.0 (Linux; Android 6.0.1; Nexus 5X Build/MMB29P) AppleWebKit/537.36 (KHTML, like Gecko) Chrome/141.0.7390.122 Mobile Safari/537.36 (compatible; Googlebot/2.1; +http://www.google.com/bot.html)"
204.197.172.10 - - [07/Nov/2025:01:31:03 +0000] "POST /wp-cron.php?doing_wp_cron=1762479063.7918701171875000000000 HTTP/1.1" 200 0 "-" "WordPress/6.8.3; https://deenzalifestyle.com"
57.141.2.71 - - [07/Nov/2025:01:31:03 +0000] "GET /product=4824506.html HTTP/2" 404 206892 "-" "meta-externalagent/1.1 (+https://developers.facebook.com/docs/sharing/webmasters/crawler)"
204.197.172.10 - - [07/Nov/2025:01:32:34 +0000] "POST /wp-cron.php?doing_wp_cron=1762479154.2890079021453857421875 HTTP/1.1" 200 0 "-" "WordPress/6.8.3; https://deenzalifestyle.com"
66.249.77.101 - - [07/Nov/2025:01:32:33 +0000] "GET /183139995.shtml HTTP/1.1" 404 37440 "-" "Mozilla/5.0 (Linux; Android 6.0.1; Nexus 5X Build/MMB29P) AppleWebKit/537.36 (KHTML, like Gecko) Chrome/141.0.7390.122 Mobile Safari/537.36 (compatible; Googlebot/2.1; +http://www.google.com/bot.html)"
204.197.172.10 - - [07/Nov/2025:01:33:56 +0000] "POST /wp-cron.php?doing_wp_cron=1762479236.5926959514617919921875 HTTP/1.1" 200 0 "-" "WordPress/6.8.3; https://deenzalifestyle.com"
66.249.77.100 - - [07/Nov/2025:01:33:55 +0000] "GET /323973039.shtml HTTP/1.1" 404 37441 "-" "Mozilla/5.0 (Linux; Android 6.0.1; Nexus 5X Build/MMB29P) AppleWebKit/537.36 (KHTML, like Gecko) Chrome/141.0.7390.122 Mobile Safari/537.36 (compatible; Googlebot/2.1; +http://www.google.com/bot.html)"
204.197.172.10 - - [07/Nov/2025:01:37:22 +0000] "POST /wp-cron.php?doing_wp_cron=1762479442.4972178936004638671875 HTTP/1.1" 200 0 "-" "WordPress/6.8.3; https://deenzalifestyle.com"
57.141.2.71 - - [07/Nov/2025:01:37:21 +0000] "GET /product=4982037.html HTTP/2" 404 206892 "-" "meta-externalagent/1.1 (+https://developers.facebook.com/docs/sharing/webmasters/crawler)"
204.197.172.10 - - [07/Nov/2025:01:37:51 +0000] "POST /wp-cron.php?doing_wp_cron=1762479471.5586230754852294921875 HTTP/1.1" 200 0 "-" "WordPress/6.8.3; https://deenzalifestyle.com"
66.249.77.100 - - [07/Nov/2025:01:37:51 +0000] "GET /product=4209343.html HTTP/1.1" 404 37441 "-" "Mozilla/5.0 (Linux; Android 6.0.1; Nexus 5X Build/MMB29P) AppleWebKit/537.36 (KHTML, like Gecko) Chrome/141.0.7390.122 Mobile Safari/537.36 (compatible; Googlebot/2.1; +http://www.google.com/bot.html)"
66.249.77.101 - - [07/Nov/2025:01:37:51 +0000] "GET /product=4209343.html HTTP/1.1" 404 37387 "-" "Mozilla/5.0 (compatible; Googlebot/2.1; +http://www.google.com/bot.html)"
204.197.172.10 - - [07/Nov/2025:01:39:25 +0000] "POST /wp-cron.php?doing_wp_cron=1762479565.7475941181182861328125 HTTP/1.1" 200 0 "-" "WordPress/6.8.3; https://deenzalifestyle.com"
204.197.172.10 - - [07/Nov/2025:01:39:25 +0000] "POST /wp-cron.php?doing_wp_cron=1762479565.7475941181182861328125 HTTP/1.1" 200 0 "-" "WordPress/6.8.3; https://deenzalifestyle.com"
66.249.77.102 - - [07/Nov/2025:01:39:24 +0000] "GET /product=1935780.html HTTP/1.1" 404 37387 "-" "Mozilla/5.0 (compatible; Googlebot/2.1; +http://www.google.com/bot.html)"
66.249.77.101 - - [07/Nov/2025:01:39:24 +0000] "GET /product=1935780.html HTTP/1.1" 404 37441 "-" "Mozilla/5.0 (Linux; Android 6.0.1; Nexus 5X Build/MMB29P) AppleWebKit/537.36 (KHTML, like Gecko) Chrome/141.0.7390.122 Mobile Safari/537.36 (compatible; Googlebot/2.1; +http://www.google.com/bot.html)"
204.197.172.10 - - [07/Nov/2025:01:39:56 +0000] "POST /wp-cron.php?doing_wp_cron=1762479596.9777829647064208984375 HTTP/1.1" 200 0 "-" "WordPress/6.8.3; https://deenzalifestyle.com"
57.141.2.5 - - [07/Nov/2025:01:39:56 +0000] "GET /product=3163310.html HTTP/2" 404 206891 "-" "meta-externalagent/1.1 (+https://developers.facebook.com/docs/sharing/webmasters/crawler)"
66.249.77.100 - - [07/Nov/2025:01:40:04 +0000] "GET /product=5109467.html HTTP/1.1" 404 37386 "-" "Mozilla/5.0 (compatible; Googlebot/2.1; +http://www.google.com/bot.html)"
