69.63.184.30 - - [06/Nov/2025:19:44:21 +0000] "GET /wp-content/plugins/elementor/assets/js/shared-frontend-handlers.4c8abccc3e268b0767b2.bundle.min.js HTTP/2" 200 2542 "https://deenzalifestyle.com/product/%F0%9F%94%B6-%E0%A6%9C%E0%A6%A8%E0%A6%AA%E0%A7%8D%E0%A6%B0%E0%A6%BF%E0%A6%AF%E0%A6%BC-%E0%A7%AA%E0%A7%A6%E0%A7%A6-%E0%A6%97%E0%A7%87%E0%A6%AF%E0%A6%BC%E0%A6%BE%E0%A6%B0%E0%A7%87%E0%A6%B0-%E0%A6%AE/?fbclid=IwZXh0bgNhZW0CMTEAc3J0YwZhcHBfaWQMMjU2MjgxMDQwNTU4AAEejHTL3WR3kj2hr31gaEP2fQpPsxFaH4FgutvS9tern8GH76E6DdlyQofuSno_aem_zPUXGbmtxUy5Lko24xeFQQ" "meta-externalads/1.1 (+https://developers.facebook.com/docs/sharing/webmasters/crawler)"
69.63.184.30 - - [06/Nov/2025:19:44:21 +0000] "GET /wp-content/plugins/elementor-pro/assets/js/woocommerce-menu-cart.eb61fe086245485310a4.bundle.min.js HTTP/2" 200 1464 "https://deenzalifestyle.com/product/%F0%9F%94%B6-%E0%A6%9C%E0%A6%A8%E0%A6%AA%E0%A7%8D%E0%A6%B0%E0%A6%BF%E0%A6%AF%E0%A6%BC-%E0%A7%AA%E0%A7%A6%E0%A7%A6-%E0%A6%97%E0%A7%87%E0%A6%AF%E0%A6%BC%E0%A6%BE%E0%A6%B0%E0%A7%87%E0%A6%B0-%E0%A6%AE/?fbclid=IwZXh0bgNhZW0CMTEAc3J0YwZhcHBfaWQMMjU2MjgxMDQwNTU4AAEejHTL3WR3kj2hr31gaEP2fQpPsxFaH4FgutvS9tern8GH76E6DdlyQofuSno_aem_zPUXGbmtxUy5Lko24xeFQQ" "meta-externalads/1.1 (+https://developers.facebook.com/docs/sharing/webmasters/crawler)"
69.63.184.30 - - [06/Nov/2025:19:44:21 +0000] "GET /wp-content/plugins/elementor/assets/js/text-editor.abc8f59c62f2820dc25a.bundle.min.js HTTP/2" 200 618 "https://deenzalifestyle.com/product/%F0%9F%94%B6-%E0%A6%9C%E0%A6%A8%E0%A6%AA%E0%A7%8D%E0%A6%B0%E0%A6%BF%E0%A6%AF%E0%A6%BC-%E0%A7%AA%E0%A7%A6%E0%A7%A6-%E0%A6%97%E0%A7%87%E0%A6%AF%E0%A6%BC%E0%A6%BE%E0%A6%B0%E0%A7%87%E0%A6%B0-%E0%A6%AE/?fbclid=IwZXh0bgNhZW0CMTEAc3J0YwZhcHBfaWQMMjU2MjgxMDQwNTU4AAEejHTL3WR3kj2hr31gaEP2fQpPsxFaH4FgutvS9tern8GH76E6DdlyQofuSno_aem_zPUXGbmtxUy5Lko24xeFQQ" "meta-externalads/1.1 (+https://developers.facebook.com/docs/sharing/webmasters/crawler)"
69.63.184.30 - - [06/Nov/2025:19:44:21 +0000] "GET /wp-content/plugins/elementor-pro/assets/js/product-add-to-cart.51a22e1fbd8f914ab3d5.bundle.min.js HTTP/2" 200 1152 "https://deenzalifestyle.com/product/%F0%9F%94%B6-%E0%A6%9C%E0%A6%A8%E0%A6%AA%E0%A7%8D%E0%A6%B0%E0%A6%BF%E0%A6%AF%E0%A6%BC-%E0%A7%AA%E0%A7%A6%E0%A7%A6-%E0%A6%97%E0%A7%87%E0%A6%AF%E0%A6%BC%E0%A6%BE%E0%A6%B0%E0%A7%87%E0%A6%B0-%E0%A6%AE/?fbclid=IwZXh0bgNhZW0CMTEAc3J0YwZhcHBfaWQMMjU2MjgxMDQwNTU4AAEejHTL3WR3kj2hr31gaEP2fQpPsxFaH4FgutvS9tern8GH76E6DdlyQofuSno_aem_zPUXGbmtxUy5Lko24xeFQQ" "meta-externalads/1.1 (+https://developers.facebook.com/docs/sharing/webmasters/crawler)"
69.63.184.30 - - [06/Nov/2025:19:44:21 +0000] "GET /wp-content/themes/astra/assets/css/minified/compatibility/woocommerce/woocommerce-smallscreen-grid.min.css?ver=4.11.13 HTTP/2" 200 796 "https://deenzalifestyle.com/product/%F0%9F%94%B6-%E0%A6%9C%E0%A6%A8%E0%A6%AA%E0%A7%8D%E0%A6%B0%E0%A6%BF%E0%A6%AF%E0%A6%BC-%E0%A7%AA%E0%A7%A6%E0%A7%A6-%E0%A6%97%E0%A7%87%E0%A6%AF%E0%A6%BC%E0%A6%BE%E0%A6%B0%E0%A7%87%E0%A6%B0-%E0%A6%AE/?fbclid=IwZXh0bgNhZW0CMTEAc3J0YwZhcHBfaWQMMjU2MjgxMDQwNTU4AAEejHTL3WR3kj2hr31gaEP2fQpPsxFaH4FgutvS9tern8GH76E6DdlyQofuSno_aem_zPUXGbmtxUy5Lko24xeFQQ" "meta-externalads/1.1 (+https://developers.facebook.com/docs/sharing/webmasters/crawler)"
69.63.184.30 - - [06/Nov/2025:19:44:23 +0000] "GET /wp-content/uploads/2025/06/cropped-Deenza-logo-1-32x32.jpg HTTP/2" 200 941 "https://deenzalifestyle.com/product/%F0%9F%94%B6-%E0%A6%9C%E0%A6%A8%E0%A6%AA%E0%A7%8D%E0%A6%B0%E0%A6%BF%E0%A6%AF%E0%A6%BC-%E0%A7%AA%E0%A7%A6%E0%A7%A6-%E0%A6%97%E0%A7%87%E0%A6%AF%E0%A6%BC%E0%A6%BE%E0%A6%B0%E0%A7%87%E0%A6%B0-%E0%A6%AE/?fbclid=IwZXh0bgNhZW0CMTEAc3J0YwZhcHBfaWQMMjU2MjgxMDQwNTU4AAEejHTL3WR3kj2hr31gaEP2fQpPsxFaH4FgutvS9tern8GH76E6DdlyQofuSno_aem_zPUXGbmtxUy5Lko24xeFQQ" "meta-externalads/1.1 (+https://developers.facebook.com/docs/sharing/webmasters/crawler)"
66.249.69.105 - - [06/Nov/2025:19:44:27 +0000] "GET /product=4543784.html HTTP/1.1" 404 37439 "-" "Mozilla/5.0 (Linux; Android 6.0.1; Nexus 5X Build/MMB29P) AppleWebKit/537.36 (KHTML, like Gecko) Chrome/141.0.7390.122 Mobile Safari/537.36 (compatible; Googlebot/2.1; +http://www.google.com/bot.html)"
204.197.172.10 - - [06/Nov/2025:19:46:14 +0000] "POST /wp-cron.php?doing_wp_cron=1762458374.9303278923034667968750 HTTP/1.1" 200 0 "-" "WordPress/6.8.3; https://deenzalifestyle.com"
204.197.172.10 - - [06/Nov/2025:19:46:14 +0000] "POST /wp-cron.php?doing_wp_cron=1762458374.9301810264587402343750 HTTP/1.1" 200 0 "-" "WordPress/6.8.3; https://deenzalifestyle.com"
66.249.69.105 - - [06/Nov/2025:19:46:13 +0000] "GET /product=2842342.html HTTP/1.1" 404 37390 "-" "Mozilla/5.0 (compatible; Googlebot/2.1; +http://www.google.com/bot.html)"
66.249.69.105 - - [06/Nov/2025:19:46:14 +0000] "GET /product=2842342.html HTTP/1.1" 404 37439 "-" "Mozilla/5.0 (Linux; Android 6.0.1; Nexus 5X Build/MMB29P) AppleWebKit/537.36 (KHTML, like Gecko) Chrome/141.0.7390.122 Mobile Safari/537.36 (compatible; Googlebot/2.1; +http://www.google.com/bot.html)"
204.197.172.10 - - [06/Nov/2025:19:47:24 +0000] "POST /wp-cron.php?doing_wp_cron=1762458444.5796461105346679687500 HTTP/1.1" 200 0 "-" "WordPress/6.8.3; https://deenzalifestyle.com"
57.141.2.12 - - [06/Nov/2025:19:47:24 +0000] "GET /product=5157935.html HTTP/2" 404 206892 "-" "meta-externalagent/1.1 (+https://developers.facebook.com/docs/sharing/webmasters/crawler)"
204.197.172.10 - - [06/Nov/2025:19:48:58 +0000] "POST /wp-cron.php?doing_wp_cron=1762458538.6249289512634277343750 HTTP/1.1" 200 0 "-" "WordPress/6.8.3; https://deenzalifestyle.com"
57.141.2.32 - - [06/Nov/2025:19:48:57 +0000] "GET /product=2846588.html HTTP/2" 404 206892 "-" "meta-externalagent/1.1 (+https://developers.facebook.com/docs/sharing/webmasters/crawler)"
2a06:98c0:3600::103 - - [06/Nov/2025:19:49:52 +0000] "GET /wp-admin/setup-config.php HTTP/1.1" 409 1041 "-" "Mozilla/5.0 (Windows NT 10.0; Win64; x64) AppleWebKit/537.36 (KHTML, like Gecko) Chrome/140.0.0.0 Safari/537.36"
204.197.172.10 - - [06/Nov/2025:19:50:04 +0000] "POST /wp-cron.php?doing_wp_cron=1762458604.8700699806213378906250 HTTP/1.1" 200 0 "-" "WordPress/6.8.3; https://deenzalifestyle.com"
66.249.69.106 - - [06/Nov/2025:19:50:04 +0000] "GET /376123320.shtml HTTP/1.1" 404 37441 "-" "Mozilla/5.0 (Linux; Android 6.0.1; Nexus 5X Build/MMB29P) AppleWebKit/537.36 (KHTML, like Gecko) Chrome/141.0.7390.122 Mobile Safari/537.36 (compatible; Googlebot/2.1; +http://www.google.com/bot.html)"
66.249.69.105 - - [06/Nov/2025:19:50:08 +0000] "GET /product=4805689.html HTTP/1.1" 404 37390 "-" "Mozilla/5.0 (compatible; Googlebot/2.1; +http://www.google.com/bot.html)"
2a06:98c0:3600::103 - - [06/Nov/2025:19:50:12 +0000] "GET /wordpress/wp-admin/setup-config.php HTTP/1.1" 404 37427 "-" "Mozilla/5.0 (Windows NT 10.0; Win64; x64) AppleWebKit/537.36 (KHTML, like Gecko) Chrome/140.0.0.0 Safari/537.36"
66.249.69.105 - - [06/Nov/2025:19:50:38 +0000] "GET /product=2973139.html HTTP/1.1" 404 37390 "-" "Mozilla/5.0 (compatible; Googlebot/2.1; +http://www.google.com/bot.html)"
66.249.69.104 - - [06/Nov/2025:19:50:39 +0000] "GET /product=2973139.html HTTP/1.1" 404 37439 "-" "Mozilla/5.0 (Linux; Android 6.0.1; Nexus 5X Build/MMB29P) AppleWebKit/537.36 (KHTML, like Gecko) Chrome/141.0.7390.122 Mobile Safari/537.36 (compatible; Googlebot/2.1; +http://www.google.com/bot.html)"
204.197.172.10 - - [06/Nov/2025:19:51:41 +0000] "POST /wp-cron.php?doing_wp_cron=1762458701.1289479732513427734375 HTTP/1.1" 200 0 "-" "WordPress/6.8.3; https://deenzalifestyle.com"
66.249.69.106 - - [06/Nov/2025:19:51:40 +0000] "GET /504381483.shtml HTTP/1.1" 404 37440 "-" "Mozilla/5.0 (Linux; Android 6.0.1; Nexus 5X Build/MMB29P) AppleWebKit/537.36 (KHTML, like Gecko) Chrome/141.0.7390.122 Mobile Safari/537.36 (compatible; Googlebot/2.1; +http://www.google.com/bot.html)"
66.249.69.104 - - [06/Nov/2025:19:51:41 +0000] "GET /504381483.shtml HTTP/1.1" 404 37389 "-" "Mozilla/5.0 (compatible; Googlebot/2.1; +http://www.google.com/bot.html)"
2a06:98c0:3600::103 - - [06/Nov/2025:19:52:16 +0000] "GET /wordpress/wp-admin/setup-config.php HTTP/1.1" 404 37427 "-" "Mozilla/5.0 (Windows NT 10.0; Win64; x64) AppleWebKit/537.36 (KHTML, like Gecko) Chrome/140.0.0.0 Safari/537.36"
2a06:98c0:3600::103 - - [06/Nov/2025:19:52:30 +0000] "GET /wp-admin/setup-config.php HTTP/1.1" 409 1041 "-" "Mozilla/5.0 (Windows NT 10.0; Win64; x64) AppleWebKit/537.36 (KHTML, like Gecko) Chrome/140.0.0.0 Safari/537.36"
204.197.172.10 - - [06/Nov/2025:19:53:01 +0000] "POST /wp-cron.php?doing_wp_cron=1762458781.3645210266113281250000 HTTP/1.1" 200 0 "-" "WordPress/6.8.3; https://deenzalifestyle.com"
57.141.2.1 - - [06/Nov/2025:19:53:01 +0000] "GET /product=3315166.html HTTP/2" 404 206891 "-" "meta-externalagent/1.1 (+https://developers.facebook.com/docs/sharing/webmasters/crawler)"
204.197.172.10 - - [06/Nov/2025:19:54:15 +0000] "POST /wp-cron.php?doing_wp_cron=1762458855.5994770526885986328125 HTTP/1.1" 200 0 "-" "WordPress/6.8.3; https://deenzalifestyle.com"
57.141.2.71 - - [06/Nov/2025:19:54:14 +0000] "GET /product=2538470.html HTTP/2" 404 206892 "-" "meta-externalagent/1.1 (+https://developers.facebook.com/docs/sharing/webmasters/crawler)"
66.249.69.104 - - [06/Nov/2025:19:54:30 +0000] "GET /product=4782534.html HTTP/1.1" 404 37390 "-" "Mozilla/5.0 (compatible; Googlebot/2.1; +http://www.google.com/bot.html)"
204.197.172.10 - - [06/Nov/2025:19:55:12 +0000] "POST /wp-cron.php?doing_wp_cron=1762458912.2349529266357421875000 HTTP/1.1" 200 0 "-" "WordPress/6.8.3; https://deenzalifestyle.com"
66.249.69.106 - - [06/Nov/2025:19:55:12 +0000] "GET /109880562.shtml HTTP/1.1" 404 37389 "-" "Mozilla/5.0 (compatible; Googlebot/2.1; +http://www.google.com/bot.html)"
57.141.2.25 - - [06/Nov/2025:19:55:36 +0000] "GET /product=4531525.html HTTP/2" 404 206892 "-" "meta-externalagent/1.1 (+https://developers.facebook.com/docs/sharing/webmasters/crawler)"
204.197.172.10 - - [06/Nov/2025:19:58:10 +0000] "POST /wp-cron.php?doing_wp_cron=1762459090.8600020408630371093750 HTTP/1.1" 200 0 "-" "WordPress/6.8.3; https://deenzalifestyle.com"
57.141.2.65 - - [06/Nov/2025:19:58:09 +0000] "GET /product=4069273.html HTTP/2" 404 206892 "-" "meta-externalagent/1.1 (+https://developers.facebook.com/docs/sharing/webmasters/crawler)"
204.197.172.10 - - [06/Nov/2025:19:59:46 +0000] "POST /wp-cron.php?doing_wp_cron=1762459186.5662701129913330078125 HTTP/1.1" 200 0 "-" "WordPress/6.8.3; https://deenzalifestyle.com"
66.249.69.106 - - [06/Nov/2025:19:59:45 +0000] "GET /511862682.shtml HTTP/1.1" 404 37390 "-" "Mozilla/5.0 (compatible; Googlebot/2.1; +http://www.google.com/bot.html)"
204.197.172.10 - - [06/Nov/2025:20:02:09 +0000] "POST /wp-cron.php?doing_wp_cron=1762459329.5454618930816650390625 HTTP/1.1" 200 0 "-" "WordPress/6.8.3; https://deenzalifestyle.com"
57.141.2.13 - - [06/Nov/2025:20:02:08 +0000] "GET /product=2000536.html HTTP/2" 404 206892 "-" "meta-externalagent/1.1 (+https://developers.facebook.com/docs/sharing/webmasters/crawler)"
31.13.127.28 - - [06/Nov/2025:20:04:16 +0000] "GET /wp-content/uploads/woo-feed/facebook/csv/deenzalifestyle.csv HTTP/1.1" 200 151806 "-" "facebookexternalhit/1.1 (+http://www.facebook.com/externalhit_uatext.php)"
204.197.172.10 - - [06/Nov/2025:20:04:28 +0000] "POST /wp-cron.php?doing_wp_cron=1762459468.6459848880767822265625 HTTP/1.1" 200 0 "-" "WordPress/6.8.3; https://deenzalifestyle.com"
57.141.2.2 - - [06/Nov/2025:20:04:27 +0000] "GET /product=4770795.html HTTP/2" 404 206891 "-" "meta-externalagent/1.1 (+https://developers.facebook.com/docs/sharing/webmasters/crawler)"
204.197.172.10 - - [06/Nov/2025:20:05:58 +0000] "POST /wp-cron.php?doing_wp_cron=1762459558.5635690689086914062500 HTTP/1.1" 200 0 "-" "WordPress/6.8.3; https://deenzalifestyle.com"
66.249.69.104 - - [06/Nov/2025:20:05:57 +0000] "GET /product=4779315.html HTTP/1.1" 404 37438 "-" "Mozilla/5.0 (Linux; Android 6.0.1; Nexus 5X Build/MMB29P) AppleWebKit/537.36 (KHTML, like Gecko) Chrome/141.0.7390.122 Mobile Safari/537.36 (compatible; Googlebot/2.1; +http://www.google.com/bot.html)"
5.161.201.188 - - [06/Nov/2025:20:06:07 +0000] "POST /wp-load.php?ebd82f=19557 HTTP/1.1" 200 0 "-" "Mozilla/5.0 (Windows NT 10.0; Win64; x64) AppleWebKit/537.36 (KHTML, like Gecko) Chrome/104.0.5112.97 Safari/537.36"
204.197.172.10 - - [06/Nov/2025:20:06:46 +0000] "POST /wp-cron.php?doing_wp_cron=1762459606.9046840667724609375000 HTTP/1.1" 200 0 "-" "WordPress/6.8.3; https://deenzalifestyle.com"
57.141.2.27 - - [06/Nov/2025:20:06:46 +0000] "GET /product=2172346.html HTTP/2" 404 206892 "-" "meta-externalagent/1.1 (+https://developers.facebook.com/docs/sharing/webmasters/crawler)"
204.197.172.10 - - [06/Nov/2025:20:12:37 +0000] "POST /wp-cron.php?doing_wp_cron=1762459957.1852560043334960937500 HTTP/1.1" 200 0 "-" "WordPress/6.8.3; https://deenzalifestyle.com"
57.141.2.66 - - [06/Nov/2025:20:12:36 +0000] "GET /product=5211178.html HTTP/2" 404 206892 "-" "meta-externalagent/1.1 (+https://developers.facebook.com/docs/sharing/webmasters/crawler)"
204.197.172.10 - - [06/Nov/2025:20:14:26 +0000] "POST /wp-cron.php?doing_wp_cron=1762460066.2426090240478515625000 HTTP/1.1" 200 0 "-" "WordPress/6.8.3; https://deenzalifestyle.com"
57.141.2.35 - - [06/Nov/2025:20:14:25 +0000] "GET /product=3865507.html HTTP/2" 404 206892 "-" "meta-externalagent/1.1 (+https://developers.facebook.com/docs/sharing/webmasters/crawler)"
57.141.2.20 - - [06/Nov/2025:20:14:29 +0000] "GET /product=2704314.html HTTP/2" 404 206892 "-" "meta-externalagent/1.1 (+https://developers.facebook.com/docs/sharing/webmasters/crawler)"
204.197.172.10 - - [06/Nov/2025:20:14:51 +0000] "POST /wp-cron.php?doing_wp_cron=1762460091.4205191135406494140625 HTTP/1.1" 200 0 "-" "WordPress/6.8.3; https://deenzalifestyle.com"
57.141.2.67 - - [06/Nov/2025:20:14:51 +0000] "GET /product=3360677.html HTTP/2" 404 206892 "-" "meta-externalagent/1.1 (+https://developers.facebook.com/docs/sharing/webmasters/crawler)"
204.197.172.10 - - [06/Nov/2025:20:15:15 +0000] "POST /wp-cron.php?doing_wp_cron=1762460115.8225219249725341796875 HTTP/1.1" 200 0 "-" "WordPress/6.8.3; https://deenzalifestyle.com"
57.141.2.57 - - [06/Nov/2025:20:15:15 +0000] "GET /product=4652502.html HTTP/2" 404 206892 "-" "meta-externalagent/1.1 (+https://developers.facebook.com/docs/sharing/webmasters/crawler)"
204.197.172.10 - - [06/Nov/2025:20:16:12 +0000] "POST /wp-cron.php?doing_wp_cron=1762460172.6453189849853515625000 HTTP/1.1" 200 0 "-" "WordPress/6.8.3; https://deenzalifestyle.com"
66.249.69.104 - - [06/Nov/2025:20:16:12 +0000] "GET /product=5205454.html HTTP/1.1" 404 37389 "-" "Mozilla/5.0 (compatible; Googlebot/2.1; +http://www.google.com/bot.html)"
204.197.172.10 - - [06/Nov/2025:20:17:08 +0000] "POST /wp-cron.php?doing_wp_cron=1762460228.8680150508880615234375 HTTP/1.1" 200 0 "-" "WordPress/6.8.3; https://deenzalifestyle.com"
57.141.2.2 - - [06/Nov/2025:20:17:08 +0000] "GET /product=3980437.html HTTP/2" 404 206891 "-" "meta-externalagent/1.1 (+https://developers.facebook.com/docs/sharing/webmasters/crawler)"
204.197.172.10 - - [06/Nov/2025:20:17:46 +0000] "POST /wp-cron.php?doing_wp_cron=1762460266.8600790500640869140625 HTTP/1.1" 200 0 "-" "WordPress/6.8.3; https://deenzalifestyle.com"
57.141.2.32 - - [06/Nov/2025:20:17:46 +0000] "GET /product=5308804.html HTTP/2" 404 206892 "-" "meta-externalagent/1.1 (+https://developers.facebook.com/docs/sharing/webmasters/crawler)"
204.197.172.10 - - [06/Nov/2025:20:18:09 +0000] "POST /wp-cron.php?doing_wp_cron=1762460289.3565919399261474609375 HTTP/1.1" 200 0 "-" "WordPress/6.8.3; https://deenzalifestyle.com"
57.141.2.15 - - [06/Nov/2025:20:18:09 +0000] "GET /product=1922681.html HTTP/2" 404 206892 "-" "meta-externalagent/1.1 (+https://developers.facebook.com/docs/sharing/webmasters/crawler)"
57.141.2.80 - - [06/Nov/2025:20:18:21 +0000] "GET /product=4510697.html HTTP/2" 404 206892 "-" "meta-externalagent/1.1 (+https://developers.facebook.com/docs/sharing/webmasters/crawler)"
66.249.69.106 - - [06/Nov/2025:20:18:23 +0000] "GET /product=2510636.html HTTP/1.1" 404 37389 "-" "Mozilla/5.0 (compatible; Googlebot/2.1; +http://www.google.com/bot.html)"
204.197.172.10 - - [06/Nov/2025:20:21:06 +0000] "POST /wp-cron.php?doing_wp_cron=1762460466.0508899688720703125000 HTTP/1.1" 200 0 "-" "WordPress/6.8.3; https://deenzalifestyle.com"
57.141.2.35 - - [06/Nov/2025:20:21:04 +0000] "GET /product=4496935.html HTTP/2" 404 206892 "-" "meta-externalagent/1.1 (+https://developers.facebook.com/docs/sharing/webmasters/crawler)"
204.197.172.10 - - [06/Nov/2025:20:23:01 +0000] "POST /wp-cron.php?doing_wp_cron=1762460581.7672069072723388671875 HTTP/1.1" 200 0 "-" "WordPress/6.8.3; https://deenzalifestyle.com"
57.141.2.1 - - [06/Nov/2025:20:23:00 +0000] "GET /product=2772365.html HTTP/2" 404 206891 "-" "meta-externalagent/1.1 (+https://developers.facebook.com/docs/sharing/webmasters/crawler)"
204.197.172.10 - - [06/Nov/2025:20:24:17 +0000] "POST /wp-cron.php?doing_wp_cron=1762460657.3608629703521728515625 HTTP/1.1" 200 0 "-" "WordPress/6.8.3; https://deenzalifestyle.com"
57.141.2.34 - - [06/Nov/2025:20:24:16 +0000] "GET /product=2158649.html HTTP/2" 404 206892 "-" "meta-externalagent/1.1 (+https://developers.facebook.com/docs/sharing/webmasters/crawler)"
57.141.2.31 - - [06/Nov/2025:20:24:20 +0000] "GET /product=5414163.html HTTP/2" 404 206892 "-" "meta-externalagent/1.1 (+https://developers.facebook.com/docs/sharing/webmasters/crawler)"
204.197.172.10 - - [06/Nov/2025:20:25:29 +0000] "POST /wp-cron.php?doing_wp_cron=1762460729.5188488960266113281250 HTTP/1.1" 200 0 "-" "WordPress/6.8.3; https://deenzalifestyle.com"
66.249.69.105 - - [06/Nov/2025:20:25:29 +0000] "GET /224282862.shtml HTTP/1.1" 404 37389 "-" "Mozilla/5.0 (compatible; Googlebot/2.1; +http://www.google.com/bot.html)"
204.197.172.10 - - [06/Nov/2025:20:27:18 +0000] "POST /wp-cron.php?doing_wp_cron=1762460838.1165790557861328125000 HTTP/1.1" 200 0 "-" "WordPress/6.8.3; https://deenzalifestyle.com"
57.141.2.60 - - [06/Nov/2025:20:27:17 +0000] "GET /product=5448217.html HTTP/2" 404 206892 "-" "meta-externalagent/1.1 (+https://developers.facebook.com/docs/sharing/webmasters/crawler)"
204.197.172.10 - - [06/Nov/2025:20:28:33 +0000] "POST /wp-cron.php?doing_wp_cron=1762460913.8753600120544433593750 HTTP/1.1" 200 0 "-" "WordPress/6.8.3; https://deenzalifestyle.com"
57.141.2.78 - - [06/Nov/2025:20:28:32 +0000] "GET /product=4998621.html HTTP/2" 404 206892 "-" "meta-externalagent/1.1 (+https://developers.facebook.com/docs/sharing/webmasters/crawler)"
204.197.172.10 - - [06/Nov/2025:20:33:34 +0000] "POST /wp-cron.php?doing_wp_cron=1762461214.8052549362182617187500 HTTP/1.1" 200 0 "-" "WordPress/6.8.3; https://deenzalifestyle.com"
57.141.2.57 - - [06/Nov/2025:20:33:33 +0000] "GET /product=3674286.html HTTP/2" 404 206892 "-" "meta-externalagent/1.1 (+https://developers.facebook.com/docs/sharing/webmasters/crawler)"
204.197.172.10 - - [06/Nov/2025:20:37:23 +0000] "POST /wp-cron.php?doing_wp_cron=1762461443.5182120800018310546875 HTTP/1.1" 200 0 "-" "WordPress/6.8.3; https://deenzalifestyle.com"
66.249.69.105 - - [06/Nov/2025:20:37:22 +0000] "GET /98311467.shtml HTTP/1.1" 404 37440 "-" "Mozilla/5.0 (Linux; Android 6.0.1; Nexus 5X Build/MMB29P) AppleWebKit/537.36 (KHTML, like Gecko) Chrome/141.0.7390.122 Mobile Safari/537.36 (compatible; Googlebot/2.1; +http://www.google.com/bot.html)"
57.141.2.57 - - [06/Nov/2025:20:37:26 +0000] "GET /product=4907881.html HTTP/2" 404 206892 "-" "meta-externalagent/1.1 (+https://developers.facebook.com/docs/sharing/webmasters/crawler)"
204.197.172.10 - - [06/Nov/2025:20:38:15 +0000] "POST /wp-cron.php?doing_wp_cron=1762461495.3202950954437255859375 HTTP/1.1" 200 0 "-" "WordPress/6.8.3; https://deenzalifestyle.com"
66.249.69.105 - - [06/Nov/2025:20:38:15 +0000] "GET /product=5607811.html HTTP/1.1" 404 37440 "-" "Mozilla/5.0 (Linux; Android 6.0.1; Nexus 5X Build/MMB29P) AppleWebKit/537.36 (KHTML, like Gecko) Chrome/141.0.7390.122 Mobile Safari/537.36 (compatible; Googlebot/2.1; +http://www.google.com/bot.html)"
204.197.172.10 - - [06/Nov/2025:20:38:51 +0000] "POST /wp-cron.php?doing_wp_cron=1762461531.9905300140380859375000 HTTP/1.1" 200 0 "-" "WordPress/6.8.3; https://deenzalifestyle.com"
57.141.2.3 - - [06/Nov/2025:20:38:51 +0000] "GET /product=4888803.html HTTP/2" 404 206891 "-" "meta-externalagent/1.1 (+https://developers.facebook.com/docs/sharing/webmasters/crawler)"
204.197.172.10 - - [06/Nov/2025:20:38:56 +0000] "POST /wp-cron.php?doing_wp_cron=1762461536.2180008888244628906250 HTTP/1.1" 200 0 "-" "WordPress/6.8.3; https://deenzalifestyle.com"
57.141.2.18 - - [06/Nov/2025:20:38:56 +0000] "GET /product=5528899.html HTTP/2" 404 206892 "-" "meta-externalagent/1.1 (+https://developers.facebook.com/docs/sharing/webmasters/crawler)"
204.197.172.10 - - [06/Nov/2025:20:40:26 +0000] "POST /wp-cron.php?doing_wp_cron=1762461626.8062980175018310546875 HTTP/1.1" 200 0 "-" "WordPress/6.8.3; https://deenzalifestyle.com"
57.141.2.34 - - [06/Nov/2025:20:40:25 +0000] "GET /product=3547982.html HTTP/2" 404 206892 "-" "meta-externalagent/1.1 (+https://developers.facebook.com/docs/sharing/webmasters/crawler)"
204.197.172.10 - - [06/Nov/2025:20:42:21 +0000] "POST /wp-cron.php?doing_wp_cron=1762461741.3840279579162597656250 HTTP/1.1" 200 0 "-" "WordPress/6.8.3; https://deenzalifestyle.com"
57.141.2.65 - - [06/Nov/2025:20:42:20 +0000] "GET /product=2068231.html HTTP/2" 404 206892 "-" "meta-externalagent/1.1 (+https://developers.facebook.com/docs/sharing/webmasters/crawler)"
204.197.172.10 - - [06/Nov/2025:20:43:18 +0000] "POST /wp-cron.php?doing_wp_cron=1762461798.1519041061401367187500 HTTP/1.1" 200 0 "-" "WordPress/6.8.3; https://deenzalifestyle.com"
204.197.172.10 - - [06/Nov/2025:20:43:18 +0000] "POST /wp-cron.php?doing_wp_cron=1762461798.1821858882904052734375 HTTP/1.1" 200 0 "-" "WordPress/6.8.3; https://deenzalifestyle.com"
57.141.2.76 - - [06/Nov/2025:20:43:18 +0000] "GET /product=5350043.html HTTP/2" 404 206892 "-" "meta-externalagent/1.1 (+https://developers.facebook.com/docs/sharing/webmasters/crawler)"
204.197.172.10 - - [06/Nov/2025:20:43:59 +0000] "POST /wp-cron.php?doing_wp_cron=1762461839.5350120067596435546875 HTTP/1.1" 200 0 "-" "WordPress/6.8.3; https://deenzalifestyle.com"
57.141.2.69 - - [06/Nov/2025:20:43:59 +0000] "GET /product=3149178.html HTTP/2" 404 206892 "-" "meta-externalagent/1.1 (+https://developers.facebook.com/docs/sharing/webmasters/crawler)"
57.141.2.3 - - [06/Nov/2025:20:44:31 +0000] "GET /product=3109665.html HTTP/2" 404 206891 "-" "meta-externalagent/1.1 (+https://developers.facebook.com/docs/sharing/webmasters/crawler)"
57.141.2.1 - - [06/Nov/2025:20:44:33 +0000] "GET /product=4151810.html HTTP/2" 404 206891 "-" "meta-externalagent/1.1 (+https://developers.facebook.com/docs/sharing/webmasters/crawler)"
204.197.172.10 - - [06/Nov/2025:20:45:54 +0000] "POST /wp-cron.php?doing_wp_cron=1762461954.9519920349121093750000 HTTP/1.1" 200 0 "-" "WordPress/6.8.3; https://deenzalifestyle.com"
66.249.69.105 - - [06/Nov/2025:20:45:53 +0000] "GET /553561479.shtml HTTP/1.1" 404 37438 "-" "Mozilla/5.0 (Linux; Android 6.0.1; Nexus 5X Build/MMB29P) AppleWebKit/537.36 (KHTML, like Gecko) Chrome/141.0.7390.122 Mobile Safari/537.36 (compatible; Googlebot/2.1; +http://www.google.com/bot.html)"
57.141.2.4 - - [06/Nov/2025:20:46:17 +0000] "GET /product=3903548.html HTTP/2" 404 206891 "-" "meta-externalagent/1.1 (+https://developers.facebook.com/docs/sharing/webmasters/crawler)"
57.141.2.16 - - [06/Nov/2025:20:46:18 +0000] "GET /product=3653367.html HTTP/2" 404 206892 "-" "meta-externalagent/1.1 (+https://developers.facebook.com/docs/sharing/webmasters/crawler)"
204.197.172.10 - - [06/Nov/2025:20:47:08 +0000] "POST /wp-cron.php?doing_wp_cron=1762462028.5225799083709716796875 HTTP/1.1" 200 0 "-" "WordPress/6.8.3; https://deenzalifestyle.com"
66.249.69.106 - - [06/Nov/2025:20:47:08 +0000] "GET /299735343.shtml HTTP/1.1" 404 37390 "-" "Mozilla/5.0 (compatible; Googlebot/2.1; +http://www.google.com/bot.html)"
204.197.172.10 - - [06/Nov/2025:20:48:27 +0000] "POST /wp-cron.php?doing_wp_cron=1762462107.2576758861541748046875 HTTP/1.1" 200 0 "-" "WordPress/6.8.3; https://deenzalifestyle.com"
57.141.2.16 - - [06/Nov/2025:20:48:26 +0000] "GET /product=3794048.html HTTP/2" 404 206892 "-" "meta-externalagent/1.1 (+https://developers.facebook.com/docs/sharing/webmasters/crawler)"
204.197.172.10 - - [06/Nov/2025:20:50:51 +0000] "POST /wp-cron.php?doing_wp_cron=1762462251.4299089908599853515625 HTTP/1.1" 200 0 "-" "WordPress/6.8.3; https://deenzalifestyle.com"
66.249.69.106 - - [06/Nov/2025:20:50:50 +0000] "GET /429481098.shtml HTTP/1.1" 404 37438 "-" "Mozilla/5.0 (Linux; Android 6.0.1; Nexus 5X Build/MMB29P) AppleWebKit/537.36 (KHTML, like Gecko) Chrome/141.0.7390.122 Mobile Safari/537.36 (compatible; Googlebot/2.1; +http://www.google.com/bot.html)"
204.197.172.10 - - [06/Nov/2025:20:52:39 +0000] "POST /wp-cron.php?doing_wp_cron=1762462359.7636179924011230468750 HTTP/1.1" 200 0 "-" "WordPress/6.8.3; https://deenzalifestyle.com"
57.141.2.4 - - [06/Nov/2025:20:52:38 +0000] "GET /product=2565928.html HTTP/2" 404 206891 "-" "meta-externalagent/1.1 (+https://developers.facebook.com/docs/sharing/webmasters/crawler)"
204.197.172.10 - - [06/Nov/2025:20:54:06 +0000] "POST /wp-cron.php?doing_wp_cron=1762462446.6878540515899658203125 HTTP/1.1" 200 0 "-" "WordPress/6.8.3; https://deenzalifestyle.com"
57.141.2.67 - - [06/Nov/2025:20:54:05 +0000] "GET /product=2263375.html HTTP/2" 404 206892 "-" "meta-externalagent/1.1 (+https://developers.facebook.com/docs/sharing/webmasters/crawler)"
57.141.2.22 - - [06/Nov/2025:20:54:12 +0000] "GET /product=1949946.html HTTP/2" 404 206892 "-" "meta-externalagent/1.1 (+https://developers.facebook.com/docs/sharing/webmasters/crawler)"
204.197.172.10 - - [06/Nov/2025:20:55:14 +0000] "POST /wp-cron.php?doing_wp_cron=1762462514.5860540866851806640625 HTTP/1.1" 200 0 "-" "WordPress/6.8.3; https://deenzalifestyle.com"
52.167.144.189 - - [06/Nov/2025:20:55:14 +0000] "GET /?clubtop_bn3 HTTP/2" 200 46683 "-" "Mozilla/5.0 AppleWebKit/537.36 (KHTML, like Gecko; compatible; bingbot/2.0; +http://www.bing.com/bingbot.htm) Chrome/116.0.1938.76 Safari/537.36"
57.141.2.58 - - [06/Nov/2025:20:55:25 +0000] "GET /product=3426262.html HTTP/2" 404 206892 "-" "meta-externalagent/1.1 (+https://developers.facebook.com/docs/sharing/webmasters/crawler)"
196.16.2.112 - - [06/Nov/2025:20:55:43 +0000] "GET /robots.txt HTTP/1.1" 200 322 "-" "Mozilla/5.0 (Windows NT 10.0; Win64; x64) AppleWebKit/537.36 (KHTML, like Gecko) Chrome/141.0.0.0 Safari/537.36"
204.197.172.10 - - [06/Nov/2025:20:56:26 +0000] "POST /wp-cron.php?doing_wp_cron=1762462586.7146708965301513671875 HTTP/1.1" 200 0 "-" "WordPress/6.8.3; https://deenzalifestyle.com"
57.141.2.34 - - [06/Nov/2025:20:56:26 +0000] "GET /product=2408733.html HTTP/2" 404 206892 "-" "meta-externalagent/1.1 (+https://developers.facebook.com/docs/sharing/webmasters/crawler)"
57.141.2.81 - - [06/Nov/2025:20:56:30 +0000] "GET /product=4527707.html HTTP/2" 404 206892 "-" "meta-externalagent/1.1 (+https://developers.facebook.com/docs/sharing/webmasters/crawler)"
204.197.172.10 - - [06/Nov/2025:20:57:40 +0000] "POST /wp-cron.php?doing_wp_cron=1762462660.4981648921966552734375 HTTP/1.1" 200 0 "-" "WordPress/6.8.3; https://deenzalifestyle.com"
66.249.69.106 - - [06/Nov/2025:20:57:40 +0000] "GET /399286218.shtml HTTP/1.1" 404 37390 "-" "Mozilla/5.0 (compatible; Googlebot/2.1; +http://www.google.com/bot.html)"
204.197.172.10 - - [06/Nov/2025:20:58:37 +0000] "POST /wp-cron.php?doing_wp_cron=1762462717.1695380210876464843750 HTTP/1.1" 200 0 "-" "WordPress/6.8.3; https://deenzalifestyle.com"
57.141.2.58 - - [06/Nov/2025:20:58:37 +0000] "GET /product=3748517.html HTTP/2" 404 206892 "-" "meta-externalagent/1.1 (+https://developers.facebook.com/docs/sharing/webmasters/crawler)"
204.197.172.10 - - [06/Nov/2025:20:59:04 +0000] "POST /wp-cron.php?doing_wp_cron=1762462744.1434280872344970703125 HTTP/1.1" 200 0 "-" "WordPress/6.8.3; https://deenzalifestyle.com"
57.141.2.31 - - [06/Nov/2025:20:59:03 +0000] "GET /product=5135563.html HTTP/2" 404 206892 "-" "meta-externalagent/1.1 (+https://developers.facebook.com/docs/sharing/webmasters/crawler)"
204.197.172.10 - - [06/Nov/2025:21:02:20 +0000] "POST /wp-cron.php?doing_wp_cron=1762462940.4125430583953857421875 HTTP/1.1" 200 0 "-" "WordPress/6.8.3; https://deenzalifestyle.com"
57.141.2.20 - - [06/Nov/2025:21:02:19 +0000] "GET /product=5225875.html HTTP/2" 404 206892 "-" "meta-externalagent/1.1 (+https://developers.facebook.com/docs/sharing/webmasters/crawler)"
204.197.172.10 - - [06/Nov/2025:21:02:42 +0000] "POST /wp-cron.php?doing_wp_cron=1762462962.8427219390869140625000 HTTP/1.1" 200 0 "-" "WordPress/6.8.3; https://deenzalifestyle.com"
57.141.2.6 - - [06/Nov/2025:21:02:42 +0000] "GET /product=2344263.html HTTP/2" 404 206891 "-" "meta-externalagent/1.1 (+https://developers.facebook.com/docs/sharing/webmasters/crawler)"
31.13.127.10 - - [06/Nov/2025:21:03:08 +0000] "GET /wp-content/uploads/woo-feed/facebook/csv/deenzalifestyle.csv HTTP/1.1" 200 151806 "-" "facebookexternalhit/1.1 (+http://www.facebook.com/externalhit_uatext.php)"
204.197.172.10 - - [06/Nov/2025:21:04:04 +0000] "POST /wp-cron.php?doing_wp_cron=1762463044.3220040798187255859375 HTTP/1.1" 200 0 "-" "WordPress/6.8.3; https://deenzalifestyle.com"
66.249.69.104 - - [06/Nov/2025:21:04:03 +0000] "GET /product=3660799.html HTTP/1.1" 404 37390 "-" "Mozilla/5.0 (compatible; Googlebot/2.1; +http://www.google.com/bot.html)"
114.130.71.172 - - [06/Nov/2025:21:04:47 +0000] "GET /?fbclid=IwZXh0bgNhZW0CMTEAc3J0YwZhcHBfaWQMMzUwNjg1NTMxNzI4AAEeJB-aemDu_bThK45YOmRBfLmBnxAHISNtv3RZS3Lfw0YE_S5Y5YrbFhqGKVM_aem_IwX6Qh8PURhN1JhnKr5Crg HTTP/2" 200 46715 "http://m.facebook.com/" "Mozilla/5.0 (Linux; Android 15; SM-A546E Build/AP3A.240905.015.A2; wv) AppleWebKit/537.36 (KHTML, like Gecko) Version/4.0 Chrome/142.0.7444.74 Mobile Safari/537.36 [FB_IAB/FB4A;FBAV/537.0.0.47.77;IABMV/1;]"
114.130.71.172 - - [06/Nov/2025:21:04:49 +0000] "GET /wp-content/uploads/2025/09/photo_2025-09-03_06-23-29.jpg HTTP/2" 200 106922 "https://deenzalifestyle.com/?fbclid=IwZXh0bgNhZW0CMTEAc3J0YwZhcHBfaWQMMzUwNjg1NTMxNzI4AAEeJB-aemDu_bThK45YOmRBfLmBnxAHISNtv3RZS3Lfw0YE_S5Y5YrbFhqGKVM_aem_IwX6Qh8PURhN1JhnKr5Crg" "Mozilla/5.0 (Linux; Android 15; SM-A546E Build/AP3A.240905.015.A2; wv) AppleWebKit/537.36 (KHTML, like Gecko) Version/4.0 Chrome/142.0.7444.74 Mobile Safari/537.36 [FB_IAB/FB4A;FBAV/537.0.0.47.77;IABMV/1;]"
204.197.172.10 - - [06/Nov/2025:21:04:49 +0000] "POST /wp-cron.php?doing_wp_cron=1762463089.4067640304565429687500 HTTP/1.1" 200 0 "-" "WordPress/6.8.3; https://deenzalifestyle.com"
114.130.71.172 - - [06/Nov/2025:21:04:49 +0000] "GET /step/2/ HTTP/2" 200 50333 "https://deenzalifestyle.com/?fbclid=IwZXh0bgNhZW0CMTEAc3J0YwZhcHBfaWQMMzUwNjg1NTMxNzI4AAEeJB-aemDu_bThK45YOmRBfLmBnxAHISNtv3RZS3Lfw0YE_S5Y5YrbFhqGKVM_aem_IwX6Qh8PURhN1JhnKr5Crg" "Mozilla/5.0 (Linux; Android 15; SM-A546E Build/AP3A.240905.015.A2; wv) AppleWebKit/537.36 (KHTML, like Gecko) Version/4.0 Chrome/142.0.7444.74 Mobile Safari/537.36"
114.130.71.172 - - [06/Nov/2025:21:04:49 +0000] "POST /?wc-ajax=get_refreshed_fragments HTTP/2" 200 1318 "https://deenzalifestyle.com/?fbclid=IwZXh0bgNhZW0CMTEAc3J0YwZhcHBfaWQMMzUwNjg1NTMxNzI4AAEeJB-aemDu_bThK45YOmRBfLmBnxAHISNtv3RZS3Lfw0YE_S5Y5YrbFhqGKVM_aem_IwX6Qh8PURhN1JhnKr5Crg" "Mozilla/5.0 (Linux; Android 15; SM-A546E Build/AP3A.240905.015.A2; wv) AppleWebKit/537.36 (KHTML, like Gecko) Version/4.0 Chrome/142.0.7444.74 Mobile Safari/537.36 [FB_IAB/FB4A;FBAV/537.0.0.47.77;IABMV/1;]"
114.130.71.172 - - [06/Nov/2025:21:04:49 +0000] "POST /wp-json/wp-statistics/v2/hit HTTP/2" 200 19 "https://deenzalifestyle.com/?fbclid=IwZXh0bgNhZW0CMTEAc3J0YwZhcHBfaWQMMzUwNjg1NTMxNzI4AAEeJB-aemDu_bThK45YOmRBfLmBnxAHISNtv3RZS3Lfw0YE_S5Y5YrbFhqGKVM_aem_IwX6Qh8PURhN1JhnKr5Crg" "Mozilla/5.0 (Linux; Android 15; SM-A546E Build/AP3A.240905.015.A2; wv) AppleWebKit/537.36 (KHTML, like Gecko) Version/4.0 Chrome/142.0.7444.74 Mobile Safari/537.36 [FB_IAB/FB4A;FBAV/537.0.0.47.77;IABMV/1;]"
114.130.71.172 - - [06/Nov/2025:21:04:52 +0000] "GET /wp-content/uploads/2025/06/Moriyam-1.jpg HTTP/3" 200 193307 "https://deenzalifestyle.com/?fbclid=IwZXh0bgNhZW0CMTEAc3J0YwZhcHBfaWQMMzUwNjg1NTMxNzI4AAEeJB-aemDu_bThK45YOmRBfLmBnxAHISNtv3RZS3Lfw0YE_S5Y5YrbFhqGKVM_aem_IwX6Qh8PURhN1JhnKr5Crg" "Mozilla/5.0 (Linux; Android 15; SM-A546E Build/AP3A.240905.015.A2; wv) AppleWebKit/537.36 (KHTML, like Gecko) Version/4.0 Chrome/142.0.7444.74 Mobile Safari/537.36 [FB_IAB/FB4A;FBAV/537.0.0.47.77;IABMV/1;]"
114.130.71.172 - - [06/Nov/2025:21:04:53 +0000] "GET /wp-content/uploads/2025/09/photo_2025-09-03_06-23-19.jpg HTTP/3" 200 107483 "https://deenzalifestyle.com/?fbclid=IwZXh0bgNhZW0CMTEAc3J0YwZhcHBfaWQMMzUwNjg1NTMxNzI4AAEeJB-aemDu_bThK45YOmRBfLmBnxAHISNtv3RZS3Lfw0YE_S5Y5YrbFhqGKVM_aem_IwX6Qh8PURhN1JhnKr5Crg" "Mozilla/5.0 (Linux; Android 15; SM-A546E Build/AP3A.240905.015.A2; wv) AppleWebKit/537.36 (KHTML, like Gecko) Version/4.0 Chrome/142.0.7444.74 Mobile Safari/537.36 [FB_IAB/FB4A;FBAV/537.0.0.47.77;IABMV/1;]"
114.130.71.172 - - [06/Nov/2025:21:04:53 +0000] "GET /wp-content/uploads/2025/06/photo_2025-06-29_16-42-18.jpg HTTP/3" 200 131193 "https://deenzalifestyle.com/?fbclid=IwZXh0bgNhZW0CMTEAc3J0YwZhcHBfaWQMMzUwNjg1NTMxNzI4AAEeJB-aemDu_bThK45YOmRBfLmBnxAHISNtv3RZS3Lfw0YE_S5Y5YrbFhqGKVM_aem_IwX6Qh8PURhN1JhnKr5Crg" "Mozilla/5.0 (Linux; Android 15; SM-A546E Build/AP3A.240905.015.A2; wv) AppleWebKit/537.36 (KHTML, like Gecko) Version/4.0 Chrome/142.0.7444.74 Mobile Safari/537.36 [FB_IAB/FB4A;FBAV/537.0.0.47.77;IABMV/1;]"
114.130.71.172 - - [06/Nov/2025:21:04:53 +0000] "GET /product/%f0%9f%8c%b8-%e0%a6%b0%e0%a6%be%e0%a6%b9%e0%a6%be-%e0%a6%95%e0%a7%81%e0%a6%9a%e0%a6%bf-%e0%a6%ac%e0%a7%8b%e0%a6%b0%e0%a6%95%e0%a6%be-%f0%9f%8c%b8%e2%9c%a8/ HTTP/3" 200 54685 "https://deenzalifestyle.com/?fbclid=IwZXh0bgNhZW0CMTEAc3J0YwZhcHBfaWQMMzUwNjg1NTMxNzI4AAEeJB-aemDu_bThK45YOmRBfLmBnxAHISNtv3RZS3Lfw0YE_S5Y5YrbFhqGKVM_aem_IwX6Qh8PURhN1JhnKr5Crg" "Mozilla/5.0 (Linux; Android 15; SM-A546E Build/AP3A.240905.015.A2; wv) AppleWebKit/537.36 (KHTML, like Gecko) Version/4.0 Chrome/142.0.7444.74 Mobile Safari/537.36"
204.197.172.10 - - [06/Nov/2025:21:04:54 +0000] "POST /wp-cron.php?doing_wp_cron=1762463094.1724350452423095703125 HTTP/1.1" 200 0 "-" "WordPress/6.8.3; https://deenzalifestyle.com"
114.130.71.172 - - [06/Nov/2025:21:04:54 +0000] "GET /2025/09/23/%e0%a6%ae%e0%a7%81%e0%a6%b8%e0%a6%b2%e0%a6%bf%e0%a6%ae-%e0%a6%a8%e0%a6%be%e0%a6%b0%e0%a7%80%e0%a6%a6%e0%a7%87%e0%a6%b0-%e0%a6%9c%e0%a6%a8%e0%a7%8d%e0%a6%af-%e0%a6%b9%e0%a6%bf%e0%a6%9c%e0%a6%be/ HTTP/3" 200 43093 "https://deenzalifestyle.com/?fbclid=IwZXh0bgNhZW0CMTEAc3J0YwZhcHBfaWQMMzUwNjg1NTMxNzI4AAEeJB-aemDu_bThK45YOmRBfLmBnxAHISNtv3RZS3Lfw0YE_S5Y5YrbFhqGKVM_aem_IwX6Qh8PURhN1JhnKr5Crg" "Mozilla/5.0 (Linux; Android 15; SM-A546E Build/AP3A.240905.015.A2; wv) AppleWebKit/537.36 (KHTML, like Gecko) Version/4.0 Chrome/142.0.7444.74 Mobile Safari/537.36"
114.130.71.172 - - [06/Nov/2025:21:04:54 +0000] "GET /2025/09/23/%e0%a6%87%e0%a6%b8%e0%a6%b2%e0%a6%be%e0%a6%ae%e0%a7%87-%e0%a6%aa%e0%a6%b0%e0%a7%8d%e0%a6%a6%e0%a6%be%e0%a6%b0-%e0%a6%ac%e0%a6%bf%e0%a6%a7%e0%a6%be%e0%a6%a8-%e0%a6%93-%e0%a6%ac%e0%a7%8b%e0%a6%b0/ HTTP/3" 200 44096 "https://deenzalifestyle.com/?fbclid=IwZXh0bgNhZW0CMTEAc3J0YwZhcHBfaWQMMzUwNjg1NTMxNzI4AAEeJB-aemDu_bThK45YOmRBfLmBnxAHISNtv3RZS3Lfw0YE_S5Y5YrbFhqGKVM_aem_IwX6Qh8PURhN1JhnKr5Crg" "Mozilla/5.0 (Linux; Android 15; SM-A546E Build/AP3A.240905.015.A2; wv) AppleWebKit/537.36 (KHTML, like Gecko) Version/4.0 Chrome/142.0.7444.74 Mobile Safari/537.36"
114.130.71.172 - - [06/Nov/2025:21:04:55 +0000] "GET /2025/09/23/%e0%a6%ac%e0%a7%8b%e0%a6%b0%e0%a6%95%e0%a6%be-%e0%a6%a8%e0%a6%be%e0%a6%b0%e0%a7%80%e0%a6%a6%e0%a7%87%e0%a6%b0-%e0%a6%b6%e0%a7%8b%e0%a6%ad%e0%a6%be-%e0%a6%93-%e0%a6%b8%e0%a7%8c%e0%a6%a8%e0%a7%8d/ HTTP/3" 200 43175 "https://deenzalifestyle.com/?fbclid=IwZXh0bgNhZW0CMTEAc3J0YwZhcHBfaWQMMzUwNjg1NTMxNzI4AAEeJB-aemDu_bThK45YOmRBfLmBnxAHISNtv3RZS3Lfw0YE_S5Y5YrbFhqGKVM_aem_IwX6Qh8PURhN1JhnKr5Crg" "Mozilla/5.0 (Linux; Android 15; SM-A546E Build/AP3A.240905.015.A2; wv) AppleWebKit/537.36 (KHTML, like Gecko) Version/4.0 Chrome/142.0.7444.74 Mobile Safari/537.36"
114.130.71.172 - - [06/Nov/2025:21:04:55 +0000] "GET /2025/09/23/%e0%a6%b9%e0%a6%bf%e0%a6%a6%e0%a6%be%e0%a6%af%e0%a6%bc%e0%a6%be-%e0%a6%ab%e0%a7%81%e0%a6%b2-%e0%a6%b8%e0%a7%87%e0%a6%9f-%e0%a6%86%e0%a6%a7%e0%a7%81%e0%a6%a8%e0%a6%bf%e0%a6%95-%e0%a6%ae%e0%a7%81/ HTTP/3" 200 44332 "https://deenzalifestyle.com/?fbclid=IwZXh0bgNhZW0CMTEAc3J0YwZhcHBfaWQMMzUwNjg1NTMxNzI4AAEeJB-aemDu_bThK45YOmRBfLmBnxAHISNtv3RZS3Lfw0YE_S5Y5YrbFhqGKVM_aem_IwX6Qh8PURhN1JhnKr5Crg" "Mozilla/5.0 (Linux; Android 15; SM-A546E Build/AP3A.240905.015.A2; wv) AppleWebKit/537.36 (KHTML, like Gecko) Version/4.0 Chrome/142.0.7444.74 Mobile Safari/537.36"
114.130.71.172 - - [06/Nov/2025:21:04:57 +0000] "GET /2025/09/23/%e0%a6%87%e0%a6%b8%e0%a6%b2%e0%a6%be%e0%a6%ae%e0%a7%87-%e0%a6%aa%e0%a6%b0%e0%a7%8d%e0%a6%a6%e0%a6%be%e0%a6%b0-%e0%a6%ac%e0%a6%bf%e0%a6%a7%e0%a6%be%e0%a6%a8-%e0%a6%93-%e0%a6%ac%e0%a7%8b%e0%a6%b0/ HTTP/3" 304 0 "https://deenzalifestyle.com/?fbclid=IwZXh0bgNhZW0CMTEAc3J0YwZhcHBfaWQMMzUwNjg1NTMxNzI4AAEeJB-aemDu_bThK45YOmRBfLmBnxAHISNtv3RZS3Lfw0YE_S5Y5YrbFhqGKVM_aem_IwX6Qh8PURhN1JhnKr5Crg" "Mozilla/5.0 (Linux; Android 15; SM-A546E Build/AP3A.240905.015.A2; wv) AppleWebKit/537.36 (KHTML, like Gecko) Version/4.0 Chrome/142.0.7444.74 Mobile Safari/537.36"
114.130.71.172 - - [06/Nov/2025:21:04:59 +0000] "GET /2025/09/23/%e0%a6%ac%e0%a7%8b%e0%a6%b0%e0%a6%95%e0%a6%be-%e0%a6%a8%e0%a6%be%e0%a6%b0%e0%a7%80%e0%a6%a6%e0%a7%87%e0%a6%b0-%e0%a6%b6%e0%a7%8b%e0%a6%ad%e0%a6%be-%e0%a6%93-%e0%a6%b8%e0%a7%8c%e0%a6%a8%e0%a7%8d/ HTTP/3" 304 0 "https://deenzalifestyle.com/?fbclid=IwZXh0bgNhZW0CMTEAc3J0YwZhcHBfaWQMMzUwNjg1NTMxNzI4AAEeJB-aemDu_bThK45YOmRBfLmBnxAHISNtv3RZS3Lfw0YE_S5Y5YrbFhqGKVM_aem_IwX6Qh8PURhN1JhnKr5Crg" "Mozilla/5.0 (Linux; Android 15; SM-A546E Build/AP3A.240905.015.A2; wv) AppleWebKit/537.36 (KHTML, like Gecko) Version/4.0 Chrome/142.0.7444.74 Mobile Safari/537.36"
114.130.71.172 - - [06/Nov/2025:21:05:00 +0000] "GET /2025/09/23/%e0%a6%ae%e0%a7%81%e0%a6%b8%e0%a6%b2%e0%a6%bf%e0%a6%ae-%e0%a6%a8%e0%a6%be%e0%a6%b0%e0%a7%80%e0%a6%a6%e0%a7%87%e0%a6%b0-%e0%a6%9c%e0%a6%a8%e0%a7%8d%e0%a6%af-%e0%a6%b9%e0%a6%bf%e0%a6%9c%e0%a6%be/ HTTP/3" 304 0 "https://deenzalifestyle.com/?fbclid=IwZXh0bgNhZW0CMTEAc3J0YwZhcHBfaWQMMzUwNjg1NTMxNzI4AAEeJB-aemDu_bThK45YOmRBfLmBnxAHISNtv3RZS3Lfw0YE_S5Y5YrbFhqGKVM_aem_IwX6Qh8PURhN1JhnKr5Crg" "Mozilla/5.0 (Linux; Android 15; SM-A546E Build/AP3A.240905.015.A2; wv) AppleWebKit/537.36 (KHTML, like Gecko) Version/4.0 Chrome/142.0.7444.74 Mobile Safari/537.36"
114.130.71.172 - - [06/Nov/2025:21:05:00 +0000] "GET /product/%f0%9f%8c%b8-%e0%a6%b0%e0%a6%be%e0%a6%b9%e0%a6%be-%e0%a6%95%e0%a7%81%e0%a6%9a%e0%a6%bf-%e0%a6%ac%e0%a7%8b%e0%a6%b0%e0%a6%95%e0%a6%be-%f0%9f%8c%b8%e2%9c%a8/ HTTP/3" 304 0 "https://deenzalifestyle.com/?fbclid=IwZXh0bgNhZW0CMTEAc3J0YwZhcHBfaWQMMzUwNjg1NTMxNzI4AAEeJB-aemDu_bThK45YOmRBfLmBnxAHISNtv3RZS3Lfw0YE_S5Y5YrbFhqGKVM_aem_IwX6Qh8PURhN1JhnKr5Crg" "Mozilla/5.0 (Linux; Android 15; SM-A546E Build/AP3A.240905.015.A2; wv) AppleWebKit/537.36 (KHTML, like Gecko) Version/4.0 Chrome/142.0.7444.74 Mobile Safari/537.36"
114.130.71.172 - - [06/Nov/2025:21:05:01 +0000] "GET /product/%e2%ad%95%ef%b8%8f-%e0%a6%9c%e0%a6%be%e0%a6%b9%e0%a6%b0%e0%a6%be-%e0%a6%ab%e0%a7%81%e0%a6%b2-%e0%a6%b8%e0%a7%87%e0%a6%9f-%e0%a6%aa%e0%a6%b0%e0%a7%8d%e0%a6%a6%e0%a6%be-%e0%a6%93-%e0%a6%b8/ HTTP/3" 200 53602 "https://deenzalifestyle.com/?fbclid=IwZXh0bgNhZW0CMTEAc3J0YwZhcHBfaWQMMzUwNjg1NTMxNzI4AAEeJB-aemDu_bThK45YOmRBfLmBnxAHISNtv3RZS3Lfw0YE_S5Y5YrbFhqGKVM_aem_IwX6Qh8PURhN1JhnKr5Crg" "Mozilla/5.0 (Linux; Android 15; SM-A546E Build/AP3A.240905.015.A2; wv) AppleWebKit/537.36 (KHTML, like Gecko) Version/4.0 Chrome/142.0.7444.74 Mobile Safari/537.36"
114.130.71.172 - - [06/Nov/2025:21:05:05 +0000] "GET /product/%f0%9f%8c%b8-deenza-exclusive-%e0%a6%a5%e0%a7%8d%e0%a6%b0%e0%a6%bf-%e0%a6%aa%e0%a6%bf%e0%a6%b8%e0%a7%87%e0%a6%b0-%e0%a6%a8%e0%a6%a4%e0%a7%81%e0%a6%a8-%e0%a6%b8%e0%a6%82%e0%a6%9c%e0%a7%8d/ HTTP/3" 200 54222 "https://deenzalifestyle.com/?fbclid=IwZXh0bgNhZW0CMTEAc3J0YwZhcHBfaWQMMzUwNjg1NTMxNzI4AAEeJB-aemDu_bThK45YOmRBfLmBnxAHISNtv3RZS3Lfw0YE_S5Y5YrbFhqGKVM_aem_IwX6Qh8PURhN1JhnKr5Crg" "Mozilla/5.0 (Linux; Android 15; SM-A546E Build/AP3A.240905.015.A2; wv) AppleWebKit/537.36 (KHTML, like Gecko) Version/4.0 Chrome/142.0.7444.74 Mobile Safari/537.36"
114.130.71.172 - - [06/Nov/2025:21:05:06 +0000] "GET /product/%e0%a6%9c%e0%a6%be%e0%a6%b9%e0%a6%be%e0%a6%b0%e0%a6%be-%e0%a6%ab%e0%a7%81%e0%a6%b2-%e0%a6%b8%e0%a7%87%e0%a6%9f/ HTTP/3" 200 48914 "https://deenzalifestyle.com/?fbclid=IwZXh0bgNhZW0CMTEAc3J0YwZhcHBfaWQMMzUwNjg1NTMxNzI4AAEeJB-aemDu_bThK45YOmRBfLmBnxAHISNtv3RZS3Lfw0YE_S5Y5YrbFhqGKVM_aem_IwX6Qh8PURhN1JhnKr5Crg" "Mozilla/5.0 (Linux; Android 15; SM-A546E Build/AP3A.240905.015.A2; wv) AppleWebKit/537.36 (KHTML, like Gecko) Version/4.0 Chrome/142.0.7444.74 Mobile Safari/537.36"
114.130.71.172 - - [06/Nov/2025:21:05:06 +0000] "GET /step/2/ HTTP/3" 200 50333 "https://deenzalifestyle.com/?fbclid=IwZXh0bgNhZW0CMTEAc3J0YwZhcHBfaWQMMzUwNjg1NTMxNzI4AAEeJB-aemDu_bThK45YOmRBfLmBnxAHISNtv3RZS3Lfw0YE_S5Y5YrbFhqGKVM_aem_IwX6Qh8PURhN1JhnKr5Crg" "Mozilla/5.0 (Linux; Android 15; SM-A546E Build/AP3A.240905.015.A2; wv) AppleWebKit/537.36 (KHTML, like Gecko) Version/4.0 Chrome/142.0.7444.74 Mobile Safari/537.36"
204.197.172.10 - - [06/Nov/2025:21:05:44 +0000] "POST /wp-cron.php?doing_wp_cron=1762463144.4918940067291259765625 HTTP/1.1" 200 0 "-" "WordPress/6.8.3; https://deenzalifestyle.com"
66.249.69.106 - - [06/Nov/2025:21:05:44 +0000] "GET /product=3162938.html HTTP/1.1" 404 37439 "-" "Mozilla/5.0 (Linux; Android 6.0.1; Nexus 5X Build/MMB29P) AppleWebKit/537.36 (KHTML, like Gecko) Chrome/141.0.7390.122 Mobile Safari/537.36 (compatible; Googlebot/2.1; +http://www.google.com/bot.html)"
204.197.172.10 - - [06/Nov/2025:21:06:16 +0000] "POST /wp-cron.php?doing_wp_cron=1762463176.4909460544586181640625 HTTP/1.1" 200 0 "-" "WordPress/6.8.3; https://deenzalifestyle.com"
178.156.136.36 - - [06/Nov/2025:21:06:16 +0000] "POST /wp-load.php?e70636=9319 HTTP/1.1" 200 0 "-" "Mozilla/5.0 (Windows NT 10.0; Win64; x64) AppleWebKit/537.36 (KHTML, like Gecko) Chrome/104.0.5112.97 Safari/537.36"
204.197.172.10 - - [06/Nov/2025:21:07:45 +0000] "POST /wp-cron.php?doing_wp_cron=1762463265.0578320026397705078125 HTTP/1.1" 200 0 "-" "WordPress/6.8.3; https://deenzalifestyle.com"
57.141.2.62 - - [06/Nov/2025:21:07:43 +0000] "GET /product=2301251.html HTTP/2" 404 206892 "-" "meta-externalagent/1.1 (+https://developers.facebook.com/docs/sharing/webmasters/crawler)"
204.197.172.10 - - [06/Nov/2025:21:08:03 +0000] "POST /wp-cron.php?doing_wp_cron=1762463283.2395079135894775390625 HTTP/1.1" 200 0 "-" "WordPress/6.8.3; https://deenzalifestyle.com"
114.130.71.172 - - [06/Nov/2025:21:08:03 +0000] "GET /step/2-2-2-2/ HTTP/2" 404 37406 "-" "Mozilla/5.0 (Linux; Android 10; K) AppleWebKit/537.36 (KHTML, like Gecko) SamsungBrowser/29.0 Chrome/136.0.0.0 Mobile Safari/537.36"
114.130.71.172 - - [06/Nov/2025:21:08:04 +0000] "GET /wp-content/themes/astra/assets/css/minified/main.min.css?ver=4.11.13 HTTP/2" 200 8486 "https://deenzalifestyle.com/step/2-2-2-2/" "Mozilla/5.0 (Linux; Android 10; K) AppleWebKit/537.36 (KHTML, like Gecko) SamsungBrowser/29.0 Chrome/136.0.0.0 Mobile Safari/537.36"
114.130.71.172 - - [06/Nov/2025:21:08:04 +0000] "GET /wp-content/themes/astra/assets/css/minified/compatibility/woocommerce/woocommerce-grid.min.css?ver=4.11.13 HTTP/2" 200 15159 "https://deenzalifestyle.com/step/2-2-2-2/" "Mozilla/5.0 (Linux; Android 10; K) AppleWebKit/537.36 (KHTML, like Gecko) SamsungBrowser/29.0 Chrome/136.0.0.0 Mobile Safari/537.36"
114.130.71.172 - - [06/Nov/2025:21:08:04 +0000] "GET /wp-content/themes/astra/assets/css/minified/compatibility/woocommerce/woocommerce-smallscreen-grid.min.css?ver=4.11.13 HTTP/2" 200 796 "https://deenzalifestyle.com/step/2-2-2-2/" "Mozilla/5.0 (Linux; Android 10; K) AppleWebKit/537.36 (KHTML, like Gecko) SamsungBrowser/29.0 Chrome/136.0.0.0 Mobile Safari/537.36"
114.130.71.172 - - [06/Nov/2025:21:08:04 +0000] "GET /wp-includes/css/dist/block-library/style.min.css?ver=6.8.3 HTTP/2" 200 14360 "https://deenzalifestyle.com/step/2-2-2-2/" "Mozilla/5.0 (Linux; Android 10; K) AppleWebKit/537.36 (KHTML, like Gecko) SamsungBrowser/29.0 Chrome/136.0.0.0 Mobile Safari/537.36"
114.130.71.172 - - [06/Nov/2025:21:08:04 +0000] "GET /wp-content/themes/astra/assets/css/minified/compatibility/woocommerce/woocommerce-layout-grid.min.css?ver=4.11.13 HTTP/2" 200 1829 "https://deenzalifestyle.com/step/2-2-2-2/" "Mozilla/5.0 (Linux; Android 10; K) AppleWebKit/537.36 (KHTML, like Gecko) SamsungBrowser/29.0 Chrome/136.0.0.0 Mobile Safari/537.36"
114.130.71.172 - - [06/Nov/2025:21:08:04 +0000] "GET /wp-content/uploads/elementor/css/post-77.css?ver=1762334317 HTTP/2" 200 950 "https://deenzalifestyle.com/step/2-2-2-2/" "Mozilla/5.0 (Linux; Android 10; K) AppleWebKit/537.36 (KHTML, like Gecko) SamsungBrowser/29.0 Chrome/136.0.0.0 Mobile Safari/537.36"
114.130.71.172 - - [06/Nov/2025:21:08:04 +0000] "GET /wp-content/uploads/elementor/css/post-25.css?ver=1762334317 HTTP/2" 200 2226 "https://deenzalifestyle.com/step/2-2-2-2/" "Mozilla/5.0 (Linux; Android 10; K) AppleWebKit/537.36 (KHTML, like Gecko) SamsungBrowser/29.0 Chrome/136.0.0.0 Mobile Safari/537.36"
114.130.71.172 - - [06/Nov/2025:21:08:04 +0000] "GET /wp-content/uploads/elementor/css/post-6.css?ver=1762334317 HTTP/2" 200 380 "https://deenzalifestyle.com/step/2-2-2-2/" "Mozilla/5.0 (Linux; Android 10; K) AppleWebKit/537.36 (KHTML, like Gecko) SamsungBrowser/29.0 Chrome/136.0.0.0 Mobile Safari/537.36"
114.130.71.172 - - [06/Nov/2025:21:08:04 +0000] "GET /wp-content/plugins/header-footer-elementor/inc/widgets-css/frontend.css?ver=2.6.1 HTTP/2" 304 0 "https://deenzalifestyle.com/step/2-2-2-2/" "Mozilla/5.0 (Linux; Android 10; K) AppleWebKit/537.36 (KHTML, like Gecko) SamsungBrowser/29.0 Chrome/136.0.0.0 Mobile Safari/537.36"
114.130.71.172 - - [06/Nov/2025:21:08:04 +0000] "GET /wp-content/plugins/header-footer-elementor/inc/widgets-css/woo-products.css?ver=2.6.1 HTTP/2" 304 0 "https://deenzalifestyle.com/step/2-2-2-2/" "Mozilla/5.0 (Linux; Android 10; K) AppleWebKit/537.36 (KHTML, like Gecko) SamsungBrowser/29.0 Chrome/136.0.0.0 Mobile Safari/537.36"
114.130.71.172 - - [06/Nov/2025:21:08:04 +0000] "GET /wp-content/plugins/elementor/assets/lib/font-awesome/css/all.min.css?ver=3.32.5 HTTP/2" 304 0 "https://deenzalifestyle.com/step/2-2-2-2/" "Mozilla/5.0 (Linux; Android 10; K) AppleWebKit/537.36 (KHTML, like Gecko) SamsungBrowser/29.0 Chrome/136.0.0.0 Mobile Safari/537.36"
114.130.71.172 - - [06/Nov/2025:21:08:04 +0000] "GET /wp-content/plugins/woolentor-addons/assets/css/simple-line-icons.css?ver=3.2.5 HTTP/2" 304 0 "https://deenzalifestyle.com/step/2-2-2-2/" "Mozilla/5.0 (Linux; Android 10; K) AppleWebKit/537.36 (KHTML, like Gecko) SamsungBrowser/29.0 Chrome/136.0.0.0 Mobile Safari/537.36"
114.130.71.172 - - [06/Nov/2025:21:08:04 +0000] "GET /wp-content/plugins/woolentor-addons/assets/css/product-grid/modern.css?ver=3.2.5 HTTP/2" 304 0 "https://deenzalifestyle.com/step/2-2-2-2/" "Mozilla/5.0 (Linux; Android 10; K) AppleWebKit/537.36 (KHTML, like Gecko) SamsungBrowser/29.0 Chrome/136.0.0.0 Mobile Safari/537.36"
114.130.71.172 - - [06/Nov/2025:21:08:04 +0000] "GET /wp-content/plugins/woolentor-addons/assets/css/woolentor-widgets.css?ver=3.2.5 HTTP/2" 304 0 "https://deenzalifestyle.com/step/2-2-2-2/" "Mozilla/5.0 (Linux; Android 10; K) AppleWebKit/537.36 (KHTML, like Gecko) SamsungBrowser/29.0 Chrome/136.0.0.0 Mobile Safari/537.36"
114.130.71.172 - - [06/Nov/2025:21:08:04 +0000] "GET /wp-content/plugins/woolentor-addons/assets/css/htflexboxgrid.css?ver=3.2.5 HTTP/2" 304 0 "https://deenzalifestyle.com/step/2-2-2-2/" "Mozilla/5.0 (Linux; Android 10; K) AppleWebKit/537.36 (KHTML, like Gecko) SamsungBrowser/29.0 Chrome/136.0.0.0 Mobile Safari/537.36"
114.130.71.172 - - [06/Nov/2025:21:08:04 +0000] "GET /wp-content/plugins/elementor/assets/lib/font-awesome/css/v4-shims.min.css?ver=3.32.5 HTTP/2" 304 0 "https://deenzalifestyle.com/step/2-2-2-2/" "Mozilla/5.0 (Linux; Android 10; K) AppleWebKit/537.36 (KHTML, like Gecko) SamsungBrowser/29.0 Chrome/136.0.0.0 Mobile Safari/537.36"
114.130.71.172 - - [06/Nov/2025:21:08:04 +0000] "GET /wp-content/plugins/woolentor-addons/woolentor-blocks/assets/css/style-index.css?ver=3.2.5 HTTP/2" 304 0 "https://deenzalifestyle.com/step/2-2-2-2/" "Mozilla/5.0 (Linux; Android 10; K) AppleWebKit/537.36 (KHTML, like Gecko) SamsungBrowser/29.0 Chrome/136.0.0.0 Mobile Safari/537.36"
114.130.71.172 - - [06/Nov/2025:21:08:04 +0000] "GET /wp-content/plugins/woolentor-addons/woolentor-blocks/assets/css/common-style.css?ver=3.2.5 HTTP/2" 304 0 "https://deenzalifestyle.com/step/2-2-2-2/" "Mozilla/5.0 (Linux; Android 10; K) AppleWebKit/537.36 (KHTML, like Gecko) SamsungBrowser/29.0 Chrome/136.0.0.0 Mobile Safari/537.36"
114.130.71.172 - - [06/Nov/2025:21:08:04 +0000] "GET /wp-content/plugins/elementor/assets/css/frontend.min.css?ver=3.32.5 HTTP/2" 304 0 "https://deenzalifestyle.com/step/2-2-2-2/" "Mozilla/5.0 (Linux; Android 10; K) AppleWebKit/537.36 (KHTML, like Gecko) SamsungBrowser/29.0 Chrome/136.0.0.0 Mobile Safari/537.36"
114.130.71.172 - - [06/Nov/2025:21:08:04 +0000] "GET /wp-content/plugins/header-footer-elementor/assets/css/header-footer-elementor.css?ver=2.6.1 HTTP/2" 304 0 "https://deenzalifestyle.com/step/2-2-2-2/" "Mozilla/5.0 (Linux; Android 10; K) AppleWebKit/537.36 (KHTML, like Gecko) SamsungBrowser/29.0 Chrome/136.0.0.0 Mobile Safari/537.36"
114.130.71.172 - - [06/Nov/2025:21:08:04 +0000] "GET /wp-content/plugins/th-advance-product-search/assets/js/thaps-search.js?ver=1 HTTP/2" 304 0 "https://deenzalifestyle.com/step/2-2-2-2/" "Mozilla/5.0 (Linux; Android 10; K) AppleWebKit/537.36 (KHTML, like Gecko) SamsungBrowser/29.0 Chrome/136.0.0.0 Mobile Safari/537.36"
