173.252.95.3 - - [06/Nov/2025:21:45:25 +0000] "GET /wp-content/plugins/woocommerce/assets/js/frontend/single-product.min.js?ver=10.3.3 HTTP/2" 200 2677 "https://deenzalifestyle.com/step/%E0%A6%9C%E0%A6%BE%E0%A6%B9%E0%A6%BE%E0%A6%B0%E0%A6%BE-%E0%A6%AB%E0%A7%81%E0%A6%B2-%E0%A6%B8%E0%A7%87%E0%A6%9F/" "Mozilla/5.0 (iPhone; CPU iPhone OS 13_2_3 like Mac OS X) AppleWebKit/605.1.15 (KHTML, like Gecko) Version/13.0.3 Mobile/15E148 Safari/604.1 (compatible; meta-externalads/1.1 (+https://developers.facebook.com/docs/sharing/webmasters/crawler))"
173.252.95.3 - - [06/Nov/2025:21:45:25 +0000] "GET /wp-content/plugins/woocommerce/assets/js/sourcebuster/sourcebuster.min.js?ver=10.3.3 HTTP/2" 200 4609 "https://deenzalifestyle.com/step/%E0%A6%9C%E0%A6%BE%E0%A6%B9%E0%A6%BE%E0%A6%B0%E0%A6%BE-%E0%A6%AB%E0%A7%81%E0%A6%B2-%E0%A6%B8%E0%A7%87%E0%A6%9F/" "Mozilla/5.0 (iPhone; CPU iPhone OS 13_2_3 like Mac OS X) AppleWebKit/605.1.15 (KHTML, like Gecko) Version/13.0.3 Mobile/15E148 Safari/604.1 (compatible; meta-externalads/1.1 (+https://developers.facebook.com/docs/sharing/webmasters/crawler))"
173.252.95.3 - - [06/Nov/2025:21:45:25 +0000] "GET /wp-content/plugins/woolentor-addons/includes/modules/quickview/assets/js/frontend.js?ver=3.2.5 HTTP/2" 200 2120 "https://deenzalifestyle.com/step/%E0%A6%9C%E0%A6%BE%E0%A6%B9%E0%A6%BE%E0%A6%B0%E0%A6%BE-%E0%A6%AB%E0%A7%81%E0%A6%B2-%E0%A6%B8%E0%A7%87%E0%A6%9F/" "Mozilla/5.0 (iPhone; CPU iPhone OS 13_2_3 like Mac OS X) AppleWebKit/605.1.15 (KHTML, like Gecko) Version/13.0.3 Mobile/15E148 Safari/604.1 (compatible; meta-externalads/1.1 (+https://developers.facebook.com/docs/sharing/webmasters/crawler))"
173.252.95.3 - - [06/Nov/2025:21:45:25 +0000] "GET /wp-content/plugins/woocommerce/assets/js/frontend/order-attribution.min.js?ver=10.3.3 HTTP/2" 200 998 "https://deenzalifestyle.com/step/%E0%A6%9C%E0%A6%BE%E0%A6%B9%E0%A6%BE%E0%A6%B0%E0%A6%BE-%E0%A6%AB%E0%A7%81%E0%A6%B2-%E0%A6%B8%E0%A7%87%E0%A6%9F/" "Mozilla/5.0 (iPhone; CPU iPhone OS 13_2_3 like Mac OS X) AppleWebKit/605.1.15 (KHTML, like Gecko) Version/13.0.3 Mobile/15E148 Safari/604.1 (compatible; meta-externalads/1.1 (+https://developers.facebook.com/docs/sharing/webmasters/crawler))"
173.252.95.3 - - [06/Nov/2025:21:45:25 +0000] "GET /wp-content/plugins/woo-checkout-field-editor-pro/public/assets/js/thwcfd-public.min.js?ver=2.1.5 HTTP/2" 200 784 "https://deenzalifestyle.com/step/%E0%A6%9C%E0%A6%BE%E0%A6%B9%E0%A6%BE%E0%A6%B0%E0%A6%BE-%E0%A6%AB%E0%A7%81%E0%A6%B2-%E0%A6%B8%E0%A7%87%E0%A6%9F/" "Mozilla/5.0 (iPhone; CPU iPhone OS 13_2_3 like Mac OS X) AppleWebKit/605.1.15 (KHTML, like Gecko) Version/13.0.3 Mobile/15E148 Safari/604.1 (compatible; meta-externalads/1.1 (+https://developers.facebook.com/docs/sharing/webmasters/crawler))"
173.252.95.3 - - [06/Nov/2025:21:45:25 +0000] "GET /wp-content/plugins/elementor-pro/assets/js/frontend.min.js?ver=3.31.2 HTTP/2" 200 6281 "https://deenzalifestyle.com/step/%E0%A6%9C%E0%A6%BE%E0%A6%B9%E0%A6%BE%E0%A6%B0%E0%A6%BE-%E0%A6%AB%E0%A7%81%E0%A6%B2-%E0%A6%B8%E0%A7%87%E0%A6%9F/" "Mozilla/5.0 (iPhone; CPU iPhone OS 13_2_3 like Mac OS X) AppleWebKit/605.1.15 (KHTML, like Gecko) Version/13.0.3 Mobile/15E148 Safari/604.1 (compatible; meta-externalads/1.1 (+https://developers.facebook.com/docs/sharing/webmasters/crawler))"
173.252.95.3 - - [06/Nov/2025:21:45:25 +0000] "GET /wp-content/plugins/cartflows/assets/js/checkout-template.js?ver=2.1.16 HTTP/2" 200 4451 "https://deenzalifestyle.com/step/%E0%A6%9C%E0%A6%BE%E0%A6%B9%E0%A6%BE%E0%A6%B0%E0%A6%BE-%E0%A6%AB%E0%A7%81%E0%A6%B2-%E0%A6%B8%E0%A7%87%E0%A6%9F/" "Mozilla/5.0 (iPhone; CPU iPhone OS 13_2_3 like Mac OS X) AppleWebKit/605.1.15 (KHTML, like Gecko) Version/13.0.3 Mobile/15E148 Safari/604.1 (compatible; meta-externalads/1.1 (+https://developers.facebook.com/docs/sharing/webmasters/crawler))"
173.252.95.3 - - [06/Nov/2025:21:45:25 +0000] "GET /wp-content/plugins/wp-statistics/assets/js/tracker.js?ver=14.15.5 HTTP/2" 200 2658 "https://deenzalifestyle.com/step/%E0%A6%9C%E0%A6%BE%E0%A6%B9%E0%A6%BE%E0%A6%B0%E0%A6%BE-%E0%A6%AB%E0%A7%81%E0%A6%B2-%E0%A6%B8%E0%A7%87%E0%A6%9F/" "Mozilla/5.0 (iPhone; CPU iPhone OS 13_2_3 like Mac OS X) AppleWebKit/605.1.15 (KHTML, like Gecko) Version/13.0.3 Mobile/15E148 Safari/604.1 (compatible; meta-externalads/1.1 (+https://developers.facebook.com/docs/sharing/webmasters/crawler))"
173.252.95.3 - - [06/Nov/2025:21:45:25 +0000] "GET /wp-content/plugins/elementor-pro/assets/js/webpack-pro.runtime.min.js?ver=3.31.2 HTTP/2" 200 2621 "https://deenzalifestyle.com/step/%E0%A6%9C%E0%A6%BE%E0%A6%B9%E0%A6%BE%E0%A6%B0%E0%A6%BE-%E0%A6%AB%E0%A7%81%E0%A6%B2-%E0%A6%B8%E0%A7%87%E0%A6%9F/" "Mozilla/5.0 (iPhone; CPU iPhone OS 13_2_3 like Mac OS X) AppleWebKit/605.1.15 (KHTML, like Gecko) Version/13.0.3 Mobile/15E148 Safari/604.1 (compatible; meta-externalads/1.1 (+https://developers.facebook.com/docs/sharing/webmasters/crawler))"
173.252.95.3 - - [06/Nov/2025:21:45:25 +0000] "GET /wp-content/plugins/cartflows-pro/assets/js/checkout.js?ver=2.1.7 HTTP/2" 200 11096 "https://deenzalifestyle.com/step/%E0%A6%9C%E0%A6%BE%E0%A6%B9%E0%A6%BE%E0%A6%B0%E0%A6%BE-%E0%A6%AB%E0%A7%81%E0%A6%B2-%E0%A6%B8%E0%A7%87%E0%A6%9F/" "Mozilla/5.0 (iPhone; CPU iPhone OS 13_2_3 like Mac OS X) AppleWebKit/605.1.15 (KHTML, like Gecko) Version/13.0.3 Mobile/15E148 Safari/604.1 (compatible; meta-externalads/1.1 (+https://developers.facebook.com/docs/sharing/webmasters/crawler))"
173.252.95.3 - - [06/Nov/2025:21:45:25 +0000] "GET /wp-content/plugins/elementor-pro/assets/js/elements-handlers.min.js?ver=3.31.2 HTTP/2" 200 10180 "https://deenzalifestyle.com/step/%E0%A6%9C%E0%A6%BE%E0%A6%B9%E0%A6%BE%E0%A6%B0%E0%A6%BE-%E0%A6%AB%E0%A7%81%E0%A6%B2-%E0%A6%B8%E0%A7%87%E0%A6%9F/" "Mozilla/5.0 (iPhone; CPU iPhone OS 13_2_3 like Mac OS X) AppleWebKit/605.1.15 (KHTML, like Gecko) Version/13.0.3 Mobile/15E148 Safari/604.1 (compatible; meta-externalads/1.1 (+https://developers.facebook.com/docs/sharing/webmasters/crawler))"
173.252.95.3 - - [06/Nov/2025:21:45:25 +0000] "GET /wp-content/plugins/woocommerce/assets/js/frontend/address-i18n.min.js?ver=10.3.3 HTTP/2" 200 874 "https://deenzalifestyle.com/step/%E0%A6%9C%E0%A6%BE%E0%A6%B9%E0%A6%BE%E0%A6%B0%E0%A6%BE-%E0%A6%AB%E0%A7%81%E0%A6%B2-%E0%A6%B8%E0%A7%87%E0%A6%9F/" "Mozilla/5.0 (iPhone; CPU iPhone OS 13_2_3 like Mac OS X) AppleWebKit/605.1.15 (KHTML, like Gecko) Version/13.0.3 Mobile/15E148 Safari/604.1 (compatible; meta-externalads/1.1 (+https://developers.facebook.com/docs/sharing/webmasters/crawler))"
173.252.95.3 - - [06/Nov/2025:21:45:25 +0000] "GET /wp-content/plugins/woocommerce/assets/js/frontend/add-to-cart.min.js?ver=10.3.3 HTTP/2" 200 1225 "https://deenzalifestyle.com/step/%E0%A6%9C%E0%A6%BE%E0%A6%B9%E0%A6%BE%E0%A6%B0%E0%A6%BE-%E0%A6%AB%E0%A7%81%E0%A6%B2-%E0%A6%B8%E0%A7%87%E0%A6%9F/" "Mozilla/5.0 (iPhone; CPU iPhone OS 13_2_3 like Mac OS X) AppleWebKit/605.1.15 (KHTML, like Gecko) Version/13.0.3 Mobile/15E148 Safari/604.1 (compatible; meta-externalads/1.1 (+https://developers.facebook.com/docs/sharing/webmasters/crawler))"
173.252.95.3 - - [06/Nov/2025:21:45:25 +0000] "GET /wp-content/plugins/woocommerce/assets/js/frontend/country-select.min.js?ver=10.3.3 HTTP/2" 200 989 "https://deenzalifestyle.com/step/%E0%A6%9C%E0%A6%BE%E0%A6%B9%E0%A6%BE%E0%A6%B0%E0%A6%BE-%E0%A6%AB%E0%A7%81%E0%A6%B2-%E0%A6%B8%E0%A7%87%E0%A6%9F/" "Mozilla/5.0 (iPhone; CPU iPhone OS 13_2_3 like Mac OS X) AppleWebKit/605.1.15 (KHTML, like Gecko) Version/13.0.3 Mobile/15E148 Safari/604.1 (compatible; meta-externalads/1.1 (+https://developers.facebook.com/docs/sharing/webmasters/crawler))"
173.252.95.3 - - [06/Nov/2025:21:45:25 +0000] "GET /wp-content/plugins/woocommerce/assets/js/frontend/checkout.min.js?ver=10.3.3 HTTP/2" 200 4728 "https://deenzalifestyle.com/step/%E0%A6%9C%E0%A6%BE%E0%A6%B9%E0%A6%BE%E0%A6%B0%E0%A6%BE-%E0%A6%AB%E0%A7%81%E0%A6%B2-%E0%A6%B8%E0%A7%87%E0%A6%9F/" "Mozilla/5.0 (iPhone; CPU iPhone OS 13_2_3 like Mac OS X) AppleWebKit/605.1.15 (KHTML, like Gecko) Version/13.0.3 Mobile/15E148 Safari/604.1 (compatible; meta-externalads/1.1 (+https://developers.facebook.com/docs/sharing/webmasters/crawler))"
173.252.95.3 - - [06/Nov/2025:21:45:25 +0000] "GET /wp-content/plugins/woocommerce/assets/js/frontend/woocommerce.min.js?ver=10.3.3 HTTP/2" 200 1275 "https://deenzalifestyle.com/step/%E0%A6%9C%E0%A6%BE%E0%A6%B9%E0%A6%BE%E0%A6%B0%E0%A6%BE-%E0%A6%AB%E0%A7%81%E0%A6%B2-%E0%A6%B8%E0%A7%87%E0%A6%9F/" "Mozilla/5.0 (iPhone; CPU iPhone OS 13_2_3 like Mac OS X) AppleWebKit/605.1.15 (KHTML, like Gecko) Version/13.0.3 Mobile/15E148 Safari/604.1 (compatible; meta-externalads/1.1 (+https://developers.facebook.com/docs/sharing/webmasters/crawler))"
173.252.95.3 - - [06/Nov/2025:21:45:25 +0000] "GET /wp-content/plugins/woocommerce/assets/js/flexslider/jquery.flexslider.min.js?ver=2.7.2-wc.10.3.3 HTTP/2" 200 6017 "https://deenzalifestyle.com/step/%E0%A6%9C%E0%A6%BE%E0%A6%B9%E0%A6%BE%E0%A6%B0%E0%A6%BE-%E0%A6%AB%E0%A7%81%E0%A6%B2-%E0%A6%B8%E0%A7%87%E0%A6%9F/" "Mozilla/5.0 (iPhone; CPU iPhone OS 13_2_3 like Mac OS X) AppleWebKit/605.1.15 (KHTML, like Gecko) Version/13.0.3 Mobile/15E148 Safari/604.1 (compatible; meta-externalads/1.1 (+https://developers.facebook.com/docs/sharing/webmasters/crawler))"
173.252.95.3 - - [06/Nov/2025:21:45:25 +0000] "GET /wp-content/plugins/bkash/images/nagad.png HTTP/2" 200 21306 "https://deenzalifestyle.com/step/%E0%A6%9C%E0%A6%BE%E0%A6%B9%E0%A6%BE%E0%A6%B0%E0%A6%BE-%E0%A6%AB%E0%A7%81%E0%A6%B2-%E0%A6%B8%E0%A7%87%E0%A6%9F/" "Mozilla/5.0 (iPhone; CPU iPhone OS 13_2_3 like Mac OS X) AppleWebKit/605.1.15 (KHTML, like Gecko) Version/13.0.3 Mobile/15E148 Safari/604.1 (compatible; meta-externalads/1.1 (+https://developers.facebook.com/docs/sharing/webmasters/crawler))"
173.252.95.3 - - [06/Nov/2025:21:45:25 +0000] "GET /wp-content/uploads/elementor/google-fonts/fonts/hindguntur-cc4e5462.woff2 HTTP/2" 200 14820 "https://deenzalifestyle.com/wp-content/uploads/elementor/google-fonts/css/hindguntur.css?ver=1756861774" "Mozilla/5.0 (iPhone; CPU iPhone OS 13_2_3 like Mac OS X) AppleWebKit/605.1.15 (KHTML, like Gecko) Version/13.0.3 Mobile/15E148 Safari/604.1 (compatible; meta-externalads/1.1 (+https://developers.facebook.com/docs/sharing/webmasters/crawler))"
173.252.95.3 - - [06/Nov/2025:21:45:25 +0000] "GET /wp-content/uploads/elementor/google-fonts/fonts/hindsiliguri-8c050c8d.woff2 HTTP/2" 200 74784 "https://deenzalifestyle.com/wp-content/uploads/elementor/google-fonts/css/hindsiliguri.css?ver=1756513364" "Mozilla/5.0 (iPhone; CPU iPhone OS 13_2_3 like Mac OS X) AppleWebKit/605.1.15 (KHTML, like Gecko) Version/13.0.3 Mobile/15E148 Safari/604.1 (compatible; meta-externalads/1.1 (+https://developers.facebook.com/docs/sharing/webmasters/crawler))"
173.252.95.3 - - [06/Nov/2025:21:45:25 +0000] "GET /wp-content/uploads/elementor/google-fonts/fonts/hindsiliguri-893f502e.woff2 HTTP/2" 200 73688 "https://deenzalifestyle.com/wp-content/uploads/elementor/google-fonts/css/hindsiliguri.css?ver=1756513364" "Mozilla/5.0 (iPhone; CPU iPhone OS 13_2_3 like Mac OS X) AppleWebKit/605.1.15 (KHTML, like Gecko) Version/13.0.3 Mobile/15E148 Safari/604.1 (compatible; meta-externalads/1.1 (+https://developers.facebook.com/docs/sharing/webmasters/crawler))"
173.252.95.3 - - [06/Nov/2025:21:45:25 +0000] "GET /wp-content/uploads/elementor/google-fonts/fonts/hindguntur-acc0dacd.woff2 HTTP/2" 200 14968 "https://deenzalifestyle.com/wp-content/uploads/elementor/google-fonts/css/hindguntur.css?ver=1756861774" "Mozilla/5.0 (iPhone; CPU iPhone OS 13_2_3 like Mac OS X) AppleWebKit/605.1.15 (KHTML, like Gecko) Version/13.0.3 Mobile/15E148 Safari/604.1 (compatible; meta-externalads/1.1 (+https://developers.facebook.com/docs/sharing/webmasters/crawler))"
173.252.95.3 - - [06/Nov/2025:21:45:25 +0000] "GET /wp-content/uploads/elementor/google-fonts/fonts/hindsiliguri-55581a3d.woff2 HTTP/2" 200 72956 "https://deenzalifestyle.com/wp-content/uploads/elementor/google-fonts/css/hindsiliguri.css?ver=1756513364" "Mozilla/5.0 (iPhone; CPU iPhone OS 13_2_3 like Mac OS X) AppleWebKit/605.1.15 (KHTML, like Gecko) Version/13.0.3 Mobile/15E148 Safari/604.1 (compatible; meta-externalads/1.1 (+https://developers.facebook.com/docs/sharing/webmasters/crawler))"
173.252.95.3 - - [06/Nov/2025:21:45:25 +0000] "GET /wp-content/plugins/cartflows/assets/fonts/cartflows-icon.ttf?rwcwgb HTTP/2" 200 1584 "https://deenzalifestyle.com/wp-content/plugins/cartflows/assets/css/frontend.css?ver=2.1.16" "Mozilla/5.0 (iPhone; CPU iPhone OS 13_2_3 like Mac OS X) AppleWebKit/605.1.15 (KHTML, like Gecko) Version/13.0.3 Mobile/15E148 Safari/604.1 (compatible; meta-externalads/1.1 (+https://developers.facebook.com/docs/sharing/webmasters/crawler))"
173.252.95.3 - - [06/Nov/2025:21:45:25 +0000] "GET /wp-content/uploads/elementor/google-fonts/fonts/hindguntur-f75cd720.woff2 HTTP/2" 200 14576 "https://deenzalifestyle.com/wp-content/uploads/elementor/google-fonts/css/hindguntur.css?ver=1756861774" "Mozilla/5.0 (iPhone; CPU iPhone OS 13_2_3 like Mac OS X) AppleWebKit/605.1.15 (KHTML, like Gecko) Version/13.0.3 Mobile/15E148 Safari/604.1 (compatible; meta-externalads/1.1 (+https://developers.facebook.com/docs/sharing/webmasters/crawler))"
173.252.95.3 - - [06/Nov/2025:21:45:25 +0000] "GET /wp-content/uploads/elementor/google-fonts/fonts/roboto-kfo7cnqeu92fr1me7ksn66agldtyluama3yuba.woff2 HTTP/2" 200 40128 "https://deenzalifestyle.com/wp-content/uploads/elementor/google-fonts/css/roboto.css?ver=1751087316" "Mozilla/5.0 (iPhone; CPU iPhone OS 13_2_3 like Mac OS X) AppleWebKit/605.1.15 (KHTML, like Gecko) Version/13.0.3 Mobile/15E148 Safari/604.1 (compatible; meta-externalads/1.1 (+https://developers.facebook.com/docs/sharing/webmasters/crawler))"
173.252.95.3 - - [06/Nov/2025:21:45:25 +0000] "GET /wp-content/uploads/elementor/google-fonts/fonts/hindguntur-d5b0f032.woff2 HTTP/2" 200 14592 "https://deenzalifestyle.com/wp-content/uploads/elementor/google-fonts/css/hindguntur.css?ver=1756861774" "Mozilla/5.0 (iPhone; CPU iPhone OS 13_2_3 like Mac OS X) AppleWebKit/605.1.15 (KHTML, like Gecko) Version/13.0.3 Mobile/15E148 Safari/604.1 (compatible; meta-externalads/1.1 (+https://developers.facebook.com/docs/sharing/webmasters/crawler))"
173.252.95.3 - - [06/Nov/2025:21:45:25 +0000] "GET /wp-content/uploads/elementor/google-fonts/fonts/hindsiliguri-66832dfa.woff2 HTTP/2" 200 14724 "https://deenzalifestyle.com/wp-content/uploads/elementor/google-fonts/css/hindsiliguri.css?ver=1756513364" "Mozilla/5.0 (iPhone; CPU iPhone OS 13_2_3 like Mac OS X) AppleWebKit/605.1.15 (KHTML, like Gecko) Version/13.0.3 Mobile/15E148 Safari/604.1 (compatible; meta-externalads/1.1 (+https://developers.facebook.com/docs/sharing/webmasters/crawler))"
173.252.95.3 - - [06/Nov/2025:21:45:25 +0000] "GET /wp-content/uploads/elementor/google-fonts/fonts/hindsiliguri-ea8fdb79.woff2 HTTP/2" 200 14896 "https://deenzalifestyle.com/wp-content/uploads/elementor/google-fonts/css/hindsiliguri.css?ver=1756513364" "Mozilla/5.0 (iPhone; CPU iPhone OS 13_2_3 like Mac OS X) AppleWebKit/605.1.15 (KHTML, like Gecko) Version/13.0.3 Mobile/15E148 Safari/604.1 (compatible; meta-externalads/1.1 (+https://developers.facebook.com/docs/sharing/webmasters/crawler))"
173.252.95.3 - - [06/Nov/2025:21:45:25 +0000] "GET /wp-content/uploads/elementor/google-fonts/fonts/hindsiliguri-6a0e2e6c.woff2 HTTP/2" 200 14480 "https://deenzalifestyle.com/wp-content/uploads/elementor/google-fonts/css/hindsiliguri.css?ver=1756513364" "Mozilla/5.0 (iPhone; CPU iPhone OS 13_2_3 like Mac OS X) AppleWebKit/605.1.15 (KHTML, like Gecko) Version/13.0.3 Mobile/15E148 Safari/604.1 (compatible; meta-externalads/1.1 (+https://developers.facebook.com/docs/sharing/webmasters/crawler))"
173.252.95.3 - - [06/Nov/2025:21:45:25 +0000] "GET /wp-content/uploads/elementor/google-fonts/fonts/hindmadurai-7aec2cfe.woff2 HTTP/2" 200 14712 "https://deenzalifestyle.com/wp-content/uploads/elementor/google-fonts/css/hindmadurai.css?ver=1756513364" "Mozilla/5.0 (iPhone; CPU iPhone OS 13_2_3 like Mac OS X) AppleWebKit/605.1.15 (KHTML, like Gecko) Version/13.0.3 Mobile/15E148 Safari/604.1 (compatible; meta-externalads/1.1 (+https://developers.facebook.com/docs/sharing/webmasters/crawler))"
173.252.95.3 - - [06/Nov/2025:21:45:25 +0000] "GET /wp-includes/js/wp-emoji-release.min.js?ver=6.8.3 HTTP/2" 200 4769 "https://deenzalifestyle.com/step/%E0%A6%9C%E0%A6%BE%E0%A6%B9%E0%A6%BE%E0%A6%B0%E0%A6%BE-%E0%A6%AB%E0%A7%81%E0%A6%B2-%E0%A6%B8%E0%A7%87%E0%A6%9F/" "Mozilla/5.0 (iPhone; CPU iPhone OS 13_2_3 like Mac OS X) AppleWebKit/605.1.15 (KHTML, like Gecko) Version/13.0.3 Mobile/15E148 Safari/604.1 (compatible; meta-externalads/1.1 (+https://developers.facebook.com/docs/sharing/webmasters/crawler))"
173.252.95.3 - - [06/Nov/2025:21:45:25 +0000] "GET /wp-content/plugins/elementor/assets/js/shared-frontend-handlers.4c8abccc3e268b0767b2.bundle.min.js HTTP/2" 200 2542 "https://deenzalifestyle.com/step/%E0%A6%9C%E0%A6%BE%E0%A6%B9%E0%A6%BE%E0%A6%B0%E0%A6%BE-%E0%A6%AB%E0%A7%81%E0%A6%B2-%E0%A6%B8%E0%A7%87%E0%A6%9F/" "Mozilla/5.0 (iPhone; CPU iPhone OS 13_2_3 like Mac OS X) AppleWebKit/605.1.15 (KHTML, like Gecko) Version/13.0.3 Mobile/15E148 Safari/604.1 (compatible; meta-externalads/1.1 (+https://developers.facebook.com/docs/sharing/webmasters/crawler))"
173.252.95.3 - - [06/Nov/2025:21:45:26 +0000] "GET /wp-content/plugins/elementor/assets/js/text-editor.abc8f59c62f2820dc25a.bundle.min.js HTTP/2" 200 618 "https://deenzalifestyle.com/step/%E0%A6%9C%E0%A6%BE%E0%A6%B9%E0%A6%BE%E0%A6%B0%E0%A6%BE-%E0%A6%AB%E0%A7%81%E0%A6%B2-%E0%A6%B8%E0%A7%87%E0%A6%9F/" "Mozilla/5.0 (iPhone; CPU iPhone OS 13_2_3 like Mac OS X) AppleWebKit/605.1.15 (KHTML, like Gecko) Version/13.0.3 Mobile/15E148 Safari/604.1 (compatible; meta-externalads/1.1 (+https://developers.facebook.com/docs/sharing/webmasters/crawler))"
173.252.95.3 - - [06/Nov/2025:21:45:26 +0000] "GET /wp-content/plugins/elementor/assets/js/video.87291d1f5076f8939c18.bundle.min.js HTTP/2" 200 1226 "https://deenzalifestyle.com/step/%E0%A6%9C%E0%A6%BE%E0%A6%B9%E0%A6%BE%E0%A6%B0%E0%A6%BE-%E0%A6%AB%E0%A7%81%E0%A6%B2-%E0%A6%B8%E0%A7%87%E0%A6%9F/" "Mozilla/5.0 (iPhone; CPU iPhone OS 13_2_3 like Mac OS X) AppleWebKit/605.1.15 (KHTML, like Gecko) Version/13.0.3 Mobile/15E148 Safari/604.1 (compatible; meta-externalads/1.1 (+https://developers.facebook.com/docs/sharing/webmasters/crawler))"
173.252.95.3 - - [06/Nov/2025:21:45:26 +0000] "GET /wp-content/plugins/woocommerce/assets/images/icons/loader.svg HTTP/2" 200 158 "https://deenzalifestyle.com/wp-content/plugins/woocommerce/assets/css/woocommerce.css?ver=10.3.3" "Mozilla/5.0 (iPhone; CPU iPhone OS 13_2_3 like Mac OS X) AppleWebKit/605.1.15 (KHTML, like Gecko) Version/13.0.3 Mobile/15E148 Safari/604.1 (compatible; meta-externalads/1.1 (+https://developers.facebook.com/docs/sharing/webmasters/crawler))"
173.252.95.3 - - [06/Nov/2025:21:45:26 +0000] "GET /wp-content/uploads/elementor/google-fonts/fonts/hindmadurai-3b756d6a.woff2 HTTP/2" 200 26984 "https://deenzalifestyle.com/wp-content/uploads/elementor/google-fonts/css/hindmadurai.css?ver=1756513364" "Mozilla/5.0 (iPhone; CPU iPhone OS 13_2_3 like Mac OS X) AppleWebKit/605.1.15 (KHTML, like Gecko) Version/13.0.3 Mobile/15E148 Safari/604.1 (compatible; meta-externalads/1.1 (+https://developers.facebook.com/docs/sharing/webmasters/crawler))"
173.252.95.3 - - [06/Nov/2025:21:45:26 +0000] "GET /wp-content/uploads/elementor/google-fonts/fonts/hindguntur-18d23e2e.woff2 HTTP/2" 200 71320 "https://deenzalifestyle.com/wp-content/uploads/elementor/google-fonts/css/hindguntur.css?ver=1756861774" "Mozilla/5.0 (iPhone; CPU iPhone OS 13_2_3 like Mac OS X) AppleWebKit/605.1.15 (KHTML, like Gecko) Version/13.0.3 Mobile/15E148 Safari/604.1 (compatible; meta-externalads/1.1 (+https://developers.facebook.com/docs/sharing/webmasters/crawler))"
173.252.95.3 - - [06/Nov/2025:21:45:26 +0000] "GET /wp-content/uploads/elementor/google-fonts/fonts/hindguntur-a4f2f699.woff2 HTTP/2" 200 71540 "https://deenzalifestyle.com/wp-content/uploads/elementor/google-fonts/css/hindguntur.css?ver=1756861774" "Mozilla/5.0 (iPhone; CPU iPhone OS 13_2_3 like Mac OS X) AppleWebKit/605.1.15 (KHTML, like Gecko) Version/13.0.3 Mobile/15E148 Safari/604.1 (compatible; meta-externalads/1.1 (+https://developers.facebook.com/docs/sharing/webmasters/crawler))"
173.252.95.3 - - [06/Nov/2025:21:45:26 +0000] "GET /wp-content/plugins/elementor/assets/lib/font-awesome/webfonts/fa-solid-900.woff2 HTTP/2" 200 78196 "https://deenzalifestyle.com/wp-content/plugins/elementor/assets/lib/font-awesome/css/all.min.css?ver=3.32.5" "Mozilla/5.0 (iPhone; CPU iPhone OS 13_2_3 like Mac OS X) AppleWebKit/605.1.15 (KHTML, like Gecko) Version/13.0.3 Mobile/15E148 Safari/604.1 (compatible; meta-externalads/1.1 (+https://developers.facebook.com/docs/sharing/webmasters/crawler))"
173.252.95.3 - - [06/Nov/2025:21:45:26 +0000] "GET /wp-content/uploads/elementor/google-fonts/fonts/roboto-kfo7cnqeu92fr1me7ksn66agldtyluamaxkubgee.woff2 HTTP/2" 200 20408 "https://deenzalifestyle.com/wp-content/uploads/elementor/google-fonts/css/roboto.css?ver=1751087316" "Mozilla/5.0 (iPhone; CPU iPhone OS 13_2_3 like Mac OS X) AppleWebKit/605.1.15 (KHTML, like Gecko) Version/13.0.3 Mobile/15E148 Safari/604.1 (compatible; meta-externalads/1.1 (+https://developers.facebook.com/docs/sharing/webmasters/crawler))"
173.252.95.3 - - [06/Nov/2025:21:45:26 +0000] "GET /wp-content/uploads/elementor/google-fonts/fonts/hindsiliguri-c899a402.woff2 HTTP/2" 200 14472 "https://deenzalifestyle.com/wp-content/uploads/elementor/google-fonts/css/hindsiliguri.css?ver=1756513364" "Mozilla/5.0 (iPhone; CPU iPhone OS 13_2_3 like Mac OS X) AppleWebKit/605.1.15 (KHTML, like Gecko) Version/13.0.3 Mobile/15E148 Safari/604.1 (compatible; meta-externalads/1.1 (+https://developers.facebook.com/docs/sharing/webmasters/crawler))"
173.252.95.3 - - [06/Nov/2025:21:45:26 +0000] "GET /wp-content/plugins/elementor/assets/lib/font-awesome/fonts/fontawesome-webfont.woff2?v=4.7.0 HTTP/2" 200 77160 "https://deenzalifestyle.com/wp-content/plugins/elementor/assets/lib/font-awesome/css/font-awesome.min.css?ver=4.7.0" "Mozilla/5.0 (iPhone; CPU iPhone OS 13_2_3 like Mac OS X) AppleWebKit/605.1.15 (KHTML, like Gecko) Version/13.0.3 Mobile/15E148 Safari/604.1 (compatible; meta-externalads/1.1 (+https://developers.facebook.com/docs/sharing/webmasters/crawler))"
173.252.95.3 - - [06/Nov/2025:21:45:26 +0000] "POST /step/%E0%A6%9C%E0%A6%BE%E0%A6%B9%E0%A6%BE%E0%A6%B0%E0%A6%BE-%E0%A6%AB%E0%A7%81%E0%A6%B2-%E0%A6%B8%E0%A7%87%E0%A6%9F/?wc-ajax=update_order_review&wcf_checkout_id=635 HTTP/2" 200 3412 "https://deenzalifestyle.com/step/%E0%A6%9C%E0%A6%BE%E0%A6%B9%E0%A6%BE%E0%A6%B0%E0%A6%BE-%E0%A6%AB%E0%A7%81%E0%A6%B2-%E0%A6%B8%E0%A7%87%E0%A6%9F/" "Mozilla/5.0 (iPhone; CPU iPhone OS 13_2_3 like Mac OS X) AppleWebKit/605.1.15 (KHTML, like Gecko) Version/13.0.3 Mobile/15E148 Safari/604.1 (compatible; meta-externalads/1.1 (+https://developers.facebook.com/docs/sharing/webmasters/crawler))"
173.252.95.3 - - [06/Nov/2025:21:45:25 +0000] "POST /wp-json/wp-statistics/v2/hit HTTP/2" 200 35 "https://deenzalifestyle.com/step/%E0%A6%9C%E0%A6%BE%E0%A6%B9%E0%A6%BE%E0%A6%B0%E0%A6%BE-%E0%A6%AB%E0%A7%81%E0%A6%B2-%E0%A6%B8%E0%A7%87%E0%A6%9F/" "Mozilla/5.0 (iPhone; CPU iPhone OS 13_2_3 like Mac OS X) AppleWebKit/605.1.15 (KHTML, like Gecko) Version/13.0.3 Mobile/15E148 Safari/604.1 (compatible; meta-externalads/1.1 (+https://developers.facebook.com/docs/sharing/webmasters/crawler))"
173.252.95.19 - - [06/Nov/2025:21:45:26 +0000] "POST /wp-json/cartflows-pro/v1/flow-analytics/ HTTP/2" 200 122 "-" "Mozilla/5.0 (iPhone; CPU iPhone OS 13_2_3 like Mac OS X) AppleWebKit/605.1.15 (KHTML, like Gecko) Version/13.0.3 Mobile/15E148 Safari/604.1 (compatible; meta-externalads/1.1 (+https://developers.facebook.com/docs/sharing/webmasters/crawler))"
173.252.95.3 - - [06/Nov/2025:21:45:27 +0000] "GET /wp-content/uploads/2025/06/cropped-Deenza-logo-1-32x32.jpg HTTP/2" 200 941 "https://deenzalifestyle.com/step/%E0%A6%9C%E0%A6%BE%E0%A6%B9%E0%A6%BE%E0%A6%B0%E0%A6%BE-%E0%A6%AB%E0%A7%81%E0%A6%B2-%E0%A6%B8%E0%A7%87%E0%A6%9F/" "Mozilla/5.0 (iPhone; CPU iPhone OS 13_2_3 like Mac OS X) AppleWebKit/605.1.15 (KHTML, like Gecko) Version/13.0.3 Mobile/15E148 Safari/604.1 (compatible; meta-externalads/1.1 (+https://developers.facebook.com/docs/sharing/webmasters/crawler))"
204.197.172.10 - - [06/Nov/2025:21:47:11 +0000] "POST /wp-cron.php?doing_wp_cron=1762465631.9310209751129150390625 HTTP/1.1" 200 0 "-" "WordPress/6.8.3; https://deenzalifestyle.com"
57.141.2.2 - - [06/Nov/2025:21:47:10 +0000] "GET /product=2013536.html HTTP/2" 404 206891 "-" "meta-externalagent/1.1 (+https://developers.facebook.com/docs/sharing/webmasters/crawler)"
66.249.77.102 - - [06/Nov/2025:21:47:15 +0000] "GET /218329512.shtml HTTP/1.1" 404 37440 "-" "Mozilla/5.0 (Linux; Android 6.0.1; Nexus 5X Build/MMB29P) AppleWebKit/537.36 (KHTML, like Gecko) Chrome/141.0.7390.122 Mobile Safari/537.36 (compatible; Googlebot/2.1; +http://www.google.com/bot.html)"
204.197.172.10 - - [06/Nov/2025:21:47:46 +0000] "POST /wp-cron.php?doing_wp_cron=1762465666.8272740840911865234375 HTTP/1.1" 200 0 "-" "WordPress/6.8.3; https://deenzalifestyle.com"
66.249.77.101 - - [06/Nov/2025:21:47:46 +0000] "GET /99961365.shtml HTTP/1.1" 404 37439 "-" "Mozilla/5.0 (Linux; Android 6.0.1; Nexus 5X Build/MMB29P) AppleWebKit/537.36 (KHTML, like Gecko) Chrome/141.0.7390.122 Mobile Safari/537.36 (compatible; Googlebot/2.1; +http://www.google.com/bot.html)"
66.249.77.100 - - [06/Nov/2025:21:47:47 +0000] "GET /99961365.shtml HTTP/1.1" 404 37389 "-" "Mozilla/5.0 (compatible; Googlebot/2.1; +http://www.google.com/bot.html)"
204.197.172.10 - - [06/Nov/2025:21:48:12 +0000] "POST /wp-cron.php?doing_wp_cron=1762465692.0346610546112060546875 HTTP/1.1" 200 0 "-" "WordPress/6.8.3; https://deenzalifestyle.com"
57.141.2.57 - - [06/Nov/2025:21:48:11 +0000] "GET /product=3290174.html HTTP/2" 404 206892 "-" "meta-externalagent/1.1 (+https://developers.facebook.com/docs/sharing/webmasters/crawler)"
57.141.2.22 - - [06/Nov/2025:21:48:26 +0000] "GET /product=5027131.html HTTP/2" 404 206892 "-" "meta-externalagent/1.1 (+https://developers.facebook.com/docs/sharing/webmasters/crawler)"
204.197.172.10 - - [06/Nov/2025:21:49:30 +0000] "POST /wp-cron.php?doing_wp_cron=1762465770.4216918945312500000000 HTTP/1.1" 200 0 "-" "WordPress/6.8.3; https://deenzalifestyle.com"
66.249.77.101 - - [06/Nov/2025:21:49:30 +0000] "GET /370338453.shtml HTTP/1.1" 404 37389 "-" "Mozilla/5.0 (compatible; Googlebot/2.1; +http://www.google.com/bot.html)"
204.197.172.10 - - [06/Nov/2025:21:50:02 +0000] "POST /wp-cron.php?doing_wp_cron=1762465802.6264948844909667968750 HTTP/1.1" 200 0 "-" "WordPress/6.8.3; https://deenzalifestyle.com"
57.141.2.25 - - [06/Nov/2025:21:50:02 +0000] "GET /product=4765712.html HTTP/2" 404 206892 "-" "meta-externalagent/1.1 (+https://developers.facebook.com/docs/sharing/webmasters/crawler)"
204.197.172.10 - - [06/Nov/2025:21:51:22 +0000] "POST /wp-cron.php?doing_wp_cron=1762465882.4146530628204345703125 HTTP/1.1" 200 0 "-" "WordPress/6.8.3; https://deenzalifestyle.com"
57.141.2.57 - - [06/Nov/2025:21:51:21 +0000] "GET /product=4393607.html HTTP/2" 404 206892 "-" "meta-externalagent/1.1 (+https://developers.facebook.com/docs/sharing/webmasters/crawler)"
57.141.2.11 - - [06/Nov/2025:21:51:35 +0000] "GET /product=1948626.html HTTP/2" 404 206892 "-" "meta-externalagent/1.1 (+https://developers.facebook.com/docs/sharing/webmasters/crawler)"
204.197.172.10 - - [06/Nov/2025:21:52:25 +0000] "POST /wp-cron.php?doing_wp_cron=1762465945.8344860076904296875000 HTTP/1.1" 200 0 "-" "WordPress/6.8.3; https://deenzalifestyle.com"
66.249.77.100 - - [06/Nov/2025:21:52:25 +0000] "GET /product=5477988.html HTTP/1.1" 404 37387 "-" "Mozilla/5.0 (compatible; Googlebot/2.1; +http://www.google.com/bot.html)"
66.249.77.101 - - [06/Nov/2025:21:52:30 +0000] "GET /14941563.shtml HTTP/1.1" 404 37440 "-" "Mozilla/5.0 (Linux; Android 6.0.1; Nexus 5X Build/MMB29P) AppleWebKit/537.36 (KHTML, like Gecko) Chrome/141.0.7390.122 Mobile Safari/537.36 (compatible; Googlebot/2.1; +http://www.google.com/bot.html)"
204.197.172.10 - - [06/Nov/2025:21:53:08 +0000] "POST /wp-cron.php?doing_wp_cron=1762465988.4700191020965576171875 HTTP/1.1" 200 0 "-" "WordPress/6.8.3; https://deenzalifestyle.com"
66.249.77.102 - - [06/Nov/2025:21:53:08 +0000] "GET /379139826.shtml HTTP/1.1" 404 37388 "-" "Mozilla/5.0 (compatible; Googlebot/2.1; +http://www.google.com/bot.html)"
204.197.172.10 - - [06/Nov/2025:21:55:19 +0000] "POST /wp-cron.php?doing_wp_cron=1762466119.0691039562225341796875 HTTP/1.1" 200 0 "-" "WordPress/6.8.3; https://deenzalifestyle.com"
204.197.172.10 - - [06/Nov/2025:21:55:19 +0000] "POST /wp-cron.php?doing_wp_cron=1762466119.0691049098968505859375 HTTP/1.1" 200 0 "-" "WordPress/6.8.3; https://deenzalifestyle.com"
66.249.77.100 - - [06/Nov/2025:21:55:17 +0000] "GET /246294921.shtml HTTP/1.1" 404 37388 "-" "Mozilla/5.0 (compatible; Googlebot/2.1; +http://www.google.com/bot.html)"
66.249.77.100 - - [06/Nov/2025:21:55:17 +0000] "GET /246294921.shtml HTTP/1.1" 404 37437 "-" "Mozilla/5.0 (Linux; Android 6.0.1; Nexus 5X Build/MMB29P) AppleWebKit/537.36 (KHTML, like Gecko) Chrome/141.0.7390.122 Mobile Safari/537.36 (compatible; Googlebot/2.1; +http://www.google.com/bot.html)"
204.197.172.10 - - [06/Nov/2025:21:56:40 +0000] "POST /wp-cron.php?doing_wp_cron=1762466200.8846440315246582031250 HTTP/1.1" 200 0 "-" "WordPress/6.8.3; https://deenzalifestyle.com"
57.141.2.58 - - [06/Nov/2025:21:56:39 +0000] "GET /product=5729061.html HTTP/2" 404 206892 "-" "meta-externalagent/1.1 (+https://developers.facebook.com/docs/sharing/webmasters/crawler)"
204.197.172.10 - - [06/Nov/2025:21:57:10 +0000] "POST /wp-cron.php?doing_wp_cron=1762466230.9455759525299072265625 HTTP/1.1" 200 0 "-" "WordPress/6.8.3; https://deenzalifestyle.com"
57.141.2.61 - - [06/Nov/2025:21:57:10 +0000] "GET /product=4561767.html HTTP/2" 404 206892 "-" "meta-externalagent/1.1 (+https://developers.facebook.com/docs/sharing/webmasters/crawler)"
204.197.172.10 - - [06/Nov/2025:21:59:08 +0000] "POST /wp-cron.php?doing_wp_cron=1762466348.9390530586242675781250 HTTP/1.1" 200 0 "-" "WordPress/6.8.3; https://deenzalifestyle.com"
66.249.77.100 - - [06/Nov/2025:21:59:07 +0000] "GET /330203928.shtml HTTP/1.1" 404 37389 "-" "Mozilla/5.0 (compatible; Googlebot/2.1; +http://www.google.com/bot.html)"
204.197.172.10 - - [06/Nov/2025:22:00:29 +0000] "POST /wp-cron.php?doing_wp_cron=1762466429.4340109825134277343750 HTTP/1.1" 200 0 "-" "WordPress/6.8.3; https://deenzalifestyle.com"
57.141.2.13 - - [06/Nov/2025:22:00:28 +0000] "GET /product=4714339.html HTTP/2" 404 206892 "-" "meta-externalagent/1.1 (+https://developers.facebook.com/docs/sharing/webmasters/crawler)"
204.197.172.10 - - [06/Nov/2025:22:02:17 +0000] "POST /wp-cron.php?doing_wp_cron=1762466537.3594260215759277343750 HTTP/1.1" 200 0 "-" "WordPress/6.8.3; https://deenzalifestyle.com"
204.197.172.10 - - [06/Nov/2025:22:02:17 +0000] "POST /wp-cron.php?doing_wp_cron=1762466537.3594260215759277343750 HTTP/1.1" 200 0 "-" "WordPress/6.8.3; https://deenzalifestyle.com"
66.249.77.101 - - [06/Nov/2025:22:02:15 +0000] "GET /632345493.shtml HTTP/1.1" 404 37388 "-" "Mozilla/5.0 (compatible; Googlebot/2.1; +http://www.google.com/bot.html)"
66.249.77.100 - - [06/Nov/2025:22:02:15 +0000] "GET /632345493.shtml HTTP/1.1" 404 37440 "-" "Mozilla/5.0 (Linux; Android 6.0.1; Nexus 5X Build/MMB29P) AppleWebKit/537.36 (KHTML, like Gecko) Chrome/141.0.7390.122 Mobile Safari/537.36 (compatible; Googlebot/2.1; +http://www.google.com/bot.html)"
173.252.127.115 - - [06/Nov/2025:22:03:43 +0000] "GET /wp-content/uploads/woo-feed/facebook/csv/deenzalifestyle.csv HTTP/1.1" 200 151806 "-" "facebookexternalhit/1.1 (+http://www.facebook.com/externalhit_uatext.php)"
204.197.172.10 - - [06/Nov/2025:22:04:44 +0000] "POST /wp-cron.php?doing_wp_cron=1762466684.3834939002990722656250 HTTP/1.1" 200 0 "-" "WordPress/6.8.3; https://deenzalifestyle.com"
57.141.2.15 - - [06/Nov/2025:22:04:43 +0000] "GET /product=5588951.html HTTP/2" 404 206892 "-" "meta-externalagent/1.1 (+https://developers.facebook.com/docs/sharing/webmasters/crawler)"
204.197.172.10 - - [06/Nov/2025:22:06:17 +0000] "POST /wp-cron.php?doing_wp_cron=1762466777.2923519611358642578125 HTTP/1.1" 200 0 "-" "WordPress/6.8.3; https://deenzalifestyle.com"
178.156.136.36 - - [06/Nov/2025:22:06:16 +0000] "POST /wp-load.php?e6f08d=36429 HTTP/1.1" 200 0 "-" "Mozilla/5.0 (Windows NT 10.0; Win64; x64) AppleWebKit/537.36 (KHTML, like Gecko) Chrome/104.0.5112.97 Safari/537.36"
57.141.2.23 - - [06/Nov/2025:22:06:37 +0000] "GET /product=4737601.html HTTP/2" 404 206892 "-" "meta-externalagent/1.1 (+https://developers.facebook.com/docs/sharing/webmasters/crawler)"
204.197.172.10 - - [06/Nov/2025:22:07:19 +0000] "POST /wp-cron.php?doing_wp_cron=1762466839.6912870407104492187500 HTTP/1.1" 200 0 "-" "WordPress/6.8.3; https://deenzalifestyle.com"
57.141.2.71 - - [06/Nov/2025:22:07:19 +0000] "GET /product=3637153.html HTTP/2" 404 206892 "-" "meta-externalagent/1.1 (+https://developers.facebook.com/docs/sharing/webmasters/crawler)"
204.197.172.10 - - [06/Nov/2025:22:08:33 +0000] "POST /wp-cron.php?doing_wp_cron=1762466913.1218070983886718750000 HTTP/1.1" 200 0 "-" "WordPress/6.8.3; https://deenzalifestyle.com"
57.141.2.5 - - [06/Nov/2025:22:08:32 +0000] "GET /product=5565147.html HTTP/2" 404 206891 "-" "meta-externalagent/1.1 (+https://developers.facebook.com/docs/sharing/webmasters/crawler)"
204.197.172.10 - - [06/Nov/2025:22:10:24 +0000] "POST /wp-cron.php?doing_wp_cron=1762467024.8413860797882080078125 HTTP/1.1" 200 0 "-" "WordPress/6.8.3; https://deenzalifestyle.com"
57.141.2.28 - - [06/Nov/2025:22:10:23 +0000] "GET /product=3765677.html HTTP/2" 404 206892 "-" "meta-externalagent/1.1 (+https://developers.facebook.com/docs/sharing/webmasters/crawler)"
204.197.172.10 - - [06/Nov/2025:22:11:46 +0000] "POST /wp-cron.php?doing_wp_cron=1762467106.6760768890380859375000 HTTP/1.1" 200 0 "-" "WordPress/6.8.3; https://deenzalifestyle.com"
57.141.2.6 - - [06/Nov/2025:22:11:45 +0000] "GET /product=2653547.html HTTP/2" 404 206891 "-" "meta-externalagent/1.1 (+https://developers.facebook.com/docs/sharing/webmasters/crawler)"
204.197.172.10 - - [06/Nov/2025:22:13:21 +0000] "POST /wp-cron.php?doing_wp_cron=1762467201.2496650218963623046875 HTTP/1.1" 200 0 "-" "WordPress/6.8.3; https://deenzalifestyle.com"
204.197.172.10 - - [06/Nov/2025:22:13:21 +0000] "POST /wp-cron.php?doing_wp_cron=1762467201.2496590614318847656250 HTTP/1.1" 200 0 "-" "WordPress/6.8.3; https://deenzalifestyle.com"
66.249.77.102 - - [06/Nov/2025:22:13:19 +0000] "GET /product=2672623.html HTTP/1.1" 404 37387 "-" "Mozilla/5.0 (compatible; Googlebot/2.1; +http://www.google.com/bot.html)"
66.249.77.100 - - [06/Nov/2025:22:13:19 +0000] "GET /product=2672623.html HTTP/1.1" 404 37440 "-" "Mozilla/5.0 (Linux; Android 6.0.1; Nexus 5X Build/MMB29P) AppleWebKit/537.36 (KHTML, like Gecko) Chrome/141.0.7390.122 Mobile Safari/537.36 (compatible; Googlebot/2.1; +http://www.google.com/bot.html)"
57.141.2.61 - - [06/Nov/2025:22:13:20 +0000] "GET /product=3645476.html HTTP/2" 404 206892 "-" "meta-externalagent/1.1 (+https://developers.facebook.com/docs/sharing/webmasters/crawler)"
204.197.172.10 - - [06/Nov/2025:22:13:55 +0000] "POST /wp-cron.php?doing_wp_cron=1762467235.9078319072723388671875 HTTP/1.1" 200 0 "-" "WordPress/6.8.3; https://deenzalifestyle.com"
57.141.2.69 - - [06/Nov/2025:22:13:55 +0000] "GET /product=2695182.html HTTP/2" 404 206892 "-" "meta-externalagent/1.1 (+https://developers.facebook.com/docs/sharing/webmasters/crawler)"
66.249.77.100 - - [06/Nov/2025:22:14:13 +0000] "GET /634649727.shtml HTTP/1.1" 404 37388 "-" "Mozilla/5.0 (compatible; Googlebot/2.1; +http://www.google.com/bot.html)"
204.197.172.10 - - [06/Nov/2025:22:15:48 +0000] "POST /wp-cron.php?doing_wp_cron=1762467348.7885138988494873046875 HTTP/1.1" 200 0 "-" "WordPress/6.8.3; https://deenzalifestyle.com"
57.141.2.73 - - [06/Nov/2025:22:15:47 +0000] "GET /product=3392638.html HTTP/2" 404 206892 "-" "meta-externalagent/1.1 (+https://developers.facebook.com/docs/sharing/webmasters/crawler)"
204.197.172.10 - - [06/Nov/2025:22:17:26 +0000] "POST /wp-cron.php?doing_wp_cron=1762467446.2794630527496337890625 HTTP/1.1" 200 0 "-" "WordPress/6.8.3; https://deenzalifestyle.com"
57.141.2.20 - - [06/Nov/2025:22:17:25 +0000] "GET /product=2073024.html HTTP/2" 404 206892 "-" "meta-externalagent/1.1 (+https://developers.facebook.com/docs/sharing/webmasters/crawler)"
204.197.172.10 - - [06/Nov/2025:22:21:11 +0000] "POST /wp-cron.php?doing_wp_cron=1762467671.0475490093231201171875 HTTP/1.1" 200 0 "-" "WordPress/6.8.3; https://deenzalifestyle.com"
66.249.77.101 - - [06/Nov/2025:22:21:09 +0000] "GET /75937947.shtml HTTP/1.1" 404 37387 "-" "Mozilla/5.0 (compatible; Googlebot/2.1; +http://www.google.com/bot.html)"
57.141.2.64 - - [06/Nov/2025:22:21:23 +0000] "GET /product=3185222.html HTTP/2" 404 206892 "-" "meta-externalagent/1.1 (+https://developers.facebook.com/docs/sharing/webmasters/crawler)"
204.197.172.10 - - [06/Nov/2025:22:22:52 +0000] "POST /wp-cron.php?doing_wp_cron=1762467772.1827969551086425781250 HTTP/1.1" 200 0 "-" "WordPress/6.8.3; https://deenzalifestyle.com"
57.141.2.26 - - [06/Nov/2025:22:22:51 +0000] "GET /product=4011932.html HTTP/2" 404 206892 "-" "meta-externalagent/1.1 (+https://developers.facebook.com/docs/sharing/webmasters/crawler)"
204.197.172.10 - - [06/Nov/2025:22:23:10 +0000] "POST /wp-cron.php?doing_wp_cron=1762467790.2969450950622558593750 HTTP/1.1" 200 0 "-" "WordPress/6.8.3; https://deenzalifestyle.com"
66.249.77.102 - - [06/Nov/2025:22:23:10 +0000] "GET /200693325.shtml HTTP/1.1" 404 37388 "-" "Mozilla/5.0 (compatible; Googlebot/2.1; +http://www.google.com/bot.html)"
204.197.172.10 - - [06/Nov/2025:22:24:24 +0000] "POST /wp-cron.php?doing_wp_cron=1762467864.1832549571990966796875 HTTP/1.1" 200 0 "-" "WordPress/6.8.3; https://deenzalifestyle.com"
57.141.2.8 - - [06/Nov/2025:22:24:23 +0000] "GET /product=2590876.html HTTP/2" 404 206891 "-" "meta-externalagent/1.1 (+https://developers.facebook.com/docs/sharing/webmasters/crawler)"
57.141.2.65 - - [06/Nov/2025:22:24:24 +0000] "GET /product=4888501.html HTTP/2" 404 206892 "-" "meta-externalagent/1.1 (+https://developers.facebook.com/docs/sharing/webmasters/crawler)"
204.197.172.10 - - [06/Nov/2025:22:25:19 +0000] "POST /wp-cron.php?doing_wp_cron=1762467919.2686119079589843750000 HTTP/1.1" 200 0 "-" "WordPress/6.8.3; https://deenzalifestyle.com"
57.141.2.64 - - [06/Nov/2025:22:25:19 +0000] "GET /product=3271312.html HTTP/2" 404 206892 "-" "meta-externalagent/1.1 (+https://developers.facebook.com/docs/sharing/webmasters/crawler)"
204.197.172.10 - - [06/Nov/2025:22:25:56 +0000] "POST /wp-cron.php?doing_wp_cron=1762467956.0261359214782714843750 HTTP/1.1" 200 0 "-" "WordPress/6.8.3; https://deenzalifestyle.com"
66.249.77.100 - - [06/Nov/2025:22:25:55 +0000] "GET /209193303.shtml HTTP/1.1" 404 37388 "-" "Mozilla/5.0 (compatible; Googlebot/2.1; +http://www.google.com/bot.html)"
204.197.172.10 - - [06/Nov/2025:22:27:16 +0000] "POST /wp-cron.php?doing_wp_cron=1762468036.1691579818725585937500 HTTP/1.1" 200 0 "-" "WordPress/6.8.3; https://deenzalifestyle.com"
57.141.2.2 - - [06/Nov/2025:22:27:15 +0000] "GET /product=4210559.html HTTP/2" 404 206891 "-" "meta-externalagent/1.1 (+https://developers.facebook.com/docs/sharing/webmasters/crawler)"
204.197.172.10 - - [06/Nov/2025:22:28:29 +0000] "POST /wp-cron.php?doing_wp_cron=1762468109.2679600715637207031250 HTTP/1.1" 200 0 "-" "WordPress/6.8.3; https://deenzalifestyle.com"
66.249.77.101 - - [06/Nov/2025:22:28:28 +0000] "GET /product=3577516.html HTTP/1.1" 404 37440 "-" "Mozilla/5.0 (Linux; Android 6.0.1; Nexus 5X Build/MMB29P) AppleWebKit/537.36 (KHTML, like Gecko) Chrome/141.0.7390.122 Mobile Safari/537.36 (compatible; Googlebot/2.1; +http://www.google.com/bot.html)"
57.141.2.10 - - [06/Nov/2025:22:28:30 +0000] "GET /product=3958030.html HTTP/2" 404 206892 "-" "meta-externalagent/1.1 (+https://developers.facebook.com/docs/sharing/webmasters/crawler)"
204.197.172.10 - - [06/Nov/2025:22:28:42 +0000] "POST /wp-cron.php?doing_wp_cron=1762468122.3430559635162353515625 HTTP/1.1" 200 0 "-" "WordPress/6.8.3; https://deenzalifestyle.com"
57.141.2.35 - - [06/Nov/2025:22:28:42 +0000] "GET /product=4517338.html HTTP/2" 404 206892 "-" "meta-externalagent/1.1 (+https://developers.facebook.com/docs/sharing/webmasters/crawler)"
204.197.172.10 - - [06/Nov/2025:22:29:20 +0000] "POST /wp-cron.php?doing_wp_cron=1762468160.4546859264373779296875 HTTP/1.1" 200 0 "-" "WordPress/6.8.3; https://deenzalifestyle.com"
57.141.2.80 - - [06/Nov/2025:22:29:20 +0000] "GET /product=2137220.html HTTP/2" 404 206892 "-" "meta-externalagent/1.1 (+https://developers.facebook.com/docs/sharing/webmasters/crawler)"
204.197.172.10 - - [06/Nov/2025:22:29:41 +0000] "POST /wp-cron.php?doing_wp_cron=1762468181.5920679569244384765625 HTTP/1.1" 200 0 "-" "WordPress/6.8.3; https://deenzalifestyle.com"
57.141.2.80 - - [06/Nov/2025:22:29:41 +0000] "GET /product=3353399.html HTTP/2" 404 206892 "-" "meta-externalagent/1.1 (+https://developers.facebook.com/docs/sharing/webmasters/crawler)"
204.197.172.10 - - [06/Nov/2025:22:29:55 +0000] "POST /wp-cron.php?doing_wp_cron=1762468195.6383690834045410156250 HTTP/1.1" 200 0 "-" "WordPress/6.8.3; https://deenzalifestyle.com"
57.141.2.26 - - [06/Nov/2025:22:29:55 +0000] "GET /product=4824818.html HTTP/2" 404 206892 "-" "meta-externalagent/1.1 (+https://developers.facebook.com/docs/sharing/webmasters/crawler)"
57.141.2.7 - - [06/Nov/2025:22:30:37 +0000] "GET /product=4481460.html HTTP/2" 404 206891 "-" "meta-externalagent/1.1 (+https://developers.facebook.com/docs/sharing/webmasters/crawler)"
204.197.172.10 - - [06/Nov/2025:22:31:21 +0000] "POST /wp-cron.php?doing_wp_cron=1762468281.7309820652008056640625 HTTP/1.1" 200 0 "-" "WordPress/6.8.3; https://deenzalifestyle.com"
57.141.2.63 - - [06/Nov/2025:22:31:21 +0000] "GET /product=4253402.html HTTP/2" 404 206892 "-" "meta-externalagent/1.1 (+https://developers.facebook.com/docs/sharing/webmasters/crawler)"
204.197.172.10 - - [06/Nov/2025:22:32:30 +0000] "POST /wp-cron.php?doing_wp_cron=1762468350.1190080642700195312500 HTTP/1.1" 200 0 "-" "WordPress/6.8.3; https://deenzalifestyle.com"
66.249.77.101 - - [06/Nov/2025:22:32:29 +0000] "GET /product=3769956.html HTTP/1.1" 404 37388 "-" "Mozilla/5.0 (compatible; Googlebot/2.1; +http://www.google.com/bot.html)"
66.249.77.101 - - [06/Nov/2025:22:32:30 +0000] "GET /product=3769956.html HTTP/1.1" 404 37440 "-" "Mozilla/5.0 (Linux; Android 6.0.1; Nexus 5X Build/MMB29P) AppleWebKit/537.36 (KHTML, like Gecko) Chrome/141.0.7390.122 Mobile Safari/537.36 (compatible; Googlebot/2.1; +http://www.google.com/bot.html)"
204.197.172.10 - - [06/Nov/2025:22:33:07 +0000] "POST /wp-cron.php?doing_wp_cron=1762468387.6058070659637451171875 HTTP/1.1" 200 0 "-" "WordPress/6.8.3; https://deenzalifestyle.com"
57.141.2.13 - - [06/Nov/2025:22:33:07 +0000] "GET /product=2995505.html HTTP/2" 404 206892 "-" "meta-externalagent/1.1 (+https://developers.facebook.com/docs/sharing/webmasters/crawler)"
204.197.172.10 - - [06/Nov/2025:22:33:41 +0000] "POST /wp-cron.php?doing_wp_cron=1762468421.7910668849945068359375 HTTP/1.1" 200 0 "-" "WordPress/6.8.3; https://deenzalifestyle.com"
57.141.2.73 - - [06/Nov/2025:22:33:41 +0000] "GET /product=4241582.html HTTP/2" 404 206892 "-" "meta-externalagent/1.1 (+https://developers.facebook.com/docs/sharing/webmasters/crawler)"
57.141.2.57 - - [06/Nov/2025:22:33:49 +0000] "GET /product=2748906.html HTTP/2" 404 206892 "-" "meta-externalagent/1.1 (+https://developers.facebook.com/docs/sharing/webmasters/crawler)"
204.197.172.10 - - [06/Nov/2025:22:34:57 +0000] "POST /wp-cron.php?doing_wp_cron=1762468497.4655818939208984375000 HTTP/1.1" 200 0 "-" "WordPress/6.8.3; https://deenzalifestyle.com"
66.249.77.102 - - [06/Nov/2025:22:34:57 +0000] "GET /product=4248476.html HTTP/1.1" 404 37440 "-" "Mozilla/5.0 (Linux; Android 6.0.1; Nexus 5X Build/MMB29P) AppleWebKit/537.36 (KHTML, like Gecko) Chrome/141.0.7390.122 Mobile Safari/537.36 (compatible; Googlebot/2.1; +http://www.google.com/bot.html)"
57.141.2.1 - - [06/Nov/2025:22:35:29 +0000] "GET /product=2635817.html HTTP/2" 404 206891 "-" "meta-externalagent/1.1 (+https://developers.facebook.com/docs/sharing/webmasters/crawler)"
204.197.172.10 - - [06/Nov/2025:22:36:12 +0000] "POST /wp-cron.php?doing_wp_cron=1762468572.2545239925384521484375 HTTP/1.1" 200 0 "-" "WordPress/6.8.3; https://deenzalifestyle.com"
66.249.77.101 - - [06/Nov/2025:22:36:12 +0000] "GET /product=5486682.html HTTP/1.1" 404 37440 "-" "Mozilla/5.0 (Linux; Android 6.0.1; Nexus 5X Build/MMB29P) AppleWebKit/537.36 (KHTML, like Gecko) Chrome/141.0.7390.122 Mobile Safari/537.36 (compatible; Googlebot/2.1; +http://www.google.com/bot.html)"
66.249.77.100 - - [06/Nov/2025:22:36:12 +0000] "GET /product=5486682.html HTTP/1.1" 404 37388 "-" "Mozilla/5.0 (compatible; Googlebot/2.1; +http://www.google.com/bot.html)"
204.197.172.10 - - [06/Nov/2025:22:37:48 +0000] "POST /wp-cron.php?doing_wp_cron=1762468668.8558359146118164062500 HTTP/1.1" 200 0 "-" "WordPress/6.8.3; https://deenzalifestyle.com"
66.249.77.100 - - [06/Nov/2025:22:37:47 +0000] "GET /product=3836269.html HTTP/1.1" 404 37440 "-" "Mozilla/5.0 (Linux; Android 6.0.1; Nexus 5X Build/MMB29P) AppleWebKit/537.36 (KHTML, like Gecko) Chrome/141.0.7390.122 Mobile Safari/537.36 (compatible; Googlebot/2.1; +http://www.google.com/bot.html)"
204.197.172.10 - - [06/Nov/2025:22:38:11 +0000] "POST /wp-cron.php?doing_wp_cron=1762468691.4197249412536621093750 HTTP/1.1" 200 0 "-" "WordPress/6.8.3; https://deenzalifestyle.com"
66.249.77.102 - - [06/Nov/2025:22:38:11 +0000] "GET /444350415.shtml HTTP/1.1" 404 37388 "-" "Mozilla/5.0 (compatible; Googlebot/2.1; +http://www.google.com/bot.html)"
66.249.77.100 - - [06/Nov/2025:22:38:23 +0000] "GET /158703144.shtml HTTP/1.1" 404 37388 "-" "Mozilla/5.0 (compatible; Googlebot/2.1; +http://www.google.com/bot.html)"
204.197.172.10 - - [06/Nov/2025:22:40:35 +0000] "POST /wp-cron.php?doing_wp_cron=1762468835.9460799694061279296875 HTTP/1.1" 200 0 "-" "WordPress/6.8.3; https://deenzalifestyle.com"
57.141.2.5 - - [06/Nov/2025:22:40:34 +0000] "GET /product=4610536.html HTTP/2" 404 206891 "-" "meta-externalagent/1.1 (+https://developers.facebook.com/docs/sharing/webmasters/crawler)"
204.197.172.10 - - [06/Nov/2025:22:42:05 +0000] "POST /wp-cron.php?doing_wp_cron=1762468925.4022810459136962890625 HTTP/1.1" 200 0 "-" "WordPress/6.8.3; https://deenzalifestyle.com"
57.141.2.2 - - [06/Nov/2025:22:42:04 +0000] "GET /product=1904131.html HTTP/2" 404 206891 "-" "meta-externalagent/1.1 (+https://developers.facebook.com/docs/sharing/webmasters/crawler)"
57.141.2.49 - - [06/Nov/2025:22:42:06 +0000] "GET /product=3166169.html HTTP/2" 404 206892 "-" "meta-externalagent/1.1 (+https://developers.facebook.com/docs/sharing/webmasters/crawler)"
204.197.172.10 - - [06/Nov/2025:22:43:43 +0000] "POST /wp-cron.php?doing_wp_cron=1762469023.5376310348510742187500 HTTP/1.1" 200 0 "-" "WordPress/6.8.3; https://deenzalifestyle.com"
204.197.172.10 - - [06/Nov/2025:22:43:43 +0000] "POST /wp-cron.php?doing_wp_cron=1762469023.5772559642791748046875 HTTP/1.1" 200 0 "-" "WordPress/6.8.3; https://deenzalifestyle.com"
66.249.77.102 - - [06/Nov/2025:22:43:42 +0000] "GET /product=3361857.html HTTP/1.1" 404 37440 "-" "Mozilla/5.0 (Linux; Android 6.0.1; Nexus 5X Build/MMB29P) AppleWebKit/537.36 (KHTML, like Gecko) Chrome/141.0.7390.122 Mobile Safari/537.36 (compatible; Googlebot/2.1; +http://www.google.com/bot.html)"
204.197.172.10 - - [06/Nov/2025:22:44:35 +0000] "POST /wp-cron.php?doing_wp_cron=1762469075.9256401062011718750000 HTTP/1.1" 200 0 "-" "WordPress/6.8.3; https://deenzalifestyle.com"
57.141.2.14 - - [06/Nov/2025:22:44:35 +0000] "GET /product=2127908.html HTTP/2" 404 206892 "-" "meta-externalagent/1.1 (+https://developers.facebook.com/docs/sharing/webmasters/crawler)"
204.197.172.10 - - [06/Nov/2025:22:45:08 +0000] "POST /wp-cron.php?doing_wp_cron=1762469108.4393210411071777343750 HTTP/1.1" 200 0 "-" "WordPress/6.8.3; https://deenzalifestyle.com"
57.141.2.63 - - [06/Nov/2025:22:45:08 +0000] "GET /product=3688688.html HTTP/2" 404 206892 "-" "meta-externalagent/1.1 (+https://developers.facebook.com/docs/sharing/webmasters/crawler)"
57.141.2.65 - - [06/Nov/2025:22:45:13 +0000] "GET /product=3662347.html HTTP/2" 404 206892 "-" "meta-externalagent/1.1 (+https://developers.facebook.com/docs/sharing/webmasters/crawler)"
104.210.140.130 - - [06/Nov/2025:22:45:31 +0000] "GET /robots.txt HTTP/2" 200 166 "-" "Mozilla/5.0 (Macintosh; Intel Mac OS X 10_15_7) AppleWebKit/537.36 (KHTML, like Gecko) Chrome/131.0.0.0 Safari/537.36; compatible; OAI-SearchBot/1.0; +https://openai.com/searchbot"
204.197.172.10 - - [06/Nov/2025:22:45:46 +0000] "POST /wp-cron.php?doing_wp_cron=1762469146.7845439910888671875000 HTTP/1.1" 200 0 "-" "WordPress/6.8.3; https://deenzalifestyle.com"
57.141.2.28 - - [06/Nov/2025:22:45:46 +0000] "GET /product=5612756.html HTTP/2" 404 206892 "-" "meta-externalagent/1.1 (+https://developers.facebook.com/docs/sharing/webmasters/crawler)"
204.197.172.10 - - [06/Nov/2025:22:45:56 +0000] "POST /wp-cron.php?doing_wp_cron=1762469156.0659530162811279296875 HTTP/1.1" 200 0 "-" "WordPress/6.8.3; https://deenzalifestyle.com"
57.141.2.7 - - [06/Nov/2025:22:45:55 +0000] "GET /product=4089314.html HTTP/2" 404 206891 "-" "meta-externalagent/1.1 (+https://developers.facebook.com/docs/sharing/webmasters/crawler)"
204.197.172.10 - - [06/Nov/2025:22:48:32 +0000] "POST /wp-cron.php?doing_wp_cron=1762469312.8018219470977783203125 HTTP/1.1" 200 0 "-" "WordPress/6.8.3; https://deenzalifestyle.com"
57.141.2.19 - - [06/Nov/2025:22:48:31 +0000] "GET /product=5082640.html HTTP/2" 404 206892 "-" "meta-externalagent/1.1 (+https://developers.facebook.com/docs/sharing/webmasters/crawler)"
